74.7.227.180 - - [02/May/2026:03:42:36 -0400] "GET /uncategorized/12-estrategias-expertas-para-maximizar-tus-ganancias-en-slots-en-casino-online-2/?fileloc=/var/www/vhosts/jcorrmechanical.com/httpdocs/wp-includes/blocks/image/view.asset.php&path=/var/www/vhosts/jcorrmechanical.com/httpdocs/wp-includes/blocks/image HTTP/1.0" 200 16475 "https://www.jcorrmechanical.com/uncategorized/12-estrategias-expertas-para-maximizar-tus-ganancias-en-slots-en-casino-online-2/?path=/var/www/vhosts/jcorrmechanical.com/httpdocs/wp-includes/blocks/image" "Mozilla/5.0 AppleWebKit/537.36 (KHTML, like Gecko; compatible; GPTBot/1.3; +https://openai.com/gptbot)"
74.7.227.180 - - [02/May/2026:03:42:37 -0400] "GET /uncategorized/8-estrategias-infalibles-para-maximizar-tus-bonos-en-casino-online-4/?fileloc=/var/www/vhosts/jcorrmechanical.com/httpdocs/wp-includes/blocks/file/view.min.asset.php&path=/var/www/vhosts/jcorrmechanical.com/httpdocs/wp-includes/blocks/file HTTP/1.0" 200 16476 "https://www.jcorrmechanical.com/uncategorized/8-estrategias-infalibles-para-maximizar-tus-bonos-en-casino-online-4/?path=/var/www/vhosts/jcorrmechanical.com/httpdocs/wp-includes/blocks/file" "Mozilla/5.0 AppleWebKit/537.36 (KHTML, like Gecko; compatible; GPTBot/1.3; +https://openai.com/gptbot)"
74.7.227.180 - - [02/May/2026:03:42:37 -0400] "GET /uncategorized/8-estrategias-infalibles-para-maximizar-tus-bonos-en-casino-online-4/?fileloc=/var/www/vhosts/jcorrmechanical.com/httpdocs/wp-includes/blocks/image/view.asset.php&path=/var/www/vhosts/jcorrmechanical.com/httpdocs/wp-includes/blocks/image HTTP/1.0" 200 16475 "https://www.jcorrmechanical.com/uncategorized/8-estrategias-infalibles-para-maximizar-tus-bonos-en-casino-online-4/?path=/var/www/vhosts/jcorrmechanical.com/httpdocs/wp-includes/blocks/image" "Mozilla/5.0 AppleWebKit/537.36 (KHTML, like Gecko; compatible; GPTBot/1.3; +https://openai.com/gptbot)"
74.7.227.180 - - [02/May/2026:03:42:38 -0400] "GET /uncategorized/10-estrategias-expertas-para-maximizar-los-jackpots-en-vivo-en-casino-online-9/?fileloc=/var/www/vhosts/jcorrmechanical.com/httpdocs/wp-includes/blocks/image/view.asset.php&path=/var/www/vhosts/jcorrmechanical.com/httpdocs/wp-includes/blocks/image HTTP/1.0" 200 16475 "https://www.jcorrmechanical.com/uncategorized/10-estrategias-expertas-para-maximizar-los-jackpots-en-vivo-en-casino-online-9/?path=/var/www/vhosts/jcorrmechanical.com/httpdocs/wp-includes/blocks/image" "Mozilla/5.0 AppleWebKit/537.36 (KHTML, like Gecko; compatible; GPTBot/1.3; +https://openai.com/gptbot)"
85.208.96.208 - - [02/May/2026:03:42:38 -0400] "GET /39056226755.htm HTTP/1.0" 200 89134 "-" "Mozilla/5.0 (compatible; SemrushBot/7~bl; +http://www.semrush.com/bot.html)"
74.7.227.180 - - [02/May/2026:03:42:38 -0400] "GET /uncategorized/10-estrategias-expertas-para-maximizar-los-jackpots-en-vivo-en-casino-online/?fileloc=/var/www/vhosts/jcorrmechanical.com/httpdocs/wp-includes/blocks/image/view.asset.php&path=/var/www/vhosts/jcorrmechanical.com/httpdocs/wp-includes/blocks/image HTTP/1.0" 200 16475 "https://www.jcorrmechanical.com/uncategorized/10-estrategias-expertas-para-maximizar-los-jackpots-en-vivo-en-casino-online/?path=/var/www/vhosts/jcorrmechanical.com/httpdocs/wp-includes/blocks/image" "Mozilla/5.0 AppleWebKit/537.36 (KHTML, like Gecko; compatible; GPTBot/1.3; +https://openai.com/gptbot)"
74.7.227.180 - - [02/May/2026:03:42:39 -0400] "GET /uncategorized/6-estrategias-probadas-para-maximizar-tus-bonos-de-verano-en-casino-online-4/?fileloc=/var/www/vhosts/jcorrmechanical.com/httpdocs/wp-includes/rest-api/endpoints/class-wp-rest-post-types-controller.php&path=/var/www/vhosts/jcorrmechanical.com/httpdocs/wp-includes/rest-api/endpoints HTTP/1.0" 200 34204 "https://www.jcorrmechanical.com/uncategorized/6-estrategias-probadas-para-maximizar-tus-bonos-de-verano-en-casino-online-4/?path=/var/www/vhosts/jcorrmechanical.com/httpdocs/wp-includes/rest-api/endpoints" "Mozilla/5.0 AppleWebKit/537.36 (KHTML, like Gecko; compatible; GPTBot/1.3; +https://openai.com/gptbot)"
74.7.227.180 - - [02/May/2026:03:42:40 -0400] "GET /uncategorized/6-estrategias-probadas-para-maximizar-tus-bonos-de-verano-en-casino-online-4/?fileloc=/var/www/vhosts/jcorrmechanical.com/httpdocs/wp-includes/rest-api/endpoints/class-wp-rest-post-statuses-controller.php&path=/var/www/vhosts/jcorrmechanical.com/httpdocs/wp-includes/rest-api/endpoints HTTP/1.0" 200 28756 "https://www.jcorrmechanical.com/uncategorized/6-estrategias-probadas-para-maximizar-tus-bonos-de-verano-en-casino-online-4/?path=/var/www/vhosts/jcorrmechanical.com/httpdocs/wp-includes/rest-api/endpoints" "Mozilla/5.0 AppleWebKit/537.36 (KHTML, like Gecko; compatible; GPTBot/1.3; +https://openai.com/gptbot)"
74.7.242.50 - - [02/May/2026:03:42:40 -0400] "GET /m282037727?path=/var/www/vhosts/jcorrmechanical.com/.composer/cache HTTP/1.0" 200 19513 "https://jcorrmechanical.com/m282037727?path=/var/www/vhosts/jcorrmechanical.com/.composer" "Mozilla/5.0 AppleWebKit/537.36 (KHTML, like Gecko; compatible; GPTBot/1.3; +https://openai.com/gptbot)"
74.7.227.180 - - [02/May/2026:03:42:40 -0400] "GET /uncategorized/6-estrategias-probadas-para-maximizar-tus-bonos-de-verano-en-casino-online-4/?fileloc=/var/www/vhosts/jcorrmechanical.com/httpdocs/wp-includes/rest-api/fields/class-wp-rest-post-meta-fields.php&path=/var/www/vhosts/jcorrmechanical.com/httpdocs/wp-includes/rest-api/fields HTTP/1.0" 200 17649 "https://www.jcorrmechanical.com/uncategorized/6-estrategias-probadas-para-maximizar-tus-bonos-de-verano-en-casino-online-4/?path=/var/www/vhosts/jcorrmechanical.com/httpdocs/wp-includes/rest-api/fields" "Mozilla/5.0 AppleWebKit/537.36 (KHTML, like Gecko; compatible; GPTBot/1.3; +https://openai.com/gptbot)"
74.7.242.50 - - [02/May/2026:03:42:40 -0400] "GET /Geforce.php?fileloc=/var/www/vhosts/jcorrmechanical.com/.composer/.htaccess&path=/var/www/vhosts/jcorrmechanical.com/.composer HTTP/1.0" 200 16062 "https://jcorrmechanical.com/Geforce.php?path=/var/www/vhosts/jcorrmechanical.com/.composer" "Mozilla/5.0 AppleWebKit/537.36 (KHTML, like Gecko; compatible; GPTBot/1.3; +https://openai.com/gptbot)"
74.7.227.180 - - [02/May/2026:03:42:41 -0400] "GET /uncategorized/6-estrategias-probadas-para-maximizar-tus-bonos-de-verano-en-casino-online-4/?fileloc=/var/www/vhosts/jcorrmechanical.com/httpdocs/wp-includes/rest-api/endpoints/class-wp-rest-terms-controller.php&path=/var/www/vhosts/jcorrmechanical.com/httpdocs/wp-includes/rest-api/endpoints HTTP/1.0" 200 57707 "https://www.jcorrmechanical.com/uncategorized/6-estrategias-probadas-para-maximizar-tus-bonos-de-verano-en-casino-online-4/?path=/var/www/vhosts/jcorrmechanical.com/httpdocs/wp-includes/rest-api/endpoints" "Mozilla/5.0 AppleWebKit/537.36 (KHTML, like Gecko; compatible; GPTBot/1.3; +https://openai.com/gptbot)"
74.7.227.180 - - [02/May/2026:03:42:41 -0400] "GET /uncategorized/6-estrategias-probadas-para-maximizar-tus-bonos-de-verano-en-casino-online-4/?fileloc=/var/www/vhosts/jcorrmechanical.com/httpdocs/wp-includes/rest-api/endpoints/class-wp-rest-sidebars-controller.php&path=/var/www/vhosts/jcorrmechanical.com/httpdocs/wp-includes/rest-api/endpoints HTTP/1.0" 200 35758 "https://www.jcorrmechanical.com/uncategorized/6-estrategias-probadas-para-maximizar-tus-bonos-de-verano-en-casino-online-4/?path=/var/www/vhosts/jcorrmechanical.com/httpdocs/wp-includes/rest-api/endpoints" "Mozilla/5.0 AppleWebKit/537.36 (KHTML, like Gecko; compatible; GPTBot/1.3; +https://openai.com/gptbot)"
74.7.227.180 - - [02/May/2026:03:42:42 -0400] "GET /uncategorized/6-estrategias-probadas-para-maximizar-tus-bonos-de-verano-en-casino-online-4/?fileloc=/var/www/vhosts/jcorrmechanical.com/httpdocs/wp-includes/rest-api/endpoints/class-wp-rest-font-faces-controller.php&path=/var/www/vhosts/jcorrmechanical.com/httpdocs/wp-includes/rest-api/endpoints HTTP/1.0" 200 51704 "https://www.jcorrmechanical.com/uncategorized/6-estrategias-probadas-para-maximizar-tus-bonos-de-verano-en-casino-online-4/?path=/var/www/vhosts/jcorrmechanical.com/httpdocs/wp-includes/rest-api/endpoints" "Mozilla/5.0 AppleWebKit/537.36 (KHTML, like Gecko; compatible; GPTBot/1.3; +https://openai.com/gptbot)"
74.7.227.180 - - [02/May/2026:03:42:42 -0400] "GET /uncategorized/6-estrategias-probadas-para-maximizar-tus-bonos-de-verano-en-casino-online-4/?fileloc=/var/www/vhosts/jcorrmechanical.com/httpdocs/wp-includes/rest-api/endpoints/class-wp-rest-block-patterns-controller.php&path=/var/www/vhosts/jcorrmechanical.com/httpdocs/wp-includes/rest-api/endpoints HTTP/1.0" 200 27959 "https://www.jcorrmechanical.com/uncategorized/6-estrategias-probadas-para-maximizar-tus-bonos-de-verano-en-casino-online-4/?path=/var/www/vhosts/jcorrmechanical.com/httpdocs/wp-includes/rest-api/endpoints" "Mozilla/5.0 AppleWebKit/537.36 (KHTML, like Gecko; compatible; GPTBot/1.3; +https://openai.com/gptbot)"
142.44.233.26 - - [02/May/2026:03:42:42 -0400] "GET /5684789066.htm HTTP/1.0" 200 89134 "-" "Mozilla/5.0 (compatible; AhrefsBot/7.0; +http://ahrefs.com/robot/)"
74.7.227.180 - - [02/May/2026:03:42:43 -0400] "GET /uncategorized/6-estrategias-probadas-para-maximizar-tus-bonos-de-verano-en-casino-online-4/?fileloc=/var/www/vhosts/jcorrmechanical.com/httpdocs/wp-includes/rest-api/endpoints/class-wp-rest-themes-controller.php&path=/var/www/vhosts/jcorrmechanical.com/httpdocs/wp-includes/rest-api/endpoints HTTP/1.0" 200 45010 "https://www.jcorrmechanical.com/uncategorized/6-estrategias-probadas-para-maximizar-tus-bonos-de-verano-en-casino-online-4/?path=/var/www/vhosts/jcorrmechanical.com/httpdocs/wp-includes/rest-api/endpoints" "Mozilla/5.0 AppleWebKit/537.36 (KHTML, like Gecko; compatible; GPTBot/1.3; +https://openai.com/gptbot)"
74.7.227.180 - - [02/May/2026:03:42:43 -0400] "GET /uncategorized/6-estrategias-probadas-para-maximizar-tus-bonos-de-verano-en-casino-online-4/?fileloc=/var/www/vhosts/jcorrmechanical.com/httpdocs/wp-includes/rest-api/endpoints/class-wp-rest-edit-site-export-controller.php&path=/var/www/vhosts/jcorrmechanical.com/httpdocs/wp-includes/rest-api/endpoints HTTP/1.0" 200 18716 "https://www.jcorrmechanical.com/uncategorized/6-estrategias-probadas-para-maximizar-tus-bonos-de-verano-en-casino-online-4/?path=/var/www/vhosts/jcorrmechanical.com/httpdocs/wp-includes/rest-api/endpoints" "Mozilla/5.0 AppleWebKit/537.36 (KHTML, like Gecko; compatible; GPTBot/1.3; +https://openai.com/gptbot)"
74.7.227.180 - - [02/May/2026:03:42:44 -0400] "GET /uncategorized/6-estrategias-probadas-para-maximizar-tus-bonos-de-verano-en-casino-online-4/?fileloc=/var/www/vhosts/jcorrmechanical.com/httpdocs/wp-includes/rest-api/endpoints/class-wp-rest-block-pattern-categories-controller.php&path=/var/www/vhosts/jcorrmechanical.com/httpdocs/wp-includes/rest-api/endpoints HTTP/1.0" 200 22002 "https://www.jcorrmechanical.com/uncategorized/6-estrategias-probadas-para-maximizar-tus-bonos-de-verano-en-casino-online-4/?path=/var/www/vhosts/jcorrmechanical.com/httpdocs/wp-includes/rest-api/endpoints" "Mozilla/5.0 AppleWebKit/537.36 (KHTML, like Gecko; compatible; GPTBot/1.3; +https://openai.com/gptbot)"
74.7.242.50 - - [02/May/2026:03:42:44 -0400] "GET /data2.php?fileloc=/var/www/vhosts/jcorrmechanical.com/error_docs/not_implemented.html&path=/var/www/vhosts/jcorrmechanical.com/error_docs HTTP/1.0" 200 17328 "https://jcorrmechanical.com/data2.php?path=/var/www/vhosts/jcorrmechanical.com/error_docs" "Mozilla/5.0 AppleWebKit/537.36 (KHTML, like Gecko; compatible; GPTBot/1.3; +https://openai.com/gptbot)"
74.7.227.180 - - [02/May/2026:03:42:44 -0400] "GET /uncategorized/6-estrategias-probadas-para-maximizar-tus-bonos-de-verano-en-casino-online-4/?fileloc=/var/www/vhosts/jcorrmechanical.com/httpdocs/wp-includes/rest-api/endpoints/class-wp-rest-block-directory-controller.php&path=/var/www/vhosts/jcorrmechanical.com/httpdocs/wp-includes/rest-api/endpoints HTTP/1.0" 200 28725 "https://www.jcorrmechanical.com/uncategorized/6-estrategias-probadas-para-maximizar-tus-bonos-de-verano-en-casino-online-4/?path=/var/www/vhosts/jcorrmechanical.com/httpdocs/wp-includes/rest-api/endpoints" "Mozilla/5.0 AppleWebKit/537.36 (KHTML, like Gecko; compatible; GPTBot/1.3; +https://openai.com/gptbot)"
74.7.242.50 - - [02/May/2026:03:42:44 -0400] "GET /error.php?fileloc=/var/www/vhosts/jcorrmechanical.com/httpdocs/wp-content/themes/smart-cleaning/template-parts/patterns.php&path=/var/www/vhosts/jcorrmechanical.com/httpdocs/wp-content/themes/smart-cleaning/template-parts HTTP/1.0" 200 23116 "https://jcorrmechanical.com/error.php?path=/var/www/vhosts/jcorrmechanical.com/httpdocs/wp-content/themes/smart-cleaning/template-parts" "Mozilla/5.0 AppleWebKit/537.36 (KHTML, like Gecko; compatible; GPTBot/1.3; +https://openai.com/gptbot)"
74.7.227.180 - - [02/May/2026:03:42:45 -0400] "GET /uncategorized/6-estrategias-probadas-para-maximizar-tus-bonos-de-verano-en-casino-online-4/?fileloc=/var/www/vhosts/jcorrmechanical.com/httpdocs/wp-includes/rest-api/endpoints/class-wp-rest-settings-controller.php&path=/var/www/vhosts/jcorrmechanical.com/httpdocs/wp-includes/rest-api/endpoints HTTP/1.0" 200 27818 "https://www.jcorrmechanical.com/uncategorized/6-estrategias-probadas-para-maximizar-tus-bonos-de-verano-en-casino-online-4/?path=/var/www/vhosts/jcorrmechanical.com/httpdocs/wp-includes/rest-api/endpoints" "Mozilla/5.0 AppleWebKit/537.36 (KHTML, like Gecko; compatible; GPTBot/1.3; +https://openai.com/gptbot)"
74.7.242.50 - - [02/May/2026:03:42:45 -0400] "GET /data2.php?fileloc=/var/www/vhosts/jcorrmechanical.com/error_docs/not_acceptable.html&path=/var/www/vhosts/jcorrmechanical.com/error_docs HTTP/1.0" 200 17241 "https://jcorrmechanical.com/data2.php?path=/var/www/vhosts/jcorrmechanical.com/error_docs" "Mozilla/5.0 AppleWebKit/537.36 (KHTML, like Gecko; compatible; GPTBot/1.3; +https://openai.com/gptbot)"
74.7.227.180 - - [02/May/2026:03:42:45 -0400] "GET /uncategorized/6-estrategias-probadas-para-maximizar-tus-bonos-de-verano-en-casino-online-4/?fileloc=/var/www/vhosts/jcorrmechanical.com/httpdocs/wp-includes/rest-api/endpoints/class-wp-rest-url-details-controller.php&path=/var/www/vhosts/jcorrmechanical.com/httpdocs/wp-includes/rest-api/endpoints HTTP/1.0" 200 39405 "https://www.jcorrmechanical.com/uncategorized/6-estrategias-probadas-para-maximizar-tus-bonos-de-verano-en-casino-online-4/?path=/var/www/vhosts/jcorrmechanical.com/httpdocs/wp-includes/rest-api/endpoints" "Mozilla/5.0 AppleWebKit/537.36 (KHTML, like Gecko; compatible; GPTBot/1.3; +https://openai.com/gptbot)"
74.7.227.180 - - [02/May/2026:03:42:46 -0400] "GET /uncategorized/6-estrategias-probadas-para-maximizar-tus-bonos-de-verano-en-casino-online-4/?fileloc=/var/www/vhosts/jcorrmechanical.com/httpdocs/wp-includes/rest-api/endpoints/class-wp-rest-menus-controller.php&path=/var/www/vhosts/jcorrmechanical.com/httpdocs/wp-includes/rest-api/endpoints HTTP/1.0" 200 35412 "https://www.jcorrmechanical.com/uncategorized/6-estrategias-probadas-para-maximizar-tus-bonos-de-verano-en-casino-online-4/?path=/var/www/vhosts/jcorrmechanical.com/httpdocs/wp-includes/rest-api/endpoints" "Mozilla/5.0 AppleWebKit/537.36 (KHTML, like Gecko; compatible; GPTBot/1.3; +https://openai.com/gptbot)"
74.7.227.180 - - [02/May/2026:03:42:46 -0400] "GET /uncategorized/6-estrategias-probadas-para-maximizar-tus-bonos-de-verano-en-casino-online-4/?fileloc=/var/www/vhosts/jcorrmechanical.com/httpdocs/wp-includes/rest-api/endpoints/class-wp-rest-widgets-controller.php&path=/var/www/vhosts/jcorrmechanical.com/httpdocs/wp-includes/rest-api/endpoints HTTP/1.0" 200 47367 "https://www.jcorrmechanical.com/uncategorized/6-estrategias-probadas-para-maximizar-tus-bonos-de-verano-en-casino-online-4/?path=/var/www/vhosts/jcorrmechanical.com/httpdocs/wp-includes/rest-api/endpoints" "Mozilla/5.0 AppleWebKit/537.36 (KHTML, like Gecko; compatible; GPTBot/1.3; +https://openai.com/gptbot)"
74.7.227.180 - - [02/May/2026:03:42:47 -0400] "GET /uncategorized/6-estrategias-probadas-para-maximizar-tus-bonos-de-verano-en-casino-online-4/?fileloc=/var/www/vhosts/jcorrmechanical.com/httpdocs/wp-includes/rest-api/endpoints/class-wp-rest-attachments-controller.php&path=/var/www/vhosts/jcorrmechanical.com/httpdocs/wp-includes/rest-api/endpoints HTTP/1.0" 200 80628 "https://www.jcorrmechanical.com/uncategorized/6-estrategias-probadas-para-maximizar-tus-bonos-de-verano-en-casino-online-4/?path=/var/www/vhosts/jcorrmechanical.com/httpdocs/wp-includes/rest-api/endpoints" "Mozilla/5.0 AppleWebKit/537.36 (KHTML, like Gecko; compatible; GPTBot/1.3; +https://openai.com/gptbot)"
74.7.227.180 - - [02/May/2026:03:42:47 -0400] "GET /uncategorized/6-estrategias-probadas-para-maximizar-tus-bonos-de-verano-en-casino-online-4/?fileloc=/var/www/vhosts/jcorrmechanical.com/httpdocs/wp-includes/rest-api/endpoints/class-wp-rest-global-styles-controller.php&path=/var/www/vhosts/jcorrmechanical.com/httpdocs/wp-includes/rest-api/endpoints HTTP/1.0" 200 40798 "https://www.jcorrmechanical.com/uncategorized/6-estrategias-probadas-para-maximizar-tus-bonos-de-verano-en-casino-online-4/?path=/var/www/vhosts/jcorrmechanical.com/httpdocs/wp-includes/rest-api/endpoints" "Mozilla/5.0 AppleWebKit/537.36 (KHTML, like Gecko; compatible; GPTBot/1.3; +https://openai.com/gptbot)"
74.7.227.180 - - [02/May/2026:03:42:48 -0400] "GET /uncategorized/6-estrategias-probadas-para-maximizar-tus-bonos-de-verano-en-casino-online-4/?fileloc=/var/www/vhosts/jcorrmechanical.com/httpdocs/wp-includes/rest-api/endpoints/class-wp-rest-templates-controller.php&path=/var/www/vhosts/jcorrmechanical.com/httpdocs/wp-includes/rest-api/endpoints HTTP/1.0" 200 62605 "https://www.jcorrmechanical.com/uncategorized/6-estrategias-probadas-para-maximizar-tus-bonos-de-verano-en-casino-online-4/?path=/var/www/vhosts/jcorrmechanical.com/httpdocs/wp-includes/rest-api/endpoints" "Mozilla/5.0 AppleWebKit/537.36 (KHTML, like Gecko; compatible; GPTBot/1.3; +https://openai.com/gptbot)"
74.7.242.50 - - [02/May/2026:03:42:48 -0400] "GET /39056293.htm?path=/var/www/vhosts/jcorrmechanical.com/httpdocs/.tmb HTTP/1.0" 200 26531 "https://jcorrmechanical.com/39056293.htm" "Mozilla/5.0 AppleWebKit/537.36 (KHTML, like Gecko; compatible; GPTBot/1.3; +https://openai.com/gptbot)"
74.7.227.180 - - [02/May/2026:03:42:48 -0400] "GET /uncategorized/6-estrategias-probadas-para-maximizar-tus-bonos-de-verano-en-casino-online-4/?fileloc=/var/www/vhosts/jcorrmechanical.com/httpdocs/wp-includes/rest-api/endpoints/class-wp-rest-plugins-controller.php&path=/var/www/vhosts/jcorrmechanical.com/httpdocs/wp-includes/rest-api/endpoints HTTP/1.0" 200 50272 "https://www.jcorrmechanical.com/uncategorized/6-estrategias-probadas-para-maximizar-tus-bonos-de-verano-en-casino-online-4/?path=/var/www/vhosts/jcorrmechanical.com/httpdocs/wp-includes/rest-api/endpoints" "Mozilla/5.0 AppleWebKit/537.36 (KHTML, like Gecko; compatible; GPTBot/1.3; +https://openai.com/gptbot)"
74.7.242.50 - - [02/May/2026:03:42:49 -0400] "GET /96848946.htm?path=/var/www/vhosts/jcorrmechanical.com/httpdocs/.tmb HTTP/1.0" 200 26531 "https://jcorrmechanical.com/96848946.htm" "Mozilla/5.0 AppleWebKit/537.36 (KHTML, like Gecko; compatible; GPTBot/1.3; +https://openai.com/gptbot)"
74.7.227.180 - - [02/May/2026:03:42:49 -0400] "GET /uncategorized/6-estrategias-probadas-para-maximizar-tus-bonos-de-verano-en-casino-online-4/?fileloc=/var/www/vhosts/jcorrmechanical.com/httpdocs/wp-includes/rest-api/endpoints/class-wp-rest-site-health-controller.php&path=/var/www/vhosts/jcorrmechanical.com/httpdocs/wp-includes/rest-api/endpoints HTTP/1.0" 200 28267 "https://www.jcorrmechanical.com/uncategorized/6-estrategias-probadas-para-maximizar-tus-bonos-de-verano-en-casino-online-4/?path=/var/www/vhosts/jcorrmechanical.com/httpdocs/wp-includes/rest-api/endpoints" "Mozilla/5.0 AppleWebKit/537.36 (KHTML, like Gecko; compatible; GPTBot/1.3; +https://openai.com/gptbot)"
74.7.227.180 - - [02/May/2026:03:42:49 -0400] "GET /uncategorized/6-estrategias-probadas-para-maximizar-tus-bonos-de-verano-en-casino-online-4/?fileloc=/var/www/vhosts/jcorrmechanical.com/httpdocs/wp-includes/rest-api/endpoints/class-wp-rest-menu-items-controller.php&path=/var/www/vhosts/jcorrmechanical.com/httpdocs/wp-includes/rest-api/endpoints HTTP/1.0" 200 56743 "https://www.jcorrmechanical.com/uncategorized/6-estrategias-probadas-para-maximizar-tus-bonos-de-verano-en-casino-online-4/?path=/var/www/vhosts/jcorrmechanical.com/httpdocs/wp-includes/rest-api/endpoints" "Mozilla/5.0 AppleWebKit/537.36 (KHTML, like Gecko; compatible; GPTBot/1.3; +https://openai.com/gptbot)"
74.7.227.180 - - [02/May/2026:03:42:50 -0400] "GET /uncategorized/6-estrategias-probadas-para-maximizar-tus-bonos-de-verano-en-casino-online-4/?fileloc=/var/www/vhosts/jcorrmechanical.com/httpdocs/wp-includes/rest-api/endpoints/class-wp-rest-abilities-v1-run-controller.php&path=/var/www/vhosts/jcorrmechanical.com/httpdocs/wp-includes/rest-api/endpoints HTTP/1.0" 200 24528 "https://www.jcorrmechanical.com/uncategorized/6-estrategias-probadas-para-maximizar-tus-bonos-de-verano-en-casino-online-4/?path=/var/www/vhosts/jcorrmechanical.com/httpdocs/wp-includes/rest-api/endpoints" "Mozilla/5.0 AppleWebKit/537.36 (KHTML, like Gecko; compatible; GPTBot/1.3; +https://openai.com/gptbot)"
74.7.227.180 - - [02/May/2026:03:42:50 -0400] "GET /uncategorized/6-estrategias-probadas-para-maximizar-tus-bonos-de-verano-en-casino-online-4/?fileloc=/var/www/vhosts/jcorrmechanical.com/httpdocs/wp-includes/rest-api/endpoints/class-wp-rest-widget-types-controller.php&path=/var/www/vhosts/jcorrmechanical.com/httpdocs/wp-includes/rest-api/endpoints HTTP/1.0" 200 38966 "https://www.jcorrmechanical.com/uncategorized/6-estrategias-probadas-para-maximizar-tus-bonos-de-verano-en-casino-online-4/?path=/var/www/vhosts/jcorrmechanical.com/httpdocs/wp-includes/rest-api/endpoints" "Mozilla/5.0 AppleWebKit/537.36 (KHTML, like Gecko; compatible; GPTBot/1.3; +https://openai.com/gptbot)"
74.7.227.180 - - [02/May/2026:03:42:51 -0400] "GET /uncategorized/6-estrategias-probadas-para-maximizar-tus-bonos-de-verano-en-casino-online-4/?fileloc=/var/www/vhosts/jcorrmechanical.com/httpdocs/wp-includes/rest-api/endpoints/class-wp-rest-taxonomies-controller.php&path=/var/www/vhosts/jcorrmechanical.com/httpdocs/wp-includes/rest-api/endpoints HTTP/1.0" 200 33571 "https://www.jcorrmechanical.com/uncategorized/6-estrategias-probadas-para-maximizar-tus-bonos-de-verano-en-casino-online-4/?path=/var/www/vhosts/jcorrmechanical.com/httpdocs/wp-includes/rest-api/endpoints" "Mozilla/5.0 AppleWebKit/537.36 (KHTML, like Gecko; compatible; GPTBot/1.3; +https://openai.com/gptbot)"
74.7.227.180 - - [02/May/2026:03:42:52 -0400] "GET /uncategorized/6-estrategias-probadas-para-maximizar-tus-bonos-de-verano-en-casino-online-4/?fileloc=/var/www/vhosts/jcorrmechanical.com/httpdocs/wp-includes/rest-api/endpoints/class-wp-rest-font-families-controller.php&path=/var/www/vhosts/jcorrmechanical.com/httpdocs/wp-includes/rest-api/endpoints HTTP/1.0" 200 36880 "https://www.jcorrmechanical.com/uncategorized/6-estrategias-probadas-para-maximizar-tus-bonos-de-verano-en-casino-online-4/?path=/var/www/vhosts/jcorrmechanical.com/httpdocs/wp-includes/rest-api/endpoints" "Mozilla/5.0 AppleWebKit/537.36 (KHTML, like Gecko; compatible; GPTBot/1.3; +https://openai.com/gptbot)"
74.7.227.180 - - [02/May/2026:03:42:52 -0400] "GET /uncategorized/6-estrategias-probadas-para-maximizar-tus-bonos-de-verano-en-casino-online-4/?fileloc=/var/www/vhosts/jcorrmechanical.com/httpdocs/wp-includes/rest-api/endpoints/class-wp-rest-abilities-v1-categories-controller.php&path=/var/www/vhosts/jcorrmechanical.com/httpdocs/wp-includes/rest-api/endpoints HTTP/1.0" 200 26081 "https://www.jcorrmechanical.com/uncategorized/6-estrategias-probadas-para-maximizar-tus-bonos-de-verano-en-casino-online-4/?path=/var/www/vhosts/jcorrmechanical.com/httpdocs/wp-includes/rest-api/endpoints" "Mozilla/5.0 AppleWebKit/537.36 (KHTML, like Gecko; compatible; GPTBot/1.3; +https://openai.com/gptbot)"
74.7.227.180 - - [02/May/2026:03:42:53 -0400] "GET /uncategorized/6-estrategias-probadas-para-maximizar-tus-bonos-de-verano-en-casino-online-4/?fileloc=/var/www/vhosts/jcorrmechanical.com/httpdocs/wp-includes/rest-api/endpoints/class-wp-rest-block-renderer-controller.php&path=/var/www/vhosts/jcorrmechanical.com/httpdocs/wp-includes/rest-api/endpoints HTTP/1.0" 200 23299 "https://www.jcorrmechanical.com/uncategorized/6-estrategias-probadas-para-maximizar-tus-bonos-de-verano-en-casino-online-4/?path=/var/www/vhosts/jcorrmechanical.com/httpdocs/wp-includes/rest-api/endpoints" "Mozilla/5.0 AppleWebKit/537.36 (KHTML, like Gecko; compatible; GPTBot/1.3; +https://openai.com/gptbot)"
74.7.227.180 - - [02/May/2026:03:42:53 -0400] "GET /uncategorized/6-estrategias-probadas-para-maximizar-tus-bonos-de-verano-en-casino-online-4/?fileloc=/var/www/vhosts/jcorrmechanical.com/httpdocs/wp-includes/rest-api/endpoints/class-wp-rest-global-styles-revisions-controller.php&path=/var/www/vhosts/jcorrmechanical.com/httpdocs/wp-includes/rest-api/endpoints HTTP/1.0" 200 31350 "https://www.jcorrmechanical.com/uncategorized/6-estrategias-probadas-para-maximizar-tus-bonos-de-verano-en-casino-online-4/?path=/var/www/vhosts/jcorrmechanical.com/httpdocs/wp-includes/rest-api/endpoints" "Mozilla/5.0 AppleWebKit/537.36 (KHTML, like Gecko; compatible; GPTBot/1.3; +https://openai.com/gptbot)"
74.7.227.180 - - [02/May/2026:03:42:54 -0400] "GET /uncategorized/6-estrategias-probadas-para-maximizar-tus-bonos-de-verano-en-casino-online-4/?fileloc=/var/www/vhosts/jcorrmechanical.com/httpdocs/wp-includes/rest-api/endpoints/class-wp-rest-posts-controller.php&path=/var/www/vhosts/jcorrmechanical.com/httpdocs/wp-includes/rest-api/endpoints HTTP/1.0" 200 139260 "https://www.jcorrmechanical.com/uncategorized/6-estrategias-probadas-para-maximizar-tus-bonos-de-verano-en-casino-online-4/?path=/var/www/vhosts/jcorrmechanical.com/httpdocs/wp-includes/rest-api/endpoints" "Mozilla/5.0 AppleWebKit/537.36 (KHTML, like Gecko; compatible; GPTBot/1.3; +https://openai.com/gptbot)"
74.7.227.180 - - [02/May/2026:03:42:54 -0400] "GET /uncategorized/6-estrategias-probadas-para-maximizar-tus-bonos-de-verano-en-casino-online-4/?fileloc=/var/www/vhosts/jcorrmechanical.com/httpdocs/wp-includes/rest-api/endpoints/class-wp-rest-controller.php&path=/var/www/vhosts/jcorrmechanical.com/httpdocs/wp-includes/rest-api/endpoints HTTP/1.0" 200 37148 "https://www.jcorrmechanical.com/uncategorized/6-estrategias-probadas-para-maximizar-tus-bonos-de-verano-en-casino-online-4/?path=/var/www/vhosts/jcorrmechanical.com/httpdocs/wp-includes/rest-api/endpoints" "Mozilla/5.0 AppleWebKit/537.36 (KHTML, like Gecko; compatible; GPTBot/1.3; +https://openai.com/gptbot)"
85.208.96.193 - - [02/May/2026:03:42:54 -0400] "GET /40222295933.htm HTTP/1.0" 200 89134 "-" "Mozilla/5.0 (compatible; SemrushBot/7~bl; +http://www.semrush.com/bot.html)"
74.7.227.180 - - [02/May/2026:03:42:55 -0400] "GET /uncategorized/6-estrategias-probadas-para-maximizar-tus-bonos-de-verano-en-casino-online-4/?fileloc=/var/www/vhosts/jcorrmechanical.com/httpdocs/wp-includes/rest-api/endpoints/class-wp-rest-users-controller.php&path=/var/www/vhosts/jcorrmechanical.com/httpdocs/wp-includes/rest-api/endpoints HTTP/1.0" 200 76670 "https://www.jcorrmechanical.com/uncategorized/6-estrategias-probadas-para-maximizar-tus-bonos-de-verano-en-casino-online-4/?path=/var/www/vhosts/jcorrmechanical.com/httpdocs/wp-includes/rest-api/endpoints" "Mozilla/5.0 AppleWebKit/537.36 (KHTML, like Gecko; compatible; GPTBot/1.3; +https://openai.com/gptbot)"
74.7.227.180 - - [02/May/2026:03:42:55 -0400] "GET /uncategorized/6-estrategias-probadas-para-maximizar-tus-bonos-de-verano-en-casino-online-4/?fileloc=/var/www/vhosts/jcorrmechanical.com/httpdocs/wp-includes/rest-api/endpoints/class-wp-rest-block-types-controller.php&path=/var/www/vhosts/jcorrmechanical.com/httpdocs/wp-includes/rest-api/endpoints HTTP/1.0" 200 51789 "https://www.jcorrmechanical.com/uncategorized/6-estrategias-probadas-para-maximizar-tus-bonos-de-verano-en-casino-online-4/?path=/var/www/vhosts/jcorrmechanical.com/httpdocs/wp-includes/rest-api/endpoints" "Mozilla/5.0 AppleWebKit/537.36 (KHTML, like Gecko; compatible; GPTBot/1.3; +https://openai.com/gptbot)"
74.7.227.180 - - [02/May/2026:03:42:56 -0400] "GET /uncategorized/6-estrategias-probadas-para-maximizar-tus-bonos-de-verano-en-casino-online-4/?fileloc=/var/www/vhosts/jcorrmechanical.com/httpdocs/wp-includes/rest-api/endpoints/class-wp-rest-revisions-controller.php&path=/var/www/vhosts/jcorrmechanical.com/httpdocs/wp-includes/rest-api/endpoints HTTP/1.0" 200 48420 "https://www.jcorrmechanical.com/uncategorized/6-estrategias-probadas-para-maximizar-tus-bonos-de-verano-en-casino-online-4/?path=/var/www/vhosts/jcorrmechanical.com/httpdocs/wp-includes/rest-api/endpoints" "Mozilla/5.0 AppleWebKit/537.36 (KHTML, like Gecko; compatible; GPTBot/1.3; +https://openai.com/gptbot)"
74.7.242.50 - - [02/May/2026:03:42:56 -0400] "GET /445up.php?fileloc=/var/www/vhosts/jcorrmechanical.com/httpdocs/404.shtml&path=/var/www/vhosts/jcorrmechanical.com/httpdocs HTTP/1.0" 200 18256 "http://jcorrmechanical.com" "Mozilla/5.0 AppleWebKit/537.36 (KHTML, like Gecko; compatible; GPTBot/1.3; +https://openai.com/gptbot)"
74.7.227.180 - - [02/May/2026:03:42:56 -0400] "GET /uncategorized/6-estrategias-probadas-para-maximizar-tus-bonos-de-verano-en-casino-online-4/?fileloc=/var/www/vhosts/jcorrmechanical.com/httpdocs/wp-includes/rest-api/endpoints/class-wp-rest-pattern-directory-controller.php&path=/var/www/vhosts/jcorrmechanical.com/httpdocs/wp-includes/rest-api/endpoints HTTP/1.0" 200 32187 "https://www.jcorrmechanical.com/uncategorized/6-estrategias-probadas-para-maximizar-tus-bonos-de-verano-en-casino-online-4/?path=/var/www/vhosts/jcorrmechanical.com/httpdocs/wp-includes/rest-api/endpoints" "Mozilla/5.0 AppleWebKit/537.36 (KHTML, like Gecko; compatible; GPTBot/1.3; +https://openai.com/gptbot)"
74.7.242.50 - - [02/May/2026:03:42:57 -0400] "GET /96848946.htm?fileloc=/var/www/vhosts/jcorrmechanical.com/httpdocs/.tmb/l1_cGhvdG8xLmpwZw1602954615.png&path=/var/www/vhosts/jcorrmechanical.com/httpdocs/.tmb HTTP/1.0" 200 25817 "https://jcorrmechanical.com/96848946.htm?path=/var/www/vhosts/jcorrmechanical.com/httpdocs/.tmb" "Mozilla/5.0 AppleWebKit/537.36 (KHTML, like Gecko; compatible; GPTBot/1.3; +https://openai.com/gptbot)"
74.7.227.180 - - [02/May/2026:03:42:57 -0400] "GET /uncategorized/6-estrategias-probadas-para-maximizar-tus-bonos-de-verano-en-casino-online-4/?fileloc=/var/www/vhosts/jcorrmechanical.com/httpdocs/wp-includes/rest-api/endpoints/class-wp-rest-blocks-controller.php&path=/var/www/vhosts/jcorrmechanical.com/httpdocs/wp-includes/rest-api/endpoints HTTP/1.0" 200 19989 "https://www.jcorrmechanical.com/uncategorized/6-estrategias-probadas-para-maximizar-tus-bonos-de-verano-en-casino-online-4/?path=/var/www/vhosts/jcorrmechanical.com/httpdocs/wp-includes/rest-api/endpoints" "Mozilla/5.0 AppleWebKit/537.36 (KHTML, like Gecko; compatible; GPTBot/1.3; +https://openai.com/gptbot)"
74.7.227.180 - - [02/May/2026:03:42:57 -0400] "GET /uncategorized/6-estrategias-probadas-para-maximizar-tus-bonos-de-verano-en-casino-online-4/?fileloc=/var/www/vhosts/jcorrmechanical.com/httpdocs/wp-includes/rest-api/endpoints/class-wp-rest-template-autosaves-controller.php&path=/var/www/vhosts/jcorrmechanical.com/httpdocs/wp-includes/rest-api/endpoints HTTP/1.0" 200 25407 "https://www.jcorrmechanical.com/uncategorized/6-estrategias-probadas-para-maximizar-tus-bonos-de-verano-en-casino-online-4/?path=/var/www/vhosts/jcorrmechanical.com/httpdocs/wp-includes/rest-api/endpoints" "Mozilla/5.0 AppleWebKit/537.36 (KHTML, like Gecko; compatible; GPTBot/1.3; +https://openai.com/gptbot)"
74.7.227.180 - - [02/May/2026:03:42:58 -0400] "GET /uncategorized/6-estrategias-probadas-para-maximizar-tus-bonos-de-verano-en-casino-online-4/?fileloc=/var/www/vhosts/jcorrmechanical.com/httpdocs/wp-includes/rest-api/endpoints/class-wp-rest-menu-locations-controller.php&path=/var/www/vhosts/jcorrmechanical.com/httpdocs/wp-includes/rest-api/endpoints HTTP/1.0" 200 26662 "https://www.jcorrmechanical.com/uncategorized/6-estrategias-probadas-para-maximizar-tus-bonos-de-verano-en-casino-online-4/?path=/var/www/vhosts/jcorrmechanical.com/httpdocs/wp-includes/rest-api/endpoints" "Mozilla/5.0 AppleWebKit/537.36 (KHTML, like Gecko; compatible; GPTBot/1.3; +https://openai.com/gptbot)"
74.7.227.180 - - [02/May/2026:03:42:58 -0400] "GET /uncategorized/6-estrategias-probadas-para-maximizar-tus-bonos-de-verano-en-casino-online-4/?fileloc=/var/www/vhosts/jcorrmechanical.com/httpdocs/wp-includes/rest-api/endpoints/class-wp-rest-autosaves-controller.php&path=/var/www/vhosts/jcorrmechanical.com/httpdocs/wp-includes/rest-api/endpoints HTTP/1.0" 200 33309 "https://www.jcorrmechanical.com/uncategorized/6-estrategias-probadas-para-maximizar-tus-bonos-de-verano-en-casino-online-4/?path=/var/www/vhosts/jcorrmechanical.com/httpdocs/wp-includes/rest-api/endpoints" "Mozilla/5.0 AppleWebKit/537.36 (KHTML, like Gecko; compatible; GPTBot/1.3; +https://openai.com/gptbot)"
74.7.227.180 - - [02/May/2026:03:42:59 -0400] "GET /uncategorized/6-estrategias-probadas-para-maximizar-tus-bonos-de-verano-en-casino-online-4/?fileloc=/var/www/vhosts/jcorrmechanical.com/httpdocs/wp-includes/rest-api/endpoints/class-wp-rest-template-revisions-controller.php&path=/var/www/vhosts/jcorrmechanical.com/httpdocs/wp-includes/rest-api/endpoints HTTP/1.0" 200 26615 "https://www.jcorrmechanical.com/uncategorized/6-estrategias-probadas-para-maximizar-tus-bonos-de-verano-en-casino-online-4/?path=/var/www/vhosts/jcorrmechanical.com/httpdocs/wp-includes/rest-api/endpoints" "Mozilla/5.0 AppleWebKit/537.36 (KHTML, like Gecko; compatible; GPTBot/1.3; +https://openai.com/gptbot)"
74.7.227.180 - - [02/May/2026:03:42:59 -0400] "GET /uncategorized/6-estrategias-probadas-para-maximizar-tus-bonos-de-verano-en-casino-online-4/?fileloc=/var/www/vhosts/jcorrmechanical.com/httpdocs/wp-includes/rest-api/endpoints/class-wp-rest-application-passwords-controller.php&path=/var/www/vhosts/jcorrmechanical.com/httpdocs/wp-includes/rest-api/endpoints HTTP/1.0" 200 44214 "https://www.jcorrmechanical.com/uncategorized/6-estrategias-probadas-para-maximizar-tus-bonos-de-verano-en-casino-online-4/?path=/var/www/vhosts/jcorrmechanical.com/httpdocs/wp-includes/rest-api/endpoints" "Mozilla/5.0 AppleWebKit/537.36 (KHTML, like Gecko; compatible; GPTBot/1.3; +https://openai.com/gptbot)"
74.7.227.180 - - [02/May/2026:03:43:00 -0400] "GET /uncategorized/6-estrategias-probadas-para-maximizar-tus-bonos-de-verano-en-casino-online-4/?fileloc=/var/www/vhosts/jcorrmechanical.com/httpdocs/wp-includes/rest-api/endpoints/class-wp-rest-navigation-fallback-controller.php&path=/var/www/vhosts/jcorrmechanical.com/httpdocs/wp-includes/rest-api/endpoints HTTP/1.0" 200 22277 "https://www.jcorrmechanical.com/uncategorized/6-estrategias-probadas-para-maximizar-tus-bonos-de-verano-en-casino-online-4/?path=/var/www/vhosts/jcorrmechanical.com/httpdocs/wp-includes/rest-api/endpoints" "Mozilla/5.0 AppleWebKit/537.36 (KHTML, like Gecko; compatible; GPTBot/1.3; +https://openai.com/gptbot)"
148.113.128.236 - - [02/May/2026:03:43:00 -0400] "GET /56847299742.htm HTTP/1.0" 200 89134 "-" "Mozilla/5.0 (compatible; AhrefsBot/7.0; +http://ahrefs.com/robot/)"
74.7.242.50 - - [02/May/2026:03:43:00 -0400] "GET /error.php?fileloc=/var/www/vhosts/jcorrmechanical.com/httpdocs/wp-content/themes/smart-cleaning/template-parts/content.php&path=/var/www/vhosts/jcorrmechanical.com/httpdocs/wp-content/themes/smart-cleaning/template-parts HTTP/1.0" 200 19015 "https://jcorrmechanical.com/error.php?path=/var/www/vhosts/jcorrmechanical.com/httpdocs/wp-content/themes/smart-cleaning/template-parts" "Mozilla/5.0 AppleWebKit/537.36 (KHTML, like Gecko; compatible; GPTBot/1.3; +https://openai.com/gptbot)"
74.7.227.180 - - [02/May/2026:03:43:01 -0400] "GET /uncategorized/6-estrategias-probadas-para-maximizar-tus-bonos-de-verano-en-casino-online-4/?fileloc=/var/www/vhosts/jcorrmechanical.com/httpdocs/wp-includes/rest-api/fields/class-wp-rest-meta-fields.php&path=/var/www/vhosts/jcorrmechanical.com/httpdocs/wp-includes/rest-api/fields HTTP/1.0" 200 36885 "https://www.jcorrmechanical.com/uncategorized/6-estrategias-probadas-para-maximizar-tus-bonos-de-verano-en-casino-online-4/?path=/var/www/vhosts/jcorrmechanical.com/httpdocs/wp-includes/rest-api/fields" "Mozilla/5.0 AppleWebKit/537.36 (KHTML, like Gecko; compatible; GPTBot/1.3; +https://openai.com/gptbot)"
74.7.242.50 - - [02/May/2026:03:43:01 -0400] "GET /96848946.htm?fileloc=/var/www/vhosts/jcorrmechanical.com/httpdocs/.tmb/l1_cGhvdG8zLmpwZw1602954615.png&path=/var/www/vhosts/jcorrmechanical.com/httpdocs/.tmb HTTP/1.0" 200 25426 "https://jcorrmechanical.com/96848946.htm?path=/var/www/vhosts/jcorrmechanical.com/httpdocs/.tmb" "Mozilla/5.0 AppleWebKit/537.36 (KHTML, like Gecko; compatible; GPTBot/1.3; +https://openai.com/gptbot)"
74.7.227.180 - - [02/May/2026:03:43:01 -0400] "GET /uncategorized/6-estrategias-probadas-para-maximizar-tus-bonos-de-verano-en-casino-online-4/?fileloc=/var/www/vhosts/jcorrmechanical.com/httpdocs/wp-includes/rest-api/fields/class-wp-rest-term-meta-fields.php&path=/var/www/vhosts/jcorrmechanical.com/httpdocs/wp-includes/rest-api/fields HTTP/1.0" 200 17669 "https://www.jcorrmechanical.com/uncategorized/6-estrategias-probadas-para-maximizar-tus-bonos-de-verano-en-casino-online-4/?path=/var/www/vhosts/jcorrmechanical.com/httpdocs/wp-includes/rest-api/fields" "Mozilla/5.0 AppleWebKit/537.36 (KHTML, like Gecko; compatible; GPTBot/1.3; +https://openai.com/gptbot)"
74.7.227.180 - - [02/May/2026:03:43:02 -0400] "GET /uncategorized/6-estrategias-probadas-para-maximizar-tus-bonos-de-verano-en-casino-online-4/?fileloc=/var/www/vhosts/jcorrmechanical.com/httpdocs/wp-includes/rest-api/endpoints/.htaccess&path=/var/www/vhosts/jcorrmechanical.com/httpdocs/wp-includes/rest-api/endpoints HTTP/1.0" 200 16516 "https://www.jcorrmechanical.com/uncategorized/6-estrategias-probadas-para-maximizar-tus-bonos-de-verano-en-casino-online-4/?path=/var/www/vhosts/jcorrmechanical.com/httpdocs/wp-includes/rest-api/endpoints" "Mozilla/5.0 AppleWebKit/537.36 (KHTML, like Gecko; compatible; GPTBot/1.3; +https://openai.com/gptbot)"
74.7.227.180 - - [02/May/2026:03:43:02 -0400] "GET /uncategorized/8-estrategias-infalibles-para-maximizar-tus-bonos-en-casino-online-4/?fileloc=/var/www/vhosts/jcorrmechanical.com/httpdocs/wp-includes/blocks/file/view.asset.php&path=/var/www/vhosts/jcorrmechanical.com/httpdocs/wp-includes/blocks/file HTTP/1.0" 200 16472 "https://www.jcorrmechanical.com/uncategorized/8-estrategias-infalibles-para-maximizar-tus-bonos-en-casino-online-4/?path=/var/www/vhosts/jcorrmechanical.com/httpdocs/wp-includes/blocks/file" "Mozilla/5.0 AppleWebKit/537.36 (KHTML, like Gecko; compatible; GPTBot/1.3; +https://openai.com/gptbot)"
185.191.171.16 - - [02/May/2026:03:43:02 -0400] "GET /4022257771.htm HTTP/1.0" 200 89134 "-" "Mozilla/5.0 (compatible; SemrushBot/7~bl; +http://www.semrush.com/bot.html)"
185.191.171.3 - - [02/May/2026:03:43:02 -0400] "GET /39056159858.htm HTTP/1.0" 200 89134 "-" "Mozilla/5.0 (compatible; SemrushBot/7~bl; +http://www.semrush.com/bot.html)"
74.7.227.180 - - [02/May/2026:03:43:03 -0400] "GET /uncategorized/8-estrategias-infalibles-para-maximizar-tus-ganancias-en-casino-online-5/?fileloc=/var/www/vhosts/jcorrmechanical.com/httpdocs/wp-includes/blocks/file/view.min.asset.php&path=/var/www/vhosts/jcorrmechanical.com/httpdocs/wp-includes/blocks/file HTTP/1.0" 200 16476 "https://www.jcorrmechanical.com/uncategorized/8-estrategias-infalibles-para-maximizar-tus-ganancias-en-casino-online-5/?path=/var/www/vhosts/jcorrmechanical.com/httpdocs/wp-includes/blocks/file" "Mozilla/5.0 AppleWebKit/537.36 (KHTML, like Gecko; compatible; GPTBot/1.3; +https://openai.com/gptbot)"
74.7.227.180 - - [02/May/2026:03:43:03 -0400] "GET /uncategorized/8-estrategias-infalibles-para-maximizar-tus-bonos-en-casino-online-4/?fileloc=/var/www/vhosts/jcorrmechanical.com/httpdocs/wp-includes/blocks/image/view.min.asset.php&path=/var/www/vhosts/jcorrmechanical.com/httpdocs/wp-includes/blocks/image HTTP/1.0" 200 16479 "https://www.jcorrmechanical.com/uncategorized/8-estrategias-infalibles-para-maximizar-tus-bonos-en-casino-online-4/?path=/var/www/vhosts/jcorrmechanical.com/httpdocs/wp-includes/blocks/image" "Mozilla/5.0 AppleWebKit/537.36 (KHTML, like Gecko; compatible; GPTBot/1.3; +https://openai.com/gptbot)"
74.7.227.180 - - [02/May/2026:03:43:04 -0400] "GET /uncategorized/6-estrategias-probadas-para-maximizar-tus-bonos-de-verano-en-casino-online-4/?fileloc=/var/www/vhosts/jcorrmechanical.com/httpdocs/wp-includes/blocks/navigation/view.min.asset.php&path=/var/www/vhosts/jcorrmechanical.com/httpdocs/wp-includes/blocks/navigation HTTP/1.0" 200 16494 "https://www.jcorrmechanical.com/uncategorized/6-estrategias-probadas-para-maximizar-tus-bonos-de-verano-en-casino-online-4/?path=/var/www/vhosts/jcorrmechanical.com/httpdocs/wp-includes/blocks/navigation" "Mozilla/5.0 AppleWebKit/537.36 (KHTML, like Gecko; compatible; GPTBot/1.3; +https://openai.com/gptbot)"
74.7.242.50 - - [02/May/2026:03:43:04 -0400] "GET /56847822.htm?path=/var/www/vhosts/jcorrmechanical.com/httpdocs/.tmb HTTP/1.0" 200 26531 "https://jcorrmechanical.com/56847822.htm" "Mozilla/5.0 AppleWebKit/537.36 (KHTML, like Gecko; compatible; GPTBot/1.3; +https://openai.com/gptbot)"
74.7.227.180 - - [02/May/2026:03:43:04 -0400] "GET /uncategorized/10-estrategias-expertas-para-maximizar-los-jackpots-en-vivo-en-casino-online/?fileloc=/var/www/vhosts/jcorrmechanical.com/httpdocs/wp-includes/blocks/image/view.min.asset.php&path=/var/www/vhosts/jcorrmechanical.com/httpdocs/wp-includes/blocks/image HTTP/1.0" 200 16479 "https://www.jcorrmechanical.com/uncategorized/10-estrategias-expertas-para-maximizar-los-jackpots-en-vivo-en-casino-online/?path=/var/www/vhosts/jcorrmechanical.com/httpdocs/wp-includes/blocks/image" "Mozilla/5.0 AppleWebKit/537.36 (KHTML, like Gecko; compatible; GPTBot/1.3; +https://openai.com/gptbot)"
74.7.242.50 - - [02/May/2026:03:43:04 -0400] "GET /m221039184?fileloc=/var/www/vhosts/jcorrmechanical.com/httpdocs/underconstruction.gif&path=/var/www/vhosts/jcorrmechanical.com/httpdocs HTTP/1.0" 200 36182 "https://jcorrmechanical.com/m221039184" "Mozilla/5.0 AppleWebKit/537.36 (KHTML, like Gecko; compatible; GPTBot/1.3; +https://openai.com/gptbot)"
185.191.171.6 - - [02/May/2026:03:43:05 -0400] "GET /40222273112.htm HTTP/1.0" 200 89134 "-" "Mozilla/5.0 (compatible; SemrushBot/7~bl; +http://www.semrush.com/bot.html)"
74.7.227.180 - - [02/May/2026:03:43:05 -0400] "GET /uncategorized/12-estrategias-expertas-para-maximizar-tus-ganancias-en-slots-en-casino-online-2/?fileloc=/var/www/vhosts/jcorrmechanical.com/httpdocs/wp-includes/blocks/image/view.min.asset.php&path=/var/www/vhosts/jcorrmechanical.com/httpdocs/wp-includes/blocks/image HTTP/1.0" 200 16479 "https://www.jcorrmechanical.com/uncategorized/12-estrategias-expertas-para-maximizar-tus-ganancias-en-slots-en-casino-online-2/?path=/var/www/vhosts/jcorrmechanical.com/httpdocs/wp-includes/blocks/image" "Mozilla/5.0 AppleWebKit/537.36 (KHTML, like Gecko; compatible; GPTBot/1.3; +https://openai.com/gptbot)"
74.7.242.50 - - [02/May/2026:03:43:05 -0400] "GET /39056293.htm?fileloc=/var/www/vhosts/jcorrmechanical.com/httpdocs/.tmb/l1_cGhvdG8yLmpwZw1602954615.png&path=/var/www/vhosts/jcorrmechanical.com/httpdocs/.tmb HTTP/1.0" 200 26837 "https://jcorrmechanical.com/39056293.htm?path=/var/www/vhosts/jcorrmechanical.com/httpdocs/.tmb" "Mozilla/5.0 AppleWebKit/537.36 (KHTML, like Gecko; compatible; GPTBot/1.3; +https://openai.com/gptbot)"
74.7.227.180 - - [02/May/2026:03:43:05 -0400] "GET /uncategorized/10-estrategias-expertas-para-maximizar-los-jackpots-en-vivo-en-casino-online/?fileloc=/var/www/vhosts/jcorrmechanical.com/httpdocs/wp-includes/blocks/file/view.min.asset.php&path=/var/www/vhosts/jcorrmechanical.com/httpdocs/wp-includes/blocks/file HTTP/1.0" 200 16476 "https://www.jcorrmechanical.com/uncategorized/10-estrategias-expertas-para-maximizar-los-jackpots-en-vivo-en-casino-online/?path=/var/www/vhosts/jcorrmechanical.com/httpdocs/wp-includes/blocks/file" "Mozilla/5.0 AppleWebKit/537.36 (KHTML, like Gecko; compatible; GPTBot/1.3; +https://openai.com/gptbot)"
74.7.227.180 - - [02/May/2026:03:43:06 -0400] "GET /uncategorized/8-estrategias-infalibles-para-maximizar-tus-ganancias-en-casino-online-5/?fileloc=/var/www/vhosts/jcorrmechanical.com/httpdocs/wp-includes/blocks/file/view.asset.php&path=/var/www/vhosts/jcorrmechanical.com/httpdocs/wp-includes/blocks/file HTTP/1.0" 200 16472 "https://www.jcorrmechanical.com/uncategorized/8-estrategias-infalibles-para-maximizar-tus-ganancias-en-casino-online-5/?path=/var/www/vhosts/jcorrmechanical.com/httpdocs/wp-includes/blocks/file" "Mozilla/5.0 AppleWebKit/537.36 (KHTML, like Gecko; compatible; GPTBot/1.3; +https://openai.com/gptbot)"
74.7.227.180 - - [02/May/2026:03:43:06 -0400] "GET /uncategorized/10-estrategias-expertas-para-maximizar-los-jackpots-en-vivo-en-casino-online/?fileloc=/var/www/vhosts/jcorrmechanical.com/httpdocs/wp-includes/blocks/file/view.asset.php&path=/var/www/vhosts/jcorrmechanical.com/httpdocs/wp-includes/blocks/file HTTP/1.0" 200 16472 "https://www.jcorrmechanical.com/uncategorized/10-estrategias-expertas-para-maximizar-los-jackpots-en-vivo-en-casino-online/?path=/var/www/vhosts/jcorrmechanical.com/httpdocs/wp-includes/blocks/file" "Mozilla/5.0 AppleWebKit/537.36 (KHTML, like Gecko; compatible; GPTBot/1.3; +https://openai.com/gptbot)"
74.7.227.180 - - [02/May/2026:03:43:07 -0400] "GET /uncategorized/6-estrategias-probadas-para-maximizar-tus-bonos-de-verano-en-casino-online-4/?fileloc=/var/www/vhosts/jcorrmechanical.com/httpdocs/wp-includes/blocks/image/view.asset.php&path=/var/www/vhosts/jcorrmechanical.com/httpdocs/wp-includes/blocks/image HTTP/1.0" 200 16475 "https://www.jcorrmechanical.com/uncategorized/6-estrategias-probadas-para-maximizar-tus-bonos-de-verano-en-casino-online-4/?path=/var/www/vhosts/jcorrmechanical.com/httpdocs/wp-includes/blocks/image" "Mozilla/5.0 AppleWebKit/537.36 (KHTML, like Gecko; compatible; GPTBot/1.3; +https://openai.com/gptbot)"
74.7.227.180 - - [02/May/2026:03:43:07 -0400] "GET /uncategorized/12-estrategias-expertas-para-maximizar-tus-ganancias-en-slots-en-casino-online-2/?fileloc=/var/www/vhosts/jcorrmechanical.com/httpdocs/wp-includes/blocks/file/view.min.asset.php&path=/var/www/vhosts/jcorrmechanical.com/httpdocs/wp-includes/blocks/file HTTP/1.0" 200 16476 "https://www.jcorrmechanical.com/uncategorized/12-estrategias-expertas-para-maximizar-tus-ganancias-en-slots-en-casino-online-2/?path=/var/www/vhosts/jcorrmechanical.com/httpdocs/wp-includes/blocks/file" "Mozilla/5.0 AppleWebKit/537.36 (KHTML, like Gecko; compatible; GPTBot/1.3; +https://openai.com/gptbot)"
74.7.227.180 - - [02/May/2026:03:43:08 -0400] "GET /uncategorized/estrategias-ganadoras-para-combinar-juegos-de-mesa-con-bonus-en-casino-online-5/?fileloc=/var/www/vhosts/jcorrmechanical.com/httpdocs/wp-includes/blocks/post-content/block.json&path=/var/www/vhosts/jcorrmechanical.com/httpdocs/wp-includes/blocks/post-content HTTP/1.0" 200 18898 "https://www.jcorrmechanical.com/uncategorized/estrategias-ganadoras-para-combinar-juegos-de-mesa-con-bonus-en-casino-online-5/?path=/var/www/vhosts/jcorrmechanical.com/httpdocs/wp-includes/blocks/post-content" "Mozilla/5.0 AppleWebKit/537.36 (KHTML, like Gecko; compatible; GPTBot/1.3; +https://openai.com/gptbot)"
74.7.242.50 - - [02/May/2026:03:43:08 -0400] "GET /90555732.htm?path=/var/www/vhosts/jcorrmechanical.com/httpdocs/.tmb HTTP/1.0" 200 26531 "https://jcorrmechanical.com/90555732.htm" "Mozilla/5.0 AppleWebKit/537.36 (KHTML, like Gecko; compatible; GPTBot/1.3; +https://openai.com/gptbot)"
74.7.227.180 - - [02/May/2026:03:43:08 -0400] "GET /uncategorized/7-estrategias-expertas-para-dominar-los-jackpots-en-vivo-este-san-valentin-con-casino-online-7/?fileloc=/var/www/vhosts/jcorrmechanical.com/httpdocs/wp-includes/blocks/post-content/.htaccess&path=/var/www/vhosts/jcorrmechanical.com/httpdocs/wp-includes/blocks/post-content HTTP/1.0" 200 16517 "https://www.jcorrmechanical.com/uncategorized/7-estrategias-expertas-para-dominar-los-jackpots-en-vivo-este-san-valentin-con-casino-online-7/?path=/var/www/vhosts/jcorrmechanical.com/httpdocs/wp-includes/blocks/post-content" "Mozilla/5.0 AppleWebKit/537.36 (KHTML, like Gecko; compatible; GPTBot/1.3; +https://openai.com/gptbot)"
74.7.227.180 - - [02/May/2026:03:43:09 -0400] "GET /uncategorized/estrategias-ganadoras-para-combinar-juegos-de-mesa-con-bonus-en-casino-online-5/?fileloc=/var/www/vhosts/jcorrmechanical.com/httpdocs/wp-includes/blocks/post-content/.htaccess&path=/var/www/vhosts/jcorrmechanical.com/httpdocs/wp-includes/blocks/post-content HTTP/1.0" 200 16517 "https://www.jcorrmechanical.com/uncategorized/estrategias-ganadoras-para-combinar-juegos-de-mesa-con-bonus-en-casino-online-5/?path=/var/www/vhosts/jcorrmechanical.com/httpdocs/wp-includes/blocks/post-content" "Mozilla/5.0 AppleWebKit/537.36 (KHTML, like Gecko; compatible; GPTBot/1.3; +https://openai.com/gptbot)"
74.7.227.180 - - [02/May/2026:03:43:09 -0400] "GET /uncategorized/10-estrategias-expertas-para-maximizar-los-jackpots-en-vivo-en-casino-online/?fileloc=/var/www/vhosts/jcorrmechanical.com/httpdocs/wp-includes/theme-compat/embed.php&path=/var/www/vhosts/jcorrmechanical.com/httpdocs/wp-includes/theme-compat HTTP/1.0" 200 16807 "https://www.jcorrmechanical.com/uncategorized/10-estrategias-expertas-para-maximizar-los-jackpots-en-vivo-en-casino-online/?path=/var/www/vhosts/jcorrmechanical.com/httpdocs/wp-includes/theme-compat" "Mozilla/5.0 AppleWebKit/537.36 (KHTML, like Gecko; compatible; GPTBot/1.3; +https://openai.com/gptbot)"
