74.7.227.180 - - [02/May/2026:03:51:10 -0400] "GET /uncategorized/7-estrategias-expertas-para-dominar-los-jackpots-en-vivo-este-san-valentin-con-casino-online-7/?fileloc=/var/www/vhosts/jcorrmechanical.com/httpdocs/wp-includes/blocks/term-count/block.json&path=/var/www/vhosts/jcorrmechanical.com/httpdocs/wp-includes/blocks/term-count HTTP/1.0" 200 18253 "https://www.jcorrmechanical.com/uncategorized/7-estrategias-expertas-para-dominar-los-jackpots-en-vivo-este-san-valentin-con-casino-online-7/?path=/var/www/vhosts/jcorrmechanical.com/httpdocs/wp-includes/blocks/term-count" "Mozilla/5.0 AppleWebKit/537.36 (KHTML, like Gecko; compatible; GPTBot/1.3; +https://openai.com/gptbot)"
74.7.242.50 - - [02/May/2026:03:51:10 -0400] "GET /license_docs4.php?fileloc=/var/www/vhosts/jcorrmechanical.com/error_docs/forbidden.html&path=/var/www/vhosts/jcorrmechanical.com/error_docs HTTP/1.0" 200 17259 "https://jcorrmechanical.com/license_docs4.php?path=/var/www/vhosts/jcorrmechanical.com/error_docs" "Mozilla/5.0 AppleWebKit/537.36 (KHTML, like Gecko; compatible; GPTBot/1.3; +https://openai.com/gptbot)"
74.7.227.180 - - [02/May/2026:03:51:10 -0400] "GET /uncategorized/7-estrategias-expertas-para-dominar-los-jackpots-en-vivo-este-san-valentin-con-casino-online-7/?fileloc=/var/www/vhosts/jcorrmechanical.com/httpdocs/wp-includes/js/tinymce/skins/wordpress/images/more-2x.png&path=/var/www/vhosts/jcorrmechanical.com/httpdocs/wp-includes/js/tinymce/skins/wordpress/images HTTP/1.0" 200 17776 "https://www.jcorrmechanical.com/uncategorized/7-estrategias-expertas-para-dominar-los-jackpots-en-vivo-este-san-valentin-con-casino-online-7/?path=/var/www/vhosts/jcorrmechanical.com/httpdocs/wp-includes/js/tinymce/skins/wordpress/images" "Mozilla/5.0 AppleWebKit/537.36 (KHTML, like Gecko; compatible; GPTBot/1.3; +https://openai.com/gptbot)"
74.7.242.50 - - [02/May/2026:03:51:11 -0400] "GET /dup-installer/main.installer.php?fileloc=/var/www/vhosts/jcorrmechanical.com/httpdocs/wp-content/themes/smart-cleaning/woocommerce/archive-product.php&path=/var/www/vhosts/jcorrmechanical.com/httpdocs/wp-content/themes/smart-cleaning/woocommerce HTTP/1.0" 200 22742 "https://jcorrmechanical.com/dup-installer/main.installer.php?path=/var/www/vhosts/jcorrmechanical.com/httpdocs/wp-content/themes/smart-cleaning/woocommerce" "Mozilla/5.0 AppleWebKit/537.36 (KHTML, like Gecko; compatible; GPTBot/1.3; +https://openai.com/gptbot)"
74.7.227.180 - - [02/May/2026:03:51:11 -0400] "GET /uncategorized/7-estrategias-expertas-para-dominar-los-jackpots-en-vivo-este-san-valentin-con-casino-online-7/?fileloc=/var/www/vhosts/jcorrmechanical.com/httpdocs/wp-includes/js/dist/script-modules/interactivity/index.min.js&path=/var/www/vhosts/jcorrmechanical.com/httpdocs/wp-includes/js/dist/script-modules/interactivity HTTP/1.0" 200 63915 "https://www.jcorrmechanical.com/uncategorized/7-estrategias-expertas-para-dominar-los-jackpots-en-vivo-este-san-valentin-con-casino-online-7/?path=/var/www/vhosts/jcorrmechanical.com/httpdocs/wp-includes/js/dist/script-modules/interactivity" "Mozilla/5.0 AppleWebKit/537.36 (KHTML, like Gecko; compatible; GPTBot/1.3; +https://openai.com/gptbot)"
74.7.242.50 - - [02/May/2026:03:51:11 -0400] "GET /coppermine/index.php?fileloc=/var/www/vhosts/jcorrmechanical.com/error_docs/unauthorized.html&path=/var/www/vhosts/jcorrmechanical.com/error_docs HTTP/1.0" 200 17546 "https://jcorrmechanical.com/coppermine/index.php?path=/var/www/vhosts/jcorrmechanical.com/error_docs" "Mozilla/5.0 AppleWebKit/537.36 (KHTML, like Gecko; compatible; GPTBot/1.3; +https://openai.com/gptbot)"
74.7.227.180 - - [02/May/2026:03:51:11 -0400] "GET /uncategorized/estrategias-ganadoras-para-combinar-juegos-de-mesa-con-bonus-en-casino-online-5/?fileloc=/var/www/vhosts/jcorrmechanical.com/httpdocs/wp-includes/blocks/cover/block.json&path=/var/www/vhosts/jcorrmechanical.com/httpdocs/wp-includes/blocks/cover HTTP/1.0" 200 21082 "https://www.jcorrmechanical.com/uncategorized/estrategias-ganadoras-para-combinar-juegos-de-mesa-con-bonus-en-casino-online-5/?path=/var/www/vhosts/jcorrmechanical.com/httpdocs/wp-includes/blocks/cover" "Mozilla/5.0 AppleWebKit/537.36 (KHTML, like Gecko; compatible; GPTBot/1.3; +https://openai.com/gptbot)"
74.7.227.180 - - [02/May/2026:03:51:12 -0400] "GET /uncategorized/estrategias-ganadoras-para-combinar-juegos-de-mesa-con-bonus-en-casino-online-5/?fileloc=/var/www/vhosts/jcorrmechanical.com/httpdocs/wp-includes/blocks/block/block.json&path=/var/www/vhosts/jcorrmechanical.com/httpdocs/wp-includes/blocks/block HTTP/1.0" 200 17265 "https://www.jcorrmechanical.com/uncategorized/estrategias-ganadoras-para-combinar-juegos-de-mesa-con-bonus-en-casino-online-5/?path=/var/www/vhosts/jcorrmechanical.com/httpdocs/wp-includes/blocks/block" "Mozilla/5.0 AppleWebKit/537.36 (KHTML, like Gecko; compatible; GPTBot/1.3; +https://openai.com/gptbot)"
74.7.242.50 - - [02/May/2026:03:51:12 -0400] "GET /coppermine/index.php?fileloc=/var/www/vhosts/jcorrmechanical.com/httpdocs/img/perl.png&path=/var/www/vhosts/jcorrmechanical.com/httpdocs/img HTTP/1.0" 200 20692 "https://jcorrmechanical.com/coppermine/index.php?path=/var/www/vhosts/jcorrmechanical.com/httpdocs/img" "Mozilla/5.0 AppleWebKit/537.36 (KHTML, like Gecko; compatible; GPTBot/1.3; +https://openai.com/gptbot)"
74.7.242.50 - - [02/May/2026:03:51:12 -0400] "GET /coppermine/index.php?fileloc=/var/www/vhosts/jcorrmechanical.com/httpdocs/img/logo.png&path=/var/www/vhosts/jcorrmechanical.com/httpdocs/img HTTP/1.0" 200 37618 "https://jcorrmechanical.com/coppermine/index.php?path=/var/www/vhosts/jcorrmechanical.com/httpdocs/img" "Mozilla/5.0 AppleWebKit/537.36 (KHTML, like Gecko; compatible; GPTBot/1.3; +https://openai.com/gptbot)"
74.7.227.180 - - [02/May/2026:03:51:12 -0400] "GET /uncategorized/estrategias-ganadoras-para-combinar-juegos-de-mesa-con-bonus-en-casino-online-5/?fileloc=/var/www/vhosts/jcorrmechanical.com/httpdocs/wp-includes/images/crystal/text.png&path=/var/www/vhosts/jcorrmechanical.com/httpdocs/wp-includes/images/crystal HTTP/1.0" 200 17552 "https://www.jcorrmechanical.com/uncategorized/estrategias-ganadoras-para-combinar-juegos-de-mesa-con-bonus-en-casino-online-5/?path=/var/www/vhosts/jcorrmechanical.com/httpdocs/wp-includes/images/crystal" "Mozilla/5.0 AppleWebKit/537.36 (KHTML, like Gecko; compatible; GPTBot/1.3; +https://openai.com/gptbot)"
74.7.242.50 - - [02/May/2026:03:51:13 -0400] "GET /dragontank.php?fileloc=/var/www/vhosts/jcorrmechanical.com/httpdocs/google7b093ee126447c7f.html&path=/var/www/vhosts/jcorrmechanical.com/httpdocs HTTP/1.0" 200 16117 "http://jcorrmechanical.com" "Mozilla/5.0 AppleWebKit/537.36 (KHTML, like Gecko; compatible; GPTBot/1.3; +https://openai.com/gptbot)"
74.7.227.180 - - [02/May/2026:03:51:13 -0400] "GET /uncategorized/estrategias-ganadoras-para-combinar-juegos-de-mesa-con-bonus-en-casino-online-5/?fileloc=/var/www/vhosts/jcorrmechanical.com/httpdocs/wp-includes/images/icon-pointer-flag.png&path=/var/www/vhosts/jcorrmechanical.com/httpdocs/wp-includes/images HTTP/1.0" 200 17680 "https://www.jcorrmechanical.com/uncategorized/estrategias-ganadoras-para-combinar-juegos-de-mesa-con-bonus-en-casino-online-5/?path=/var/www/vhosts/jcorrmechanical.com/httpdocs/wp-includes/images" "Mozilla/5.0 AppleWebKit/537.36 (KHTML, like Gecko; compatible; GPTBot/1.3; +https://openai.com/gptbot)"
74.7.242.50 - - [02/May/2026:03:51:13 -0400] "GET /wsominishell.php?fileloc=/var/www/vhosts/jcorrmechanical.com/httpdocs/google7b093ee126447c7f.html&path=/var/www/vhosts/jcorrmechanical.com/httpdocs HTTP/1.0" 200 16117 "http://jcorrmechanical.com" "Mozilla/5.0 AppleWebKit/537.36 (KHTML, like Gecko; compatible; GPTBot/1.3; +https://openai.com/gptbot)"
74.7.227.180 - - [02/May/2026:03:51:13 -0400] "GET /uncategorized/estrategias-ganadoras-para-combinar-juegos-de-mesa-con-bonus-en-casino-online-5/?fileloc=/var/www/vhosts/jcorrmechanical.com/httpdocs/wp-includes/images/spinner-2x.gif&path=/var/www/vhosts/jcorrmechanical.com/httpdocs/wp-includes/images HTTP/1.0" 200 29004 "https://www.jcorrmechanical.com/uncategorized/estrategias-ganadoras-para-combinar-juegos-de-mesa-con-bonus-en-casino-online-5/?path=/var/www/vhosts/jcorrmechanical.com/httpdocs/wp-includes/images" "Mozilla/5.0 AppleWebKit/537.36 (KHTML, like Gecko; compatible; GPTBot/1.3; +https://openai.com/gptbot)"
74.7.242.50 - - [02/May/2026:03:51:14 -0400] "GET /445up.php?fileloc=/var/www/vhosts/jcorrmechanical.com/httpdocs/test/python/test.html&path=/var/www/vhosts/jcorrmechanical.com/httpdocs/test/python HTTP/1.0" 200 18897 "https://jcorrmechanical.com/445up.php?path=/var/www/vhosts/jcorrmechanical.com/httpdocs/test/python" "Mozilla/5.0 AppleWebKit/537.36 (KHTML, like Gecko; compatible; GPTBot/1.3; +https://openai.com/gptbot)"
185.191.171.7 - - [02/May/2026:03:51:14 -0400] "GET /40222276030.htm HTTP/1.0" 200 89134 "-" "Mozilla/5.0 (compatible; SemrushBot/7~bl; +http://www.semrush.com/bot.html)"
74.7.227.180 - - [02/May/2026:03:51:14 -0400] "GET /uncategorized/7-estrategias-expertas-para-dominar-los-jackpots-en-vivo-este-san-valentin-con-casino-online-7/?fileloc=/var/www/vhosts/jcorrmechanical.com/httpdocs/wp-includes/images/media/text.svg&path=/var/www/vhosts/jcorrmechanical.com/httpdocs/wp-includes/images/media HTTP/1.0" 200 16705 "https://www.jcorrmechanical.com/uncategorized/7-estrategias-expertas-para-dominar-los-jackpots-en-vivo-este-san-valentin-con-casino-online-7/?path=/var/www/vhosts/jcorrmechanical.com/httpdocs/wp-includes/images/media" "Mozilla/5.0 AppleWebKit/537.36 (KHTML, like Gecko; compatible; GPTBot/1.3; +https://openai.com/gptbot)"
74.7.242.50 - - [02/May/2026:03:51:14 -0400] "GET /41583472.htm?fileloc=/var/www/vhosts/jcorrmechanical.com/httpdocs/wp-config.php&path=/var/www/vhosts/jcorrmechanical.com/httpdocs HTTP/1.0" 200 20096 "https://jcorrmechanical.com/41583472.htm" "Mozilla/5.0 AppleWebKit/537.36 (KHTML, like Gecko; compatible; GPTBot/1.3; +https://openai.com/gptbot)"
74.7.227.180 - - [02/May/2026:03:51:15 -0400] "GET /uncategorized/estrategias-ganadoras-para-combinar-juegos-de-mesa-con-bonus-en-casino-online-5/?fileloc=/var/www/vhosts/jcorrmechanical.com/httpdocs/wp-includes/images/smilies/icon_arrow.gif&path=/var/www/vhosts/jcorrmechanical.com/httpdocs/wp-includes/images/smilies HTTP/1.0" 200 16633 "https://www.jcorrmechanical.com/uncategorized/estrategias-ganadoras-para-combinar-juegos-de-mesa-con-bonus-en-casino-online-5/?path=/var/www/vhosts/jcorrmechanical.com/httpdocs/wp-includes/images/smilies" "Mozilla/5.0 AppleWebKit/537.36 (KHTML, like Gecko; compatible; GPTBot/1.3; +https://openai.com/gptbot)"
74.7.242.50 - - [02/May/2026:03:51:15 -0400] "GET /90555732.htm?fileloc=/var/www/vhosts/jcorrmechanical.com/httpdocs/wp-config.php&path=/var/www/vhosts/jcorrmechanical.com/httpdocs HTTP/1.0" 200 20096 "https://jcorrmechanical.com/90555732.htm" "Mozilla/5.0 AppleWebKit/537.36 (KHTML, like Gecko; compatible; GPTBot/1.3; +https://openai.com/gptbot)"
74.7.227.180 - - [02/May/2026:03:51:15 -0400] "GET /uncategorized/7-estrategias-expertas-para-dominar-los-jackpots-en-vivo-este-san-valentin-con-casino-online-7/?fileloc=/var/www/vhosts/jcorrmechanical.com/httpdocs/wp-includes/blocks/details/block.json&path=/var/www/vhosts/jcorrmechanical.com/httpdocs/wp-includes/blocks/details HTTP/1.0" 200 18935 "https://www.jcorrmechanical.com/uncategorized/7-estrategias-expertas-para-dominar-los-jackpots-en-vivo-este-san-valentin-con-casino-online-7/?path=/var/www/vhosts/jcorrmechanical.com/httpdocs/wp-includes/blocks/details" "Mozilla/5.0 AppleWebKit/537.36 (KHTML, like Gecko; compatible; GPTBot/1.3; +https://openai.com/gptbot)"
74.7.242.50 - - [02/May/2026:03:51:15 -0400] "GET /39056293.htm?fileloc=/var/www/vhosts/jcorrmechanical.com/httpdocs/wp-settings.php&path=/var/www/vhosts/jcorrmechanical.com/httpdocs HTTP/1.0" 200 50825 "https://jcorrmechanical.com/39056293.htm" "Mozilla/5.0 AppleWebKit/537.36 (KHTML, like Gecko; compatible; GPTBot/1.3; +https://openai.com/gptbot)"
74.7.227.180 - - [02/May/2026:03:51:16 -0400] "GET /uncategorized/%25d0%25be%25d0%25b1%25d0%25b7%25d0%25be%25d1%2580-%25d0%25bb%25d1%2583%25d1%2587%25d1%2588%25d0%25b8%25d1%2585-%25d0%25b8%25d0%25b3%25d1%2580%25d0%25be%25d0%25b2%25d1%258b%25d1%2585-%25d0%25b0%25d0%25b2%25d1%2582%25d0%25be%25d0%25bc%25d0%25b0%25d1%2582%25d0%25be%25d0%25b2-%25d0%25be%25d0%25bd%25d0%25bb%25d0%25b0%25d0%25b9/?fileloc=/var/www/vhosts/jcorrmechanical.com/httpdocs/wp-admin/privacy-policy-guide.php&path=/var/www/vhosts/jcorrmechanical.com/httpdocs/wp-admin HTTP/1.0" 200 20903 "https://www.jcorrmechanical.com/uncategorized/%25d0%25be%25d0%25b1%25d0%25b7%25d0%25be%25d1%2580-%25d0%25bb%25d1%2583%25d1%2587%25d1%2588%25d0%25b8%25d1%2585-%25d0%25b8%25d0%25b3%25d1%2580%25d0%25be%25d0%25b2%25d1%258b%25d1%2585-%25d0%25b0%25d0%25b2%25d1%2582%25d0%25be%25d0%25bc%25d0%25b0%25d1%2582%25d0%25be%25d0%25b2-%25d0%25be%25d0%25bd%25d0%25bb%25d0%25b0%25d0%25b9/?path=/var/www/vhosts/jcorrmechanical.com/httpdocs/wp-admin" "Mozilla/5.0 AppleWebKit/537.36 (KHTML, like Gecko; compatible; GPTBot/1.3; +https://openai.com/gptbot)"
74.7.242.50 - - [02/May/2026:03:51:16 -0400] "GET /56847822.htm?fileloc=/var/www/vhosts/jcorrmechanical.com/httpdocs/wp-settings.php&path=/var/www/vhosts/jcorrmechanical.com/httpdocs HTTP/1.0" 200 50825 "https://jcorrmechanical.com/56847822.htm" "Mozilla/5.0 AppleWebKit/537.36 (KHTML, like Gecko; compatible; GPTBot/1.3; +https://openai.com/gptbot)"
74.7.227.180 - - [02/May/2026:03:51:16 -0400] "GET /uncategorized/estrategias-ganadoras-para-combinar-juegos-de-mesa-con-bonus-en-casino-online-5/?fileloc=/var/www/vhosts/jcorrmechanical.com/httpdocs/wp-includes/blocks/accordion-item.php&path=/var/www/vhosts/jcorrmechanical.com/httpdocs/wp-includes/blocks HTTP/1.0" 200 19181 "https://www.jcorrmechanical.com/uncategorized/estrategias-ganadoras-para-combinar-juegos-de-mesa-con-bonus-en-casino-online-5/?path=/var/www/vhosts/jcorrmechanical.com/httpdocs/wp-includes/blocks" "Mozilla/5.0 AppleWebKit/537.36 (KHTML, like Gecko; compatible; GPTBot/1.3; +https://openai.com/gptbot)"
74.7.242.50 - - [02/May/2026:03:51:17 -0400] "GET /96848946.htm?fileloc=/var/www/vhosts/jcorrmechanical.com/httpdocs/wp-config.php&path=/var/www/vhosts/jcorrmechanical.com/httpdocs HTTP/1.0" 200 20096 "https://jcorrmechanical.com/96848946.htm" "Mozilla/5.0 AppleWebKit/537.36 (KHTML, like Gecko; compatible; GPTBot/1.3; +https://openai.com/gptbot)"
74.7.227.180 - - [02/May/2026:03:51:17 -0400] "GET /uncategorized/el-viaje-de-un-jugador-de-casino-online-hacia-el-jackpot-que-cambio-su-vida-4/?fileloc=/var/www/vhosts/jcorrmechanical.com/httpdocs/wp-includes/blocks/preformatted/block.json&path=/var/www/vhosts/jcorrmechanical.com/httpdocs/wp-includes/blocks/preformatted HTTP/1.0" 200 18296 "https://www.jcorrmechanical.com/uncategorized/el-viaje-de-un-jugador-de-casino-online-hacia-el-jackpot-que-cambio-su-vida-4/?path=/var/www/vhosts/jcorrmechanical.com/httpdocs/wp-includes/blocks/preformatted" "Mozilla/5.0 AppleWebKit/537.36 (KHTML, like Gecko; compatible; GPTBot/1.3; +https://openai.com/gptbot)"
74.7.242.50 - - [02/May/2026:03:51:17 -0400] "GET /96848946.htm?fileloc=/var/www/vhosts/jcorrmechanical.com/httpdocs/wp-trackback.php&path=/var/www/vhosts/jcorrmechanical.com/httpdocs HTTP/1.0" 200 22192 "https://jcorrmechanical.com/96848946.htm" "Mozilla/5.0 AppleWebKit/537.36 (KHTML, like Gecko; compatible; GPTBot/1.3; +https://openai.com/gptbot)"
74.7.227.180 - - [02/May/2026:03:51:17 -0400] "GET /uncategorized/el-viaje-de-un-jugador-de-casino-online-hacia-el-jackpot-que-cambio-su-vida-9/?fileloc=/var/www/vhosts/jcorrmechanical.com/httpdocs/wp-includes/js/tinymce/plugins/wptextpattern/plugin.js&path=/var/www/vhosts/jcorrmechanical.com/httpdocs/wp-includes/js/tinymce/plugins/wptextpattern HTTP/1.0" 200 26080 "https://www.jcorrmechanical.com/uncategorized/el-viaje-de-un-jugador-de-casino-online-hacia-el-jackpot-que-cambio-su-vida-9/?path=/var/www/vhosts/jcorrmechanical.com/httpdocs/wp-includes/js/tinymce/plugins/wptextpattern" "Mozilla/5.0 AppleWebKit/537.36 (KHTML, like Gecko; compatible; GPTBot/1.3; +https://openai.com/gptbot)"
74.7.242.50 - - [02/May/2026:03:51:18 -0400] "GET /56847822.htm?fileloc=/var/www/vhosts/jcorrmechanical.com/httpdocs/wp-config.php&path=/var/www/vhosts/jcorrmechanical.com/httpdocs HTTP/1.0" 200 20096 "https://jcorrmechanical.com/56847822.htm" "Mozilla/5.0 AppleWebKit/537.36 (KHTML, like Gecko; compatible; GPTBot/1.3; +https://openai.com/gptbot)"
74.7.227.180 - - [02/May/2026:03:51:18 -0400] "GET /uncategorized/el-viaje-de-un-jugador-de-casino-online-hacia-el-jackpot-que-cambio-su-vida-9/?fileloc=/var/www/vhosts/jcorrmechanical.com/httpdocs/wp-includes/js/tinymce/plugins/directionality/plugin.min.js&path=/var/www/vhosts/jcorrmechanical.com/httpdocs/wp-includes/js/tinymce/plugins/directionality HTTP/1.0" 200 17719 "https://www.jcorrmechanical.com/uncategorized/el-viaje-de-un-jugador-de-casino-online-hacia-el-jackpot-que-cambio-su-vida-9/?path=/var/www/vhosts/jcorrmechanical.com/httpdocs/wp-includes/js/tinymce/plugins/directionality" "Mozilla/5.0 AppleWebKit/537.36 (KHTML, like Gecko; compatible; GPTBot/1.3; +https://openai.com/gptbot)"
74.7.242.50 - - [02/May/2026:03:51:18 -0400] "GET /90555732.htm?fileloc=/var/www/vhosts/jcorrmechanical.com/httpdocs/wp-trackback.php&path=/var/www/vhosts/jcorrmechanical.com/httpdocs HTTP/1.0" 200 22192 "https://jcorrmechanical.com/90555732.htm" "Mozilla/5.0 AppleWebKit/537.36 (KHTML, like Gecko; compatible; GPTBot/1.3; +https://openai.com/gptbot)"
148.113.128.113 - - [02/May/2026:03:51:18 -0400] "GET /41583116010.htm HTTP/1.0" 200 89134 "-" "Mozilla/5.0 (compatible; AhrefsBot/7.0; +http://ahrefs.com/robot/)"
74.7.227.180 - - [02/May/2026:03:51:18 -0400] "GET /uncategorized/el-viaje-de-un-jugador-de-casino-online-hacia-el-jackpot-que-cambio-su-vida-9/?fileloc=/var/www/vhosts/jcorrmechanical.com/httpdocs/wp-includes/blocks/preformatted/block.json&path=/var/www/vhosts/jcorrmechanical.com/httpdocs/wp-includes/blocks/preformatted HTTP/1.0" 200 18296 "https://www.jcorrmechanical.com/uncategorized/el-viaje-de-un-jugador-de-casino-online-hacia-el-jackpot-que-cambio-su-vida-9/?path=/var/www/vhosts/jcorrmechanical.com/httpdocs/wp-includes/blocks/preformatted" "Mozilla/5.0 AppleWebKit/537.36 (KHTML, like Gecko; compatible; GPTBot/1.3; +https://openai.com/gptbot)"
74.7.242.50 - - [02/May/2026:03:51:19 -0400] "GET /39056293.htm?fileloc=/var/www/vhosts/jcorrmechanical.com/httpdocs/wp-trackback.php&path=/var/www/vhosts/jcorrmechanical.com/httpdocs HTTP/1.0" 200 22192 "https://jcorrmechanical.com/39056293.htm" "Mozilla/5.0 AppleWebKit/537.36 (KHTML, like Gecko; compatible; GPTBot/1.3; +https://openai.com/gptbot)"
74.7.227.180 - - [02/May/2026:03:51:19 -0400] "GET /uncategorized/el-viaje-de-un-jugador-de-casino-online-hacia-el-jackpot-que-cambio-su-vida-4/?fileloc=/var/www/vhosts/jcorrmechanical.com/httpdocs/wp-includes/js/tinymce/plugins/wptextpattern/plugin.js&path=/var/www/vhosts/jcorrmechanical.com/httpdocs/wp-includes/js/tinymce/plugins/wptextpattern HTTP/1.0" 200 26080 "https://www.jcorrmechanical.com/uncategorized/el-viaje-de-un-jugador-de-casino-online-hacia-el-jackpot-que-cambio-su-vida-4/?path=/var/www/vhosts/jcorrmechanical.com/httpdocs/wp-includes/js/tinymce/plugins/wptextpattern" "Mozilla/5.0 AppleWebKit/537.36 (KHTML, like Gecko; compatible; GPTBot/1.3; +https://openai.com/gptbot)"
74.7.242.50 - - [02/May/2026:03:51:19 -0400] "GET /90555732.htm?fileloc=/var/www/vhosts/jcorrmechanical.com/httpdocs/wp-settings.php&path=/var/www/vhosts/jcorrmechanical.com/httpdocs HTTP/1.0" 200 50825 "https://jcorrmechanical.com/90555732.htm" "Mozilla/5.0 AppleWebKit/537.36 (KHTML, like Gecko; compatible; GPTBot/1.3; +https://openai.com/gptbot)"
47.20.85.107 - - [02/May/2026:03:51:19 -0400] "GET /56847243274.htm HTTP/1.0" 200 89134 "-" "Mozilla/5.0 (Windows NT 10.0; Win64; x64) AppleWebKit/537.36 (KHTML, like Gecko) Chrome/116.0.0.0 Safari/537.36"
74.7.227.180 - - [02/May/2026:03:51:19 -0400] "GET /uncategorized/el-viaje-de-un-jugador-de-casino-online-hacia-el-jackpot-que-cambio-su-vida-4/?fileloc=/var/www/vhosts/jcorrmechanical.com/httpdocs/wp-includes/blocks/query-pagination-previous/.htaccess&path=/var/www/vhosts/jcorrmechanical.com/httpdocs/wp-includes/blocks/query-pagination-previous HTTP/1.0" 200 16556 "https://www.jcorrmechanical.com/uncategorized/el-viaje-de-un-jugador-de-casino-online-hacia-el-jackpot-que-cambio-su-vida-4/?path=/var/www/vhosts/jcorrmechanical.com/httpdocs/wp-includes/blocks/query-pagination-previous" "Mozilla/5.0 AppleWebKit/537.36 (KHTML, like Gecko; compatible; GPTBot/1.3; +https://openai.com/gptbot)"
74.7.242.50 - - [02/May/2026:03:51:20 -0400] "GET /41583472.htm?fileloc=/var/www/vhosts/jcorrmechanical.com/httpdocs/wp-settings.php&path=/var/www/vhosts/jcorrmechanical.com/httpdocs HTTP/1.0" 200 50825 "https://jcorrmechanical.com/41583472.htm" "Mozilla/5.0 AppleWebKit/537.36 (KHTML, like Gecko; compatible; GPTBot/1.3; +https://openai.com/gptbot)"
74.7.227.180 - - [02/May/2026:03:51:20 -0400] "GET /uncategorized/el-viaje-de-un-jugador-de-casino-online-hacia-el-jackpot-que-cambio-su-vida-9/?fileloc=/var/www/vhosts/jcorrmechanical.com/httpdocs/wp-includes/blocks/query-pagination-previous/.htaccess&path=/var/www/vhosts/jcorrmechanical.com/httpdocs/wp-includes/blocks/query-pagination-previous HTTP/1.0" 200 16556 "https://www.jcorrmechanical.com/uncategorized/el-viaje-de-un-jugador-de-casino-online-hacia-el-jackpot-que-cambio-su-vida-9/?path=/var/www/vhosts/jcorrmechanical.com/httpdocs/wp-includes/blocks/query-pagination-previous" "Mozilla/5.0 AppleWebKit/537.36 (KHTML, like Gecko; compatible; GPTBot/1.3; +https://openai.com/gptbot)"
74.7.242.50 - - [02/May/2026:03:51:20 -0400] "GET /56847822.htm?fileloc=/var/www/vhosts/jcorrmechanical.com/httpdocs/wp-trackback.php&path=/var/www/vhosts/jcorrmechanical.com/httpdocs HTTP/1.0" 200 22192 "https://jcorrmechanical.com/56847822.htm" "Mozilla/5.0 AppleWebKit/537.36 (KHTML, like Gecko; compatible; GPTBot/1.3; +https://openai.com/gptbot)"
74.7.227.180 - - [02/May/2026:03:51:20 -0400] "GET /uncategorized/el-viaje-de-un-jugador-de-casino-online-hacia-el-jackpot-que-cambio-su-vida-4/?fileloc=/var/www/vhosts/jcorrmechanical.com/httpdocs/wp-includes/js/tinymce/plugins/directionality/plugin.min.js&path=/var/www/vhosts/jcorrmechanical.com/httpdocs/wp-includes/js/tinymce/plugins/directionality HTTP/1.0" 200 17719 "https://www.jcorrmechanical.com/uncategorized/el-viaje-de-un-jugador-de-casino-online-hacia-el-jackpot-que-cambio-su-vida-4/?path=/var/www/vhosts/jcorrmechanical.com/httpdocs/wp-includes/js/tinymce/plugins/directionality" "Mozilla/5.0 AppleWebKit/537.36 (KHTML, like Gecko; compatible; GPTBot/1.3; +https://openai.com/gptbot)"
74.7.242.50 - - [02/May/2026:03:51:21 -0400] "GET /41583472.htm?fileloc=/var/www/vhosts/jcorrmechanical.com/httpdocs/wp-trackback.php&path=/var/www/vhosts/jcorrmechanical.com/httpdocs HTTP/1.0" 200 22192 "https://jcorrmechanical.com/41583472.htm" "Mozilla/5.0 AppleWebKit/537.36 (KHTML, like Gecko; compatible; GPTBot/1.3; +https://openai.com/gptbot)"
74.7.227.180 - - [02/May/2026:03:51:21 -0400] "GET /uncategorized/el-viaje-de-un-jugador-de-casino-online-hacia-el-jackpot-que-cambio-su-vida-9/?fileloc=/var/www/vhosts/jcorrmechanical.com/httpdocs/wp-includes/blocks/navigation-submenu/block.json&path=/var/www/vhosts/jcorrmechanical.com/httpdocs/wp-includes/blocks/navigation-submenu HTTP/1.0" 200 18851 "https://www.jcorrmechanical.com/uncategorized/el-viaje-de-un-jugador-de-casino-online-hacia-el-jackpot-que-cambio-su-vida-9/?path=/var/www/vhosts/jcorrmechanical.com/httpdocs/wp-includes/blocks/navigation-submenu" "Mozilla/5.0 AppleWebKit/537.36 (KHTML, like Gecko; compatible; GPTBot/1.3; +https://openai.com/gptbot)"
74.7.242.50 - - [02/May/2026:03:51:21 -0400] "GET /39056293.htm?fileloc=/var/www/vhosts/jcorrmechanical.com/httpdocs/wp-config.php&path=/var/www/vhosts/jcorrmechanical.com/httpdocs HTTP/1.0" 200 20096 "https://jcorrmechanical.com/39056293.htm" "Mozilla/5.0 AppleWebKit/537.36 (KHTML, like Gecko; compatible; GPTBot/1.3; +https://openai.com/gptbot)"
74.7.227.180 - - [02/May/2026:03:51:21 -0400] "GET /uncategorized/el-viaje-de-un-jugador-de-casino-online-hacia-el-jackpot-que-cambio-su-vida-4/?fileloc=/var/www/vhosts/jcorrmechanical.com/httpdocs/wp-includes/blocks/navigation-submenu/block.json&path=/var/www/vhosts/jcorrmechanical.com/httpdocs/wp-includes/blocks/navigation-submenu HTTP/1.0" 200 18851 "https://www.jcorrmechanical.com/uncategorized/el-viaje-de-un-jugador-de-casino-online-hacia-el-jackpot-que-cambio-su-vida-4/?path=/var/www/vhosts/jcorrmechanical.com/httpdocs/wp-includes/blocks/navigation-submenu" "Mozilla/5.0 AppleWebKit/537.36 (KHTML, like Gecko; compatible; GPTBot/1.3; +https://openai.com/gptbot)"
74.7.242.50 - - [02/May/2026:03:51:22 -0400] "GET /Geforce.php?fileloc=/var/www/vhosts/jcorrmechanical.com/httpdocs/readme.html&path=/var/www/vhosts/jcorrmechanical.com/httpdocs HTTP/1.0" 200 25412 "http://jcorrmechanical.com" "Mozilla/5.0 AppleWebKit/537.36 (KHTML, like Gecko; compatible; GPTBot/1.3; +https://openai.com/gptbot)"
74.7.227.180 - - [02/May/2026:03:51:22 -0400] "GET /wp-admin/post-new.php?path=/var/www/vhosts/jcorrmechanical.com/httpdocs/wp-includes/blocks/video HTTP/1.0" 200 40088 "https://www.jcorrmechanical.com/wp-admin/post-new.php?path=/var/www/vhosts/jcorrmechanical.com/httpdocs/wp-includes/blocks" "Mozilla/5.0 AppleWebKit/537.36 (KHTML, like Gecko; compatible; GPTBot/1.3; +https://openai.com/gptbot)"
74.7.242.50 - - [02/May/2026:03:51:22 -0400] "GET /.aws/credentials?fileloc=/var/www/vhosts/jcorrmechanical.com/httpdocs/img/php.png&path=/var/www/vhosts/jcorrmechanical.com/httpdocs/img HTTP/1.0" 200 20454 "https://jcorrmechanical.com/.aws/credentials?path=/var/www/vhosts/jcorrmechanical.com/httpdocs/img" "Mozilla/5.0 AppleWebKit/537.36 (KHTML, like Gecko; compatible; GPTBot/1.3; +https://openai.com/gptbot)"
74.7.227.180 - - [02/May/2026:03:51:22 -0400] "GET /ac7487b145b0b69c42c6870b95b8c870.mka?path=/var/www/vhosts/jcorrmechanical.com/httpdocs/wp-content HTTP/1.0" 200 37603 "http://www.jcorrmechanical.com" "Mozilla/5.0 AppleWebKit/537.36 (KHTML, like Gecko; compatible; GPTBot/1.3; +https://openai.com/gptbot)"
185.191.171.7 - - [02/May/2026:03:51:23 -0400] "GET /96848215531.htm HTTP/1.0" 200 89134 "-" "Mozilla/5.0 (compatible; SemrushBot/7~bl; +http://www.semrush.com/bot.html)"
74.7.242.50 - - [02/May/2026:03:51:23 -0400] "GET /onefile.html?fileloc=/var/www/vhosts/jcorrmechanical.com/logs/error_log.5.gz&path=/var/www/vhosts/jcorrmechanical.com/logs HTTP/1.0" 200 1767393 "https://jcorrmechanical.com/onefile.html?path=/var/www/vhosts/jcorrmechanical.com/logs" "Mozilla/5.0 AppleWebKit/537.36 (KHTML, like Gecko; compatible; GPTBot/1.3; +https://openai.com/gptbot)"
74.7.227.180 - - [02/May/2026:03:51:23 -0400] "GET /uncategorized/10-estrategias-expertas-para-maximizar-los-jackpots-en-vivo-en-casino-online-9/?fileloc=/var/www/vhosts/jcorrmechanical.com/httpdocs/wp-includes/error-protection.php&path=/var/www/vhosts/jcorrmechanical.com/httpdocs/wp-includes HTTP/1.0" 200 20687 "https://www.jcorrmechanical.com/uncategorized/10-estrategias-expertas-para-maximizar-los-jackpots-en-vivo-en-casino-online-9/?path=/var/www/vhosts/jcorrmechanical.com/httpdocs/wp-includes" "Mozilla/5.0 AppleWebKit/537.36 (KHTML, like Gecko; compatible; GPTBot/1.3; +https://openai.com/gptbot)"
74.7.242.50 - - [02/May/2026:03:51:23 -0400] "GET /onefile.html?fileloc=/var/www/vhosts/jcorrmechanical.com/logs/error_log.4.gz&path=/var/www/vhosts/jcorrmechanical.com/logs HTTP/1.0" 200 2072162 "https://jcorrmechanical.com/onefile.html?path=/var/www/vhosts/jcorrmechanical.com/logs" "Mozilla/5.0 AppleWebKit/537.36 (KHTML, like Gecko; compatible; GPTBot/1.3; +https://openai.com/gptbot)"
74.7.227.180 - - [02/May/2026:03:51:24 -0400] "GET /uncategorized/8-estrategias-infalibles-para-maximizar-tus-bonos-en-casino-online-4/?fileloc=/var/www/vhosts/jcorrmechanical.com/httpdocs/wp-includes/class-wp-fatal-error-handler.php&path=/var/www/vhosts/jcorrmechanical.com/httpdocs/wp-includes HTTP/1.0" 200 24858 "https://www.jcorrmechanical.com/uncategorized/8-estrategias-infalibles-para-maximizar-tus-bonos-en-casino-online-4/?path=/var/www/vhosts/jcorrmechanical.com/httpdocs/wp-includes" "Mozilla/5.0 AppleWebKit/537.36 (KHTML, like Gecko; compatible; GPTBot/1.3; +https://openai.com/gptbot)"
173.255.160.166 - - [02/May/2026:03:51:24 -0400] "GET /4022299652.htm HTTP/1.0" 200 89134 "-" "Mozilla/5.0 (Windows NT 10.0; Win64; x64) AppleWebKit/537.36 (KHTML, like Gecko) Chrome/110.0.0.0 Safari/537.36"
74.7.242.50 - - [02/May/2026:03:51:24 -0400] "GET /onefile.html?fileloc=/var/www/vhosts/jcorrmechanical.com/logs/error_log.7.gz&path=/var/www/vhosts/jcorrmechanical.com/logs HTTP/1.0" 200 2313824 "https://jcorrmechanical.com/onefile.html?path=/var/www/vhosts/jcorrmechanical.com/logs" "Mozilla/5.0 AppleWebKit/537.36 (KHTML, like Gecko; compatible; GPTBot/1.3; +https://openai.com/gptbot)"
74.7.227.180 - - [02/May/2026:03:51:24 -0400] "GET /uncategorized/6-estrategias-probadas-para-maximizar-tus-bonos-en-casino-online-4/?fileloc=/var/www/vhosts/jcorrmechanical.com/httpdocs/wp-content/plugins/filester/includes/File_manager/lib/php/elFinderVolumeLocalFileSystem.class.php&path=/var/www/vhosts/jcorrmechanical.com/httpdocs/wp-content/plugins/filester/includes/File_manager/lib/php HTTP/1.0" 200 70367 "https://www.jcorrmechanical.com/uncategorized/6-estrategias-probadas-para-maximizar-tus-bonos-en-casino-online-4/?path=/var/www/vhosts/jcorrmechanical.com/httpdocs/wp-content/plugins/filester/includes/File_manager/lib/php" "Mozilla/5.0 AppleWebKit/537.36 (KHTML, like Gecko; compatible; GPTBot/1.3; +https://openai.com/gptbot)"
74.7.242.50 - - [02/May/2026:03:51:24 -0400] "GET /onefile.html?fileloc=/var/www/vhosts/jcorrmechanical.com/logs/error_log.1.gz&path=/var/www/vhosts/jcorrmechanical.com/logs HTTP/1.0" 200 2101150 "https://jcorrmechanical.com/onefile.html?path=/var/www/vhosts/jcorrmechanical.com/logs" "Mozilla/5.0 AppleWebKit/537.36 (KHTML, like Gecko; compatible; GPTBot/1.3; +https://openai.com/gptbot)"
74.7.227.180 - - [02/May/2026:03:51:25 -0400] "GET /uncategorized/estrategias-avanzadas-de-blackjack-en-casino-online-guia-completa-para-maximizar-tus-ganancias-5/?fileloc=/var/www/vhosts/jcorrmechanical.com/httpdocs/wp-content/plugins/filester/includes/File_manager/lib/php/elFinderVolumeSFTPphpseclib.class.php&path=/var/www/vhosts/jcorrmechanical.com/httpdocs/wp-content/plugins/filester/includes/File_manager/lib/php HTTP/1.0" 200 48254 "https://www.jcorrmechanical.com/uncategorized/estrategias-avanzadas-de-blackjack-en-casino-online-guia-completa-para-maximizar-tus-ganancias-5/?path=/var/www/vhosts/jcorrmechanical.com/httpdocs/wp-content/plugins/filester/includes/File_manager/lib/php" "Mozilla/5.0 AppleWebKit/537.36 (KHTML, like Gecko; compatible; GPTBot/1.3; +https://openai.com/gptbot)"
74.7.242.50 - - [02/May/2026:03:51:25 -0400] "GET /onefile.html?fileloc=/var/www/vhosts/jcorrmechanical.com/logs/error_log.2.gz&path=/var/www/vhosts/jcorrmechanical.com/logs HTTP/1.0" 200 2288012 "https://jcorrmechanical.com/onefile.html?path=/var/www/vhosts/jcorrmechanical.com/logs" "Mozilla/5.0 AppleWebKit/537.36 (KHTML, like Gecko; compatible; GPTBot/1.3; +https://openai.com/gptbot)"
74.7.227.180 - - [02/May/2026:03:51:25 -0400] "GET /uncategorized/8-estrategias-infalibles-para-maximizar-tus-ganancias-en-casino-online-5/?fileloc=/var/www/vhosts/jcorrmechanical.com/httpdocs/wp-content/plugins/filester/includes/File_manager/lib/php/elFinderVolumeDropbox.class.php&path=/var/www/vhosts/jcorrmechanical.com/httpdocs/wp-content/plugins/filester/includes/File_manager/lib/php HTTP/1.0" 200 66158 "https://www.jcorrmechanical.com/uncategorized/8-estrategias-infalibles-para-maximizar-tus-ganancias-en-casino-online-5/?path=/var/www/vhosts/jcorrmechanical.com/httpdocs/wp-content/plugins/filester/includes/File_manager/lib/php" "Mozilla/5.0 AppleWebKit/537.36 (KHTML, like Gecko; compatible; GPTBot/1.3; +https://openai.com/gptbot)"
74.7.242.50 - - [02/May/2026:03:51:26 -0400] "GET /onefile.html?fileloc=/var/www/vhosts/jcorrmechanical.com/logs/error_log.6.gz&path=/var/www/vhosts/jcorrmechanical.com/logs HTTP/1.0" 200 1570403 "https://jcorrmechanical.com/onefile.html?path=/var/www/vhosts/jcorrmechanical.com/logs" "Mozilla/5.0 AppleWebKit/537.36 (KHTML, like Gecko; compatible; GPTBot/1.3; +https://openai.com/gptbot)"
74.7.227.180 - - [02/May/2026:03:51:26 -0400] "GET /uncategorized/estrategias-expertas-para-maximizar-tus-ganancias-en-casino-online-9/?fileloc=/var/www/vhosts/jcorrmechanical.com/httpdocs/wp-content/plugins/filester/includes/File_manager/lib/php/elFinderVolumeDropbox2.class.php&path=/var/www/vhosts/jcorrmechanical.com/httpdocs/wp-content/plugins/filester/includes/File_manager/lib/php HTTP/1.0" 200 70973 "https://www.jcorrmechanical.com/uncategorized/estrategias-expertas-para-maximizar-tus-ganancias-en-casino-online-9/?path=/var/www/vhosts/jcorrmechanical.com/httpdocs/wp-content/plugins/filester/includes/File_manager/lib/php" "Mozilla/5.0 AppleWebKit/537.36 (KHTML, like Gecko; compatible; GPTBot/1.3; +https://openai.com/gptbot)"
185.191.171.10 - - [02/May/2026:03:51:26 -0400] "GET /4022280992.htm HTTP/1.0" 200 89134 "-" "Mozilla/5.0 (compatible; SemrushBot/7~bl; +http://www.semrush.com/bot.html)"
74.7.242.50 - - [02/May/2026:03:51:26 -0400] "GET /onefile.html?fileloc=/var/www/vhosts/jcorrmechanical.com/logs/error_log.9.gz&path=/var/www/vhosts/jcorrmechanical.com/logs HTTP/1.0" 200 2065422 "https://jcorrmechanical.com/onefile.html?path=/var/www/vhosts/jcorrmechanical.com/logs" "Mozilla/5.0 AppleWebKit/537.36 (KHTML, like Gecko; compatible; GPTBot/1.3; +https://openai.com/gptbot)"
74.7.227.180 - - [02/May/2026:03:51:26 -0400] "GET /uncategorized/8-estrategias-infalibles-para-maximizar-tus-ganancias-en-casino-online-5/?fileloc=/var/www/vhosts/jcorrmechanical.com/httpdocs/wp-content/plugins/filester/includes/File_manager/lib/php/elFinderVolumeLocalFileSystem.class.php&path=/var/www/vhosts/jcorrmechanical.com/httpdocs/wp-content/plugins/filester/includes/File_manager/lib/php HTTP/1.0" 200 70367 "https://www.jcorrmechanical.com/uncategorized/8-estrategias-infalibles-para-maximizar-tus-ganancias-en-casino-online-5/?path=/var/www/vhosts/jcorrmechanical.com/httpdocs/wp-content/plugins/filester/includes/File_manager/lib/php" "Mozilla/5.0 AppleWebKit/537.36 (KHTML, like Gecko; compatible; GPTBot/1.3; +https://openai.com/gptbot)"
74.7.242.50 - - [02/May/2026:03:51:27 -0400] "GET /onefile.html?fileloc=/var/www/vhosts/jcorrmechanical.com/logs/error_log.3.gz&path=/var/www/vhosts/jcorrmechanical.com/logs HTTP/1.0" 200 2690818 "https://jcorrmechanical.com/onefile.html?path=/var/www/vhosts/jcorrmechanical.com/logs" "Mozilla/5.0 AppleWebKit/537.36 (KHTML, like Gecko; compatible; GPTBot/1.3; +https://openai.com/gptbot)"
74.7.227.180 - - [02/May/2026:03:51:27 -0400] "GET /uncategorized/estrategias-avanzadas-de-blackjack-en-casino-online-guia-completa-para-maximizar-tus-ganancias-5/?fileloc=/var/www/vhosts/jcorrmechanical.com/httpdocs/wp-content/plugins/filester/includes/File_manager/lib/php/elFinderVolumeFTP.class.php&path=/var/www/vhosts/jcorrmechanical.com/httpdocs/wp-content/plugins/filester/includes/File_manager/lib/php HTTP/1.0" 200 82038 "https://www.jcorrmechanical.com/uncategorized/estrategias-avanzadas-de-blackjack-en-casino-online-guia-completa-para-maximizar-tus-ganancias-5/?path=/var/www/vhosts/jcorrmechanical.com/httpdocs/wp-content/plugins/filester/includes/File_manager/lib/php" "Mozilla/5.0 AppleWebKit/537.36 (KHTML, like Gecko; compatible; GPTBot/1.3; +https://openai.com/gptbot)"
74.7.242.50 - - [02/May/2026:03:51:27 -0400] "GET /onefile.html?fileloc=/var/www/vhosts/jcorrmechanical.com/logs/error_log.8.gz&path=/var/www/vhosts/jcorrmechanical.com/logs HTTP/1.0" 200 1946836 "https://jcorrmechanical.com/onefile.html?path=/var/www/vhosts/jcorrmechanical.com/logs" "Mozilla/5.0 AppleWebKit/537.36 (KHTML, like Gecko; compatible; GPTBot/1.3; +https://openai.com/gptbot)"
74.7.227.180 - - [02/May/2026:03:51:27 -0400] "GET /uncategorized/estrategias-avanzadas-de-blackjack-en-casino-online-guia-completa-para-maximizar-tus-ganancias-5/?fileloc=/var/www/vhosts/jcorrmechanical.com/httpdocs/wp-content/plugins/filester/includes/File_manager/lib/php/elFinderVolumeDropbox.class.php&path=/var/www/vhosts/jcorrmechanical.com/httpdocs/wp-content/plugins/filester/includes/File_manager/lib/php HTTP/1.0" 200 66158 "https://www.jcorrmechanical.com/uncategorized/estrategias-avanzadas-de-blackjack-en-casino-online-guia-completa-para-maximizar-tus-ganancias-5/?path=/var/www/vhosts/jcorrmechanical.com/httpdocs/wp-content/plugins/filester/includes/File_manager/lib/php" "Mozilla/5.0 AppleWebKit/537.36 (KHTML, like Gecko; compatible; GPTBot/1.3; +https://openai.com/gptbot)"
74.7.242.50 - - [02/May/2026:03:51:28 -0400] "GET /error.php?fileloc=/var/www/vhosts/jcorrmechanical.com/logs/error_log.1.gz&path=/var/www/vhosts/jcorrmechanical.com/logs HTTP/1.0" 200 2101150 "https://jcorrmechanical.com/error.php?path=/var/www/vhosts/jcorrmechanical.com/logs" "Mozilla/5.0 AppleWebKit/537.36 (KHTML, like Gecko; compatible; GPTBot/1.3; +https://openai.com/gptbot)"
74.7.227.180 - - [02/May/2026:03:51:28 -0400] "GET /wp-admin/post-new.php?fileloc=/var/www/vhosts/jcorrmechanical.com/httpdocs/wp-includes/blocks/video/.htaccess&path=/var/www/vhosts/jcorrmechanical.com/httpdocs/wp-includes/blocks/video HTTP/1.0" 200 16496 "https://www.jcorrmechanical.com/wp-admin/post-new.php?path=/var/www/vhosts/jcorrmechanical.com/httpdocs/wp-includes/blocks/video" "Mozilla/5.0 AppleWebKit/537.36 (KHTML, like Gecko; compatible; GPTBot/1.3; +https://openai.com/gptbot)"
74.7.242.50 - - [02/May/2026:03:51:28 -0400] "GET /error.php?fileloc=/var/www/vhosts/jcorrmechanical.com/logs/error_log.4.gz&path=/var/www/vhosts/jcorrmechanical.com/logs HTTP/1.0" 200 2072162 "https://jcorrmechanical.com/error.php?path=/var/www/vhosts/jcorrmechanical.com/logs" "Mozilla/5.0 AppleWebKit/537.36 (KHTML, like Gecko; compatible; GPTBot/1.3; +https://openai.com/gptbot)"
74.7.227.180 - - [02/May/2026:03:51:28 -0400] "GET /wp-admin/post-new.php?fileloc=/var/www/vhosts/jcorrmechanical.com/httpdocs/wp-includes/blocks/video/block.json&path=/var/www/vhosts/jcorrmechanical.com/httpdocs/wp-includes/blocks/video HTTP/1.0" 200 19672 "https://www.jcorrmechanical.com/wp-admin/post-new.php?path=/var/www/vhosts/jcorrmechanical.com/httpdocs/wp-includes/blocks/video" "Mozilla/5.0 AppleWebKit/537.36 (KHTML, like Gecko; compatible; GPTBot/1.3; +https://openai.com/gptbot)"
74.7.242.50 - - [02/May/2026:03:51:29 -0400] "GET /error.php?fileloc=/var/www/vhosts/jcorrmechanical.com/logs/error_log.7.gz&path=/var/www/vhosts/jcorrmechanical.com/logs HTTP/1.0" 200 2313824 "https://jcorrmechanical.com/error.php?path=/var/www/vhosts/jcorrmechanical.com/logs" "Mozilla/5.0 AppleWebKit/537.36 (KHTML, like Gecko; compatible; GPTBot/1.3; +https://openai.com/gptbot)"
74.7.227.180 - - [02/May/2026:03:51:29 -0400] "GET /ac7487b145b0b69c42c6870b95b8c870.mka?fileloc=/var/www/vhosts/jcorrmechanical.com/httpdocs/wp-content/index.php&path=/var/www/vhosts/jcorrmechanical.com/httpdocs/wp-content HTTP/1.0" 200 16175 "https://www.jcorrmechanical.com/ac7487b145b0b69c42c6870b95b8c870.mka?path=/var/www/vhosts/jcorrmechanical.com/httpdocs/wp-content" "Mozilla/5.0 AppleWebKit/537.36 (KHTML, like Gecko; compatible; GPTBot/1.3; +https://openai.com/gptbot)"
74.7.242.50 - - [02/May/2026:03:51:29 -0400] "GET /error.php?fileloc=/var/www/vhosts/jcorrmechanical.com/logs/error_log.9.gz&path=/var/www/vhosts/jcorrmechanical.com/logs HTTP/1.0" 200 2065422 "https://jcorrmechanical.com/error.php?path=/var/www/vhosts/jcorrmechanical.com/logs" "Mozilla/5.0 AppleWebKit/537.36 (KHTML, like Gecko; compatible; GPTBot/1.3; +https://openai.com/gptbot)"
74.7.227.180 - - [02/May/2026:03:51:29 -0400] "GET /ac7487b145b0b69c42c6870b95b8c870.mka?path=/var/www/vhosts/jcorrmechanical.com/httpdocs/wp-content/themes HTTP/1.0" 200 22985 "https://www.jcorrmechanical.com/ac7487b145b0b69c42c6870b95b8c870.mka?path=/var/www/vhosts/jcorrmechanical.com/httpdocs/wp-content" "Mozilla/5.0 AppleWebKit/537.36 (KHTML, like Gecko; compatible; GPTBot/1.3; +https://openai.com/gptbot)"
74.7.242.50 - - [02/May/2026:03:51:30 -0400] "GET /error.php?fileloc=/var/www/vhosts/jcorrmechanical.com/logs/error_log.3.gz&path=/var/www/vhosts/jcorrmechanical.com/logs HTTP/1.0" 200 2690818 "https://jcorrmechanical.com/error.php?path=/var/www/vhosts/jcorrmechanical.com/logs" "Mozilla/5.0 AppleWebKit/537.36 (KHTML, like Gecko; compatible; GPTBot/1.3; +https://openai.com/gptbot)"
74.7.227.180 - - [02/May/2026:03:51:30 -0400] "GET /ac7487b145b0b69c42c6870b95b8c870.mka?path=/var/www/vhosts/jcorrmechanical.com/httpdocs/wp-content/upgrade HTTP/1.0" 200 16600 "https://www.jcorrmechanical.com/ac7487b145b0b69c42c6870b95b8c870.mka?path=/var/www/vhosts/jcorrmechanical.com/httpdocs/wp-content" "Mozilla/5.0 AppleWebKit/537.36 (KHTML, like Gecko; compatible; GPTBot/1.3; +https://openai.com/gptbot)"
74.7.242.50 - - [02/May/2026:03:51:30 -0400] "GET /error.php?fileloc=/var/www/vhosts/jcorrmechanical.com/logs/error_log.6.gz&path=/var/www/vhosts/jcorrmechanical.com/logs HTTP/1.0" 200 1570403 "https://jcorrmechanical.com/error.php?path=/var/www/vhosts/jcorrmechanical.com/logs" "Mozilla/5.0 AppleWebKit/537.36 (KHTML, like Gecko; compatible; GPTBot/1.3; +https://openai.com/gptbot)"
74.7.227.180 - - [02/May/2026:03:51:30 -0400] "GET /ac7487b145b0b69c42c6870b95b8c870.mka?path=/var/www/vhosts/jcorrmechanical.com/httpdocs/wp-content/plugins HTTP/1.0" 200 30693 "https://www.jcorrmechanical.com/ac7487b145b0b69c42c6870b95b8c870.mka?path=/var/www/vhosts/jcorrmechanical.com/httpdocs/wp-content" "Mozilla/5.0 AppleWebKit/537.36 (KHTML, like Gecko; compatible; GPTBot/1.3; +https://openai.com/gptbot)"
74.7.242.50 - - [02/May/2026:03:51:31 -0400] "GET /error.php?fileloc=/var/www/vhosts/jcorrmechanical.com/logs/error_log.2.gz&path=/var/www/vhosts/jcorrmechanical.com/logs HTTP/1.0" 200 2288012 "https://jcorrmechanical.com/error.php?path=/var/www/vhosts/jcorrmechanical.com/logs" "Mozilla/5.0 AppleWebKit/537.36 (KHTML, like Gecko; compatible; GPTBot/1.3; +https://openai.com/gptbot)"
74.7.227.180 - - [02/May/2026:03:51:31 -0400] "GET /ac7487b145b0b69c42c6870b95b8c870.mka?path=/var/www/vhosts/jcorrmechanical.com/httpdocs/wp-content/languages HTTP/1.0" 200 18230 "https://www.jcorrmechanical.com/ac7487b145b0b69c42c6870b95b8c870.mka?path=/var/www/vhosts/jcorrmechanical.com/httpdocs/wp-content" "Mozilla/5.0 AppleWebKit/537.36 (KHTML, like Gecko; compatible; GPTBot/1.3; +https://openai.com/gptbot)"
74.7.242.50 - - [02/May/2026:03:51:31 -0400] "GET /error.php?fileloc=/var/www/vhosts/jcorrmechanical.com/logs/error_log.5.gz&path=/var/www/vhosts/jcorrmechanical.com/logs HTTP/1.0" 200 1767393 "https://jcorrmechanical.com/error.php?path=/var/www/vhosts/jcorrmechanical.com/logs" "Mozilla/5.0 AppleWebKit/537.36 (KHTML, like Gecko; compatible; GPTBot/1.3; +https://openai.com/gptbot)"
74.7.227.180 - - [02/May/2026:03:51:31 -0400] "GET /ac7487b145b0b69c42c6870b95b8c870.mka?path=/var/www/vhosts/jcorrmechanical.com/httpdocs/wp-content/fonts HTTP/1.0" 200 27852 "https://www.jcorrmechanical.com/ac7487b145b0b69c42c6870b95b8c870.mka?path=/var/www/vhosts/jcorrmechanical.com/httpdocs/wp-content" "Mozilla/5.0 AppleWebKit/537.36 (KHTML, like Gecko; compatible; GPTBot/1.3; +https://openai.com/gptbot)"
74.7.242.50 - - [02/May/2026:03:51:32 -0400] "GET /sitemap.xml?path=/var/www/vhosts/jcorrmechanical.com/httpdocs/test/python HTTP/1.0" 200 19767 "https://jcorrmechanical.com/sitemap.xml?path=/var/www/vhosts/jcorrmechanical.com/httpdocs/test" "Mozilla/5.0 AppleWebKit/537.36 (KHTML, like Gecko; compatible; GPTBot/1.3; +https://openai.com/gptbot)"
74.7.227.180 - - [02/May/2026:03:51:32 -0400] "GET /ac7487b145b0b69c42c6870b95b8c870.mka?path=/var/www/vhosts/jcorrmechanical.com/httpdocs/wp-content/maintenance HTTP/1.0" 200 21419 "https://www.jcorrmechanical.com/ac7487b145b0b69c42c6870b95b8c870.mka?path=/var/www/vhosts/jcorrmechanical.com/httpdocs/wp-content" "Mozilla/5.0 AppleWebKit/537.36 (KHTML, like Gecko; compatible; GPTBot/1.3; +https://openai.com/gptbot)"
85.208.96.201 - - [02/May/2026:03:51:32 -0400] "GET /4022252973.htm HTTP/1.0" 200 89134 "-" "Mozilla/5.0 (compatible; SemrushBot/7~bl; +http://www.semrush.com/bot.html)"
74.7.242.50 - - [02/May/2026:03:51:32 -0400] "GET /ca3.php?fileloc=/var/www/vhosts/jcorrmechanical.com/.composer/.htaccess&path=/var/www/vhosts/jcorrmechanical.com/.composer HTTP/1.0" 200 16062 "https://jcorrmechanical.com/ca3.php?path=/var/www/vhosts/jcorrmechanical.com/.composer" "Mozilla/5.0 AppleWebKit/537.36 (KHTML, like Gecko; compatible; GPTBot/1.3; +https://openai.com/gptbot)"
74.7.227.180 - - [02/May/2026:03:51:33 -0400] "GET /ac7487b145b0b69c42c6870b95b8c870.mka?path=/var/www/vhosts/jcorrmechanical.com/httpdocs/wp-content/mu-plugins HTTP/1.0" 200 21639 "https://www.jcorrmechanical.com/ac7487b145b0b69c42c6870b95b8c870.mka?path=/var/www/vhosts/jcorrmechanical.com/httpdocs/wp-content" "Mozilla/5.0 AppleWebKit/537.36 (KHTML, like Gecko; compatible; GPTBot/1.3; +https://openai.com/gptbot)"
74.7.242.50 - - [02/May/2026:03:51:33 -0400] "GET /Geforce.php?path=/var/www/vhosts/jcorrmechanical.com/.pki/nssdb HTTP/1.0" 200 17937 "https://jcorrmechanical.com/Geforce.php?path=/var/www/vhosts/jcorrmechanical.com/.pki" "Mozilla/5.0 AppleWebKit/537.36 (KHTML, like Gecko; compatible; GPTBot/1.3; +https://openai.com/gptbot)"
74.7.227.180 - - [02/May/2026:03:51:33 -0400] "GET /ac7487b145b0b69c42c6870b95b8c870.mka?path=/var/www/vhosts/jcorrmechanical.com/httpdocs/wp-content/blogs.dir HTTP/1.0" 200 16604 "https://www.jcorrmechanical.com/ac7487b145b0b69c42c6870b95b8c870.mka?path=/var/www/vhosts/jcorrmechanical.com/httpdocs/wp-content" "Mozilla/5.0 AppleWebKit/537.36 (KHTML, like Gecko; compatible; GPTBot/1.3; +https://openai.com/gptbot)"
74.7.242.50 - - [02/May/2026:03:51:33 -0400] "GET /Geforce.php?fileloc=/var/www/vhosts/jcorrmechanical.com/error_docs/method_not_allowed.html&path=/var/www/vhosts/jcorrmechanical.com/error_docs HTTP/1.0" 200 17240 "https://jcorrmechanical.com/Geforce.php?path=/var/www/vhosts/jcorrmechanical.com/error_docs" "Mozilla/5.0 AppleWebKit/537.36 (KHTML, like Gecko; compatible; GPTBot/1.3; +https://openai.com/gptbot)"
74.7.227.180 - - [02/May/2026:03:51:34 -0400] "GET /ac7487b145b0b69c42c6870b95b8c870.mka?path=/var/www/vhosts/jcorrmechanical.com/httpdocs/wp-content/upgrade-temp-backup HTTP/1.0" 200 16624 "https://www.jcorrmechanical.com/ac7487b145b0b69c42c6870b95b8c870.mka?path=/var/www/vhosts/jcorrmechanical.com/httpdocs/wp-content" "Mozilla/5.0 AppleWebKit/537.36 (KHTML, like Gecko; compatible; GPTBot/1.3; +https://openai.com/gptbot)"
74.7.242.50 - - [02/May/2026:03:51:34 -0400] "GET /administrator/?fileloc=/var/www/vhosts/jcorrmechanical.com/httpdocs/license.txt&path=/var/www/vhosts/jcorrmechanical.com/httpdocs HTTP/1.0" 200 36246 "https://jcorrmechanical.com/administrator/" "Mozilla/5.0 AppleWebKit/537.36 (KHTML, like Gecko; compatible; GPTBot/1.3; +https://openai.com/gptbot)"
74.7.227.180 - - [02/May/2026:03:51:34 -0400] "GET /ac7487b145b0b69c42c6870b95b8c870.mka?path=/var/www/vhosts/jcorrmechanical.com/httpdocs/wp-content/uploads HTTP/1.0" 200 18066 "https://www.jcorrmechanical.com/ac7487b145b0b69c42c6870b95b8c870.mka?path=/var/www/vhosts/jcorrmechanical.com/httpdocs/wp-content" "Mozilla/5.0 AppleWebKit/537.36 (KHTML, like Gecko; compatible; GPTBot/1.3; +https://openai.com/gptbot)"
51.222.95.99 - - [02/May/2026:03:51:34 -0400] "GET /4022274135.htm HTTP/1.0" 200 89134 "-" "Mozilla/5.0 (compatible; AhrefsBot/7.0; +http://ahrefs.com/robot/)"
185.191.171.4 - - [02/May/2026:03:51:34 -0400] "GET /41583102082.htm HTTP/1.0" 200 89134 "-" "Mozilla/5.0 (compatible; SemrushBot/7~bl; +http://www.semrush.com/bot.html)"
74.7.242.50 - - [02/May/2026:03:51:34 -0400] "GET /c15.php?fileloc=/var/www/vhosts/jcorrmechanical.com/httpdocs/.htaccess&path=/var/www/vhosts/jcorrmechanical.com/httpdocs HTTP/1.0" 200 16255 "http://jcorrmechanical.com" "Mozilla/5.0 AppleWebKit/537.36 (KHTML, like Gecko; compatible; GPTBot/1.3; +https://openai.com/gptbot)"
74.7.227.180 - - [02/May/2026:03:51:35 -0400] "GET /ac7487b145b0b69c42c6870b95b8c870.mka?fileloc=/var/www/vhosts/jcorrmechanical.com/httpdocs/wp-content/logo.jpg&path=/var/www/vhosts/jcorrmechanical.com/httpdocs/wp-content HTTP/1.0" 200 37960 "https://www.jcorrmechanical.com/ac7487b145b0b69c42c6870b95b8c870.mka?path=/var/www/vhosts/jcorrmechanical.com/httpdocs/wp-content" "Mozilla/5.0 AppleWebKit/537.36 (KHTML, like Gecko; compatible; GPTBot/1.3; +https://openai.com/gptbot)"
74.7.242.50 - - [02/May/2026:03:51:35 -0400] "GET /m249049932?fileloc=/var/www/vhosts/jcorrmechanical.com/httpdocs/404.shtml&path=/var/www/vhosts/jcorrmechanical.com/httpdocs HTTP/1.0" 200 18256 "https://jcorrmechanical.com/m249049932" "Mozilla/5.0 AppleWebKit/537.36 (KHTML, like Gecko; compatible; GPTBot/1.3; +https://openai.com/gptbot)"
74.7.227.180 - - [02/May/2026:03:51:35 -0400] "GET /ac7487b145b0b69c42c6870b95b8c870.mka?fileloc=/var/www/vhosts/jcorrmechanical.com/httpdocs/wp-content/themes/index.php&path=/var/www/vhosts/jcorrmechanical.com/httpdocs/wp-content/themes HTTP/1.0" 200 16272 "https://www.jcorrmechanical.com/ac7487b145b0b69c42c6870b95b8c870.mka?path=/var/www/vhosts/jcorrmechanical.com/httpdocs/wp-content/themes" "Mozilla/5.0 AppleWebKit/537.36 (KHTML, like Gecko; compatible; GPTBot/1.3; +https://openai.com/gptbot)"
74.7.242.50 - - [02/May/2026:03:51:35 -0400] "GET /sitemap.xml?path=/var/www/vhosts/jcorrmechanical.com/httpdocs/img HTTP/1.0" 200 38561 "https://jcorrmechanical.com/sitemap.xml" "Mozilla/5.0 AppleWebKit/537.36 (KHTML, like Gecko; compatible; GPTBot/1.3; +https://openai.com/gptbot)"
