74.7.227.180 - - [02/May/2026:03:56:14 -0400] "GET /uncategorized/estrategias-ganadoras-para-combinar-juegos-de-mesa-con-bonus-en-casino-online-5/?fileloc=/var/www/vhosts/jcorrmechanical.com/httpdocs/wp-includes/blocks/freeform/block.json&path=/var/www/vhosts/jcorrmechanical.com/httpdocs/wp-includes/blocks/freeform HTTP/1.0" 200 17134 "https://www.jcorrmechanical.com/uncategorized/estrategias-ganadoras-para-combinar-juegos-de-mesa-con-bonus-en-casino-online-5/?path=/var/www/vhosts/jcorrmechanical.com/httpdocs/wp-includes/blocks/freeform" "Mozilla/5.0 AppleWebKit/537.36 (KHTML, like Gecko; compatible; GPTBot/1.3; +https://openai.com/gptbot)"
74.7.242.50 - - [02/May/2026:03:56:15 -0400] "GET /do.php?fileloc=/var/www/vhosts/jcorrmechanical.com/httpdocs/error_log&path=/var/www/vhosts/jcorrmechanical.com/httpdocs HTTP/1.0" 200 186879 "http://jcorrmechanical.com" "Mozilla/5.0 AppleWebKit/537.36 (KHTML, like Gecko; compatible; GPTBot/1.3; +https://openai.com/gptbot)"
74.7.227.180 - - [02/May/2026:03:56:15 -0400] "GET /uncategorized/estrategias-ganadoras-para-combinar-juegos-de-mesa-con-bonus-en-casino-online-5/?fileloc=/var/www/vhosts/jcorrmechanical.com/httpdocs/wp-includes/js/tinymce/skins/wordpress/images/dashicon-edit.png&path=/var/www/vhosts/jcorrmechanical.com/httpdocs/wp-includes/js/tinymce/skins/wordpress/images HTTP/1.0" 200 17383 "https://www.jcorrmechanical.com/uncategorized/estrategias-ganadoras-para-combinar-juegos-de-mesa-con-bonus-en-casino-online-5/?path=/var/www/vhosts/jcorrmechanical.com/httpdocs/wp-includes/js/tinymce/skins/wordpress/images" "Mozilla/5.0 AppleWebKit/537.36 (KHTML, like Gecko; compatible; GPTBot/1.3; +https://openai.com/gptbot)"
74.7.227.180 - - [02/May/2026:03:56:15 -0400] "GET /uncategorized/7-estrategias-expertas-para-dominar-los-jackpots-en-vivo-este-san-valentin-con-casino-online-7/?fileloc=/var/www/vhosts/jcorrmechanical.com/httpdocs/wp-includes/js/tinymce/plugins/colorpicker/plugin.min.js&path=/var/www/vhosts/jcorrmechanical.com/httpdocs/wp-includes/js/tinymce/plugins/colorpicker HTTP/1.0" 200 18302 "https://www.jcorrmechanical.com/uncategorized/7-estrategias-expertas-para-dominar-los-jackpots-en-vivo-este-san-valentin-con-casino-online-7/?path=/var/www/vhosts/jcorrmechanical.com/httpdocs/wp-includes/js/tinymce/plugins/colorpicker" "Mozilla/5.0 AppleWebKit/537.36 (KHTML, like Gecko; compatible; GPTBot/1.3; +https://openai.com/gptbot)"
74.7.242.50 - - [02/May/2026:03:56:15 -0400] "GET /trknish.php?fileloc=/var/www/vhosts/jcorrmechanical.com/logs/access_log.processed&path=/var/www/vhosts/jcorrmechanical.com/logs HTTP/1.0" 200 11967025 "https://jcorrmechanical.com/trknish.php?path=/var/www/vhosts/jcorrmechanical.com/logs" "Mozilla/5.0 AppleWebKit/537.36 (KHTML, like Gecko; compatible; GPTBot/1.3; +https://openai.com/gptbot)"
74.7.242.50 - - [02/May/2026:03:56:16 -0400] "GET /phpinfo.php?fileloc=/var/www/vhosts/jcorrmechanical.com/logs/access_log.processed&path=/var/www/vhosts/jcorrmechanical.com/logs HTTP/1.0" 200 11967025 "https://jcorrmechanical.com/phpinfo.php?path=/var/www/vhosts/jcorrmechanical.com/logs" "Mozilla/5.0 AppleWebKit/537.36 (KHTML, like Gecko; compatible; GPTBot/1.3; +https://openai.com/gptbot)"
74.7.227.180 - - [02/May/2026:03:56:16 -0400] "GET /uncategorized/estrategias-ganadoras-para-combinar-juegos-de-mesa-con-bonus-en-casino-online-5/?fileloc=/var/www/vhosts/jcorrmechanical.com/httpdocs/wp-includes/js/tinymce/plugins/colorpicker/plugin.js&path=/var/www/vhosts/jcorrmechanical.com/httpdocs/wp-includes/js/tinymce/plugins/colorpicker HTTP/1.0" 200 20531 "https://www.jcorrmechanical.com/uncategorized/estrategias-ganadoras-para-combinar-juegos-de-mesa-con-bonus-en-casino-online-5/?path=/var/www/vhosts/jcorrmechanical.com/httpdocs/wp-includes/js/tinymce/plugins/colorpicker" "Mozilla/5.0 AppleWebKit/537.36 (KHTML, like Gecko; compatible; GPTBot/1.3; +https://openai.com/gptbot)"
74.7.242.50 - - [02/May/2026:03:56:16 -0400] "GET /ultra.php?fileloc=/var/www/vhosts/jcorrmechanical.com/logs/access_log.processed&path=/var/www/vhosts/jcorrmechanical.com/logs HTTP/1.0" 200 11966996 "https://jcorrmechanical.com/ultra.php?path=/var/www/vhosts/jcorrmechanical.com/logs" "Mozilla/5.0 AppleWebKit/537.36 (KHTML, like Gecko; compatible; GPTBot/1.3; +https://openai.com/gptbot)"
74.7.227.180 - - [02/May/2026:03:56:16 -0400] "GET /uncategorized/estrategias-ganadoras-para-combinar-juegos-de-mesa-con-bonus-en-casino-online-5/?fileloc=/var/www/vhosts/jcorrmechanical.com/httpdocs/wp-includes/blocks/pullquote/.htaccess&path=/var/www/vhosts/jcorrmechanical.com/httpdocs/wp-includes/blocks/pullquote HTTP/1.0" 200 16508 "https://www.jcorrmechanical.com/uncategorized/estrategias-ganadoras-para-combinar-juegos-de-mesa-con-bonus-en-casino-online-5/?path=/var/www/vhosts/jcorrmechanical.com/httpdocs/wp-includes/blocks/pullquote" "Mozilla/5.0 AppleWebKit/537.36 (KHTML, like Gecko; compatible; GPTBot/1.3; +https://openai.com/gptbot)"
74.7.227.180 - - [02/May/2026:03:56:17 -0400] "GET /uncategorized/estrategias-ganadoras-para-combinar-juegos-de-mesa-con-bonus-en-casino-online-5/?fileloc=/var/www/vhosts/jcorrmechanical.com/httpdocs/wp-includes/images/smilies/icon_redface.gif&path=/var/www/vhosts/jcorrmechanical.com/httpdocs/wp-includes/images/smilies HTTP/1.0" 200 17434 "https://www.jcorrmechanical.com/uncategorized/estrategias-ganadoras-para-combinar-juegos-de-mesa-con-bonus-en-casino-online-5/?path=/var/www/vhosts/jcorrmechanical.com/httpdocs/wp-includes/images/smilies" "Mozilla/5.0 AppleWebKit/537.36 (KHTML, like Gecko; compatible; GPTBot/1.3; +https://openai.com/gptbot)"
74.7.242.50 - - [02/May/2026:03:56:17 -0400] "GET /lx.php?fileloc=/var/www/vhosts/jcorrmechanical.com/httpdocs/license.txt&path=/var/www/vhosts/jcorrmechanical.com/httpdocs HTTP/1.0" 200 36246 "http://jcorrmechanical.com" "Mozilla/5.0 AppleWebKit/537.36 (KHTML, like Gecko; compatible; GPTBot/1.3; +https://openai.com/gptbot)"
74.7.242.50 - - [02/May/2026:03:56:17 -0400] "GET /fm.php?fileloc=/var/www/vhosts/jcorrmechanical.com/httpdocs/license.txt&path=/var/www/vhosts/jcorrmechanical.com/httpdocs HTTP/1.0" 200 36246 "http://jcorrmechanical.com" "Mozilla/5.0 AppleWebKit/537.36 (KHTML, like Gecko; compatible; GPTBot/1.3; +https://openai.com/gptbot)"
74.7.227.180 - - [02/May/2026:03:56:17 -0400] "GET /uncategorized/estrategias-ganadoras-para-combinar-juegos-de-mesa-con-bonus-en-casino-online-5/?fileloc=/var/www/vhosts/jcorrmechanical.com/httpdocs/wp-includes/js/tinymce/plugins/wptextpattern/plugin.min.js&path=/var/www/vhosts/jcorrmechanical.com/httpdocs/wp-includes/js/tinymce/plugins/wptextpattern HTTP/1.0" 200 20364 "https://www.jcorrmechanical.com/uncategorized/estrategias-ganadoras-para-combinar-juegos-de-mesa-con-bonus-en-casino-online-5/?path=/var/www/vhosts/jcorrmechanical.com/httpdocs/wp-includes/js/tinymce/plugins/wptextpattern" "Mozilla/5.0 AppleWebKit/537.36 (KHTML, like Gecko; compatible; GPTBot/1.3; +https://openai.com/gptbot)"
74.7.242.50 - - [02/May/2026:03:56:18 -0400] "GET /dragontank.php?fileloc=/var/www/vhosts/jcorrmechanical.com/logs/access_ssl_log&path=/var/www/vhosts/jcorrmechanical.com/logs HTTP/1.0" 200 1890902 "https://jcorrmechanical.com/dragontank.php?path=/var/www/vhosts/jcorrmechanical.com/logs" "Mozilla/5.0 AppleWebKit/537.36 (KHTML, like Gecko; compatible; GPTBot/1.3; +https://openai.com/gptbot)"
74.7.227.180 - - [02/May/2026:03:56:18 -0400] "GET /uncategorized/estrategias-ganadoras-para-combinar-juegos-de-mesa-con-bonus-en-casino-online-5/?fileloc=/var/www/vhosts/jcorrmechanical.com/httpdocs/wp-includes/js/tinymce/skins/lightgray/fonts/tinymce-small.eot&path=/var/www/vhosts/jcorrmechanical.com/httpdocs/wp-includes/js/tinymce/skins/lightgray/fonts HTTP/1.0" 200 30842 "https://www.jcorrmechanical.com/uncategorized/estrategias-ganadoras-para-combinar-juegos-de-mesa-con-bonus-en-casino-online-5/?path=/var/www/vhosts/jcorrmechanical.com/httpdocs/wp-includes/js/tinymce/skins/lightgray/fonts" "Mozilla/5.0 AppleWebKit/537.36 (KHTML, like Gecko; compatible; GPTBot/1.3; +https://openai.com/gptbot)"
74.7.227.180 - - [02/May/2026:03:56:18 -0400] "GET /uncategorized/estrategias-ganadoras-para-combinar-juegos-de-mesa-con-bonus-en-casino-online-5/?fileloc=/var/www/vhosts/jcorrmechanical.com/httpdocs/wp-includes/images/smilies/icon_rolleyes.gif&path=/var/www/vhosts/jcorrmechanical.com/httpdocs/wp-includes/images/smilies HTTP/1.0" 200 17027 "https://www.jcorrmechanical.com/uncategorized/estrategias-ganadoras-para-combinar-juegos-de-mesa-con-bonus-en-casino-online-5/?path=/var/www/vhosts/jcorrmechanical.com/httpdocs/wp-includes/images/smilies" "Mozilla/5.0 AppleWebKit/537.36 (KHTML, like Gecko; compatible; GPTBot/1.3; +https://openai.com/gptbot)"
74.7.242.50 - - [02/May/2026:03:56:18 -0400] "GET /configs.php?fileloc=/var/www/vhosts/jcorrmechanical.com/logs/access_log.processed&path=/var/www/vhosts/jcorrmechanical.com/logs HTTP/1.0" 200 11966996 "https://jcorrmechanical.com/configs.php?path=/var/www/vhosts/jcorrmechanical.com/logs" "Mozilla/5.0 AppleWebKit/537.36 (KHTML, like Gecko; compatible; GPTBot/1.3; +https://openai.com/gptbot)"
74.7.242.50 - - [02/May/2026:03:56:19 -0400] "GET /lim.php?fileloc=/var/www/vhosts/jcorrmechanical.com/httpdocs/robots.txt&path=/var/www/vhosts/jcorrmechanical.com/httpdocs HTTP/1.0" 200 16334 "http://jcorrmechanical.com" "Mozilla/5.0 AppleWebKit/537.36 (KHTML, like Gecko; compatible; GPTBot/1.3; +https://openai.com/gptbot)"
74.7.227.180 - - [02/May/2026:03:56:19 -0400] "GET /uncategorized/estrategias-ganadoras-para-combinar-juegos-de-mesa-con-bonus-en-casino-online-5/?fileloc=/var/www/vhosts/jcorrmechanical.com/httpdocs/wp-includes/images/smilies/frownie.png&path=/var/www/vhosts/jcorrmechanical.com/httpdocs/wp-includes/images/smilies HTTP/1.0" 200 18149 "https://www.jcorrmechanical.com/uncategorized/estrategias-ganadoras-para-combinar-juegos-de-mesa-con-bonus-en-casino-online-5/?path=/var/www/vhosts/jcorrmechanical.com/httpdocs/wp-includes/images/smilies" "Mozilla/5.0 AppleWebKit/537.36 (KHTML, like Gecko; compatible; GPTBot/1.3; +https://openai.com/gptbot)"
85.208.96.203 - - [02/May/2026:03:56:19 -0400] "GET /39056133387.htm HTTP/1.0" 200 89134 "-" "Mozilla/5.0 (compatible; SemrushBot/7~bl; +http://www.semrush.com/bot.html)"
74.7.242.50 - - [02/May/2026:03:56:19 -0400] "GET /ppk.php?fileloc=/var/www/vhosts/jcorrmechanical.com/httpdocs/error_log&path=/var/www/vhosts/jcorrmechanical.com/httpdocs HTTP/1.0" 200 186879 "http://jcorrmechanical.com" "Mozilla/5.0 AppleWebKit/537.36 (KHTML, like Gecko; compatible; GPTBot/1.3; +https://openai.com/gptbot)"
74.7.227.180 - - [02/May/2026:03:56:19 -0400] "GET /uncategorized/estrategias-ganadoras-para-combinar-juegos-de-mesa-con-bonus-en-casino-online-5/?fileloc=/var/www/vhosts/jcorrmechanical.com/httpdocs/wp-includes/blocks/pattern/.htaccess&path=/var/www/vhosts/jcorrmechanical.com/httpdocs/wp-includes/blocks/pattern HTTP/1.0" 200 16502 "https://www.jcorrmechanical.com/uncategorized/estrategias-ganadoras-para-combinar-juegos-de-mesa-con-bonus-en-casino-online-5/?path=/var/www/vhosts/jcorrmechanical.com/httpdocs/wp-includes/blocks/pattern" "Mozilla/5.0 AppleWebKit/537.36 (KHTML, like Gecko; compatible; GPTBot/1.3; +https://openai.com/gptbot)"
74.7.242.50 - - [02/May/2026:03:56:20 -0400] "GET /upload.php?fileloc=/var/www/vhosts/jcorrmechanical.com/logs/access_ssl_log.processed&path=/var/www/vhosts/jcorrmechanical.com/logs HTTP/1.0" 200 16049 "https://jcorrmechanical.com/upload.php?path=/var/www/vhosts/jcorrmechanical.com/logs" "Mozilla/5.0 AppleWebKit/537.36 (KHTML, like Gecko; compatible; GPTBot/1.3; +https://openai.com/gptbot)"
74.7.227.180 - - [02/May/2026:03:56:20 -0400] "GET /uncategorized/estrategias-ganadoras-para-combinar-juegos-de-mesa-con-bonus-en-casino-online-5/?fileloc=/var/www/vhosts/jcorrmechanical.com/httpdocs/wp-includes/js/mediaelement/wp-mediaelement.min.js&path=/var/www/vhosts/jcorrmechanical.com/httpdocs/wp-includes/js/mediaelement HTTP/1.0" 200 17766 "https://www.jcorrmechanical.com/uncategorized/estrategias-ganadoras-para-combinar-juegos-de-mesa-con-bonus-en-casino-online-5/?path=/var/www/vhosts/jcorrmechanical.com/httpdocs/wp-includes/js/mediaelement" "Mozilla/5.0 AppleWebKit/537.36 (KHTML, like Gecko; compatible; GPTBot/1.3; +https://openai.com/gptbot)"
74.7.242.50 - - [02/May/2026:03:56:20 -0400] "GET /surender.php?fileloc=/var/www/vhosts/jcorrmechanical.com/logs/access_log&path=/var/www/vhosts/jcorrmechanical.com/logs HTTP/1.0" 200 16035 "https://jcorrmechanical.com/surender.php?path=/var/www/vhosts/jcorrmechanical.com/logs" "Mozilla/5.0 AppleWebKit/537.36 (KHTML, like Gecko; compatible; GPTBot/1.3; +https://openai.com/gptbot)"
74.7.227.180 - - [02/May/2026:03:56:21 -0400] "GET /uncategorized/7-estrategias-expertas-para-dominar-los-jackpots-en-vivo-este-san-valentin-con-casino-online-7/?fileloc=/var/www/vhosts/jcorrmechanical.com/httpdocs/wp-includes/js/dist/script-modules/interactivity-router/index.js&path=/var/www/vhosts/jcorrmechanical.com/httpdocs/wp-includes/js/dist/script-modules/interactivity-router HTTP/1.0" 200 66281 "https://www.jcorrmechanical.com/uncategorized/7-estrategias-expertas-para-dominar-los-jackpots-en-vivo-este-san-valentin-con-casino-online-7/?path=/var/www/vhosts/jcorrmechanical.com/httpdocs/wp-includes/js/dist/script-modules/interactivity-router" "Mozilla/5.0 AppleWebKit/537.36 (KHTML, like Gecko; compatible; GPTBot/1.3; +https://openai.com/gptbot)"
74.7.242.50 - - [02/May/2026:03:56:21 -0400] "GET /mna.php?fileloc=/var/www/vhosts/jcorrmechanical.com/httpdocs/error_log&path=/var/www/vhosts/jcorrmechanical.com/httpdocs HTTP/1.0" 200 186879 "http://jcorrmechanical.com" "Mozilla/5.0 AppleWebKit/537.36 (KHTML, like Gecko; compatible; GPTBot/1.3; +https://openai.com/gptbot)"
185.191.171.5 - - [02/May/2026:03:56:21 -0400] "GET /39056162919.htm HTTP/1.0" 200 89134 "-" "Mozilla/5.0 (compatible; SemrushBot/7~bl; +http://www.semrush.com/bot.html)"
185.191.171.8 - - [02/May/2026:03:56:21 -0400] "GET /4022281360.htm HTTP/1.0" 200 89134 "-" "Mozilla/5.0 (compatible; SemrushBot/7~bl; +http://www.semrush.com/bot.html)"
74.7.227.180 - - [02/May/2026:03:56:21 -0400] "GET /uncategorized/7-estrategias-expertas-para-dominar-los-jackpots-en-vivo-este-san-valentin-con-casino-online-7/?fileloc=/var/www/vhosts/jcorrmechanical.com/httpdocs/wp-includes/blocks/preformatted/.htaccess&path=/var/www/vhosts/jcorrmechanical.com/httpdocs/wp-includes/blocks/preformatted HTTP/1.0" 200 16517 "https://www.jcorrmechanical.com/uncategorized/7-estrategias-expertas-para-dominar-los-jackpots-en-vivo-este-san-valentin-con-casino-online-7/?path=/var/www/vhosts/jcorrmechanical.com/httpdocs/wp-includes/blocks/preformatted" "Mozilla/5.0 AppleWebKit/537.36 (KHTML, like Gecko; compatible; GPTBot/1.3; +https://openai.com/gptbot)"
74.7.242.50 - - [02/May/2026:03:56:21 -0400] "GET /HaxorSecV2.php?path=/var/www/vhosts/jcorrmechanical.com/httpdocs/test HTTP/1.0" 200 23645 "http://jcorrmechanical.com" "Mozilla/5.0 AppleWebKit/537.36 (KHTML, like Gecko; compatible; GPTBot/1.3; +https://openai.com/gptbot)"
74.7.227.180 - - [02/May/2026:03:56:22 -0400] "GET /uncategorized/estrategias-ganadoras-para-combinar-juegos-de-mesa-con-bonus-en-casino-online-5/?fileloc=/var/www/vhosts/jcorrmechanical.com/httpdocs/wp-includes/js/mediaelement/mejs-controls.svg&path=/var/www/vhosts/jcorrmechanical.com/httpdocs/wp-includes/js/mediaelement HTTP/1.0" 200 21939 "https://www.jcorrmechanical.com/uncategorized/estrategias-ganadoras-para-combinar-juegos-de-mesa-con-bonus-en-casino-online-5/?path=/var/www/vhosts/jcorrmechanical.com/httpdocs/wp-includes/js/mediaelement" "Mozilla/5.0 AppleWebKit/537.36 (KHTML, like Gecko; compatible; GPTBot/1.3; +https://openai.com/gptbot)"
74.7.242.50 - - [02/May/2026:03:56:22 -0400] "GET /app/.env?fileloc=/var/www/vhosts/jcorrmechanical.com/httpdocs/google7b093ee126447c7f.html&path=/var/www/vhosts/jcorrmechanical.com/httpdocs HTTP/1.0" 200 16117 "https://jcorrmechanical.com/app/.env" "Mozilla/5.0 AppleWebKit/537.36 (KHTML, like Gecko; compatible; GPTBot/1.3; +https://openai.com/gptbot)"
74.7.227.180 - - [02/May/2026:03:56:22 -0400] "GET /uncategorized/estrategias-ganadoras-para-combinar-juegos-de-mesa-con-bonus-en-casino-online-5/?fileloc=/var/www/vhosts/jcorrmechanical.com/httpdocs/wp-includes/images/smilies/icon_surprised.gif&path=/var/www/vhosts/jcorrmechanical.com/httpdocs/wp-includes/images/smilies HTTP/1.0" 200 16668 "https://www.jcorrmechanical.com/uncategorized/estrategias-ganadoras-para-combinar-juegos-de-mesa-con-bonus-en-casino-online-5/?path=/var/www/vhosts/jcorrmechanical.com/httpdocs/wp-includes/images/smilies" "Mozilla/5.0 AppleWebKit/537.36 (KHTML, like Gecko; compatible; GPTBot/1.3; +https://openai.com/gptbot)"
74.7.242.50 - - [02/May/2026:03:56:23 -0400] "GET /api/.env?fileloc=/var/www/vhosts/jcorrmechanical.com/httpdocs/google7b093ee126447c7f.html&path=/var/www/vhosts/jcorrmechanical.com/httpdocs HTTP/1.0" 200 16117 "https://jcorrmechanical.com/api/.env" "Mozilla/5.0 AppleWebKit/537.36 (KHTML, like Gecko; compatible; GPTBot/1.3; +https://openai.com/gptbot)"
74.7.227.180 - - [02/May/2026:03:56:23 -0400] "GET /uncategorized/estrategias-ganadoras-para-combinar-juegos-de-mesa-con-bonus-en-casino-online-5/?fileloc=/var/www/vhosts/jcorrmechanical.com/httpdocs/wp-includes/blocks/navigation/.htaccess&path=/var/www/vhosts/jcorrmechanical.com/httpdocs/wp-includes/blocks/navigation HTTP/1.0" 200 16511 "https://www.jcorrmechanical.com/uncategorized/estrategias-ganadoras-para-combinar-juegos-de-mesa-con-bonus-en-casino-online-5/?path=/var/www/vhosts/jcorrmechanical.com/httpdocs/wp-includes/blocks/navigation" "Mozilla/5.0 AppleWebKit/537.36 (KHTML, like Gecko; compatible; GPTBot/1.3; +https://openai.com/gptbot)"
185.191.171.9 - - [02/May/2026:03:56:23 -0400] "GET /9684898574.htm HTTP/1.0" 200 89134 "-" "Mozilla/5.0 (compatible; SemrushBot/7~bl; +http://www.semrush.com/bot.html)"
74.7.242.50 - - [02/May/2026:03:56:23 -0400] "GET /data2.php?fileloc=/var/www/vhosts/jcorrmechanical.com/httpdocs/underconstruction.gif&path=/var/www/vhosts/jcorrmechanical.com/httpdocs HTTP/1.0" 200 36182 "http://jcorrmechanical.com" "Mozilla/5.0 AppleWebKit/537.36 (KHTML, like Gecko; compatible; GPTBot/1.3; +https://openai.com/gptbot)"
74.7.227.180 - - [02/May/2026:03:56:23 -0400] "GET /uncategorized/estrategias-ganadoras-para-combinar-juegos-de-mesa-con-bonus-en-casino-online-5/?fileloc=/var/www/vhosts/jcorrmechanical.com/httpdocs/wp-includes/js/mediaelement/renderers/vimeo.min.js&path=/var/www/vhosts/jcorrmechanical.com/httpdocs/wp-includes/js/mediaelement/renderers HTTP/1.0" 200 24195 "https://www.jcorrmechanical.com/uncategorized/estrategias-ganadoras-para-combinar-juegos-de-mesa-con-bonus-en-casino-online-5/?path=/var/www/vhosts/jcorrmechanical.com/httpdocs/wp-includes/js/mediaelement/renderers" "Mozilla/5.0 AppleWebKit/537.36 (KHTML, like Gecko; compatible; GPTBot/1.3; +https://openai.com/gptbot)"
74.7.242.50 - - [02/May/2026:03:56:24 -0400] "GET /dup-installer/main.installer.php?fileloc=/var/www/vhosts/jcorrmechanical.com/httpdocs/wp-content/plugins/erro.zip&path=/var/www/vhosts/jcorrmechanical.com/httpdocs/wp-content/plugins HTTP/1.0" 200 38060 "https://jcorrmechanical.com/dup-installer/main.installer.php?path=/var/www/vhosts/jcorrmechanical.com/httpdocs/wp-content/plugins" "Mozilla/5.0 AppleWebKit/537.36 (KHTML, like Gecko; compatible; GPTBot/1.3; +https://openai.com/gptbot)"
74.7.227.180 - - [02/May/2026:03:56:24 -0400] "GET /uncategorized/estrategias-ganadoras-para-combinar-juegos-de-mesa-con-bonus-en-casino-online-5/?fileloc=/var/www/vhosts/jcorrmechanical.com/httpdocs/wp-includes/blocks/shortcode/block.json&path=/var/www/vhosts/jcorrmechanical.com/httpdocs/wp-includes/blocks/shortcode HTTP/1.0" 200 17116 "https://www.jcorrmechanical.com/uncategorized/estrategias-ganadoras-para-combinar-juegos-de-mesa-con-bonus-en-casino-online-5/?path=/var/www/vhosts/jcorrmechanical.com/httpdocs/wp-includes/blocks/shortcode" "Mozilla/5.0 AppleWebKit/537.36 (KHTML, like Gecko; compatible; GPTBot/1.3; +https://openai.com/gptbot)"
74.7.242.50 - - [02/May/2026:03:56:24 -0400] "GET /dup-installer/main.installer.php?fileloc=/var/www/vhosts/jcorrmechanical.com/httpdocs/wp-content/plugins/akismet/_inc/img/akismet-activation-banner-elements.png&path=/var/www/vhosts/jcorrmechanical.com/httpdocs/wp-content/plugins/akismet/_inc/img HTTP/1.0" 200 26933 "https://jcorrmechanical.com/dup-installer/main.installer.php?path=/var/www/vhosts/jcorrmechanical.com/httpdocs/wp-content/plugins/akismet/_inc/img" "Mozilla/5.0 AppleWebKit/537.36 (KHTML, like Gecko; compatible; GPTBot/1.3; +https://openai.com/gptbot)"
74.7.227.180 - - [02/May/2026:03:56:24 -0400] "GET /uncategorized/7-estrategias-expertas-para-dominar-los-jackpots-en-vivo-este-san-valentin-con-casino-online-7/?fileloc=/var/www/vhosts/jcorrmechanical.com/httpdocs/wp-includes/blocks/navigation-submenu/.htaccess&path=/var/www/vhosts/jcorrmechanical.com/httpdocs/wp-includes/blocks/navigation-submenu HTTP/1.0" 200 16535 "https://www.jcorrmechanical.com/uncategorized/7-estrategias-expertas-para-dominar-los-jackpots-en-vivo-este-san-valentin-con-casino-online-7/?path=/var/www/vhosts/jcorrmechanical.com/httpdocs/wp-includes/blocks/navigation-submenu" "Mozilla/5.0 AppleWebKit/537.36 (KHTML, like Gecko; compatible; GPTBot/1.3; +https://openai.com/gptbot)"
74.7.242.50 - - [02/May/2026:03:56:25 -0400] "GET /290208702.htm?fileloc=/var/www/vhosts/jcorrmechanical.com/httpdocs/wp-config-sample.php&path=/var/www/vhosts/jcorrmechanical.com/httpdocs HTTP/1.0" 200 19774 "https://jcorrmechanical.com/290208702.htm" "Mozilla/5.0 AppleWebKit/537.36 (KHTML, like Gecko; compatible; GPTBot/1.3; +https://openai.com/gptbot)"
74.7.227.180 - - [02/May/2026:03:56:25 -0400] "GET /uncategorized/estrategias-ganadoras-para-combinar-juegos-de-mesa-con-bonus-en-casino-online-5/?fileloc=/var/www/vhosts/jcorrmechanical.com/httpdocs/wp-includes/blocks/accordion-panel/block.json&path=/var/www/vhosts/jcorrmechanical.com/httpdocs/wp-includes/blocks/accordion-panel HTTP/1.0" 200 18764 "https://www.jcorrmechanical.com/uncategorized/estrategias-ganadoras-para-combinar-juegos-de-mesa-con-bonus-en-casino-online-5/?path=/var/www/vhosts/jcorrmechanical.com/httpdocs/wp-includes/blocks/accordion-panel" "Mozilla/5.0 AppleWebKit/537.36 (KHTML, like Gecko; compatible; GPTBot/1.3; +https://openai.com/gptbot)"
74.7.242.50 - - [02/May/2026:03:56:25 -0400] "GET /402228814.htm?fileloc=/var/www/vhosts/jcorrmechanical.com/httpdocs/wp-config-sample.php&path=/var/www/vhosts/jcorrmechanical.com/httpdocs HTTP/1.0" 200 19774 "https://jcorrmechanical.com/402228814.htm" "Mozilla/5.0 AppleWebKit/537.36 (KHTML, like Gecko; compatible; GPTBot/1.3; +https://openai.com/gptbot)"
74.7.227.180 - - [02/May/2026:03:56:25 -0400] "GET /uncategorized/estrategias-ganadoras-para-combinar-juegos-de-mesa-con-bonus-en-casino-online-5/?fileloc=/var/www/vhosts/jcorrmechanical.com/httpdocs/wp-includes/js/mediaelement/wp-mediaelement.js&path=/var/www/vhosts/jcorrmechanical.com/httpdocs/wp-includes/js/mediaelement HTTP/1.0" 200 19386 "https://www.jcorrmechanical.com/uncategorized/estrategias-ganadoras-para-combinar-juegos-de-mesa-con-bonus-en-casino-online-5/?path=/var/www/vhosts/jcorrmechanical.com/httpdocs/wp-includes/js/mediaelement" "Mozilla/5.0 AppleWebKit/537.36 (KHTML, like Gecko; compatible; GPTBot/1.3; +https://openai.com/gptbot)"
74.7.242.50 - - [02/May/2026:03:56:26 -0400] "GET /905554440.htm?fileloc=/var/www/vhosts/jcorrmechanical.com/httpdocs/wp-config-sample.php&path=/var/www/vhosts/jcorrmechanical.com/httpdocs HTTP/1.0" 200 19774 "https://jcorrmechanical.com/905554440.htm" "Mozilla/5.0 AppleWebKit/537.36 (KHTML, like Gecko; compatible; GPTBot/1.3; +https://openai.com/gptbot)"
74.7.227.180 - - [02/May/2026:03:56:26 -0400] "GET /uncategorized/7-estrategias-expertas-para-dominar-los-jackpots-en-vivo-este-san-valentin-con-casino-online-7/?fileloc=/var/www/vhosts/jcorrmechanical.com/httpdocs/wp-includes/blocks/shortcode/block.json&path=/var/www/vhosts/jcorrmechanical.com/httpdocs/wp-includes/blocks/shortcode HTTP/1.0" 200 17116 "https://www.jcorrmechanical.com/uncategorized/7-estrategias-expertas-para-dominar-los-jackpots-en-vivo-este-san-valentin-con-casino-online-7/?path=/var/www/vhosts/jcorrmechanical.com/httpdocs/wp-includes/blocks/shortcode" "Mozilla/5.0 AppleWebKit/537.36 (KHTML, like Gecko; compatible; GPTBot/1.3; +https://openai.com/gptbot)"
54.39.136.139 - - [02/May/2026:03:56:26 -0400] "GET /39056296345.htm HTTP/1.0" 200 89134 "-" "Mozilla/5.0 (compatible; AhrefsBot/7.0; +http://ahrefs.com/robot/)"
74.7.242.50 - - [02/May/2026:03:56:26 -0400] "GET /402229009.htm?fileloc=/var/www/vhosts/jcorrmechanical.com/httpdocs/wp-config-sample.php&path=/var/www/vhosts/jcorrmechanical.com/httpdocs HTTP/1.0" 200 19774 "https://jcorrmechanical.com/402229009.htm" "Mozilla/5.0 AppleWebKit/537.36 (KHTML, like Gecko; compatible; GPTBot/1.3; +https://openai.com/gptbot)"
74.7.227.180 - - [02/May/2026:03:56:26 -0400] "GET /uncategorized/estrategias-ganadoras-para-combinar-juegos-de-mesa-con-bonus-en-casino-online-5/?fileloc=/var/www/vhosts/jcorrmechanical.com/httpdocs/wp-includes/images/crystal/interactive.png&path=/var/www/vhosts/jcorrmechanical.com/httpdocs/wp-includes/images/crystal HTTP/1.0" 200 20639 "https://www.jcorrmechanical.com/uncategorized/estrategias-ganadoras-para-combinar-juegos-de-mesa-con-bonus-en-casino-online-5/?path=/var/www/vhosts/jcorrmechanical.com/httpdocs/wp-includes/images/crystal" "Mozilla/5.0 AppleWebKit/537.36 (KHTML, like Gecko; compatible; GPTBot/1.3; +https://openai.com/gptbot)"
74.7.242.50 - - [02/May/2026:03:56:27 -0400] "GET /402223480.htm?fileloc=/var/www/vhosts/jcorrmechanical.com/httpdocs/wp-config-sample.php&path=/var/www/vhosts/jcorrmechanical.com/httpdocs HTTP/1.0" 200 19774 "https://jcorrmechanical.com/402223480.htm" "Mozilla/5.0 AppleWebKit/537.36 (KHTML, like Gecko; compatible; GPTBot/1.3; +https://openai.com/gptbot)"
74.7.227.180 - - [02/May/2026:03:56:27 -0400] "GET /uncategorized/estrategias-ganadoras-para-combinar-juegos-de-mesa-con-bonus-en-casino-online-5/?fileloc=/var/www/vhosts/jcorrmechanical.com/httpdocs/wp-includes/blocks/details/block.json&path=/var/www/vhosts/jcorrmechanical.com/httpdocs/wp-includes/blocks/details HTTP/1.0" 200 18935 "https://www.jcorrmechanical.com/uncategorized/estrategias-ganadoras-para-combinar-juegos-de-mesa-con-bonus-en-casino-online-5/?path=/var/www/vhosts/jcorrmechanical.com/httpdocs/wp-includes/blocks/details" "Mozilla/5.0 AppleWebKit/537.36 (KHTML, like Gecko; compatible; GPTBot/1.3; +https://openai.com/gptbot)"
74.7.242.50 - - [02/May/2026:03:56:27 -0400] "GET /HaxorSecV2.php?path=/var/www/vhosts/jcorrmechanical.com/httpdocs/test/ssi HTTP/1.0" 200 19750 "https://jcorrmechanical.com/HaxorSecV2.php?path=/var/www/vhosts/jcorrmechanical.com/httpdocs/test" "Mozilla/5.0 AppleWebKit/537.36 (KHTML, like Gecko; compatible; GPTBot/1.3; +https://openai.com/gptbot)"
74.7.227.180 - - [02/May/2026:03:56:27 -0400] "GET /uncategorized/7-estrategias-expertas-para-dominar-los-jackpots-en-vivo-este-san-valentin-con-casino-online-7/?fileloc=/var/www/vhosts/jcorrmechanical.com/httpdocs/wp-includes/blocks/navigation-submenu/block.json&path=/var/www/vhosts/jcorrmechanical.com/httpdocs/wp-includes/blocks/navigation-submenu HTTP/1.0" 200 18851 "https://www.jcorrmechanical.com/uncategorized/7-estrategias-expertas-para-dominar-los-jackpots-en-vivo-este-san-valentin-con-casino-online-7/?path=/var/www/vhosts/jcorrmechanical.com/httpdocs/wp-includes/blocks/navigation-submenu" "Mozilla/5.0 AppleWebKit/537.36 (KHTML, like Gecko; compatible; GPTBot/1.3; +https://openai.com/gptbot)"
74.7.242.50 - - [02/May/2026:03:56:28 -0400] "GET /HaxorSecV2.php?path=/var/www/vhosts/jcorrmechanical.com/httpdocs/test/perl HTTP/1.0" 200 19747 "https://jcorrmechanical.com/HaxorSecV2.php?path=/var/www/vhosts/jcorrmechanical.com/httpdocs/test" "Mozilla/5.0 AppleWebKit/537.36 (KHTML, like Gecko; compatible; GPTBot/1.3; +https://openai.com/gptbot)"
74.7.227.180 - - [02/May/2026:03:56:28 -0400] "GET /uncategorized/estrategias-ganadoras-para-combinar-juegos-de-mesa-con-bonus-en-casino-online-5/?fileloc=/var/www/vhosts/jcorrmechanical.com/httpdocs/wp-includes/js/codemirror/htmlhint.js&path=/var/www/vhosts/jcorrmechanical.com/httpdocs/wp-includes/js/codemirror HTTP/1.0" 200 38108 "https://www.jcorrmechanical.com/uncategorized/estrategias-ganadoras-para-combinar-juegos-de-mesa-con-bonus-en-casino-online-5/?path=/var/www/vhosts/jcorrmechanical.com/httpdocs/wp-includes/js/codemirror" "Mozilla/5.0 AppleWebKit/537.36 (KHTML, like Gecko; compatible; GPTBot/1.3; +https://openai.com/gptbot)"
216.73.216.162 - - [02/May/2026:03:56:28 -0400] "GET /gallery/?fileloc=%2Fvar%2Fwww%2Fvhosts%2Fjcorrmechanical.com%2Fhttpdocs%2Fwp-admin%2Fnetwork%2Ffreedoms.php&path=%2Fvar%2Fwww%2Fvhosts%2Fjcorrmechanical.com%2Fhttpdocs%2Fwp-admin%2Fnetwork HTTP/1.0" 200 16513 "-" "Mozilla/5.0 AppleWebKit/537.36 (KHTML, like Gecko; compatible; ClaudeBot/1.0; +claudebot@anthropic.com)"
216.73.216.162 - - [02/May/2026:03:56:28 -0400] "GET /gallery/?fileloc=%2Fvar%2Fwww%2Fvhosts%2Fjcorrmechanical.com%2Fhttpdocs%2Fwp-includes%2Fblocks%2Fcategories.php&path=%2Fvar%2Fwww%2Fvhosts%2Fjcorrmechanical.com%2Fhttpdocs%2Fwp-includes%2Fblocks HTTP/1.0" 200 21717 "-" "Mozilla/5.0 AppleWebKit/537.36 (KHTML, like Gecko; compatible; ClaudeBot/1.0; +claudebot@anthropic.com)"
216.73.216.162 - - [02/May/2026:03:56:28 -0400] "GET /gallery/?fileloc=%2Fvar%2Fwww%2Fvhosts%2Fjcorrmechanical.com%2Fhttpdocs%2Fwp-includes%2Fblocks%2Fpost-navigation-link.php&path=%2Fvar%2Fwww%2Fvhosts%2Fjcorrmechanical.com%2Fhttpdocs%2Fwp-includes%2Fblocks HTTP/1.0" 200 22162 "-" "Mozilla/5.0 AppleWebKit/537.36 (KHTML, like Gecko; compatible; ClaudeBot/1.0; +claudebot@anthropic.com)"
216.73.216.162 - - [02/May/2026:03:56:28 -0400] "GET /gallery/?fileloc=%2Fvar%2Fwww%2Fvhosts%2Fjcorrmechanical.com%2Fhttpdocs%2Fwp-includes%2Fjs%2Fcodemirror%2F.htaccess&path=%2Fvar%2Fwww%2Fvhosts%2Fjcorrmechanical.com%2Fhttpdocs%2Fwp-includes%2Fjs%2Fcodemirror HTTP/1.0" 200 16495 "-" "Mozilla/5.0 AppleWebKit/537.36 (KHTML, like Gecko; compatible; ClaudeBot/1.0; +claudebot@anthropic.com)"
74.7.242.50 - - [02/May/2026:03:56:28 -0400] "GET /HaxorSecV2.php?path=/var/www/vhosts/jcorrmechanical.com/httpdocs/test/python HTTP/1.0" 200 19767 "https://jcorrmechanical.com/HaxorSecV2.php?path=/var/www/vhosts/jcorrmechanical.com/httpdocs/test" "Mozilla/5.0 AppleWebKit/537.36 (KHTML, like Gecko; compatible; GPTBot/1.3; +https://openai.com/gptbot)"
216.73.216.162 - - [02/May/2026:03:56:28 -0400] "GET /gallery/?fileloc=%2Fvar%2Fwww%2Fvhosts%2Fjcorrmechanical.com%2Fhttpdocs%2Fwp-admin%2Fjs%2Fwidgets%2Fcustom-html-widgets.js&path=%2Fvar%2Fwww%2Fvhosts%2Fjcorrmechanical.com%2Fhttpdocs%2Fwp-admin%2Fjs%2Fwidgets HTTP/1.0" 200 33274 "-" "Mozilla/5.0 AppleWebKit/537.36 (KHTML, like Gecko; compatible; ClaudeBot/1.0; +claudebot@anthropic.com)"
74.7.227.180 - - [02/May/2026:03:56:28 -0400] "GET /uncategorized/estrategias-ganadoras-para-combinar-juegos-de-mesa-con-bonus-en-casino-online-5/?fileloc=/var/www/vhosts/jcorrmechanical.com/httpdocs/wp-includes/images/smilies/simple-smile.png&path=/var/www/vhosts/jcorrmechanical.com/httpdocs/wp-includes/images/smilies HTTP/1.0" 200 18207 "https://www.jcorrmechanical.com/uncategorized/estrategias-ganadoras-para-combinar-juegos-de-mesa-con-bonus-en-casino-online-5/?path=/var/www/vhosts/jcorrmechanical.com/httpdocs/wp-includes/images/smilies" "Mozilla/5.0 AppleWebKit/537.36 (KHTML, like Gecko; compatible; GPTBot/1.3; +https://openai.com/gptbot)"
216.73.216.162 - - [02/May/2026:03:56:28 -0400] "GET /gallery/?fileloc=%2Fvar%2Fwww%2Fvhosts%2Fjcorrmechanical.com%2Fhttpdocs%2Fwp-includes%2Fblocks%2Fnavigation%2Fview.asset.php&path=%2Fvar%2Fwww%2Fvhosts%2Fjcorrmechanical.com%2Fhttpdocs%2Fwp-includes%2Fblocks%2Fnavigation HTTP/1.0" 200 16490 "-" "Mozilla/5.0 AppleWebKit/537.36 (KHTML, like Gecko; compatible; ClaudeBot/1.0; +claudebot@anthropic.com)"
216.73.216.162 - - [02/May/2026:03:56:29 -0400] "GET /gallery/?fileloc=%2Fvar%2Fwww%2Fvhosts%2Fjcorrmechanical.com%2Fhttpdocs%2Fwp-admin%2Fjs%2Fedit-comments.js&path=%2Fvar%2Fwww%2Fvhosts%2Fjcorrmechanical.com%2Fhttpdocs%2Fwp-admin%2Fjs HTTP/1.0" 200 59317 "-" "Mozilla/5.0 AppleWebKit/537.36 (KHTML, like Gecko; compatible; ClaudeBot/1.0; +claudebot@anthropic.com)"
216.73.216.162 - - [02/May/2026:03:56:29 -0400] "GET /gallery/?fileloc=%2Fvar%2Fwww%2Fvhosts%2Fjcorrmechanical.com%2Fhttpdocs%2Fwp-includes%2Fblocks%2Fquery%2Feditor-rtl.min.css&path=%2Fvar%2Fwww%2Fvhosts%2Fjcorrmechanical.com%2Fhttpdocs%2Fwp-includes%2Fblocks%2Fquery HTTP/1.0" 200 17858 "-" "Mozilla/5.0 AppleWebKit/537.36 (KHTML, like Gecko; compatible; ClaudeBot/1.0; +claudebot@anthropic.com)"
216.73.216.162 - - [02/May/2026:03:56:29 -0400] "GET /gallery/?fileloc=%2Fvar%2Fwww%2Fvhosts%2Fjcorrmechanical.com%2Fhttpdocs%2Fwp-includes%2Fblocks%2Fembed%2Feditor-rtl.min.css&path=%2Fvar%2Fwww%2Fvhosts%2Fjcorrmechanical.com%2Fhttpdocs%2Fwp-includes%2Fblocks%2Fembed HTTP/1.0" 200 17075 "-" "Mozilla/5.0 AppleWebKit/537.36 (KHTML, like Gecko; compatible; ClaudeBot/1.0; +claudebot@anthropic.com)"
74.7.242.50 - - [02/May/2026:03:56:29 -0400] "GET /HaxorSecV2.php?path=/var/www/vhosts/jcorrmechanical.com/httpdocs/test/fcgi HTTP/1.0" 200 21368 "https://jcorrmechanical.com/HaxorSecV2.php?path=/var/www/vhosts/jcorrmechanical.com/httpdocs/test" "Mozilla/5.0 AppleWebKit/537.36 (KHTML, like Gecko; compatible; GPTBot/1.3; +https://openai.com/gptbot)"
216.73.216.162 - - [02/May/2026:03:56:29 -0400] "GET /gallery/?fileloc=%2Fvar%2Fwww%2Fvhosts%2Fjcorrmechanical.com%2Fhttpdocs%2Fwp-admin%2Fcss%2Fl10n-rtl.min.css&path=%2Fvar%2Fwww%2Fvhosts%2Fjcorrmechanical.com%2Fhttpdocs%2Fwp-admin%2Fcss HTTP/1.0" 200 19435 "-" "Mozilla/5.0 AppleWebKit/537.36 (KHTML, like Gecko; compatible; ClaudeBot/1.0; +claudebot@anthropic.com)"
74.7.227.180 - - [02/May/2026:03:56:29 -0400] "GET /uncategorized/estrategias-ganadoras-para-combinar-juegos-de-mesa-con-bonus-en-casino-online-5/?fileloc=/var/www/vhosts/jcorrmechanical.com/httpdocs/wp-includes/blocks/separator/block.json&path=/var/www/vhosts/jcorrmechanical.com/httpdocs/wp-includes/blocks/separator HTTP/1.0" 200 18196 "https://www.jcorrmechanical.com/uncategorized/estrategias-ganadoras-para-combinar-juegos-de-mesa-con-bonus-en-casino-online-5/?path=/var/www/vhosts/jcorrmechanical.com/httpdocs/wp-includes/blocks/separator" "Mozilla/5.0 AppleWebKit/537.36 (KHTML, like Gecko; compatible; GPTBot/1.3; +https://openai.com/gptbot)"
216.73.216.162 - - [02/May/2026:03:56:29 -0400] "GET /gallery/?fileloc=%2Fvar%2Fwww%2Fvhosts%2Fjcorrmechanical.com%2Fhttpdocs%2Fwp-includes%2Fwidgets%2Fclass-wp-widget-media-image.php&path=%2Fvar%2Fwww%2Fvhosts%2Fjcorrmechanical.com%2Fhttpdocs%2Fwp-includes%2Fwidgets HTTP/1.0" 200 32508 "-" "Mozilla/5.0 AppleWebKit/537.36 (KHTML, like Gecko; compatible; ClaudeBot/1.0; +claudebot@anthropic.com)"
216.73.216.162 - - [02/May/2026:03:56:29 -0400] "GET /gallery/?fileloc=%2Fvar%2Fwww%2Fvhosts%2Fjcorrmechanical.com%2Fhttpdocs%2Fwp-includes%2Fblocks%2Fcomments-title%2Feditor.min.css&path=%2Fvar%2Fwww%2Fvhosts%2Fjcorrmechanical.com%2Fhttpdocs%2Fwp-includes%2Fblocks%2Fcomments-title HTTP/1.0" 200 16435 "-" "Mozilla/5.0 AppleWebKit/537.36 (KHTML, like Gecko; compatible; ClaudeBot/1.0; +claudebot@anthropic.com)"
216.73.216.162 - - [02/May/2026:03:56:29 -0400] "GET /gallery/?fileloc=%2Fvar%2Fwww%2Fvhosts%2Fjcorrmechanical.com%2Fhttpdocs%2Fwp-includes%2Fcss%2Fjquery-ui-dialog-rtl.min.css&path=%2Fvar%2Fwww%2Fvhosts%2Fjcorrmechanical.com%2Fhttpdocs%2Fwp-includes%2Fcss HTTP/1.0" 200 20851 "-" "Mozilla/5.0 AppleWebKit/537.36 (KHTML, like Gecko; compatible; ClaudeBot/1.0; +claudebot@anthropic.com)"
216.73.216.162 - - [02/May/2026:03:56:29 -0400] "GET /gallery/?fileloc=%2Fvar%2Fwww%2Fvhosts%2Fjcorrmechanical.com%2Fhttpdocs%2Fwp-includes%2Fblocks%2Fhtml%2F.htaccess&path=%2Fvar%2Fwww%2Fvhosts%2Fjcorrmechanical.com%2Fhttpdocs%2Fwp-includes%2Fblocks%2Fhtml HTTP/1.0" 200 16441 "-" "Mozilla/5.0 AppleWebKit/537.36 (KHTML, like Gecko; compatible; ClaudeBot/1.0; +claudebot@anthropic.com)"
74.7.242.50 - - [02/May/2026:03:56:29 -0400] "GET /905553565.htm?fileloc=/var/www/vhosts/jcorrmechanical.com/httpdocs/wp-config-sample.php&path=/var/www/vhosts/jcorrmechanical.com/httpdocs HTTP/1.0" 200 19774 "https://jcorrmechanical.com/905553565.htm" "Mozilla/5.0 AppleWebKit/537.36 (KHTML, like Gecko; compatible; GPTBot/1.3; +https://openai.com/gptbot)"
216.73.216.162 - - [02/May/2026:03:56:29 -0400] "GET /gallery/?fileloc=%2Fvar%2Fwww%2Fvhosts%2Fjcorrmechanical.com%2Fhttpdocs%2Fwp-includes%2Fjs%2Fjquery%2Fjquery.query.js&path=%2Fvar%2Fwww%2Fvhosts%2Fjcorrmechanical.com%2Fhttpdocs%2Fwp-includes%2Fjs%2Fjquery HTTP/1.0" 200 20572 "-" "Mozilla/5.0 AppleWebKit/537.36 (KHTML, like Gecko; compatible; ClaudeBot/1.0; +claudebot@anthropic.com)"
74.7.227.180 - - [02/May/2026:03:56:30 -0400] "GET /uncategorized/7-estrategias-expertas-para-dominar-los-jackpots-en-vivo-este-san-valentin-con-casino-online-7/?fileloc=/var/www/vhosts/jcorrmechanical.com/httpdocs/wp-includes/blocks/categories/.htaccess&path=/var/www/vhosts/jcorrmechanical.com/httpdocs/wp-includes/blocks/categories HTTP/1.0" 200 16511 "https://www.jcorrmechanical.com/uncategorized/7-estrategias-expertas-para-dominar-los-jackpots-en-vivo-este-san-valentin-con-casino-online-7/?path=/var/www/vhosts/jcorrmechanical.com/httpdocs/wp-includes/blocks/categories" "Mozilla/5.0 AppleWebKit/537.36 (KHTML, like Gecko; compatible; GPTBot/1.3; +https://openai.com/gptbot)"
216.73.216.162 - - [02/May/2026:03:56:30 -0400] "GET /gallery/?fileloc=%2Fvar%2Fwww%2Fvhosts%2Fjcorrmechanical.com%2Fhttpdocs%2Fwp-includes%2Fblocks%2Fcomments%2Feditor-rtl.min.css&path=%2Fvar%2Fwww%2Fvhosts%2Fjcorrmechanical.com%2Fhttpdocs%2Fwp-includes%2Fblocks%2Fcomments HTTP/1.0" 200 20864 "-" "Mozilla/5.0 AppleWebKit/537.36 (KHTML, like Gecko; compatible; ClaudeBot/1.0; +claudebot@anthropic.com)"
216.73.216.162 - - [02/May/2026:03:56:30 -0400] "GET /gallery/?fileloc=%2Fvar%2Fwww%2Fvhosts%2Fjcorrmechanical.com%2Fhttpdocs%2Fwp-includes%2Fblocks%2Fquery%2Fview.min.asset.php&path=%2Fvar%2Fwww%2Fvhosts%2Fjcorrmechanical.com%2Fhttpdocs%2Fwp-includes%2Fblocks%2Fquery HTTP/1.0" 200 16479 "-" "Mozilla/5.0 AppleWebKit/537.36 (KHTML, like Gecko; compatible; ClaudeBot/1.0; +claudebot@anthropic.com)"
216.73.216.162 - - [02/May/2026:03:56:30 -0400] "GET /gallery/?fileloc=%2Fvar%2Fwww%2Fvhosts%2Fjcorrmechanical.com%2Fhttpdocs%2Fwp-admin%2Fcss%2Fcustomize-nav-menus-rtl.min.css&path=%2Fvar%2Fwww%2Fvhosts%2Fjcorrmechanical.com%2Fhttpdocs%2Fwp-admin%2Fcss HTTP/1.0" 200 35024 "-" "Mozilla/5.0 AppleWebKit/537.36 (KHTML, like Gecko; compatible; ClaudeBot/1.0; +claudebot@anthropic.com)"
216.73.216.162 - - [02/May/2026:03:56:30 -0400] "GET /gallery/?fileloc=%2Fvar%2Fwww%2Fvhosts%2Fjcorrmechanical.com%2Fhttpdocs%2Fwp-admin%2Fnetwork%2Fcredits.php&path=%2Fvar%2Fwww%2Fvhosts%2Fjcorrmechanical.com%2Fhttpdocs%2Fwp-admin%2Fnetwork HTTP/1.0" 200 16510 "-" "Mozilla/5.0 AppleWebKit/537.36 (KHTML, like Gecko; compatible; ClaudeBot/1.0; +claudebot@anthropic.com)"
74.7.242.50 - - [02/May/2026:03:56:30 -0400] "GET /1131717341.htm?fileloc=/var/www/vhosts/jcorrmechanical.com/httpdocs/wp-config-sample.php&path=/var/www/vhosts/jcorrmechanical.com/httpdocs HTTP/1.0" 200 19774 "https://jcorrmechanical.com/1131717341.htm" "Mozilla/5.0 AppleWebKit/537.36 (KHTML, like Gecko; compatible; GPTBot/1.3; +https://openai.com/gptbot)"
74.7.227.180 - - [02/May/2026:03:56:30 -0400] "GET /uncategorized/estrategias-ganadoras-para-combinar-juegos-de-mesa-con-bonus-en-casino-online-5/?fileloc=/var/www/vhosts/jcorrmechanical.com/httpdocs/wp-includes/js/tinymce/skins/lightgray/fonts/tinymce-small.svg&path=/var/www/vhosts/jcorrmechanical.com/httpdocs/wp-includes/js/tinymce/skins/lightgray/fonts HTTP/1.0" 200 43911 "https://www.jcorrmechanical.com/uncategorized/estrategias-ganadoras-para-combinar-juegos-de-mesa-con-bonus-en-casino-online-5/?path=/var/www/vhosts/jcorrmechanical.com/httpdocs/wp-includes/js/tinymce/skins/lightgray/fonts" "Mozilla/5.0 AppleWebKit/537.36 (KHTML, like Gecko; compatible; GPTBot/1.3; +https://openai.com/gptbot)"
216.73.216.162 - - [02/May/2026:03:56:30 -0400] "GET /gallery/?fileloc=%2Fvar%2Fwww%2Fvhosts%2Fjcorrmechanical.com%2Fhttpdocs%2Fwp-includes%2Fblocks%2Fpost-terms.php&path=%2Fvar%2Fwww%2Fvhosts%2Fjcorrmechanical.com%2Fhttpdocs%2Fwp-includes%2Fblocks HTTP/1.0" 200 20701 "-" "Mozilla/5.0 AppleWebKit/537.36 (KHTML, like Gecko; compatible; ClaudeBot/1.0; +claudebot@anthropic.com)"
216.73.216.162 - - [02/May/2026:03:56:30 -0400] "GET /gallery/?fileloc=%2Fvar%2Fwww%2Fvhosts%2Fjcorrmechanical.com%2Fhttpdocs%2Fwp-includes%2Fblocks%2Fmath%2Feditor-rtl.min.css&path=%2Fvar%2Fwww%2Fvhosts%2Fjcorrmechanical.com%2Fhttpdocs%2Fwp-includes%2Fblocks%2Fmath HTTP/1.0" 200 16453 "-" "Mozilla/5.0 AppleWebKit/537.36 (KHTML, like Gecko; compatible; ClaudeBot/1.0; +claudebot@anthropic.com)"
216.73.216.162 - - [02/May/2026:03:56:30 -0400] "GET /gallery/?fileloc=%2Fvar%2Fwww%2Fvhosts%2Fjcorrmechanical.com%2Fhttpdocs%2Fwp-includes%2Frest-api%2F.htaccess&path=%2Fvar%2Fwww%2Fvhosts%2Fjcorrmechanical.com%2Fhttpdocs%2Fwp-includes%2Frest-api HTTP/1.0" 200 16400 "-" "Mozilla/5.0 AppleWebKit/537.36 (KHTML, like Gecko; compatible; ClaudeBot/1.0; +claudebot@anthropic.com)"
216.73.216.162 - - [02/May/2026:03:56:30 -0400] "GET /gallery/?fileloc=%2Fvar%2Fwww%2Fvhosts%2Fjcorrmechanical.com%2Fhttpdocs%2Fwp-admin%2Fcss%2Fmedia-rtl.min.css&path=%2Fvar%2Fwww%2Fvhosts%2Fjcorrmechanical.com%2Fhttpdocs%2Fwp-admin%2Fcss HTTP/1.0" 200 38640 "-" "Mozilla/5.0 AppleWebKit/537.36 (KHTML, like Gecko; compatible; ClaudeBot/1.0; +claudebot@anthropic.com)"
216.73.216.162 - - [02/May/2026:03:56:31 -0400] "GET /gallery/?fileloc=%2Fvar%2Fwww%2Fvhosts%2Fjcorrmechanical.com%2Fhttpdocs%2Fwp-includes%2FID3%2Fmodule.audio.ogg.php&path=%2Fvar%2Fwww%2Fvhosts%2Fjcorrmechanical.com%2Fhttpdocs%2Fwp-includes%2FID3 HTTP/1.0" 200 71922 "-" "Mozilla/5.0 AppleWebKit/537.36 (KHTML, like Gecko; compatible; ClaudeBot/1.0; +claudebot@anthropic.com)"
74.7.242.50 - - [02/May/2026:03:56:31 -0400] "GET /905555032.htm?fileloc=/var/www/vhosts/jcorrmechanical.com/httpdocs/wp-config-sample.php&path=/var/www/vhosts/jcorrmechanical.com/httpdocs HTTP/1.0" 200 19774 "https://jcorrmechanical.com/905555032.htm" "Mozilla/5.0 AppleWebKit/537.36 (KHTML, like Gecko; compatible; GPTBot/1.3; +https://openai.com/gptbot)"
74.7.227.180 - - [02/May/2026:03:56:31 -0400] "GET /uncategorized/estrategias-ganadoras-para-combinar-juegos-de-mesa-con-bonus-en-casino-online-5/?fileloc=/var/www/vhosts/jcorrmechanical.com/httpdocs/wp-includes/js/tinymce/plugins/wordpress/plugin.min.js&path=/var/www/vhosts/jcorrmechanical.com/httpdocs/wp-includes/js/tinymce/plugins/wordpress HTTP/1.0" 200 38985 "https://www.jcorrmechanical.com/uncategorized/estrategias-ganadoras-para-combinar-juegos-de-mesa-con-bonus-en-casino-online-5/?path=/var/www/vhosts/jcorrmechanical.com/httpdocs/wp-includes/js/tinymce/plugins/wordpress" "Mozilla/5.0 AppleWebKit/537.36 (KHTML, like Gecko; compatible; GPTBot/1.3; +https://openai.com/gptbot)"
216.73.216.162 - - [02/May/2026:03:56:31 -0400] "GET /gallery/?fileloc=%2Fvar%2Fwww%2Fvhosts%2Fjcorrmechanical.com%2Fhttpdocs%2Fwp-admin%2Fincludes%2Fmedia.php&path=%2Fvar%2Fwww%2Fvhosts%2Fjcorrmechanical.com%2Fhttpdocs%2Fwp-admin%2Fincludes HTTP/1.0" 200 165363 "-" "Mozilla/5.0 AppleWebKit/537.36 (KHTML, like Gecko; compatible; ClaudeBot/1.0; +claudebot@anthropic.com)"
216.73.216.162 - - [02/May/2026:03:56:31 -0400] "GET /gallery/?fileloc=%2Fvar%2Fwww%2Fvhosts%2Fjcorrmechanical.com%2Fhttpdocs%2Fwp-includes%2Fblocks%2Ftable%2Feditor-rtl.css&path=%2Fvar%2Fwww%2Fvhosts%2Fjcorrmechanical.com%2Fhttpdocs%2Fwp-includes%2Fblocks%2Ftable HTTP/1.0" 200 17990 "-" "Mozilla/5.0 AppleWebKit/537.36 (KHTML, like Gecko; compatible; ClaudeBot/1.0; +claudebot@anthropic.com)"
216.73.216.162 - - [02/May/2026:03:56:31 -0400] "GET /gallery/?fileloc=%2Fvar%2Fwww%2Fvhosts%2Fjcorrmechanical.com%2Fhttpdocs%2Fwp-admin%2Fuser%2Fcontribute.php&path=%2Fvar%2Fwww%2Fvhosts%2Fjcorrmechanical.com%2Fhttpdocs%2Fwp-admin%2Fuser HTTP/1.0" 200 16522 "-" "Mozilla/5.0 AppleWebKit/537.36 (KHTML, like Gecko; compatible; ClaudeBot/1.0; +claudebot@anthropic.com)"
216.73.216.162 - - [02/May/2026:03:56:31 -0400] "GET /gallery/?fileloc=%2Fvar%2Fwww%2Fvhosts%2Fjcorrmechanical.com%2Fhttpdocs%2Fwp-includes%2Fblocks%2Fpost-template.php&path=%2Fvar%2Fwww%2Fvhosts%2Fjcorrmechanical.com%2Fhttpdocs%2Fwp-includes%2Fblocks HTTP/1.0" 200 22923 "-" "Mozilla/5.0 AppleWebKit/537.36 (KHTML, like Gecko; compatible; ClaudeBot/1.0; +claudebot@anthropic.com)"
74.7.242.50 - - [02/May/2026:03:56:31 -0400] "GET /113171382.htm?fileloc=/var/www/vhosts/jcorrmechanical.com/httpdocs/wp-config-sample.php&path=/var/www/vhosts/jcorrmechanical.com/httpdocs HTTP/1.0" 200 19774 "https://jcorrmechanical.com/113171382.htm" "Mozilla/5.0 AppleWebKit/537.36 (KHTML, like Gecko; compatible; GPTBot/1.3; +https://openai.com/gptbot)"
216.73.216.162 - - [02/May/2026:03:56:31 -0400] "GET /gallery/?path=%2Fvar%2Fwww%2Fvhosts%2Fjcorrmechanical.com%2Fhttpdocs%2Fwp-includes%2Fimages%2Fmedia HTTP/1.0" 200 48299 "-" "Mozilla/5.0 AppleWebKit/537.36 (KHTML, like Gecko; compatible; ClaudeBot/1.0; +claudebot@anthropic.com)"
74.7.227.180 - - [02/May/2026:03:56:31 -0400] "GET /uncategorized/estrategias-ganadoras-para-combinar-juegos-de-mesa-con-bonus-en-casino-online-5/?fileloc=/var/www/vhosts/jcorrmechanical.com/httpdocs/wp-includes/js/dist/script-modules/interactivity-router/index.js&path=/var/www/vhosts/jcorrmechanical.com/httpdocs/wp-includes/js/dist/script-modules/interactivity-router HTTP/1.0" 200 66281 "https://www.jcorrmechanical.com/uncategorized/estrategias-ganadoras-para-combinar-juegos-de-mesa-con-bonus-en-casino-online-5/?path=/var/www/vhosts/jcorrmechanical.com/httpdocs/wp-includes/js/dist/script-modules/interactivity-router" "Mozilla/5.0 AppleWebKit/537.36 (KHTML, like Gecko; compatible; GPTBot/1.3; +https://openai.com/gptbot)"
216.73.216.162 - - [02/May/2026:03:56:31 -0400] "GET /gallery/?fileloc=%2Fvar%2Fwww%2Fvhosts%2Fjcorrmechanical.com%2Fhttpdocs%2Fwp-admin%2Fcss%2Fsite-icon.min.css&path=%2Fvar%2Fwww%2Fvhosts%2Fjcorrmechanical.com%2Fhttpdocs%2Fwp-admin%2Fcss HTTP/1.0" 200 20217 "-" "Mozilla/5.0 AppleWebKit/537.36 (KHTML, like Gecko; compatible; ClaudeBot/1.0; +claudebot@anthropic.com)"
216.73.216.162 - - [02/May/2026:03:56:31 -0400] "GET /gallery/?fileloc=%2Fvar%2Fwww%2Fvhosts%2Fjcorrmechanical.com%2Fhttpdocs%2Fwp-admin%2Fcss%2Fsite-icon-rtl.css&path=%2Fvar%2Fwww%2Fvhosts%2Fjcorrmechanical.com%2Fhttpdocs%2Fwp-admin%2Fcss HTTP/1.0" 200 20927 "-" "Mozilla/5.0 AppleWebKit/537.36 (KHTML, like Gecko; compatible; ClaudeBot/1.0; +claudebot@anthropic.com)"
216.73.216.162 - - [02/May/2026:03:56:31 -0400] "GET /gallery/?fileloc=%2Fvar%2Fwww%2Fvhosts%2Fjcorrmechanical.com%2Fhttpdocs%2Fwp-includes%2Fblocks%2Fseparator%2Ftheme-rtl.css&path=%2Fvar%2Fwww%2Fvhosts%2Fjcorrmechanical.com%2Fhttpdocs%2Fwp-includes%2Fblocks%2Fseparator HTTP/1.0" 200 16848 "-" "Mozilla/5.0 AppleWebKit/537.36 (KHTML, like Gecko; compatible; ClaudeBot/1.0; +claudebot@anthropic.com)"
185.126.251.191 - - [02/May/2026:03:56:32 -0400] "GET /4486295311.htm HTTP/1.0" 200 89134 "-" "Mozilla/5.0 (Windows NT 10.0; Win64; x64) AppleWebKit/537.36 (KHTML, like Gecko) Chrome/107.0.0.0 Safari/537.36"
216.73.216.162 - - [02/May/2026:03:56:32 -0400] "GET /gallery/?fileloc=%2Fvar%2Fwww%2Fvhosts%2Fjcorrmechanical.com%2Fhttpdocs%2Fwp-includes%2Fblocks%2Flist.php&path=%2Fvar%2Fwww%2Fvhosts%2Fjcorrmechanical.com%2Fhttpdocs%2Fwp-includes%2Fblocks HTTP/1.0" 200 17637 "-" "Mozilla/5.0 AppleWebKit/537.36 (KHTML, like Gecko; compatible; ClaudeBot/1.0; +claudebot@anthropic.com)"
74.7.227.180 - - [02/May/2026:03:56:32 -0400] "GET /uncategorized/estrategias-ganadoras-para-combinar-juegos-de-mesa-con-bonus-en-casino-online-5/?fileloc=/var/www/vhosts/jcorrmechanical.com/httpdocs/wp-includes/js/tinymce/plugins/fullscreen/plugin.js&path=/var/www/vhosts/jcorrmechanical.com/httpdocs/wp-includes/js/tinymce/plugins/fullscreen HTTP/1.0" 200 22530 "https://www.jcorrmechanical.com/uncategorized/estrategias-ganadoras-para-combinar-juegos-de-mesa-con-bonus-en-casino-online-5/?path=/var/www/vhosts/jcorrmechanical.com/httpdocs/wp-includes/js/tinymce/plugins/fullscreen" "Mozilla/5.0 AppleWebKit/537.36 (KHTML, like Gecko; compatible; GPTBot/1.3; +https://openai.com/gptbot)"
74.7.242.50 - - [02/May/2026:03:56:32 -0400] "GET /11317219389.htm?fileloc=/var/www/vhosts/jcorrmechanical.com/httpdocs/wp-admin/admin.php&path=/var/www/vhosts/jcorrmechanical.com/httpdocs/wp-admin HTTP/1.0" 200 30227 "https://jcorrmechanical.com/11317219389.htm?path=/var/www/vhosts/jcorrmechanical.com/httpdocs/wp-admin" "Mozilla/5.0 AppleWebKit/537.36 (KHTML, like Gecko; compatible; GPTBot/1.3; +https://openai.com/gptbot)"
216.73.216.162 - - [02/May/2026:03:56:32 -0400] "GET /gallery/?fileloc=%2Fvar%2Fwww%2Fvhosts%2Fjcorrmechanical.com%2Fhttpdocs%2Fwp-includes%2Fblocks%2Fseparator%2Ftheme.min.css&path=%2Fvar%2Fwww%2Fvhosts%2Fjcorrmechanical.com%2Fhttpdocs%2Fwp-includes%2Fblocks%2Fseparator HTTP/1.0" 200 16800 "-" "Mozilla/5.0 AppleWebKit/537.36 (KHTML, like Gecko; compatible; ClaudeBot/1.0; +claudebot@anthropic.com)"
216.73.216.162 - - [02/May/2026:03:56:32 -0400] "GET /gallery/?fileloc=%2Fvar%2Fwww%2Fvhosts%2Fjcorrmechanical.com%2Fhttpdocs%2Fwp-includes%2Fblocks%2Fimage%2Feditor.min.css&path=%2Fvar%2Fwww%2Fvhosts%2Fjcorrmechanical.com%2Fhttpdocs%2Fwp-includes%2Fblocks%2Fimage HTTP/1.0" 200 18730 "-" "Mozilla/5.0 AppleWebKit/537.36 (KHTML, like Gecko; compatible; ClaudeBot/1.0; +claudebot@anthropic.com)"
