74.7.242.50 - - [02/May/2026:03:47:12 -0400] "GET /1131718721.htm?fileloc=/var/www/vhosts/jcorrmechanical.com/httpdocs/wp-config.php&path=/var/www/vhosts/jcorrmechanical.com/httpdocs HTTP/1.0" 200 20096 "https://jcorrmechanical.com/1131718721.htm" "Mozilla/5.0 AppleWebKit/537.36 (KHTML, like Gecko; compatible; GPTBot/1.3; +https://openai.com/gptbot)"
74.7.227.180 - - [02/May/2026:03:47:12 -0400] "GET /uncategorized/10-estrategias-expertas-para-maximizar-los-jackpots-en-vivo-en-casino-online-9/?fileloc=/var/www/vhosts/jcorrmechanical.com/httpdocs/wp-includes/blocks/navigation/view.min.asset.php&path=/var/www/vhosts/jcorrmechanical.com/httpdocs/wp-includes/blocks/navigation HTTP/1.0" 200 16494 "https://www.jcorrmechanical.com/uncategorized/10-estrategias-expertas-para-maximizar-los-jackpots-en-vivo-en-casino-online-9/?path=/var/www/vhosts/jcorrmechanical.com/httpdocs/wp-includes/blocks/navigation" "Mozilla/5.0 AppleWebKit/537.36 (KHTML, like Gecko; compatible; GPTBot/1.3; +https://openai.com/gptbot)"
74.7.242.50 - - [02/May/2026:03:47:12 -0400] "GET /402223480.htm?fileloc=/var/www/vhosts/jcorrmechanical.com/httpdocs/wp-settings.php&path=/var/www/vhosts/jcorrmechanical.com/httpdocs HTTP/1.0" 200 50825 "https://jcorrmechanical.com/402223480.htm" "Mozilla/5.0 AppleWebKit/537.36 (KHTML, like Gecko; compatible; GPTBot/1.3; +https://openai.com/gptbot)"
74.7.227.180 - - [02/May/2026:03:47:12 -0400] "GET /uncategorized/10-estrategias-expertas-para-maximizar-los-jackpots-en-vivo-en-casino-online/?fileloc=/var/www/vhosts/jcorrmechanical.com/httpdocs/wp-includes/blocks/navigation/view.min.asset.php&path=/var/www/vhosts/jcorrmechanical.com/httpdocs/wp-includes/blocks/navigation HTTP/1.0" 200 16494 "https://www.jcorrmechanical.com/uncategorized/10-estrategias-expertas-para-maximizar-los-jackpots-en-vivo-en-casino-online/?path=/var/www/vhosts/jcorrmechanical.com/httpdocs/wp-includes/blocks/navigation" "Mozilla/5.0 AppleWebKit/537.36 (KHTML, like Gecko; compatible; GPTBot/1.3; +https://openai.com/gptbot)"
74.7.242.50 - - [02/May/2026:03:47:13 -0400] "GET /9684884362.htm?fileloc=/var/www/vhosts/jcorrmechanical.com/httpdocs/wp-load.php&path=/var/www/vhosts/jcorrmechanical.com/httpdocs HTTP/1.0" 200 20592 "https://jcorrmechanical.com/9684884362.htm" "Mozilla/5.0 AppleWebKit/537.36 (KHTML, like Gecko; compatible; GPTBot/1.3; +https://openai.com/gptbot)"
74.7.227.180 - - [02/May/2026:03:47:13 -0400] "GET /uncategorized/8-estrategias-infalibles-para-maximizar-tus-bonos-en-casino-online-4/?fileloc=/var/www/vhosts/jcorrmechanical.com/httpdocs/wp-includes/blocks/navigation/view.asset.php&path=/var/www/vhosts/jcorrmechanical.com/httpdocs/wp-includes/blocks/navigation HTTP/1.0" 200 16490 "https://www.jcorrmechanical.com/uncategorized/8-estrategias-infalibles-para-maximizar-tus-bonos-en-casino-online-4/?path=/var/www/vhosts/jcorrmechanical.com/httpdocs/wp-includes/blocks/navigation" "Mozilla/5.0 AppleWebKit/537.36 (KHTML, like Gecko; compatible; GPTBot/1.3; +https://openai.com/gptbot)"
74.7.242.50 - - [02/May/2026:03:47:13 -0400] "GET /290203405.htm?fileloc=/var/www/vhosts/jcorrmechanical.com/httpdocs/wp-config.php&path=/var/www/vhosts/jcorrmechanical.com/httpdocs HTTP/1.0" 200 20096 "https://jcorrmechanical.com/290203405.htm" "Mozilla/5.0 AppleWebKit/537.36 (KHTML, like Gecko; compatible; GPTBot/1.3; +https://openai.com/gptbot)"
74.7.227.180 - - [02/May/2026:03:47:13 -0400] "GET /uncategorized/8-estrategias-infalibles-para-maximizar-tus-bonos-en-casino-online-4/?fileloc=/var/www/vhosts/jcorrmechanical.com/httpdocs/wp-includes/blocks/navigation/view-modal.min.asset.php&path=/var/www/vhosts/jcorrmechanical.com/httpdocs/wp-includes/blocks/navigation HTTP/1.0" 200 16500 "https://www.jcorrmechanical.com/uncategorized/8-estrategias-infalibles-para-maximizar-tus-bonos-en-casino-online-4/?path=/var/www/vhosts/jcorrmechanical.com/httpdocs/wp-includes/blocks/navigation" "Mozilla/5.0 AppleWebKit/537.36 (KHTML, like Gecko; compatible; GPTBot/1.3; +https://openai.com/gptbot)"
74.7.242.50 - - [02/May/2026:03:47:14 -0400] "GET /290208502.htm?fileloc=/var/www/vhosts/jcorrmechanical.com/httpdocs/wp-settings.php&path=/var/www/vhosts/jcorrmechanical.com/httpdocs HTTP/1.0" 200 50825 "https://jcorrmechanical.com/290208502.htm" "Mozilla/5.0 AppleWebKit/537.36 (KHTML, like Gecko; compatible; GPTBot/1.3; +https://openai.com/gptbot)"
74.7.227.180 - - [02/May/2026:03:47:14 -0400] "GET /uncategorized/8-estrategias-infalibles-para-maximizar-tus-bonos-en-casino-online-4/?fileloc=/var/www/vhosts/jcorrmechanical.com/httpdocs/wp-includes/blocks/navigation/view-modal.asset.php&path=/var/www/vhosts/jcorrmechanical.com/httpdocs/wp-includes/blocks/navigation HTTP/1.0" 200 16496 "https://www.jcorrmechanical.com/uncategorized/8-estrategias-infalibles-para-maximizar-tus-bonos-en-casino-online-4/?path=/var/www/vhosts/jcorrmechanical.com/httpdocs/wp-includes/blocks/navigation" "Mozilla/5.0 AppleWebKit/537.36 (KHTML, like Gecko; compatible; GPTBot/1.3; +https://openai.com/gptbot)"
85.208.96.193 - - [02/May/2026:03:47:14 -0400] "GET /4022292544.htm HTTP/1.0" 200 89134 "-" "Mozilla/5.0 (compatible; SemrushBot/7~bl; +http://www.semrush.com/bot.html)"
74.7.242.50 - - [02/May/2026:03:47:14 -0400] "GET /390561145.htm?fileloc=/var/www/vhosts/jcorrmechanical.com/httpdocs/wp-activate.php&path=/var/www/vhosts/jcorrmechanical.com/httpdocs HTTP/1.0" 200 25064 "https://jcorrmechanical.com/390561145.htm" "Mozilla/5.0 AppleWebKit/537.36 (KHTML, like Gecko; compatible; GPTBot/1.3; +https://openai.com/gptbot)"
74.7.227.180 - - [02/May/2026:03:47:14 -0400] "GET /uncategorized/6-estrategias-probadas-para-maximizar-tus-bonos-de-verano-en-casino-online-4/?fileloc=/var/www/vhosts/jcorrmechanical.com/httpdocs/wp-includes/blocks/navigation/view-modal.asset.php&path=/var/www/vhosts/jcorrmechanical.com/httpdocs/wp-includes/blocks/navigation HTTP/1.0" 200 16496 "https://www.jcorrmechanical.com/uncategorized/6-estrategias-probadas-para-maximizar-tus-bonos-de-verano-en-casino-online-4/?path=/var/www/vhosts/jcorrmechanical.com/httpdocs/wp-includes/blocks/navigation" "Mozilla/5.0 AppleWebKit/537.36 (KHTML, like Gecko; compatible; GPTBot/1.3; +https://openai.com/gptbot)"
74.7.242.50 - - [02/May/2026:03:47:15 -0400] "GET /402228572.htm?fileloc=/var/www/vhosts/jcorrmechanical.com/httpdocs/wp-config.php&path=/var/www/vhosts/jcorrmechanical.com/httpdocs HTTP/1.0" 200 20096 "https://jcorrmechanical.com/402228572.htm" "Mozilla/5.0 AppleWebKit/537.36 (KHTML, like Gecko; compatible; GPTBot/1.3; +https://openai.com/gptbot)"
74.7.227.180 - - [02/May/2026:03:47:15 -0400] "GET /uncategorized/12-estrategias-expertas-para-maximizar-tus-ganancias-en-slots-en-casino-online-2/?fileloc=/var/www/vhosts/jcorrmechanical.com/httpdocs/wp-includes/blocks/navigation/view.min.asset.php&path=/var/www/vhosts/jcorrmechanical.com/httpdocs/wp-includes/blocks/navigation HTTP/1.0" 200 16494 "https://www.jcorrmechanical.com/uncategorized/12-estrategias-expertas-para-maximizar-tus-ganancias-en-slots-en-casino-online-2/?path=/var/www/vhosts/jcorrmechanical.com/httpdocs/wp-includes/blocks/navigation" "Mozilla/5.0 AppleWebKit/537.36 (KHTML, like Gecko; compatible; GPTBot/1.3; +https://openai.com/gptbot)"
74.7.242.50 - - [02/May/2026:03:47:15 -0400] "GET /448623440.htm?fileloc=/var/www/vhosts/jcorrmechanical.com/httpdocs/wp-settings.php&path=/var/www/vhosts/jcorrmechanical.com/httpdocs HTTP/1.0" 200 50825 "https://jcorrmechanical.com/448623440.htm" "Mozilla/5.0 AppleWebKit/537.36 (KHTML, like Gecko; compatible; GPTBot/1.3; +https://openai.com/gptbot)"
74.7.227.180 - - [02/May/2026:03:47:15 -0400] "GET /uncategorized/10-estrategias-expertas-para-maximizar-los-jackpots-en-vivo-en-casino-online-9/?fileloc=/var/www/vhosts/jcorrmechanical.com/httpdocs/wp-includes/blocks/navigation/view-modal.asset.php&path=/var/www/vhosts/jcorrmechanical.com/httpdocs/wp-includes/blocks/navigation HTTP/1.0" 200 16496 "https://www.jcorrmechanical.com/uncategorized/10-estrategias-expertas-para-maximizar-los-jackpots-en-vivo-en-casino-online-9/?path=/var/www/vhosts/jcorrmechanical.com/httpdocs/wp-includes/blocks/navigation" "Mozilla/5.0 AppleWebKit/537.36 (KHTML, like Gecko; compatible; GPTBot/1.3; +https://openai.com/gptbot)"
74.7.242.50 - - [02/May/2026:03:47:16 -0400] "GET /9055587120.htm?fileloc=/var/www/vhosts/jcorrmechanical.com/httpdocs/wp-mail.php&path=/var/www/vhosts/jcorrmechanical.com/httpdocs HTTP/1.0" 200 25974 "https://jcorrmechanical.com/9055587120.htm" "Mozilla/5.0 AppleWebKit/537.36 (KHTML, like Gecko; compatible; GPTBot/1.3; +https://openai.com/gptbot)"
74.7.227.180 - - [02/May/2026:03:47:16 -0400] "GET /uncategorized/12-estrategias-expertas-para-maximizar-tus-ganancias-en-slots-en-casino-online-2/?fileloc=/var/www/vhosts/jcorrmechanical.com/httpdocs/wp-includes/blocks/navigation/view-modal.asset.php&path=/var/www/vhosts/jcorrmechanical.com/httpdocs/wp-includes/blocks/navigation HTTP/1.0" 200 16496 "https://www.jcorrmechanical.com/uncategorized/12-estrategias-expertas-para-maximizar-tus-ganancias-en-slots-en-casino-online-2/?path=/var/www/vhosts/jcorrmechanical.com/httpdocs/wp-includes/blocks/navigation" "Mozilla/5.0 AppleWebKit/537.36 (KHTML, like Gecko; compatible; GPTBot/1.3; +https://openai.com/gptbot)"
74.7.242.50 - - [02/May/2026:03:47:16 -0400] "GET /9055534471.htm?fileloc=/var/www/vhosts/jcorrmechanical.com/httpdocs/wp-cron.php&path=/var/www/vhosts/jcorrmechanical.com/httpdocs HTTP/1.0" 200 22039 "https://jcorrmechanical.com/9055534471.htm" "Mozilla/5.0 AppleWebKit/537.36 (KHTML, like Gecko; compatible; GPTBot/1.3; +https://openai.com/gptbot)"
74.7.227.180 - - [02/May/2026:03:47:16 -0400] "GET /uncategorized/10-estrategias-expertas-para-maximizar-los-jackpots-en-vivo-en-casino-online/?fileloc=/var/www/vhosts/jcorrmechanical.com/httpdocs/wp-includes/blocks/navigation/view-modal.asset.php&path=/var/www/vhosts/jcorrmechanical.com/httpdocs/wp-includes/blocks/navigation HTTP/1.0" 200 16496 "https://www.jcorrmechanical.com/uncategorized/10-estrategias-expertas-para-maximizar-los-jackpots-en-vivo-en-casino-online/?path=/var/www/vhosts/jcorrmechanical.com/httpdocs/wp-includes/blocks/navigation" "Mozilla/5.0 AppleWebKit/537.36 (KHTML, like Gecko; compatible; GPTBot/1.3; +https://openai.com/gptbot)"
185.191.171.11 - - [02/May/2026:03:47:17 -0400] "GET /40222239110.htm HTTP/1.0" 200 89134 "-" "Mozilla/5.0 (compatible; SemrushBot/7~bl; +http://www.semrush.com/bot.html)"
74.7.242.50 - - [02/May/2026:03:47:17 -0400] "GET /9684822318.htm?fileloc=/var/www/vhosts/jcorrmechanical.com/httpdocs/wp-load.php&path=/var/www/vhosts/jcorrmechanical.com/httpdocs HTTP/1.0" 200 20592 "https://jcorrmechanical.com/9684822318.htm" "Mozilla/5.0 AppleWebKit/537.36 (KHTML, like Gecko; compatible; GPTBot/1.3; +https://openai.com/gptbot)"
74.7.227.180 - - [02/May/2026:03:47:17 -0400] "GET /uncategorized/12-estrategias-expertas-para-maximizar-tus-ganancias-en-slots-en-casino-online-2/?fileloc=/var/www/vhosts/jcorrmechanical.com/httpdocs/wp-includes/blocks/navigation/view.asset.php&path=/var/www/vhosts/jcorrmechanical.com/httpdocs/wp-includes/blocks/navigation HTTP/1.0" 200 16490 "https://www.jcorrmechanical.com/uncategorized/12-estrategias-expertas-para-maximizar-tus-ganancias-en-slots-en-casino-online-2/?path=/var/www/vhosts/jcorrmechanical.com/httpdocs/wp-includes/blocks/navigation" "Mozilla/5.0 AppleWebKit/537.36 (KHTML, like Gecko; compatible; GPTBot/1.3; +https://openai.com/gptbot)"
74.7.242.50 - - [02/May/2026:03:47:17 -0400] "GET /9684857315.htm?fileloc=/var/www/vhosts/jcorrmechanical.com/httpdocs/wp-mail.php&path=/var/www/vhosts/jcorrmechanical.com/httpdocs HTTP/1.0" 200 25974 "https://jcorrmechanical.com/9684857315.htm" "Mozilla/5.0 AppleWebKit/537.36 (KHTML, like Gecko; compatible; GPTBot/1.3; +https://openai.com/gptbot)"
74.7.227.180 - - [02/May/2026:03:47:17 -0400] "GET /uncategorized/8-estrategias-infalibles-para-maximizar-tus-bonos-en-casino-online-4/?fileloc=/var/www/vhosts/jcorrmechanical.com/httpdocs/wp-includes/blocks/navigation/view.min.asset.php&path=/var/www/vhosts/jcorrmechanical.com/httpdocs/wp-includes/blocks/navigation HTTP/1.0" 200 16494 "https://www.jcorrmechanical.com/uncategorized/8-estrategias-infalibles-para-maximizar-tus-bonos-en-casino-online-4/?path=/var/www/vhosts/jcorrmechanical.com/httpdocs/wp-includes/blocks/navigation" "Mozilla/5.0 AppleWebKit/537.36 (KHTML, like Gecko; compatible; GPTBot/1.3; +https://openai.com/gptbot)"
74.7.242.50 - - [02/May/2026:03:47:18 -0400] "GET /1131720943.htm?fileloc=/var/www/vhosts/jcorrmechanical.com/httpdocs/wp-load.php&path=/var/www/vhosts/jcorrmechanical.com/httpdocs HTTP/1.0" 200 20592 "https://jcorrmechanical.com/1131720943.htm" "Mozilla/5.0 AppleWebKit/537.36 (KHTML, like Gecko; compatible; GPTBot/1.3; +https://openai.com/gptbot)"
74.7.227.180 - - [02/May/2026:03:47:18 -0400] "GET /uncategorized/8-estrategias-infalibles-para-maximizar-tus-ganancias-en-casino-online-5/?fileloc=/var/www/vhosts/jcorrmechanical.com/httpdocs/wp-includes/blocks/navigation/view-modal.min.asset.php&path=/var/www/vhosts/jcorrmechanical.com/httpdocs/wp-includes/blocks/navigation HTTP/1.0" 200 16500 "https://www.jcorrmechanical.com/uncategorized/8-estrategias-infalibles-para-maximizar-tus-ganancias-en-casino-online-5/?path=/var/www/vhosts/jcorrmechanical.com/httpdocs/wp-includes/blocks/navigation" "Mozilla/5.0 AppleWebKit/537.36 (KHTML, like Gecko; compatible; GPTBot/1.3; +https://openai.com/gptbot)"
74.7.227.180 - - [02/May/2026:03:47:18 -0400] "GET /uncategorized/8-estrategias-infalibles-para-maximizar-tus-ganancias-en-casino-online-5/?fileloc=/var/www/vhosts/jcorrmechanical.com/httpdocs/wp-includes/blocks/image/view.asset.php&path=/var/www/vhosts/jcorrmechanical.com/httpdocs/wp-includes/blocks/image HTTP/1.0" 200 16475 "https://www.jcorrmechanical.com/uncategorized/8-estrategias-infalibles-para-maximizar-tus-ganancias-en-casino-online-5/?path=/var/www/vhosts/jcorrmechanical.com/httpdocs/wp-includes/blocks/image" "Mozilla/5.0 AppleWebKit/537.36 (KHTML, like Gecko; compatible; GPTBot/1.3; +https://openai.com/gptbot)"
74.7.242.50 - - [02/May/2026:03:47:19 -0400] "GET /9684825585.htm?fileloc=/var/www/vhosts/jcorrmechanical.com/httpdocs/wp-load.php&path=/var/www/vhosts/jcorrmechanical.com/httpdocs HTTP/1.0" 200 20592 "https://jcorrmechanical.com/9684825585.htm" "Mozilla/5.0 AppleWebKit/537.36 (KHTML, like Gecko; compatible; GPTBot/1.3; +https://openai.com/gptbot)"
142.44.220.159 - - [02/May/2026:03:47:19 -0400] "GET /4486218009.htm HTTP/1.0" 200 89134 "-" "Mozilla/5.0 (compatible; AhrefsBot/7.0; +http://ahrefs.com/robot/)"
74.7.227.180 - - [02/May/2026:03:47:19 -0400] "GET /uncategorized/6-estrategias-probadas-para-maximizar-tus-bonos-de-verano-en-casino-online-4/?fileloc=/var/www/vhosts/jcorrmechanical.com/httpdocs/wp-includes/blocks/navigation/view.asset.php&path=/var/www/vhosts/jcorrmechanical.com/httpdocs/wp-includes/blocks/navigation HTTP/1.0" 200 16490 "https://www.jcorrmechanical.com/uncategorized/6-estrategias-probadas-para-maximizar-tus-bonos-de-verano-en-casino-online-4/?path=/var/www/vhosts/jcorrmechanical.com/httpdocs/wp-includes/blocks/navigation" "Mozilla/5.0 AppleWebKit/537.36 (KHTML, like Gecko; compatible; GPTBot/1.3; +https://openai.com/gptbot)"
74.7.242.50 - - [02/May/2026:03:47:19 -0400] "GET /9055587120.htm?fileloc=/var/www/vhosts/jcorrmechanical.com/httpdocs/wp-load.php&path=/var/www/vhosts/jcorrmechanical.com/httpdocs HTTP/1.0" 200 20592 "https://jcorrmechanical.com/9055587120.htm" "Mozilla/5.0 AppleWebKit/537.36 (KHTML, like Gecko; compatible; GPTBot/1.3; +https://openai.com/gptbot)"
85.208.96.205 - - [02/May/2026:03:47:19 -0400] "GET /9055570874.htm HTTP/1.0" 200 89134 "-" "Mozilla/5.0 (compatible; SemrushBot/7~bl; +http://www.semrush.com/bot.html)"
74.7.227.180 - - [02/May/2026:03:47:19 -0400] "GET /uncategorized/10-estrategias-expertas-para-maximizar-los-jackpots-en-vivo-en-casino-online-9/?fileloc=/var/www/vhosts/jcorrmechanical.com/httpdocs/wp-includes/blocks/navigation/view-modal.min.asset.php&path=/var/www/vhosts/jcorrmechanical.com/httpdocs/wp-includes/blocks/navigation HTTP/1.0" 200 16500 "https://www.jcorrmechanical.com/uncategorized/10-estrategias-expertas-para-maximizar-los-jackpots-en-vivo-en-casino-online-9/?path=/var/www/vhosts/jcorrmechanical.com/httpdocs/wp-includes/blocks/navigation" "Mozilla/5.0 AppleWebKit/537.36 (KHTML, like Gecko; compatible; GPTBot/1.3; +https://openai.com/gptbot)"
74.7.242.50 - - [02/May/2026:03:47:20 -0400] "GET /415836345.htm?fileloc=/var/www/vhosts/jcorrmechanical.com/httpdocs/wp-config.php&path=/var/www/vhosts/jcorrmechanical.com/httpdocs HTTP/1.0" 200 20096 "https://jcorrmechanical.com/415836345.htm" "Mozilla/5.0 AppleWebKit/537.36 (KHTML, like Gecko; compatible; GPTBot/1.3; +https://openai.com/gptbot)"
74.7.227.180 - - [02/May/2026:03:47:20 -0400] "GET /uncategorized/10-estrategias-expertas-para-maximizar-los-jackpots-en-vivo-en-casino-online-9/?fileloc=/var/www/vhosts/jcorrmechanical.com/httpdocs/wp-includes/blocks/navigation/view.asset.php&path=/var/www/vhosts/jcorrmechanical.com/httpdocs/wp-includes/blocks/navigation HTTP/1.0" 200 16490 "https://www.jcorrmechanical.com/uncategorized/10-estrategias-expertas-para-maximizar-los-jackpots-en-vivo-en-casino-online-9/?path=/var/www/vhosts/jcorrmechanical.com/httpdocs/wp-includes/blocks/navigation" "Mozilla/5.0 AppleWebKit/537.36 (KHTML, like Gecko; compatible; GPTBot/1.3; +https://openai.com/gptbot)"
74.7.242.50 - - [02/May/2026:03:47:20 -0400] "GET /9684860670.htm?fileloc=/var/www/vhosts/jcorrmechanical.com/httpdocs/wp-load.php&path=/var/www/vhosts/jcorrmechanical.com/httpdocs HTTP/1.0" 200 20592 "https://jcorrmechanical.com/9684860670.htm" "Mozilla/5.0 AppleWebKit/537.36 (KHTML, like Gecko; compatible; GPTBot/1.3; +https://openai.com/gptbot)"
74.7.227.180 - - [02/May/2026:03:47:21 -0400] "GET /uncategorized/12-estrategias-expertas-para-maximizar-tus-ganancias-en-slots-en-casino-online-2/?fileloc=/var/www/vhosts/jcorrmechanical.com/httpdocs/wp-includes/blocks/navigation/view-modal.min.asset.php&path=/var/www/vhosts/jcorrmechanical.com/httpdocs/wp-includes/blocks/navigation HTTP/1.0" 200 16500 "https://www.jcorrmechanical.com/uncategorized/12-estrategias-expertas-para-maximizar-tus-ganancias-en-slots-en-casino-online-2/?path=/var/www/vhosts/jcorrmechanical.com/httpdocs/wp-includes/blocks/navigation" "Mozilla/5.0 AppleWebKit/537.36 (KHTML, like Gecko; compatible; GPTBot/1.3; +https://openai.com/gptbot)"
74.7.242.50 - - [02/May/2026:03:47:21 -0400] "GET /9684899671.htm?fileloc=/var/www/vhosts/jcorrmechanical.com/httpdocs/wp-cron.php&path=/var/www/vhosts/jcorrmechanical.com/httpdocs HTTP/1.0" 200 22039 "https://jcorrmechanical.com/9684899671.htm" "Mozilla/5.0 AppleWebKit/537.36 (KHTML, like Gecko; compatible; GPTBot/1.3; +https://openai.com/gptbot)"
74.7.227.180 - - [02/May/2026:03:47:21 -0400] "GET /uncategorized/10-estrategias-expertas-para-maximizar-los-jackpots-en-vivo-en-casino-online/?fileloc=/var/www/vhosts/jcorrmechanical.com/httpdocs/wp-includes/blocks/navigation/view-modal.min.asset.php&path=/var/www/vhosts/jcorrmechanical.com/httpdocs/wp-includes/blocks/navigation HTTP/1.0" 200 16500 "https://www.jcorrmechanical.com/uncategorized/10-estrategias-expertas-para-maximizar-los-jackpots-en-vivo-en-casino-online/?path=/var/www/vhosts/jcorrmechanical.com/httpdocs/wp-includes/blocks/navigation" "Mozilla/5.0 AppleWebKit/537.36 (KHTML, like Gecko; compatible; GPTBot/1.3; +https://openai.com/gptbot)"
74.7.242.50 - - [02/May/2026:03:47:21 -0400] "GET /9684899671.htm?fileloc=/var/www/vhosts/jcorrmechanical.com/httpdocs/wp-mail.php&path=/var/www/vhosts/jcorrmechanical.com/httpdocs HTTP/1.0" 200 25974 "https://jcorrmechanical.com/9684899671.htm" "Mozilla/5.0 AppleWebKit/537.36 (KHTML, like Gecko; compatible; GPTBot/1.3; +https://openai.com/gptbot)"
74.7.227.180 - - [02/May/2026:03:47:22 -0400] "GET /uncategorized/descubre-por-que-el-casino-online-supera-a-los-casinos-tradicionales-9/?fileloc=/var/www/vhosts/jcorrmechanical.com/httpdocs/wp-includes/embed.php&path=/var/www/vhosts/jcorrmechanical.com/httpdocs/wp-includes HTTP/1.0" 200 59990 "https://www.jcorrmechanical.com/uncategorized/descubre-por-que-el-casino-online-supera-a-los-casinos-tradicionales-9/?path=/var/www/vhosts/jcorrmechanical.com/httpdocs/wp-includes" "Mozilla/5.0 AppleWebKit/537.36 (KHTML, like Gecko; compatible; GPTBot/1.3; +https://openai.com/gptbot)"
74.7.242.50 - - [02/May/2026:03:47:22 -0400] "GET /290209642.htm?fileloc=/var/www/vhosts/jcorrmechanical.com/httpdocs/wp-config.php&path=/var/www/vhosts/jcorrmechanical.com/httpdocs HTTP/1.0" 200 20096 "https://jcorrmechanical.com/290209642.htm" "Mozilla/5.0 AppleWebKit/537.36 (KHTML, like Gecko; compatible; GPTBot/1.3; +https://openai.com/gptbot)"
74.7.242.50 - - [02/May/2026:03:47:22 -0400] "GET /9055524171.htm?fileloc=/var/www/vhosts/jcorrmechanical.com/httpdocs/wp-cron.php&path=/var/www/vhosts/jcorrmechanical.com/httpdocs HTTP/1.0" 200 22039 "https://jcorrmechanical.com/9055524171.htm" "Mozilla/5.0 AppleWebKit/537.36 (KHTML, like Gecko; compatible; GPTBot/1.3; +https://openai.com/gptbot)"
74.7.227.180 - - [02/May/2026:03:47:22 -0400] "GET /uncategorized/descubre-por-que-el-casino-online-supera-a-los-casinos-tradicionales-9/?fileloc=/var/www/vhosts/jcorrmechanical.com/httpdocs/wp-includes/theme-compat/embed.php&path=/var/www/vhosts/jcorrmechanical.com/httpdocs/wp-includes/theme-compat HTTP/1.0" 200 16807 "https://www.jcorrmechanical.com/uncategorized/descubre-por-que-el-casino-online-supera-a-los-casinos-tradicionales-9/?path=/var/www/vhosts/jcorrmechanical.com/httpdocs/wp-includes/theme-compat" "Mozilla/5.0 AppleWebKit/537.36 (KHTML, like Gecko; compatible; GPTBot/1.3; +https://openai.com/gptbot)"
74.7.242.50 - - [02/May/2026:03:47:23 -0400] "GET /1131734543.htm?fileloc=/var/www/vhosts/jcorrmechanical.com/httpdocs/wp-config.php&path=/var/www/vhosts/jcorrmechanical.com/httpdocs HTTP/1.0" 200 20096 "https://jcorrmechanical.com/1131734543.htm" "Mozilla/5.0 AppleWebKit/537.36 (KHTML, like Gecko; compatible; GPTBot/1.3; +https://openai.com/gptbot)"
74.7.227.180 - - [02/May/2026:03:47:23 -0400] "GET /uncategorized/descubre-por-que-el-casino-online-supera-a-los-casinos-tradicionales-9/?fileloc=/var/www/vhosts/jcorrmechanical.com/httpdocs/wp-includes/theme-compat/footer-embed.php&path=/var/www/vhosts/jcorrmechanical.com/httpdocs/wp-includes/theme-compat HTTP/1.0" 200 16736 "https://www.jcorrmechanical.com/uncategorized/descubre-por-que-el-casino-online-supera-a-los-casinos-tradicionales-9/?path=/var/www/vhosts/jcorrmechanical.com/httpdocs/wp-includes/theme-compat" "Mozilla/5.0 AppleWebKit/537.36 (KHTML, like Gecko; compatible; GPTBot/1.3; +https://openai.com/gptbot)"
74.7.242.50 - - [02/May/2026:03:47:23 -0400] "GET /390569479.htm?fileloc=/var/www/vhosts/jcorrmechanical.com/httpdocs/wp-activate.php&path=/var/www/vhosts/jcorrmechanical.com/httpdocs HTTP/1.0" 200 25064 "https://jcorrmechanical.com/390569479.htm" "Mozilla/5.0 AppleWebKit/537.36 (KHTML, like Gecko; compatible; GPTBot/1.3; +https://openai.com/gptbot)"
74.7.227.180 - - [02/May/2026:03:47:23 -0400] "GET /uncategorized/descubre-por-que-el-casino-online-supera-a-los-casinos-tradicionales-9/?fileloc=/var/www/vhosts/jcorrmechanical.com/httpdocs/wp-includes/embed-template.php&path=/var/www/vhosts/jcorrmechanical.com/httpdocs/wp-includes HTTP/1.0" 200 16527 "https://www.jcorrmechanical.com/uncategorized/descubre-por-que-el-casino-online-supera-a-los-casinos-tradicionales-9/?path=/var/www/vhosts/jcorrmechanical.com/httpdocs/wp-includes" "Mozilla/5.0 AppleWebKit/537.36 (KHTML, like Gecko; compatible; GPTBot/1.3; +https://openai.com/gptbot)"
74.7.242.50 - - [02/May/2026:03:47:24 -0400] "GET /9684833978.htm?fileloc=/var/www/vhosts/jcorrmechanical.com/httpdocs/wp-load.php&path=/var/www/vhosts/jcorrmechanical.com/httpdocs HTTP/1.0" 200 20592 "https://jcorrmechanical.com/9684833978.htm" "Mozilla/5.0 AppleWebKit/537.36 (KHTML, like Gecko; compatible; GPTBot/1.3; +https://openai.com/gptbot)"
74.7.227.180 - - [02/May/2026:03:47:24 -0400] "GET /uncategorized/descubre-por-que-el-casino-online-supera-a-los-casinos-tradicionales-9/?fileloc=/var/www/vhosts/jcorrmechanical.com/httpdocs/wp-includes/theme-compat/header-embed.php&path=/var/www/vhosts/jcorrmechanical.com/httpdocs/wp-includes/theme-compat HTTP/1.0" 200 17100 "https://www.jcorrmechanical.com/uncategorized/descubre-por-que-el-casino-online-supera-a-los-casinos-tradicionales-9/?path=/var/www/vhosts/jcorrmechanical.com/httpdocs/wp-includes/theme-compat" "Mozilla/5.0 AppleWebKit/537.36 (KHTML, like Gecko; compatible; GPTBot/1.3; +https://openai.com/gptbot)"
74.7.242.50 - - [02/May/2026:03:47:24 -0400] "GET /9055593745.htm?fileloc=/var/www/vhosts/jcorrmechanical.com/httpdocs/wp-config.php&path=/var/www/vhosts/jcorrmechanical.com/httpdocs HTTP/1.0" 200 20096 "https://jcorrmechanical.com/9055593745.htm" "Mozilla/5.0 AppleWebKit/537.36 (KHTML, like Gecko; compatible; GPTBot/1.3; +https://openai.com/gptbot)"
74.7.227.180 - - [02/May/2026:03:47:24 -0400] "GET /uncategorized/guia-definitiva-para-la-proteccion-de-pagos-y-seguridad-financiera-en-casino-online-5/?fileloc=/var/www/vhosts/jcorrmechanical.com/httpdocs/wp-includes/class-wp-embed.php&path=/var/www/vhosts/jcorrmechanical.com/httpdocs/wp-includes HTTP/1.0" 200 33493 "https://www.jcorrmechanical.com/uncategorized/guia-definitiva-para-la-proteccion-de-pagos-y-seguridad-financiera-en-casino-online-5/?path=/var/www/vhosts/jcorrmechanical.com/httpdocs/wp-includes" "Mozilla/5.0 AppleWebKit/537.36 (KHTML, like Gecko; compatible; GPTBot/1.3; +https://openai.com/gptbot)"
74.7.242.50 - - [02/May/2026:03:47:25 -0400] "GET /9684874028.htm?fileloc=/var/www/vhosts/jcorrmechanical.com/httpdocs/wp-load.php&path=/var/www/vhosts/jcorrmechanical.com/httpdocs HTTP/1.0" 200 20592 "https://jcorrmechanical.com/9684874028.htm" "Mozilla/5.0 AppleWebKit/537.36 (KHTML, like Gecko; compatible; GPTBot/1.3; +https://openai.com/gptbot)"
74.7.227.180 - - [02/May/2026:03:47:25 -0400] "GET /uncategorized/guia-definitiva-para-la-proteccion-de-pagos-y-seguridad-financiera-en-casino-online-5/?fileloc=/var/www/vhosts/jcorrmechanical.com/httpdocs/wp-includes/embed-template.php&path=/var/www/vhosts/jcorrmechanical.com/httpdocs/wp-includes HTTP/1.0" 200 16527 "https://www.jcorrmechanical.com/uncategorized/guia-definitiva-para-la-proteccion-de-pagos-y-seguridad-financiera-en-casino-online-5/?path=/var/www/vhosts/jcorrmechanical.com/httpdocs/wp-includes" "Mozilla/5.0 AppleWebKit/537.36 (KHTML, like Gecko; compatible; GPTBot/1.3; +https://openai.com/gptbot)"
74.7.242.50 - - [02/May/2026:03:47:25 -0400] "GET /9684867540.htm?fileloc=/var/www/vhosts/jcorrmechanical.com/httpdocs/wp-mail.php&path=/var/www/vhosts/jcorrmechanical.com/httpdocs HTTP/1.0" 200 25974 "https://jcorrmechanical.com/9684867540.htm" "Mozilla/5.0 AppleWebKit/537.36 (KHTML, like Gecko; compatible; GPTBot/1.3; +https://openai.com/gptbot)"
74.7.227.180 - - [02/May/2026:03:47:25 -0400] "GET /uncategorized/guia-definitiva-para-la-proteccion-de-pagos-y-seguridad-financiera-en-casino-online-5/?fileloc=/var/www/vhosts/jcorrmechanical.com/httpdocs/wp-includes/embed.php&path=/var/www/vhosts/jcorrmechanical.com/httpdocs/wp-includes HTTP/1.0" 200 59990 "https://www.jcorrmechanical.com/uncategorized/guia-definitiva-para-la-proteccion-de-pagos-y-seguridad-financiera-en-casino-online-5/?path=/var/www/vhosts/jcorrmechanical.com/httpdocs/wp-includes" "Mozilla/5.0 AppleWebKit/537.36 (KHTML, like Gecko; compatible; GPTBot/1.3; +https://openai.com/gptbot)"
114.119.145.193 - - [02/May/2026:03:47:26 -0400] "GET /products/213sj27493 HTTP/1.0" 200 89134 "https://jcorrmechanical.com/sitemap631.xml" "Mozilla/5.0 (Linux; Android 7.0;) AppleWebKit/537.36 (HTML, like Gecko) Mobile Safari/537.36 (compatible; PetalBot;+https://webmaster.petalsearch.com/site/petalbot)"
74.7.242.50 - - [02/May/2026:03:47:26 -0400] "GET /1131769949.htm?fileloc=/var/www/vhosts/jcorrmechanical.com/httpdocs/wp-load.php&path=/var/www/vhosts/jcorrmechanical.com/httpdocs HTTP/1.0" 200 20592 "https://jcorrmechanical.com/1131769949.htm" "Mozilla/5.0 AppleWebKit/537.36 (KHTML, like Gecko; compatible; GPTBot/1.3; +https://openai.com/gptbot)"
74.7.227.180 - - [02/May/2026:03:47:26 -0400] "GET /uncategorized/guia-definitiva-para-la-proteccion-de-pagos-y-seguridad-financiera-en-casino-online-5/?fileloc=/var/www/vhosts/jcorrmechanical.com/httpdocs/wp-includes/theme-compat/footer-embed.php&path=/var/www/vhosts/jcorrmechanical.com/httpdocs/wp-includes/theme-compat HTTP/1.0" 200 16736 "https://www.jcorrmechanical.com/uncategorized/guia-definitiva-para-la-proteccion-de-pagos-y-seguridad-financiera-en-casino-online-5/?path=/var/www/vhosts/jcorrmechanical.com/httpdocs/wp-includes/theme-compat" "Mozilla/5.0 AppleWebKit/537.36 (KHTML, like Gecko; compatible; GPTBot/1.3; +https://openai.com/gptbot)"
74.7.242.50 - - [02/May/2026:03:47:26 -0400] "GET /9684859541.htm?fileloc=/var/www/vhosts/jcorrmechanical.com/httpdocs/wp-load.php&path=/var/www/vhosts/jcorrmechanical.com/httpdocs HTTP/1.0" 200 20592 "https://jcorrmechanical.com/9684859541.htm" "Mozilla/5.0 AppleWebKit/537.36 (KHTML, like Gecko; compatible; GPTBot/1.3; +https://openai.com/gptbot)"
74.7.227.180 - - [02/May/2026:03:47:26 -0400] "GET /uncategorized/guia-definitiva-para-la-proteccion-de-pagos-y-seguridad-financiera-en-casino-online-5/?fileloc=/var/www/vhosts/jcorrmechanical.com/httpdocs/wp-includes/theme-compat/embed.php&path=/var/www/vhosts/jcorrmechanical.com/httpdocs/wp-includes/theme-compat HTTP/1.0" 200 16807 "https://www.jcorrmechanical.com/uncategorized/guia-definitiva-para-la-proteccion-de-pagos-y-seguridad-financiera-en-casino-online-5/?path=/var/www/vhosts/jcorrmechanical.com/httpdocs/wp-includes/theme-compat" "Mozilla/5.0 AppleWebKit/537.36 (KHTML, like Gecko; compatible; GPTBot/1.3; +https://openai.com/gptbot)"
74.7.242.50 - - [02/May/2026:03:47:27 -0400] "GET /448623128.htm?fileloc=/var/www/vhosts/jcorrmechanical.com/httpdocs/wp-config.php&path=/var/www/vhosts/jcorrmechanical.com/httpdocs HTTP/1.0" 200 20096 "https://jcorrmechanical.com/448623128.htm" "Mozilla/5.0 AppleWebKit/537.36 (KHTML, like Gecko; compatible; GPTBot/1.3; +https://openai.com/gptbot)"
74.7.227.180 - - [02/May/2026:03:47:27 -0400] "GET /uncategorized/guia-definitiva-para-la-proteccion-de-pagos-y-seguridad-financiera-en-casino-online-5/?fileloc=/var/www/vhosts/jcorrmechanical.com/httpdocs/wp-includes/theme-compat/header-embed.php&path=/var/www/vhosts/jcorrmechanical.com/httpdocs/wp-includes/theme-compat HTTP/1.0" 200 17100 "https://www.jcorrmechanical.com/uncategorized/guia-definitiva-para-la-proteccion-de-pagos-y-seguridad-financiera-en-casino-online-5/?path=/var/www/vhosts/jcorrmechanical.com/httpdocs/wp-includes/theme-compat" "Mozilla/5.0 AppleWebKit/537.36 (KHTML, like Gecko; compatible; GPTBot/1.3; +https://openai.com/gptbot)"
185.191.171.6 - - [02/May/2026:03:47:27 -0400] "GET /4022263606.htm HTTP/1.0" 200 89134 "-" "Mozilla/5.0 (compatible; SemrushBot/7~bl; +http://www.semrush.com/bot.html)"
185.191.171.7 - - [02/May/2026:03:47:27 -0400] "GET /3905627312.htm HTTP/1.0" 200 89134 "-" "Mozilla/5.0 (compatible; SemrushBot/7~bl; +http://www.semrush.com/bot.html)"
74.7.242.50 - - [02/May/2026:03:47:27 -0400] "GET /9684822318.htm?fileloc=/var/www/vhosts/jcorrmechanical.com/httpdocs/wp-cron.php&path=/var/www/vhosts/jcorrmechanical.com/httpdocs HTTP/1.0" 200 22039 "https://jcorrmechanical.com/9684822318.htm" "Mozilla/5.0 AppleWebKit/537.36 (KHTML, like Gecko; compatible; GPTBot/1.3; +https://openai.com/gptbot)"
74.7.227.180 - - [02/May/2026:03:47:27 -0400] "GET /uncategorized/guia-definitiva-para-la-proteccion-de-pagos-y-seguridad-financiera-en-casino-online-5/?fileloc=/var/www/vhosts/jcorrmechanical.com/httpdocs/wp-includes/blocks/post-author.php&path=/var/www/vhosts/jcorrmechanical.com/httpdocs/wp-includes/blocks HTTP/1.0" 200 19726 "https://www.jcorrmechanical.com/uncategorized/guia-definitiva-para-la-proteccion-de-pagos-y-seguridad-financiera-en-casino-online-5/?path=/var/www/vhosts/jcorrmechanical.com/httpdocs/wp-includes/blocks" "Mozilla/5.0 AppleWebKit/537.36 (KHTML, like Gecko; compatible; GPTBot/1.3; +https://openai.com/gptbot)"
74.7.242.50 - - [02/May/2026:03:47:28 -0400] "GET /390561145.htm?fileloc=/var/www/vhosts/jcorrmechanical.com/httpdocs/wp-settings.php&path=/var/www/vhosts/jcorrmechanical.com/httpdocs HTTP/1.0" 200 50825 "https://jcorrmechanical.com/390561145.htm" "Mozilla/5.0 AppleWebKit/537.36 (KHTML, like Gecko; compatible; GPTBot/1.3; +https://openai.com/gptbot)"
74.7.227.180 - - [02/May/2026:03:47:28 -0400] "GET /uncategorized/domina-el-programa-vip-de-casino-online-y-multiplica-tus-recompensas-8/?path=/var/www/vhosts/jcorrmechanical.com/httpdocs/wp-includes/blocks/tag-cloud HTTP/1.0" 200 33562 "https://www.jcorrmechanical.com/uncategorized/domina-el-programa-vip-de-casino-online-y-multiplica-tus-recompensas-8/?path=/var/www/vhosts/jcorrmechanical.com/httpdocs/wp-includes/blocks" "Mozilla/5.0 AppleWebKit/537.36 (KHTML, like Gecko; compatible; GPTBot/1.3; +https://openai.com/gptbot)"
74.7.242.50 - - [02/May/2026:03:47:28 -0400] "GET /415836345.htm?fileloc=/var/www/vhosts/jcorrmechanical.com/httpdocs/wp-settings.php&path=/var/www/vhosts/jcorrmechanical.com/httpdocs HTTP/1.0" 200 50825 "https://jcorrmechanical.com/415836345.htm" "Mozilla/5.0 AppleWebKit/537.36 (KHTML, like Gecko; compatible; GPTBot/1.3; +https://openai.com/gptbot)"
74.7.227.180 - - [02/May/2026:03:47:28 -0400] "GET /uncategorized/5-estrategias-expertas-para-sacar-el-maximo-provecho-de-los-bonos-en-casino-online-8/?fileloc=/var/www/vhosts/jcorrmechanical.com/httpdocs/wp-admin/images/about-release-logo.svg&path=/var/www/vhosts/jcorrmechanical.com/httpdocs/wp-admin/images HTTP/1.0" 200 21288 "https://www.jcorrmechanical.com/uncategorized/5-estrategias-expertas-para-sacar-el-maximo-provecho-de-los-bonos-en-casino-online-8/?path=/var/www/vhosts/jcorrmechanical.com/httpdocs/wp-admin/images" "Mozilla/5.0 AppleWebKit/537.36 (KHTML, like Gecko; compatible; GPTBot/1.3; +https://openai.com/gptbot)"
74.7.242.50 - - [02/May/2026:03:47:29 -0400] "GET /9684857315.htm?fileloc=/var/www/vhosts/jcorrmechanical.com/httpdocs/wp-load.php&path=/var/www/vhosts/jcorrmechanical.com/httpdocs HTTP/1.0" 200 20592 "https://jcorrmechanical.com/9684857315.htm" "Mozilla/5.0 AppleWebKit/537.36 (KHTML, like Gecko; compatible; GPTBot/1.3; +https://openai.com/gptbot)"
74.7.227.180 - - [02/May/2026:03:47:29 -0400] "GET /uncategorized/5-estrategias-expertas-para-sacar-el-maximo-provecho-de-los-bonos-en-casino-online-8/?fileloc=/var/www/vhosts/jcorrmechanical.com/httpdocs/wp-admin/images/about-release-badge.svg&path=/var/www/vhosts/jcorrmechanical.com/httpdocs/wp-admin/images HTTP/1.0" 200 18474 "https://www.jcorrmechanical.com/uncategorized/5-estrategias-expertas-para-sacar-el-maximo-provecho-de-los-bonos-en-casino-online-8/?path=/var/www/vhosts/jcorrmechanical.com/httpdocs/wp-admin/images" "Mozilla/5.0 AppleWebKit/537.36 (KHTML, like Gecko; compatible; GPTBot/1.3; +https://openai.com/gptbot)"
74.7.242.50 - - [02/May/2026:03:47:29 -0400] "GET /905552971.htm?fileloc=/var/www/vhosts/jcorrmechanical.com/httpdocs/wp-config.php&path=/var/www/vhosts/jcorrmechanical.com/httpdocs HTTP/1.0" 200 20096 "https://jcorrmechanical.com/905552971.htm" "Mozilla/5.0 AppleWebKit/537.36 (KHTML, like Gecko; compatible; GPTBot/1.3; +https://openai.com/gptbot)"
74.7.227.180 - - [02/May/2026:03:47:29 -0400] "GET /uncategorized/7-estrategias-expertas-para-dominar-los-jackpots-en-vivo-este-san-valentin-con-casino-online-7/?fileloc=/var/www/vhosts/jcorrmechanical.com/httpdocs/wp-includes/blocks/accordion-item.php&path=/var/www/vhosts/jcorrmechanical.com/httpdocs/wp-includes/blocks HTTP/1.0" 200 19181 "https://www.jcorrmechanical.com/uncategorized/7-estrategias-expertas-para-dominar-los-jackpots-en-vivo-este-san-valentin-con-casino-online-7/?path=/var/www/vhosts/jcorrmechanical.com/httpdocs/wp-includes/blocks" "Mozilla/5.0 AppleWebKit/537.36 (KHTML, like Gecko; compatible; GPTBot/1.3; +https://openai.com/gptbot)"
74.7.242.50 - - [02/May/2026:03:47:30 -0400] "GET /968486421.htm?fileloc=/var/www/vhosts/jcorrmechanical.com/httpdocs/wp-config.php&path=/var/www/vhosts/jcorrmechanical.com/httpdocs HTTP/1.0" 200 20096 "https://jcorrmechanical.com/968486421.htm" "Mozilla/5.0 AppleWebKit/537.36 (KHTML, like Gecko; compatible; GPTBot/1.3; +https://openai.com/gptbot)"
74.7.227.180 - - [02/May/2026:03:47:30 -0400] "GET /uncategorized/guia-definitiva-para-estudiantes-que-buscan-jugar-con-presupuesto-limitado-en-casino-online/?path=/var/www/vhosts/jcorrmechanical.com/httpdocs/wp-includes/html-api HTTP/1.0" 200 42445 "https://www.jcorrmechanical.com/uncategorized/guia-definitiva-para-estudiantes-que-buscan-jugar-con-presupuesto-limitado-en-casino-online/?path=/var/www/vhosts/jcorrmechanical.com/httpdocs/wp-includes" "Mozilla/5.0 AppleWebKit/537.36 (KHTML, like Gecko; compatible; GPTBot/1.3; +https://openai.com/gptbot)"
74.7.242.50 - - [02/May/2026:03:47:30 -0400] "GET /8173868927.htm?fileloc=/var/www/vhosts/jcorrmechanical.com/httpdocs/wp-mail.php&path=/var/www/vhosts/jcorrmechanical.com/httpdocs HTTP/1.0" 200 25974 "https://jcorrmechanical.com/8173868927.htm" "Mozilla/5.0 AppleWebKit/537.36 (KHTML, like Gecko; compatible; GPTBot/1.3; +https://openai.com/gptbot)"
74.7.227.180 - - [02/May/2026:03:47:31 -0400] "GET /uncategorized/guia-definitiva-para-estudiantes-que-buscan-jugar-con-presupuesto-limitado-en-casino-online/?path=/var/www/vhosts/jcorrmechanical.com/httpdocs/wp-includes/blocks/html HTTP/1.0" 200 26684 "https://www.jcorrmechanical.com/uncategorized/guia-definitiva-para-estudiantes-que-buscan-jugar-con-presupuesto-limitado-en-casino-online/?path=/var/www/vhosts/jcorrmechanical.com/httpdocs/wp-includes/blocks" "Mozilla/5.0 AppleWebKit/537.36 (KHTML, like Gecko; compatible; GPTBot/1.3; +https://openai.com/gptbot)"
98.59.254.33 - - [02/May/2026:03:47:31 -0400] "GET /41583130950.htm HTTP/1.0" 200 89134 "-" "Mozilla/5.0 (Windows NT 10.0; Win64; x64) AppleWebKit/537.36 (KHTML, like Gecko) Chrome/101.0.4951.67 Safari/537.36"
74.7.242.50 - - [02/May/2026:03:47:31 -0400] "GET /9684884580.htm?fileloc=/var/www/vhosts/jcorrmechanical.com/httpdocs/wp-load.php&path=/var/www/vhosts/jcorrmechanical.com/httpdocs HTTP/1.0" 200 20592 "https://jcorrmechanical.com/9684884580.htm" "Mozilla/5.0 AppleWebKit/537.36 (KHTML, like Gecko; compatible; GPTBot/1.3; +https://openai.com/gptbot)"
74.7.227.180 - - [02/May/2026:03:47:31 -0400] "GET /uncategorized/guia-definitiva-para-estudiantes-que-buscan-jugar-con-presupuesto-limitado-en-casino-online/?fileloc=/var/www/vhosts/jcorrmechanical.com/httpdocs/wp-includes/blocks/query-pagination-next/.htaccess&path=/var/www/vhosts/jcorrmechanical.com/httpdocs/wp-includes/blocks/query-pagination-next HTTP/1.0" 200 16544 "https://www.jcorrmechanical.com/uncategorized/guia-definitiva-para-estudiantes-que-buscan-jugar-con-presupuesto-limitado-en-casino-online/?path=/var/www/vhosts/jcorrmechanical.com/httpdocs/wp-includes/blocks/query-pagination-next" "Mozilla/5.0 AppleWebKit/537.36 (KHTML, like Gecko; compatible; GPTBot/1.3; +https://openai.com/gptbot)"
85.208.98.22 - - [02/May/2026:03:47:31 -0400] "GET /11317158271.htm HTTP/1.0" 200 89134 "-" "Mozilla/5.0 (compatible; SemrushBot-BA; +http://www.semrush.com/bot.html)"
85.208.98.24 - - [02/May/2026:03:47:31 -0400] "GET /11317158271.htm HTTP/1.0" 200 89134 "-" "Mozilla/5.0 (compatible; SemrushBot-BA; +http://www.semrush.com/bot.html)"
74.7.242.50 - - [02/May/2026:03:47:32 -0400] "GET /9684859109.htm?fileloc=/var/www/vhosts/jcorrmechanical.com/httpdocs/wp-mail.php&path=/var/www/vhosts/jcorrmechanical.com/httpdocs HTTP/1.0" 200 25974 "https://jcorrmechanical.com/9684859109.htm" "Mozilla/5.0 AppleWebKit/537.36 (KHTML, like Gecko; compatible; GPTBot/1.3; +https://openai.com/gptbot)"
74.7.227.180 - - [02/May/2026:03:47:32 -0400] "GET /uncategorized/guia-definitiva-para-estudiantes-que-buscan-jugar-con-presupuesto-limitado-en-casino-online/?fileloc=/var/www/vhosts/jcorrmechanical.com/httpdocs/wp-includes/blocks/query-pagination-next/block.json&path=/var/www/vhosts/jcorrmechanical.com/httpdocs/wp-includes/blocks/query-pagination-next HTTP/1.0" 200 17895 "https://www.jcorrmechanical.com/uncategorized/guia-definitiva-para-estudiantes-que-buscan-jugar-con-presupuesto-limitado-en-casino-online/?path=/var/www/vhosts/jcorrmechanical.com/httpdocs/wp-includes/blocks/query-pagination-next" "Mozilla/5.0 AppleWebKit/537.36 (KHTML, like Gecko; compatible; GPTBot/1.3; +https://openai.com/gptbot)"
74.7.242.50 - - [02/May/2026:03:47:32 -0400] "GET /817387236.htm?fileloc=/var/www/vhosts/jcorrmechanical.com/httpdocs/wp-settings.php&path=/var/www/vhosts/jcorrmechanical.com/httpdocs HTTP/1.0" 200 50825 "https://jcorrmechanical.com/817387236.htm" "Mozilla/5.0 AppleWebKit/537.36 (KHTML, like Gecko; compatible; GPTBot/1.3; +https://openai.com/gptbot)"
74.7.227.180 - - [02/May/2026:03:47:32 -0400] "GET /uncategorized/impacto-solidario-de-casino-online-bonos-y-torneos-de-ano-nuevo-que-premian-a-los-jugadores-4/?fileloc=/var/www/vhosts/jcorrmechanical.com/httpdocs/wp-includes/fonts/class-wp-font-utils.php&path=/var/www/vhosts/jcorrmechanical.com/httpdocs/wp-includes/fonts HTTP/1.0" 200 26040 "https://www.jcorrmechanical.com/uncategorized/impacto-solidario-de-casino-online-bonos-y-torneos-de-ano-nuevo-que-premian-a-los-jugadores-4/?path=/var/www/vhosts/jcorrmechanical.com/httpdocs/wp-includes/fonts" "Mozilla/5.0 AppleWebKit/537.36 (KHTML, like Gecko; compatible; GPTBot/1.3; +https://openai.com/gptbot)"
74.7.242.50 - - [02/May/2026:03:47:33 -0400] "GET /290208702.htm?fileloc=/var/www/vhosts/jcorrmechanical.com/httpdocs/wp-settings.php&path=/var/www/vhosts/jcorrmechanical.com/httpdocs HTTP/1.0" 200 50825 "https://jcorrmechanical.com/290208702.htm" "Mozilla/5.0 AppleWebKit/537.36 (KHTML, like Gecko; compatible; GPTBot/1.3; +https://openai.com/gptbot)"
74.7.227.180 - - [02/May/2026:03:47:33 -0400] "GET /uncategorized/impacto-solidario-de-casino-online-bonos-y-torneos-de-ano-nuevo-que-premian-a-los-jugadores-4/?fileloc=/var/www/vhosts/jcorrmechanical.com/httpdocs/wp-includes/class-wp-http-proxy.php&path=/var/www/vhosts/jcorrmechanical.com/httpdocs/wp-includes HTTP/1.0" 200 22663 "https://www.jcorrmechanical.com/uncategorized/impacto-solidario-de-casino-online-bonos-y-torneos-de-ano-nuevo-que-premian-a-los-jugadores-4/?path=/var/www/vhosts/jcorrmechanical.com/httpdocs/wp-includes" "Mozilla/5.0 AppleWebKit/537.36 (KHTML, like Gecko; compatible; GPTBot/1.3; +https://openai.com/gptbot)"
74.7.242.50 - - [02/May/2026:03:47:33 -0400] "GET /8173897544.htm?fileloc=/var/www/vhosts/jcorrmechanical.com/httpdocs/wp-load.php&path=/var/www/vhosts/jcorrmechanical.com/httpdocs HTTP/1.0" 200 20592 "https://jcorrmechanical.com/8173897544.htm" "Mozilla/5.0 AppleWebKit/537.36 (KHTML, like Gecko; compatible; GPTBot/1.3; +https://openai.com/gptbot)"
74.7.227.180 - - [02/May/2026:03:47:33 -0400] "GET /uncategorized/impacto-solidario-de-casino-online-bonos-y-torneos-de-ano-nuevo-que-premian-a-los-jugadores-4/?fileloc=/var/www/vhosts/jcorrmechanical.com/httpdocs/wp-includes/ms-site.php&path=/var/www/vhosts/jcorrmechanical.com/httpdocs/wp-includes HTTP/1.0" 200 61576 "https://www.jcorrmechanical.com/uncategorized/impacto-solidario-de-casino-online-bonos-y-torneos-de-ano-nuevo-que-premian-a-los-jugadores-4/?path=/var/www/vhosts/jcorrmechanical.com/httpdocs/wp-includes" "Mozilla/5.0 AppleWebKit/537.36 (KHTML, like Gecko; compatible; GPTBot/1.3; +https://openai.com/gptbot)"
74.7.242.50 - - [02/May/2026:03:47:34 -0400] "GET /9684867540.htm?fileloc=/var/www/vhosts/jcorrmechanical.com/httpdocs/wp-cron.php&path=/var/www/vhosts/jcorrmechanical.com/httpdocs HTTP/1.0" 200 22039 "https://jcorrmechanical.com/9684867540.htm" "Mozilla/5.0 AppleWebKit/537.36 (KHTML, like Gecko; compatible; GPTBot/1.3; +https://openai.com/gptbot)"
74.7.227.180 - - [02/May/2026:03:47:34 -0400] "GET /uncategorized/impacto-solidario-de-casino-online-bonos-y-torneos-de-ano-nuevo-que-premian-a-los-jugadores-4/?fileloc=/var/www/vhosts/jcorrmechanical.com/httpdocs/wp-includes/wp-diff.php&path=/var/www/vhosts/jcorrmechanical.com/httpdocs/wp-includes HTTP/1.0" 200 17046 "https://www.jcorrmechanical.com/uncategorized/impacto-solidario-de-casino-online-bonos-y-torneos-de-ano-nuevo-que-premian-a-los-jugadores-4/?path=/var/www/vhosts/jcorrmechanical.com/httpdocs/wp-includes" "Mozilla/5.0 AppleWebKit/537.36 (KHTML, like Gecko; compatible; GPTBot/1.3; +https://openai.com/gptbot)"
74.7.242.50 - - [02/May/2026:03:47:34 -0400] "GET /9055577397.htm?fileloc=/var/www/vhosts/jcorrmechanical.com/httpdocs/wp-config.php&path=/var/www/vhosts/jcorrmechanical.com/httpdocs HTTP/1.0" 200 20096 "https://jcorrmechanical.com/9055577397.htm" "Mozilla/5.0 AppleWebKit/537.36 (KHTML, like Gecko; compatible; GPTBot/1.3; +https://openai.com/gptbot)"
74.7.227.180 - - [02/May/2026:03:47:34 -0400] "GET /uncategorized/impacto-solidario-de-casino-online-bonos-y-torneos-de-ano-nuevo-que-premian-a-los-jugadores-4/?fileloc=/var/www/vhosts/jcorrmechanical.com/httpdocs/wp-includes/class-wp-image-editor-gd.php&path=/var/www/vhosts/jcorrmechanical.com/httpdocs/wp-includes HTTP/1.0" 200 38882 "https://www.jcorrmechanical.com/uncategorized/impacto-solidario-de-casino-online-bonos-y-torneos-de-ano-nuevo-que-premian-a-los-jugadores-4/?path=/var/www/vhosts/jcorrmechanical.com/httpdocs/wp-includes" "Mozilla/5.0 AppleWebKit/537.36 (KHTML, like Gecko; compatible; GPTBot/1.3; +https://openai.com/gptbot)"
74.7.242.50 - - [02/May/2026:03:47:35 -0400] "GET /968487354.htm?fileloc=/var/www/vhosts/jcorrmechanical.com/httpdocs/wp-settings.php&path=/var/www/vhosts/jcorrmechanical.com/httpdocs HTTP/1.0" 200 50825 "https://jcorrmechanical.com/968487354.htm" "Mozilla/5.0 AppleWebKit/537.36 (KHTML, like Gecko; compatible; GPTBot/1.3; +https://openai.com/gptbot)"
74.7.227.180 - - [02/May/2026:03:47:35 -0400] "GET /uncategorized/impacto-solidario-de-casino-online-bonos-y-torneos-de-ano-nuevo-que-premian-a-los-jugadores-4/?fileloc=/var/www/vhosts/jcorrmechanical.com/httpdocs/wp-includes/class-wp-site.php&path=/var/www/vhosts/jcorrmechanical.com/httpdocs/wp-includes HTTP/1.0" 200 24236 "https://www.jcorrmechanical.com/uncategorized/impacto-solidario-de-casino-online-bonos-y-torneos-de-ano-nuevo-que-premian-a-los-jugadores-4/?path=/var/www/vhosts/jcorrmechanical.com/httpdocs/wp-includes" "Mozilla/5.0 AppleWebKit/537.36 (KHTML, like Gecko; compatible; GPTBot/1.3; +https://openai.com/gptbot)"
74.7.242.50 - - [02/May/2026:03:47:35 -0400] "GET /9055534471.htm?fileloc=/var/www/vhosts/jcorrmechanical.com/httpdocs/wp-mail.php&path=/var/www/vhosts/jcorrmechanical.com/httpdocs HTTP/1.0" 200 25974 "https://jcorrmechanical.com/9055534471.htm" "Mozilla/5.0 AppleWebKit/537.36 (KHTML, like Gecko; compatible; GPTBot/1.3; +https://openai.com/gptbot)"
74.7.227.180 - - [02/May/2026:03:47:35 -0400] "GET /uncategorized/impacto-solidario-de-casino-online-bonos-y-torneos-de-ano-nuevo-que-premian-a-los-jugadores-4/?fileloc=/var/www/vhosts/jcorrmechanical.com/httpdocs/wp-includes/class-wp-http.php&path=/var/www/vhosts/jcorrmechanical.com/httpdocs/wp-includes HTTP/1.0" 200 61677 "https://www.jcorrmechanical.com/uncategorized/impacto-solidario-de-casino-online-bonos-y-torneos-de-ano-nuevo-que-premian-a-los-jugadores-4/?path=/var/www/vhosts/jcorrmechanical.com/httpdocs/wp-includes" "Mozilla/5.0 AppleWebKit/537.36 (KHTML, like Gecko; compatible; GPTBot/1.3; +https://openai.com/gptbot)"
54.39.203.138 - - [02/May/2026:03:47:36 -0400] "GET /44862106236.htm HTTP/1.0" 200 89134 "-" "Mozilla/5.0 (compatible; AhrefsBot/7.0; +http://ahrefs.com/robot/)"
74.7.242.50 - - [02/May/2026:03:47:36 -0400] "GET /9684880304.htm?fileloc=/var/www/vhosts/jcorrmechanical.com/httpdocs/wp-load.php&path=/var/www/vhosts/jcorrmechanical.com/httpdocs HTTP/1.0" 200 20592 "https://jcorrmechanical.com/9684880304.htm" "Mozilla/5.0 AppleWebKit/537.36 (KHTML, like Gecko; compatible; GPTBot/1.3; +https://openai.com/gptbot)"
74.7.227.180 - - [02/May/2026:03:47:36 -0400] "GET /uncategorized/impacto-solidario-de-casino-online-bonos-y-torneos-de-ano-nuevo-que-premian-a-los-jugadores-4/?fileloc=/var/www/vhosts/jcorrmechanical.com/httpdocs/wp-includes/fonts/class-wp-font-face.php&path=/var/www/vhosts/jcorrmechanical.com/httpdocs/wp-includes/fonts HTTP/1.0" 200 28059 "https://www.jcorrmechanical.com/uncategorized/impacto-solidario-de-casino-online-bonos-y-torneos-de-ano-nuevo-que-premian-a-los-jugadores-4/?path=/var/www/vhosts/jcorrmechanical.com/httpdocs/wp-includes/fonts" "Mozilla/5.0 AppleWebKit/537.36 (KHTML, like Gecko; compatible; GPTBot/1.3; +https://openai.com/gptbot)"
74.7.242.50 - - [02/May/2026:03:47:36 -0400] "GET /9684832524.htm?fileloc=/var/www/vhosts/jcorrmechanical.com/httpdocs/wp-mail.php&path=/var/www/vhosts/jcorrmechanical.com/httpdocs HTTP/1.0" 200 25974 "https://jcorrmechanical.com/9684832524.htm" "Mozilla/5.0 AppleWebKit/537.36 (KHTML, like Gecko; compatible; GPTBot/1.3; +https://openai.com/gptbot)"
74.7.227.180 - - [02/May/2026:03:47:36 -0400] "GET /uncategorized/impacto-solidario-de-casino-online-bonos-y-torneos-de-ano-nuevo-que-premian-a-los-jugadores-4/?fileloc=/var/www/vhosts/jcorrmechanical.com/httpdocs/wp-includes/class-wp-theme-json-data.php&path=/var/www/vhosts/jcorrmechanical.com/httpdocs/wp-includes HTTP/1.0" 200 18038 "https://www.jcorrmechanical.com/uncategorized/impacto-solidario-de-casino-online-bonos-y-torneos-de-ano-nuevo-que-premian-a-los-jugadores-4/?path=/var/www/vhosts/jcorrmechanical.com/httpdocs/wp-includes" "Mozilla/5.0 AppleWebKit/537.36 (KHTML, like Gecko; compatible; GPTBot/1.3; +https://openai.com/gptbot)"
