74.7.242.50 - - [02/May/2026:03:53:23 -0400] "GET /968481.htm?fileloc=/var/www/vhosts/jcorrmechanical.com/error_docs/forbidden.html&path=/var/www/vhosts/jcorrmechanical.com/error_docs HTTP/1.0" 200 17259 "https://jcorrmechanical.com/968481.htm?path=/var/www/vhosts/jcorrmechanical.com/error_docs" "Mozilla/5.0 AppleWebKit/537.36 (KHTML, like Gecko; compatible; GPTBot/1.3; +https://openai.com/gptbot)"
74.7.227.180 - - [02/May/2026:03:53:24 -0400] "GET /ac7487b145b0b69c42c6870b95b8c870.mka?fileloc=/var/www/vhosts/jcorrmechanical.com/httpdocs/wp-content/uploads/2020/06/Bill-2048x2048.jpg&path=/var/www/vhosts/jcorrmechanical.com/httpdocs/wp-content/uploads/2020/06 HTTP/1.0" 200 901825 "https://www.jcorrmechanical.com/ac7487b145b0b69c42c6870b95b8c870.mka?path=/var/www/vhosts/jcorrmechanical.com/httpdocs/wp-content/uploads/2020/06" "Mozilla/5.0 AppleWebKit/537.36 (KHTML, like Gecko; compatible; GPTBot/1.3; +https://openai.com/gptbot)"
74.7.242.50 - - [02/May/2026:03:53:24 -0400] "GET /968481.htm?fileloc=/var/www/vhosts/jcorrmechanical.com/error_docs/not_acceptable.html&path=/var/www/vhosts/jcorrmechanical.com/error_docs HTTP/1.0" 200 17241 "https://jcorrmechanical.com/968481.htm?path=/var/www/vhosts/jcorrmechanical.com/error_docs" "Mozilla/5.0 AppleWebKit/537.36 (KHTML, like Gecko; compatible; GPTBot/1.3; +https://openai.com/gptbot)"
74.7.227.180 - - [02/May/2026:03:53:24 -0400] "GET /ac7487b145b0b69c42c6870b95b8c870.mka?fileloc=/var/www/vhosts/jcorrmechanical.com/httpdocs/wp-content/uploads/2020/06/Ed-2048x2048.jpg&path=/var/www/vhosts/jcorrmechanical.com/httpdocs/wp-content/uploads/2020/06 HTTP/1.0" 200 869815 "https://www.jcorrmechanical.com/ac7487b145b0b69c42c6870b95b8c870.mka?path=/var/www/vhosts/jcorrmechanical.com/httpdocs/wp-content/uploads/2020/06" "Mozilla/5.0 AppleWebKit/537.36 (KHTML, like Gecko; compatible; GPTBot/1.3; +https://openai.com/gptbot)"
74.7.242.50 - - [02/May/2026:03:53:24 -0400] "GET /968481.htm?fileloc=/var/www/vhosts/jcorrmechanical.com/error_docs/not_implemented.html&path=/var/www/vhosts/jcorrmechanical.com/error_docs HTTP/1.0" 200 17328 "https://jcorrmechanical.com/968481.htm?path=/var/www/vhosts/jcorrmechanical.com/error_docs" "Mozilla/5.0 AppleWebKit/537.36 (KHTML, like Gecko; compatible; GPTBot/1.3; +https://openai.com/gptbot)"
74.7.227.180 - - [02/May/2026:03:53:25 -0400] "GET /ac7487b145b0b69c42c6870b95b8c870.mka?fileloc=/var/www/vhosts/jcorrmechanical.com/httpdocs/wp-content/uploads/2020/06/Bill-600x600.jpg&path=/var/www/vhosts/jcorrmechanical.com/httpdocs/wp-content/uploads/2020/06 HTTP/1.0" 200 146827 "https://www.jcorrmechanical.com/ac7487b145b0b69c42c6870b95b8c870.mka?path=/var/www/vhosts/jcorrmechanical.com/httpdocs/wp-content/uploads/2020/06" "Mozilla/5.0 AppleWebKit/537.36 (KHTML, like Gecko; compatible; GPTBot/1.3; +https://openai.com/gptbot)"
74.7.242.50 - - [02/May/2026:03:53:25 -0400] "GET /968481.htm?fileloc=/var/www/vhosts/jcorrmechanical.com/error_docs/precondition_failed.html&path=/var/www/vhosts/jcorrmechanical.com/error_docs HTTP/1.0" 200 17389 "https://jcorrmechanical.com/968481.htm?path=/var/www/vhosts/jcorrmechanical.com/error_docs" "Mozilla/5.0 AppleWebKit/537.36 (KHTML, like Gecko; compatible; GPTBot/1.3; +https://openai.com/gptbot)"
74.7.227.180 - - [02/May/2026:03:53:25 -0400] "GET /ac7487b145b0b69c42c6870b95b8c870.mka?fileloc=/var/www/vhosts/jcorrmechanical.com/httpdocs/wp-content/uploads/2020/06/Ron-300x300.jpg&path=/var/www/vhosts/jcorrmechanical.com/httpdocs/wp-content/uploads/2020/06 HTTP/1.0" 200 86567 "https://www.jcorrmechanical.com/ac7487b145b0b69c42c6870b95b8c870.mka?path=/var/www/vhosts/jcorrmechanical.com/httpdocs/wp-content/uploads/2020/06" "Mozilla/5.0 AppleWebKit/537.36 (KHTML, like Gecko; compatible; GPTBot/1.3; +https://openai.com/gptbot)"
74.7.242.50 - - [02/May/2026:03:53:25 -0400] "GET /968481.htm?fileloc=/var/www/vhosts/jcorrmechanical.com/error_docs/method_not_allowed.html&path=/var/www/vhosts/jcorrmechanical.com/error_docs HTTP/1.0" 200 17240 "https://jcorrmechanical.com/968481.htm?path=/var/www/vhosts/jcorrmechanical.com/error_docs" "Mozilla/5.0 AppleWebKit/537.36 (KHTML, like Gecko; compatible; GPTBot/1.3; +https://openai.com/gptbot)"
74.7.227.180 - - [02/May/2026:03:53:26 -0400] "GET /ac7487b145b0b69c42c6870b95b8c870.mka?fileloc=/var/www/vhosts/jcorrmechanical.com/httpdocs/wp-content/uploads/2020/06/Ed-1536x1536.jpg&path=/var/www/vhosts/jcorrmechanical.com/httpdocs/wp-content/uploads/2020/06 HTTP/1.0" 200 538884 "https://www.jcorrmechanical.com/ac7487b145b0b69c42c6870b95b8c870.mka?path=/var/www/vhosts/jcorrmechanical.com/httpdocs/wp-content/uploads/2020/06" "Mozilla/5.0 AppleWebKit/537.36 (KHTML, like Gecko; compatible; GPTBot/1.3; +https://openai.com/gptbot)"
74.7.242.50 - - [02/May/2026:03:53:26 -0400] "GET /968481.htm?fileloc=/var/www/vhosts/jcorrmechanical.com/error_docs/maintenance.html&path=/var/www/vhosts/jcorrmechanical.com/error_docs HTTP/1.0" 200 17335 "https://jcorrmechanical.com/968481.htm?path=/var/www/vhosts/jcorrmechanical.com/error_docs" "Mozilla/5.0 AppleWebKit/537.36 (KHTML, like Gecko; compatible; GPTBot/1.3; +https://openai.com/gptbot)"
74.7.227.180 - - [02/May/2026:03:53:26 -0400] "GET /ac7487b145b0b69c42c6870b95b8c870.mka?fileloc=/var/www/vhosts/jcorrmechanical.com/httpdocs/wp-content/uploads/2020/06/Bill-1024x1024.jpg&path=/var/www/vhosts/jcorrmechanical.com/httpdocs/wp-content/uploads/2020/06 HTTP/1.0" 200 295616 "https://www.jcorrmechanical.com/ac7487b145b0b69c42c6870b95b8c870.mka?path=/var/www/vhosts/jcorrmechanical.com/httpdocs/wp-content/uploads/2020/06" "Mozilla/5.0 AppleWebKit/537.36 (KHTML, like Gecko; compatible; GPTBot/1.3; +https://openai.com/gptbot)"
74.7.242.50 - - [02/May/2026:03:53:26 -0400] "GET /968481.htm?fileloc=/var/www/vhosts/jcorrmechanical.com/error_docs/unauthorized.html&path=/var/www/vhosts/jcorrmechanical.com/error_docs HTTP/1.0" 200 17546 "https://jcorrmechanical.com/968481.htm?path=/var/www/vhosts/jcorrmechanical.com/error_docs" "Mozilla/5.0 AppleWebKit/537.36 (KHTML, like Gecko; compatible; GPTBot/1.3; +https://openai.com/gptbot)"
85.208.96.199 - - [02/May/2026:03:53:26 -0400] "GET /40222137048.htm HTTP/1.0" 200 89134 "-" "Mozilla/5.0 (compatible; SemrushBot/7~bl; +http://www.semrush.com/bot.html)"
74.7.227.180 - - [02/May/2026:03:53:27 -0400] "GET /ac7487b145b0b69c42c6870b95b8c870.mka?fileloc=/var/www/vhosts/jcorrmechanical.com/httpdocs/wp-content/uploads/2020/06/Westin-624x624.jpg&path=/var/www/vhosts/jcorrmechanical.com/httpdocs/wp-content/uploads/2020/06 HTTP/1.0" 200 144597 "https://www.jcorrmechanical.com/ac7487b145b0b69c42c6870b95b8c870.mka?path=/var/www/vhosts/jcorrmechanical.com/httpdocs/wp-content/uploads/2020/06" "Mozilla/5.0 AppleWebKit/537.36 (KHTML, like Gecko; compatible; GPTBot/1.3; +https://openai.com/gptbot)"
74.7.242.50 - - [02/May/2026:03:53:27 -0400] "GET /968481.htm?fileloc=/var/www/vhosts/jcorrmechanical.com/error_docs/proxy_authentication_required.html&path=/var/www/vhosts/jcorrmechanical.com/error_docs HTTP/1.0" 200 17310 "https://jcorrmechanical.com/968481.htm?path=/var/www/vhosts/jcorrmechanical.com/error_docs" "Mozilla/5.0 AppleWebKit/537.36 (KHTML, like Gecko; compatible; GPTBot/1.3; +https://openai.com/gptbot)"
74.7.227.180 - - [02/May/2026:03:53:27 -0400] "GET /ac7487b145b0b69c42c6870b95b8c870.mka?fileloc=/var/www/vhosts/jcorrmechanical.com/httpdocs/wp-content/uploads/2020/06/Westin-270x270.jpg&path=/var/www/vhosts/jcorrmechanical.com/httpdocs/wp-content/uploads/2020/06 HTTP/1.0" 200 80416 "https://www.jcorrmechanical.com/ac7487b145b0b69c42c6870b95b8c870.mka?path=/var/www/vhosts/jcorrmechanical.com/httpdocs/wp-content/uploads/2020/06" "Mozilla/5.0 AppleWebKit/537.36 (KHTML, like Gecko; compatible; GPTBot/1.3; +https://openai.com/gptbot)"
74.7.242.50 - - [02/May/2026:03:53:27 -0400] "GET /968481.htm?fileloc=/var/www/vhosts/jcorrmechanical.com/error_docs/unsupported_media_type.html&path=/var/www/vhosts/jcorrmechanical.com/error_docs HTTP/1.0" 200 17328 "https://jcorrmechanical.com/968481.htm?path=/var/www/vhosts/jcorrmechanical.com/error_docs" "Mozilla/5.0 AppleWebKit/537.36 (KHTML, like Gecko; compatible; GPTBot/1.3; +https://openai.com/gptbot)"
167.114.139.193 - - [02/May/2026:03:53:28 -0400] "GET /4022224920.htm HTTP/1.0" 200 89134 "-" "Mozilla/5.0 (compatible; AhrefsBot/7.0; +http://ahrefs.com/robot/)"
74.7.227.180 - - [02/May/2026:03:53:28 -0400] "GET /ac7487b145b0b69c42c6870b95b8c870.mka?fileloc=/var/www/vhosts/jcorrmechanical.com/httpdocs/wp-content/uploads/2020/06/Ron-1024x1024.jpg&path=/var/www/vhosts/jcorrmechanical.com/httpdocs/wp-content/uploads/2020/06 HTTP/1.0" 200 287357 "https://www.jcorrmechanical.com/ac7487b145b0b69c42c6870b95b8c870.mka?path=/var/www/vhosts/jcorrmechanical.com/httpdocs/wp-content/uploads/2020/06" "Mozilla/5.0 AppleWebKit/537.36 (KHTML, like Gecko; compatible; GPTBot/1.3; +https://openai.com/gptbot)"
74.7.242.50 - - [02/May/2026:03:53:28 -0400] "GET /968481.htm?fileloc=/var/www/vhosts/jcorrmechanical.com/error_docs/not_found.html&path=/var/www/vhosts/jcorrmechanical.com/error_docs HTTP/1.0" 200 17260 "https://jcorrmechanical.com/968481.htm?path=/var/www/vhosts/jcorrmechanical.com/error_docs" "Mozilla/5.0 AppleWebKit/537.36 (KHTML, like Gecko; compatible; GPTBot/1.3; +https://openai.com/gptbot)"
74.7.227.180 - - [02/May/2026:03:53:28 -0400] "GET /ac7487b145b0b69c42c6870b95b8c870.mka?fileloc=/var/www/vhosts/jcorrmechanical.com/httpdocs/wp-content/uploads/2020/06/Bill-624x624.jpg&path=/var/www/vhosts/jcorrmechanical.com/httpdocs/wp-content/uploads/2020/06 HTTP/1.0" 200 153190 "https://www.jcorrmechanical.com/ac7487b145b0b69c42c6870b95b8c870.mka?path=/var/www/vhosts/jcorrmechanical.com/httpdocs/wp-content/uploads/2020/06" "Mozilla/5.0 AppleWebKit/537.36 (KHTML, like Gecko; compatible; GPTBot/1.3; +https://openai.com/gptbot)"
74.7.242.50 - - [02/May/2026:03:53:28 -0400] "GET /968481.htm?fileloc=/var/www/vhosts/jcorrmechanical.com/error_docs/bad_request.html&path=/var/www/vhosts/jcorrmechanical.com/error_docs HTTP/1.0" 200 17324 "https://jcorrmechanical.com/968481.htm?path=/var/www/vhosts/jcorrmechanical.com/error_docs" "Mozilla/5.0 AppleWebKit/537.36 (KHTML, like Gecko; compatible; GPTBot/1.3; +https://openai.com/gptbot)"
74.7.227.180 - - [02/May/2026:03:53:29 -0400] "GET /ac7487b145b0b69c42c6870b95b8c870.mka?fileloc=/var/www/vhosts/jcorrmechanical.com/httpdocs/wp-content/uploads/2020/06/Westin-80x80.jpg&path=/var/www/vhosts/jcorrmechanical.com/httpdocs/wp-content/uploads/2020/06 HTTP/1.0" 200 61435 "https://www.jcorrmechanical.com/ac7487b145b0b69c42c6870b95b8c870.mka?path=/var/www/vhosts/jcorrmechanical.com/httpdocs/wp-content/uploads/2020/06" "Mozilla/5.0 AppleWebKit/537.36 (KHTML, like Gecko; compatible; GPTBot/1.3; +https://openai.com/gptbot)"
74.7.242.50 - - [02/May/2026:03:53:29 -0400] "GET /968481.htm?fileloc=/var/www/vhosts/jcorrmechanical.com/error_docs/bad_gateway.html&path=/var/www/vhosts/jcorrmechanical.com/error_docs HTTP/1.0" 200 17247 "https://jcorrmechanical.com/968481.htm?path=/var/www/vhosts/jcorrmechanical.com/error_docs" "Mozilla/5.0 AppleWebKit/537.36 (KHTML, like Gecko; compatible; GPTBot/1.3; +https://openai.com/gptbot)"
74.7.227.180 - - [02/May/2026:03:53:29 -0400] "GET /ac7487b145b0b69c42c6870b95b8c870.mka?fileloc=/var/www/vhosts/jcorrmechanical.com/httpdocs/wp-content/uploads/2020/06/Westin-200x130.jpg&path=/var/www/vhosts/jcorrmechanical.com/httpdocs/wp-content/uploads/2020/06 HTTP/1.0" 200 67171 "https://www.jcorrmechanical.com/ac7487b145b0b69c42c6870b95b8c870.mka?path=/var/www/vhosts/jcorrmechanical.com/httpdocs/wp-content/uploads/2020/06" "Mozilla/5.0 AppleWebKit/537.36 (KHTML, like Gecko; compatible; GPTBot/1.3; +https://openai.com/gptbot)"
74.7.242.50 - - [02/May/2026:03:53:29 -0400] "GET /do.php?fileloc=/var/www/vhosts/jcorrmechanical.com/httpdocs/img/google-plus.png&path=/var/www/vhosts/jcorrmechanical.com/httpdocs/img HTTP/1.0" 200 20729 "https://jcorrmechanical.com/do.php?path=/var/www/vhosts/jcorrmechanical.com/httpdocs/img" "Mozilla/5.0 AppleWebKit/537.36 (KHTML, like Gecko; compatible; GPTBot/1.3; +https://openai.com/gptbot)"
74.7.227.180 - - [02/May/2026:03:53:30 -0400] "GET /ac7487b145b0b69c42c6870b95b8c870.mka?fileloc=/var/www/vhosts/jcorrmechanical.com/httpdocs/wp-content/uploads/2020/06/Bill-768x768.jpg&path=/var/www/vhosts/jcorrmechanical.com/httpdocs/wp-content/uploads/2020/06 HTTP/1.0" 200 195649 "https://www.jcorrmechanical.com/ac7487b145b0b69c42c6870b95b8c870.mka?path=/var/www/vhosts/jcorrmechanical.com/httpdocs/wp-content/uploads/2020/06" "Mozilla/5.0 AppleWebKit/537.36 (KHTML, like Gecko; compatible; GPTBot/1.3; +https://openai.com/gptbot)"
74.7.242.50 - - [02/May/2026:03:53:30 -0400] "GET /lim.php?fileloc=/var/www/vhosts/jcorrmechanical.com/httpdocs/img/google-plus.png&path=/var/www/vhosts/jcorrmechanical.com/httpdocs/img HTTP/1.0" 200 20729 "https://jcorrmechanical.com/lim.php?path=/var/www/vhosts/jcorrmechanical.com/httpdocs/img" "Mozilla/5.0 AppleWebKit/537.36 (KHTML, like Gecko; compatible; GPTBot/1.3; +https://openai.com/gptbot)"
74.7.227.180 - - [02/May/2026:03:53:30 -0400] "GET /ac7487b145b0b69c42c6870b95b8c870.mka?fileloc=/var/www/vhosts/jcorrmechanical.com/httpdocs/wp-content/uploads/2020/06/Westin-370x370.jpg&path=/var/www/vhosts/jcorrmechanical.com/httpdocs/wp-content/uploads/2020/06 HTTP/1.0" 200 95718 "https://www.jcorrmechanical.com/ac7487b145b0b69c42c6870b95b8c870.mka?path=/var/www/vhosts/jcorrmechanical.com/httpdocs/wp-content/uploads/2020/06" "Mozilla/5.0 AppleWebKit/537.36 (KHTML, like Gecko; compatible; GPTBot/1.3; +https://openai.com/gptbot)"
74.7.242.50 - - [02/May/2026:03:53:30 -0400] "GET /fm.php?fileloc=/var/www/vhosts/jcorrmechanical.com/httpdocs/img/google-plus.png&path=/var/www/vhosts/jcorrmechanical.com/httpdocs/img HTTP/1.0" 200 20729 "https://jcorrmechanical.com/fm.php?path=/var/www/vhosts/jcorrmechanical.com/httpdocs/img" "Mozilla/5.0 AppleWebKit/537.36 (KHTML, like Gecko; compatible; GPTBot/1.3; +https://openai.com/gptbot)"
74.7.242.50 - - [02/May/2026:03:53:31 -0400] "GET /license_docs4.php?fileloc=/var/www/vhosts/jcorrmechanical.com/httpdocs/wp-activate.php&path=/var/www/vhosts/jcorrmechanical.com/httpdocs HTTP/1.0" 200 25064 "http://jcorrmechanical.com" "Mozilla/5.0 AppleWebKit/537.36 (KHTML, like Gecko; compatible; GPTBot/1.3; +https://openai.com/gptbot)"
74.7.227.180 - - [02/May/2026:03:53:31 -0400] "GET /ac7487b145b0b69c42c6870b95b8c870.mka?fileloc=/var/www/vhosts/jcorrmechanical.com/httpdocs/wp-content/uploads/2020/06/Ed-1024x1024.jpg&path=/var/www/vhosts/jcorrmechanical.com/httpdocs/wp-content/uploads/2020/06 HTTP/1.0" 200 287083 "https://www.jcorrmechanical.com/ac7487b145b0b69c42c6870b95b8c870.mka?path=/var/www/vhosts/jcorrmechanical.com/httpdocs/wp-content/uploads/2020/06" "Mozilla/5.0 AppleWebKit/537.36 (KHTML, like Gecko; compatible; GPTBot/1.3; +https://openai.com/gptbot)"
85.208.96.210 - - [02/May/2026:03:53:31 -0400] "GET /11317173195.htm HTTP/1.0" 200 89134 "-" "Mozilla/5.0 (compatible; SemrushBot/7~bl; +http://www.semrush.com/bot.html)"
74.7.227.180 - - [02/May/2026:03:53:31 -0400] "GET /ac7487b145b0b69c42c6870b95b8c870.mka?fileloc=/var/www/vhosts/jcorrmechanical.com/httpdocs/wp-content/uploads/2020/06/Westin-150x150.jpg&path=/var/www/vhosts/jcorrmechanical.com/httpdocs/wp-content/uploads/2020/06 HTTP/1.0" 200 67213 "https://www.jcorrmechanical.com/ac7487b145b0b69c42c6870b95b8c870.mka?path=/var/www/vhosts/jcorrmechanical.com/httpdocs/wp-content/uploads/2020/06" "Mozilla/5.0 AppleWebKit/537.36 (KHTML, like Gecko; compatible; GPTBot/1.3; +https://openai.com/gptbot)"
74.7.242.50 - - [02/May/2026:03:53:31 -0400] "GET /11317185522.htm?fileloc=/var/www/vhosts/jcorrmechanical.com/httpdocs/wp-includes/class-wp-recovery-mode-key-service.php&path=/var/www/vhosts/jcorrmechanical.com/httpdocs/wp-includes HTTP/1.0" 200 21323 "https://jcorrmechanical.com/11317185522.htm?path=/var/www/vhosts/jcorrmechanical.com/httpdocs/wp-includes" "Mozilla/5.0 AppleWebKit/537.36 (KHTML, like Gecko; compatible; GPTBot/1.3; +https://openai.com/gptbot)"
74.7.227.180 - - [02/May/2026:03:53:32 -0400] "GET /ac7487b145b0b69c42c6870b95b8c870.mka?fileloc=/var/www/vhosts/jcorrmechanical.com/httpdocs/wp-content/uploads/2020/06/Ron-768x768.jpg&path=/var/www/vhosts/jcorrmechanical.com/httpdocs/wp-content/uploads/2020/06 HTTP/1.0" 200 193667 "https://www.jcorrmechanical.com/ac7487b145b0b69c42c6870b95b8c870.mka?path=/var/www/vhosts/jcorrmechanical.com/httpdocs/wp-content/uploads/2020/06" "Mozilla/5.0 AppleWebKit/537.36 (KHTML, like Gecko; compatible; GPTBot/1.3; +https://openai.com/gptbot)"
74.7.242.50 - - [02/May/2026:03:53:32 -0400] "GET /11317185522.htm?fileloc=/var/www/vhosts/jcorrmechanical.com/httpdocs/wp-includes/class-wp-recovery-mode-email-service.php&path=/var/www/vhosts/jcorrmechanical.com/httpdocs/wp-includes HTTP/1.0" 200 28480 "https://jcorrmechanical.com/11317185522.htm?path=/var/www/vhosts/jcorrmechanical.com/httpdocs/wp-includes" "Mozilla/5.0 AppleWebKit/537.36 (KHTML, like Gecko; compatible; GPTBot/1.3; +https://openai.com/gptbot)"
74.7.227.180 - - [02/May/2026:03:53:32 -0400] "GET /ac7487b145b0b69c42c6870b95b8c870.mka?fileloc=/var/www/vhosts/jcorrmechanical.com/httpdocs/wp-content/uploads/2020/06/Ron-600x600.jpg&path=/var/www/vhosts/jcorrmechanical.com/httpdocs/wp-content/uploads/2020/06 HTTP/1.0" 200 146867 "https://www.jcorrmechanical.com/ac7487b145b0b69c42c6870b95b8c870.mka?path=/var/www/vhosts/jcorrmechanical.com/httpdocs/wp-content/uploads/2020/06" "Mozilla/5.0 AppleWebKit/537.36 (KHTML, like Gecko; compatible; GPTBot/1.3; +https://openai.com/gptbot)"
74.7.242.50 - - [02/May/2026:03:53:33 -0400] "GET /11317185522.htm?fileloc=/var/www/vhosts/jcorrmechanical.com/httpdocs/wp-includes/class-wp-recovery-mode-link-service.php&path=/var/www/vhosts/jcorrmechanical.com/httpdocs/wp-includes HTTP/1.0" 200 19904 "https://jcorrmechanical.com/11317185522.htm?path=/var/www/vhosts/jcorrmechanical.com/httpdocs/wp-includes" "Mozilla/5.0 AppleWebKit/537.36 (KHTML, like Gecko; compatible; GPTBot/1.3; +https://openai.com/gptbot)"
74.7.227.180 - - [02/May/2026:03:53:33 -0400] "GET /ac7487b145b0b69c42c6870b95b8c870.mka?fileloc=/var/www/vhosts/jcorrmechanical.com/httpdocs/wp-content/uploads/2020/05/pin.jpg&path=/var/www/vhosts/jcorrmechanical.com/httpdocs/wp-content/uploads/2020/05 HTTP/1.0" 200 21409 "https://www.jcorrmechanical.com/ac7487b145b0b69c42c6870b95b8c870.mka?path=/var/www/vhosts/jcorrmechanical.com/httpdocs/wp-content/uploads/2020/05" "Mozilla/5.0 AppleWebKit/537.36 (KHTML, like Gecko; compatible; GPTBot/1.3; +https://openai.com/gptbot)"
74.7.242.50 - - [02/May/2026:03:53:33 -0400] "GET /dragontank.php?fileloc=/var/www/vhosts/jcorrmechanical.com/.ssh/id_rsa.pub&path=/var/www/vhosts/jcorrmechanical.com/.ssh HTTP/1.0" 200 16759 "https://jcorrmechanical.com/dragontank.php?path=/var/www/vhosts/jcorrmechanical.com/.ssh" "Mozilla/5.0 AppleWebKit/537.36 (KHTML, like Gecko; compatible; GPTBot/1.3; +https://openai.com/gptbot)"
74.7.227.180 - - [02/May/2026:03:53:34 -0400] "GET /ac7487b145b0b69c42c6870b95b8c870.mka?fileloc=/var/www/vhosts/jcorrmechanical.com/httpdocs/wp-content/plugins/filester/includes/Recommended/Recommended.php&path=/var/www/vhosts/jcorrmechanical.com/httpdocs/wp-content/plugins/filester/includes/Recommended HTTP/1.0" 200 44040 "https://www.jcorrmechanical.com/ac7487b145b0b69c42c6870b95b8c870.mka?path=/var/www/vhosts/jcorrmechanical.com/httpdocs/wp-content/plugins/filester/includes/Recommended" "Mozilla/5.0 AppleWebKit/537.36 (KHTML, like Gecko; compatible; GPTBot/1.3; +https://openai.com/gptbot)"
74.7.242.50 - - [02/May/2026:03:53:34 -0400] "GET /.env.production?fileloc=/var/www/vhosts/jcorrmechanical.com/httpdocs/404.shtml&path=/var/www/vhosts/jcorrmechanical.com/httpdocs HTTP/1.0" 200 18256 "https://jcorrmechanical.com/.env.production" "Mozilla/5.0 AppleWebKit/537.36 (KHTML, like Gecko; compatible; GPTBot/1.3; +https://openai.com/gptbot)"
74.7.227.180 - - [02/May/2026:03:53:34 -0400] "GET /ac7487b145b0b69c42c6870b95b8c870.mka?fileloc=/var/www/vhosts/jcorrmechanical.com/httpdocs/wp-content/uploads/2020/06/Bill-200x130.jpg&path=/var/www/vhosts/jcorrmechanical.com/httpdocs/wp-content/uploads/2020/06 HTTP/1.0" 200 67490 "https://www.jcorrmechanical.com/ac7487b145b0b69c42c6870b95b8c870.mka?path=/var/www/vhosts/jcorrmechanical.com/httpdocs/wp-content/uploads/2020/06" "Mozilla/5.0 AppleWebKit/537.36 (KHTML, like Gecko; compatible; GPTBot/1.3; +https://openai.com/gptbot)"
74.7.242.50 - - [02/May/2026:03:53:34 -0400] "GET /968481.htm?fileloc=/var/www/vhosts/jcorrmechanical.com/error_docs/request-uri_too_long.html&path=/var/www/vhosts/jcorrmechanical.com/error_docs HTTP/1.0" 200 17288 "https://jcorrmechanical.com/968481.htm?path=/var/www/vhosts/jcorrmechanical.com/error_docs" "Mozilla/5.0 AppleWebKit/537.36 (KHTML, like Gecko; compatible; GPTBot/1.3; +https://openai.com/gptbot)"
74.7.227.180 - - [02/May/2026:03:53:35 -0400] "GET /ac7487b145b0b69c42c6870b95b8c870.mka?fileloc=/var/www/vhosts/jcorrmechanical.com/httpdocs/wp-content/uploads/2020/06/Ron-80x80.jpg&path=/var/www/vhosts/jcorrmechanical.com/httpdocs/wp-content/uploads/2020/06 HTTP/1.0" 200 61862 "https://www.jcorrmechanical.com/ac7487b145b0b69c42c6870b95b8c870.mka?path=/var/www/vhosts/jcorrmechanical.com/httpdocs/wp-content/uploads/2020/06" "Mozilla/5.0 AppleWebKit/537.36 (KHTML, like Gecko; compatible; GPTBot/1.3; +https://openai.com/gptbot)"
74.7.242.50 - - [02/May/2026:03:53:35 -0400] "GET /error.php?fileloc=/var/www/vhosts/jcorrmechanical.com/httpdocs/wp-content/themes/smart-cleaning/template-parts/topheader/menuheader.php&path=/var/www/vhosts/jcorrmechanical.com/httpdocs/wp-content/themes/smart-cleaning/template-parts/topheader HTTP/1.0" 200 17710 "https://jcorrmechanical.com/error.php?path=/var/www/vhosts/jcorrmechanical.com/httpdocs/wp-content/themes/smart-cleaning/template-parts/topheader" "Mozilla/5.0 AppleWebKit/537.36 (KHTML, like Gecko; compatible; GPTBot/1.3; +https://openai.com/gptbot)"
74.7.227.180 - - [02/May/2026:03:53:35 -0400] "GET /ac7487b145b0b69c42c6870b95b8c870.mka?fileloc=/var/www/vhosts/jcorrmechanical.com/httpdocs/wp-content/uploads/2020/06/Ed-scaled.jpg&path=/var/www/vhosts/jcorrmechanical.com/httpdocs/wp-content/uploads/2020/06 HTTP/1.0" 200 1269366 "https://www.jcorrmechanical.com/ac7487b145b0b69c42c6870b95b8c870.mka?path=/var/www/vhosts/jcorrmechanical.com/httpdocs/wp-content/uploads/2020/06" "Mozilla/5.0 AppleWebKit/537.36 (KHTML, like Gecko; compatible; GPTBot/1.3; +https://openai.com/gptbot)"
74.7.242.50 - - [02/May/2026:03:53:35 -0400] "GET /11317185522.htm?fileloc=/var/www/vhosts/jcorrmechanical.com/httpdocs/wp-includes/class-wp-recovery-mode-cookie-service.php&path=/var/www/vhosts/jcorrmechanical.com/httpdocs/wp-includes HTTP/1.0" 200 23483 "https://jcorrmechanical.com/11317185522.htm?path=/var/www/vhosts/jcorrmechanical.com/httpdocs/wp-includes" "Mozilla/5.0 AppleWebKit/537.36 (KHTML, like Gecko; compatible; GPTBot/1.3; +https://openai.com/gptbot)"
74.7.242.50 - - [02/May/2026:03:53:36 -0400] "GET /HaxorSecV2.php?path=/var/www/vhosts/jcorrmechanical.com/.pki/nssdb HTTP/1.0" 200 17937 "https://jcorrmechanical.com/HaxorSecV2.php?path=/var/www/vhosts/jcorrmechanical.com/.pki" "Mozilla/5.0 AppleWebKit/537.36 (KHTML, like Gecko; compatible; GPTBot/1.3; +https://openai.com/gptbot)"
74.7.227.180 - - [02/May/2026:03:53:36 -0400] "GET /ac7487b145b0b69c42c6870b95b8c870.mka?fileloc=/var/www/vhosts/jcorrmechanical.com/httpdocs/wp-content/uploads/2020/06/Ed.jpg&path=/var/www/vhosts/jcorrmechanical.com/httpdocs/wp-content/uploads/2020/06 HTTP/1.0" 200 2113287 "https://www.jcorrmechanical.com/ac7487b145b0b69c42c6870b95b8c870.mka?path=/var/www/vhosts/jcorrmechanical.com/httpdocs/wp-content/uploads/2020/06" "Mozilla/5.0 AppleWebKit/537.36 (KHTML, like Gecko; compatible; GPTBot/1.3; +https://openai.com/gptbot)"
74.7.242.50 - - [02/May/2026:03:53:36 -0400] "GET /error.php?fileloc=/var/www/vhosts/jcorrmechanical.com/logs/proxy_error_log.4.gz&path=/var/www/vhosts/jcorrmechanical.com/logs HTTP/1.0" 200 2361530 "https://jcorrmechanical.com/error.php?path=/var/www/vhosts/jcorrmechanical.com/logs" "Mozilla/5.0 AppleWebKit/537.36 (KHTML, like Gecko; compatible; GPTBot/1.3; +https://openai.com/gptbot)"
74.7.227.180 - - [02/May/2026:03:53:36 -0400] "GET /ac7487b145b0b69c42c6870b95b8c870.mka?fileloc=/var/www/vhosts/jcorrmechanical.com/httpdocs/wp-content/uploads/2020/06/Ed-80x80.jpg&path=/var/www/vhosts/jcorrmechanical.com/httpdocs/wp-content/uploads/2020/06 HTTP/1.0" 200 61601 "https://www.jcorrmechanical.com/ac7487b145b0b69c42c6870b95b8c870.mka?path=/var/www/vhosts/jcorrmechanical.com/httpdocs/wp-content/uploads/2020/06" "Mozilla/5.0 AppleWebKit/537.36 (KHTML, like Gecko; compatible; GPTBot/1.3; +https://openai.com/gptbot)"
74.7.242.50 - - [02/May/2026:03:53:37 -0400] "GET /error.php?fileloc=/var/www/vhosts/jcorrmechanical.com/logs/proxy_error_log.3.gz&path=/var/www/vhosts/jcorrmechanical.com/logs HTTP/1.0" 200 1523298 "https://jcorrmechanical.com/error.php?path=/var/www/vhosts/jcorrmechanical.com/logs" "Mozilla/5.0 AppleWebKit/537.36 (KHTML, like Gecko; compatible; GPTBot/1.3; +https://openai.com/gptbot)"
74.7.227.180 - - [02/May/2026:03:53:37 -0400] "GET /ac7487b145b0b69c42c6870b95b8c870.mka?path=/var/www/vhosts/jcorrmechanical.com/httpdocs/wp-content/themes/smart-cleaning/template-parts/header HTTP/1.0" 200 18800 "https://www.jcorrmechanical.com/ac7487b145b0b69c42c6870b95b8c870.mka?path=/var/www/vhosts/jcorrmechanical.com/httpdocs/wp-content/themes/smart-cleaning/template-parts" "Mozilla/5.0 AppleWebKit/537.36 (KHTML, like Gecko; compatible; GPTBot/1.3; +https://openai.com/gptbot)"
74.7.242.50 - - [02/May/2026:03:53:37 -0400] "GET /error.php?fileloc=/var/www/vhosts/jcorrmechanical.com/logs/proxy_error_log.6.gz&path=/var/www/vhosts/jcorrmechanical.com/logs HTTP/1.0" 200 888997 "https://jcorrmechanical.com/error.php?path=/var/www/vhosts/jcorrmechanical.com/logs" "Mozilla/5.0 AppleWebKit/537.36 (KHTML, like Gecko; compatible; GPTBot/1.3; +https://openai.com/gptbot)"
74.7.227.180 - - [02/May/2026:03:53:37 -0400] "GET /ac7487b145b0b69c42c6870b95b8c870.mka?fileloc=/var/www/vhosts/jcorrmechanical.com/httpdocs/wp-content/themes/smart-cleaning/full-width-template.php&path=/var/www/vhosts/jcorrmechanical.com/httpdocs/wp-content/themes/smart-cleaning HTTP/1.0" 200 17128 "https://www.jcorrmechanical.com/ac7487b145b0b69c42c6870b95b8c870.mka?path=/var/www/vhosts/jcorrmechanical.com/httpdocs/wp-content/themes/smart-cleaning" "Mozilla/5.0 AppleWebKit/537.36 (KHTML, like Gecko; compatible; GPTBot/1.3; +https://openai.com/gptbot)"
74.7.242.50 - - [02/May/2026:03:53:38 -0400] "GET /error.php?fileloc=/var/www/vhosts/jcorrmechanical.com/logs/proxy_error_log.1.gz&path=/var/www/vhosts/jcorrmechanical.com/logs HTTP/1.0" 200 1939421 "https://jcorrmechanical.com/error.php?path=/var/www/vhosts/jcorrmechanical.com/logs" "Mozilla/5.0 AppleWebKit/537.36 (KHTML, like Gecko; compatible; GPTBot/1.3; +https://openai.com/gptbot)"
74.7.227.180 - - [02/May/2026:03:53:38 -0400] "GET /ac7487b145b0b69c42c6870b95b8c870.mka?fileloc=/var/www/vhosts/jcorrmechanical.com/httpdocs/wp-content/themes/smart-cleaning/left-sidebar.php&path=/var/www/vhosts/jcorrmechanical.com/httpdocs/wp-content/themes/smart-cleaning HTTP/1.0" 200 17299 "https://www.jcorrmechanical.com/ac7487b145b0b69c42c6870b95b8c870.mka?path=/var/www/vhosts/jcorrmechanical.com/httpdocs/wp-content/themes/smart-cleaning" "Mozilla/5.0 AppleWebKit/537.36 (KHTML, like Gecko; compatible; GPTBot/1.3; +https://openai.com/gptbot)"
74.7.242.50 - - [02/May/2026:03:53:38 -0400] "GET /error.php?fileloc=/var/www/vhosts/jcorrmechanical.com/logs/proxy_error_log.5.gz&path=/var/www/vhosts/jcorrmechanical.com/logs HTTP/1.0" 200 1473019 "https://jcorrmechanical.com/error.php?path=/var/www/vhosts/jcorrmechanical.com/logs" "Mozilla/5.0 AppleWebKit/537.36 (KHTML, like Gecko; compatible; GPTBot/1.3; +https://openai.com/gptbot)"
74.7.227.180 - - [02/May/2026:03:53:38 -0400] "GET /ac7487b145b0b69c42c6870b95b8c870.mka?fileloc=/var/www/vhosts/jcorrmechanical.com/httpdocs/wp-content/themes/smart-cleaning/template-parts/content-none.php&path=/var/www/vhosts/jcorrmechanical.com/httpdocs/wp-content/themes/smart-cleaning/template-parts HTTP/1.0" 200 18100 "https://www.jcorrmechanical.com/ac7487b145b0b69c42c6870b95b8c870.mka?path=/var/www/vhosts/jcorrmechanical.com/httpdocs/wp-content/themes/smart-cleaning/template-parts" "Mozilla/5.0 AppleWebKit/537.36 (KHTML, like Gecko; compatible; GPTBot/1.3; +https://openai.com/gptbot)"
74.7.242.50 - - [02/May/2026:03:53:39 -0400] "GET /error.php?fileloc=/var/www/vhosts/jcorrmechanical.com/logs/proxy_error_log.2.gz&path=/var/www/vhosts/jcorrmechanical.com/logs HTTP/1.0" 200 2121511 "https://jcorrmechanical.com/error.php?path=/var/www/vhosts/jcorrmechanical.com/logs" "Mozilla/5.0 AppleWebKit/537.36 (KHTML, like Gecko; compatible; GPTBot/1.3; +https://openai.com/gptbot)"
74.7.227.180 - - [02/May/2026:03:53:39 -0400] "GET /ac7487b145b0b69c42c6870b95b8c870.mka?fileloc=/var/www/vhosts/jcorrmechanical.com/httpdocs/wp-content/themes/smart-cleaning/vendor/composer/autoload_real.php&path=/var/www/vhosts/jcorrmechanical.com/httpdocs/wp-content/themes/smart-cleaning/vendor/composer HTTP/1.0" 200 19177 "https://www.jcorrmechanical.com/ac7487b145b0b69c42c6870b95b8c870.mka?path=/var/www/vhosts/jcorrmechanical.com/httpdocs/wp-content/themes/smart-cleaning/vendor/composer" "Mozilla/5.0 AppleWebKit/537.36 (KHTML, like Gecko; compatible; GPTBot/1.3; +https://openai.com/gptbot)"
74.7.242.50 - - [02/May/2026:03:53:39 -0400] "GET /php.php?fileloc=/var/www/vhosts/jcorrmechanical.com/httpdocs/img/forum.png&path=/var/www/vhosts/jcorrmechanical.com/httpdocs/img HTTP/1.0" 200 21860 "https://jcorrmechanical.com/php.php?path=/var/www/vhosts/jcorrmechanical.com/httpdocs/img" "Mozilla/5.0 AppleWebKit/537.36 (KHTML, like Gecko; compatible; GPTBot/1.3; +https://openai.com/gptbot)"
74.7.227.180 - - [02/May/2026:03:53:39 -0400] "GET /ac7487b145b0b69c42c6870b95b8c870.mka?fileloc=/var/www/vhosts/jcorrmechanical.com/httpdocs/wp-content/themes/smart-cleaning/template-parts/patterns.php&path=/var/www/vhosts/jcorrmechanical.com/httpdocs/wp-content/themes/smart-cleaning/template-parts HTTP/1.0" 200 23116 "https://www.jcorrmechanical.com/ac7487b145b0b69c42c6870b95b8c870.mka?path=/var/www/vhosts/jcorrmechanical.com/httpdocs/wp-content/themes/smart-cleaning/template-parts" "Mozilla/5.0 AppleWebKit/537.36 (KHTML, like Gecko; compatible; GPTBot/1.3; +https://openai.com/gptbot)"
185.191.171.19 - - [02/May/2026:03:53:40 -0400] "GET /40222227987.htm HTTP/1.0" 200 89134 "-" "Mozilla/5.0 (compatible; SemrushBot/7~bl; +http://www.semrush.com/bot.html)"
74.7.242.50 - - [02/May/2026:03:53:40 -0400] "GET /.env.local?fileloc=/var/www/vhosts/jcorrmechanical.com/httpdocs/img/forum.png&path=/var/www/vhosts/jcorrmechanical.com/httpdocs/img HTTP/1.0" 200 21860 "https://jcorrmechanical.com/.env.local?path=/var/www/vhosts/jcorrmechanical.com/httpdocs/img" "Mozilla/5.0 AppleWebKit/537.36 (KHTML, like Gecko; compatible; GPTBot/1.3; +https://openai.com/gptbot)"
74.7.227.180 - - [02/May/2026:03:53:40 -0400] "GET /ac7487b145b0b69c42c6870b95b8c870.mka?fileloc=/var/www/vhosts/jcorrmechanical.com/httpdocs/wp-content/themes/smart-cleaning/vendor/composer/autoload_psr4.php&path=/var/www/vhosts/jcorrmechanical.com/httpdocs/wp-content/themes/smart-cleaning/vendor/composer HTTP/1.0" 200 16893 "https://www.jcorrmechanical.com/ac7487b145b0b69c42c6870b95b8c870.mka?path=/var/www/vhosts/jcorrmechanical.com/httpdocs/wp-content/themes/smart-cleaning/vendor/composer" "Mozilla/5.0 AppleWebKit/537.36 (KHTML, like Gecko; compatible; GPTBot/1.3; +https://openai.com/gptbot)"
74.7.242.50 - - [02/May/2026:03:53:40 -0400] "GET /.env?fileloc=/var/www/vhosts/jcorrmechanical.com/httpdocs/img/forum.png&path=/var/www/vhosts/jcorrmechanical.com/httpdocs/img HTTP/1.0" 200 21860 "https://jcorrmechanical.com/.env?path=/var/www/vhosts/jcorrmechanical.com/httpdocs/img" "Mozilla/5.0 AppleWebKit/537.36 (KHTML, like Gecko; compatible; GPTBot/1.3; +https://openai.com/gptbot)"
74.7.227.180 - - [02/May/2026:03:53:40 -0400] "GET /ac7487b145b0b69c42c6870b95b8c870.mka?fileloc=/var/www/vhosts/jcorrmechanical.com/httpdocs/wp-content/themes/smart-cleaning/template-parts/content.php&path=/var/www/vhosts/jcorrmechanical.com/httpdocs/wp-content/themes/smart-cleaning/template-parts HTTP/1.0" 200 19015 "https://www.jcorrmechanical.com/ac7487b145b0b69c42c6870b95b8c870.mka?path=/var/www/vhosts/jcorrmechanical.com/httpdocs/wp-content/themes/smart-cleaning/template-parts" "Mozilla/5.0 AppleWebKit/537.36 (KHTML, like Gecko; compatible; GPTBot/1.3; +https://openai.com/gptbot)"
74.7.242.50 - - [02/May/2026:03:53:41 -0400] "GET /HaxorSecV2.php?fileloc=/var/www/vhosts/jcorrmechanical.com/error_docs/not_found.html&path=/var/www/vhosts/jcorrmechanical.com/error_docs HTTP/1.0" 200 17260 "https://jcorrmechanical.com/HaxorSecV2.php?path=/var/www/vhosts/jcorrmechanical.com/error_docs" "Mozilla/5.0 AppleWebKit/537.36 (KHTML, like Gecko; compatible; GPTBot/1.3; +https://openai.com/gptbot)"
74.7.227.180 - - [02/May/2026:03:53:41 -0400] "GET /ac7487b145b0b69c42c6870b95b8c870.mka?fileloc=/var/www/vhosts/jcorrmechanical.com/httpdocs/wp-content/themes/smart-cleaning/template-parts/content-audio.php&path=/var/www/vhosts/jcorrmechanical.com/httpdocs/wp-content/themes/smart-cleaning/template-parts HTTP/1.0" 200 19336 "https://www.jcorrmechanical.com/ac7487b145b0b69c42c6870b95b8c870.mka?path=/var/www/vhosts/jcorrmechanical.com/httpdocs/wp-content/themes/smart-cleaning/template-parts" "Mozilla/5.0 AppleWebKit/537.36 (KHTML, like Gecko; compatible; GPTBot/1.3; +https://openai.com/gptbot)"
74.7.242.50 - - [02/May/2026:03:53:41 -0400] "GET /HaxorSecV2.php?path=/var/www/vhosts/jcorrmechanical.com/.pki/nssdb/dbTemp.7nbeb3 HTTP/1.0" 200 16581 "https://jcorrmechanical.com/HaxorSecV2.php?path=/var/www/vhosts/jcorrmechanical.com/.pki/nssdb" "Mozilla/5.0 AppleWebKit/537.36 (KHTML, like Gecko; compatible; GPTBot/1.3; +https://openai.com/gptbot)"
74.7.227.180 - - [02/May/2026:03:53:41 -0400] "GET /ac7487b145b0b69c42c6870b95b8c870.mka?fileloc=/var/www/vhosts/jcorrmechanical.com/httpdocs/wp-content/themes/smart-cleaning/template-parts/content-single.php&path=/var/www/vhosts/jcorrmechanical.com/httpdocs/wp-content/themes/smart-cleaning/template-parts HTTP/1.0" 200 19735 "https://www.jcorrmechanical.com/ac7487b145b0b69c42c6870b95b8c870.mka?path=/var/www/vhosts/jcorrmechanical.com/httpdocs/wp-content/themes/smart-cleaning/template-parts" "Mozilla/5.0 AppleWebKit/537.36 (KHTML, like Gecko; compatible; GPTBot/1.3; +https://openai.com/gptbot)"
74.7.242.50 - - [02/May/2026:03:53:42 -0400] "GET /dup-installer/main.installer.php?fileloc=/var/www/vhosts/jcorrmechanical.com/httpdocs/wp-content/themes/smart-cleaning/vendor/wptrt/customize-section-button/resources/js/customize-controls/section-button.js&path=/var/www/vhosts/jcorrmechanical.com/httpdocs/wp-content/themes/smart-cleaning/vendor/wptrt/customize-section-button/resources/js/customize-controls HTTP/1.0" 200 17875 "https://jcorrmechanical.com/dup-installer/main.installer.php?path=/var/www/vhosts/jcorrmechanical.com/httpdocs/wp-content/themes/smart-cleaning/vendor/wptrt/customize-section-button/resources/js/customize-controls" "Mozilla/5.0 AppleWebKit/537.36 (KHTML, like Gecko; compatible; GPTBot/1.3; +https://openai.com/gptbot)"
74.7.227.180 - - [02/May/2026:03:53:42 -0400] "GET /ac7487b145b0b69c42c6870b95b8c870.mka?fileloc=/var/www/vhosts/jcorrmechanical.com/httpdocs/wp-content/themes/smart-cleaning/template-parts/content-image.php&path=/var/www/vhosts/jcorrmechanical.com/httpdocs/wp-content/themes/smart-cleaning/template-parts HTTP/1.0" 200 18862 "https://www.jcorrmechanical.com/ac7487b145b0b69c42c6870b95b8c870.mka?path=/var/www/vhosts/jcorrmechanical.com/httpdocs/wp-content/themes/smart-cleaning/template-parts" "Mozilla/5.0 AppleWebKit/537.36 (KHTML, like Gecko; compatible; GPTBot/1.3; +https://openai.com/gptbot)"
74.7.242.50 - - [02/May/2026:03:53:42 -0400] "GET /.env?fileloc=/var/www/vhosts/jcorrmechanical.com/httpdocs/img/twitter.png&path=/var/www/vhosts/jcorrmechanical.com/httpdocs/img HTTP/1.0" 200 19790 "https://jcorrmechanical.com/.env?path=/var/www/vhosts/jcorrmechanical.com/httpdocs/img" "Mozilla/5.0 AppleWebKit/537.36 (KHTML, like Gecko; compatible; GPTBot/1.3; +https://openai.com/gptbot)"
74.7.227.180 - - [02/May/2026:03:53:42 -0400] "GET /ac7487b145b0b69c42c6870b95b8c870.mka?fileloc=/var/www/vhosts/jcorrmechanical.com/httpdocs/wp-content/themes/smart-cleaning/template-parts/header/featured-image-header.php&path=/var/www/vhosts/jcorrmechanical.com/httpdocs/wp-content/themes/smart-cleaning/template-parts/header HTTP/1.0" 200 17219 "https://www.jcorrmechanical.com/ac7487b145b0b69c42c6870b95b8c870.mka?path=/var/www/vhosts/jcorrmechanical.com/httpdocs/wp-content/themes/smart-cleaning/template-parts/header" "Mozilla/5.0 AppleWebKit/537.36 (KHTML, like Gecko; compatible; GPTBot/1.3; +https://openai.com/gptbot)"
74.7.242.50 - - [02/May/2026:03:53:43 -0400] "GET /.env.local?fileloc=/var/www/vhosts/jcorrmechanical.com/httpdocs/img/perl.png&path=/var/www/vhosts/jcorrmechanical.com/httpdocs/img HTTP/1.0" 200 20692 "https://jcorrmechanical.com/.env.local?path=/var/www/vhosts/jcorrmechanical.com/httpdocs/img" "Mozilla/5.0 AppleWebKit/537.36 (KHTML, like Gecko; compatible; GPTBot/1.3; +https://openai.com/gptbot)"
74.7.227.180 - - [02/May/2026:03:53:43 -0400] "GET /ac7487b145b0b69c42c6870b95b8c870.mka?fileloc=/var/www/vhosts/jcorrmechanical.com/httpdocs/wp-content/themes/smart-cleaning/vendor/composer/autoload_static.php&path=/var/www/vhosts/jcorrmechanical.com/httpdocs/wp-content/themes/smart-cleaning/vendor/composer HTTP/1.0" 200 17610 "https://www.jcorrmechanical.com/ac7487b145b0b69c42c6870b95b8c870.mka?path=/var/www/vhosts/jcorrmechanical.com/httpdocs/wp-content/themes/smart-cleaning/vendor/composer" "Mozilla/5.0 AppleWebKit/537.36 (KHTML, like Gecko; compatible; GPTBot/1.3; +https://openai.com/gptbot)"
74.7.242.50 - - [02/May/2026:03:53:43 -0400] "GET /.env.local?fileloc=/var/www/vhosts/jcorrmechanical.com/httpdocs/img/logo.png&path=/var/www/vhosts/jcorrmechanical.com/httpdocs/img HTTP/1.0" 200 37618 "https://jcorrmechanical.com/.env.local?path=/var/www/vhosts/jcorrmechanical.com/httpdocs/img" "Mozilla/5.0 AppleWebKit/537.36 (KHTML, like Gecko; compatible; GPTBot/1.3; +https://openai.com/gptbot)"
148.113.128.43 - - [02/May/2026:03:53:43 -0400] "GET /40222246421.htm HTTP/1.0" 200 89134 "-" "Mozilla/5.0 (compatible; AhrefsBot/7.0; +http://ahrefs.com/robot/)"
74.7.227.180 - - [02/May/2026:03:53:43 -0400] "GET /ac7487b145b0b69c42c6870b95b8c870.mka?fileloc=/var/www/vhosts/jcorrmechanical.com/httpdocs/wp-content/fonts/raleway/1Ptsg8zYS_SKggPNyCg4QIFqPfE.woff2&path=/var/www/vhosts/jcorrmechanical.com/httpdocs/wp-content/fonts/raleway HTTP/1.0" 200 72463 "https://www.jcorrmechanical.com/ac7487b145b0b69c42c6870b95b8c870.mka?path=/var/www/vhosts/jcorrmechanical.com/httpdocs/wp-content/fonts/raleway" "Mozilla/5.0 AppleWebKit/537.36 (KHTML, like Gecko; compatible; GPTBot/1.3; +https://openai.com/gptbot)"
74.7.242.50 - - [02/May/2026:03:53:44 -0400] "GET /.env?fileloc=/var/www/vhosts/jcorrmechanical.com/httpdocs/img/fastcgi.png&path=/var/www/vhosts/jcorrmechanical.com/httpdocs/img HTTP/1.0" 200 22126 "https://jcorrmechanical.com/.env?path=/var/www/vhosts/jcorrmechanical.com/httpdocs/img" "Mozilla/5.0 AppleWebKit/537.36 (KHTML, like Gecko; compatible; GPTBot/1.3; +https://openai.com/gptbot)"
74.7.227.180 - - [02/May/2026:03:53:44 -0400] "GET /ac7487b145b0b69c42c6870b95b8c870.mka?fileloc=/var/www/vhosts/jcorrmechanical.com/httpdocs/wp-content/fonts/raleway/1Ptug8zYS_SKggPNyCkIT5lu.woff2&path=/var/www/vhosts/jcorrmechanical.com/httpdocs/wp-content/fonts/raleway HTTP/1.0" 200 63778 "https://www.jcorrmechanical.com/ac7487b145b0b69c42c6870b95b8c870.mka?path=/var/www/vhosts/jcorrmechanical.com/httpdocs/wp-content/fonts/raleway" "Mozilla/5.0 AppleWebKit/537.36 (KHTML, like Gecko; compatible; GPTBot/1.3; +https://openai.com/gptbot)"
74.7.242.50 - - [02/May/2026:03:53:44 -0400] "GET /39056293.htm?path=/var/www/vhosts/jcorrmechanical.com/.pki/nssdb HTTP/1.0" 200 17937 "https://jcorrmechanical.com/39056293.htm?path=/var/www/vhosts/jcorrmechanical.com/.pki" "Mozilla/5.0 AppleWebKit/537.36 (KHTML, like Gecko; compatible; GPTBot/1.3; +https://openai.com/gptbot)"
74.7.227.180 - - [02/May/2026:03:53:45 -0400] "GET /ac7487b145b0b69c42c6870b95b8c870.mka?fileloc=/var/www/vhosts/jcorrmechanical.com/httpdocs/wp-content/fonts/raleway/1Ptug8zYS_SKggPNyC0ITw.woff2&path=/var/www/vhosts/jcorrmechanical.com/httpdocs/wp-content/fonts/raleway HTTP/1.0" 200 102368 "https://www.jcorrmechanical.com/ac7487b145b0b69c42c6870b95b8c870.mka?path=/var/www/vhosts/jcorrmechanical.com/httpdocs/wp-content/fonts/raleway" "Mozilla/5.0 AppleWebKit/537.36 (KHTML, like Gecko; compatible; GPTBot/1.3; +https://openai.com/gptbot)"
74.7.242.50 - - [02/May/2026:03:53:45 -0400] "GET /90555732.htm?path=/var/www/vhosts/jcorrmechanical.com/.pki/nssdb HTTP/1.0" 200 17937 "https://jcorrmechanical.com/90555732.htm?path=/var/www/vhosts/jcorrmechanical.com/.pki" "Mozilla/5.0 AppleWebKit/537.36 (KHTML, like Gecko; compatible; GPTBot/1.3; +https://openai.com/gptbot)"
74.7.227.180 - - [02/May/2026:03:53:45 -0400] "GET /ac7487b145b0b69c42c6870b95b8c870.mka?fileloc=/var/www/vhosts/jcorrmechanical.com/httpdocs/wp-content/fonts/raleway/1Ptug8zYS_SKggPNyCIIT5lu.woff2&path=/var/www/vhosts/jcorrmechanical.com/httpdocs/wp-content/fonts/raleway HTTP/1.0" 200 36262 "https://www.jcorrmechanical.com/ac7487b145b0b69c42c6870b95b8c870.mka?path=/var/www/vhosts/jcorrmechanical.com/httpdocs/wp-content/fonts/raleway" "Mozilla/5.0 AppleWebKit/537.36 (KHTML, like Gecko; compatible; GPTBot/1.3; +https://openai.com/gptbot)"
74.7.242.50 - - [02/May/2026:03:53:46 -0400] "GET /56847822.htm?path=/var/www/vhosts/jcorrmechanical.com/.pki/nssdb HTTP/1.0" 200 17937 "https://jcorrmechanical.com/56847822.htm?path=/var/www/vhosts/jcorrmechanical.com/.pki" "Mozilla/5.0 AppleWebKit/537.36 (KHTML, like Gecko; compatible; GPTBot/1.3; +https://openai.com/gptbot)"
74.7.227.180 - - [02/May/2026:03:53:46 -0400] "GET /ac7487b145b0b69c42c6870b95b8c870.mka?fileloc=/var/www/vhosts/jcorrmechanical.com/httpdocs/wp-content/fonts/raleway/1Ptsg8zYS_SKggPNyCg4SYFqPfE.woff2&path=/var/www/vhosts/jcorrmechanical.com/httpdocs/wp-content/fonts/raleway HTTP/1.0" 200 64542 "https://www.jcorrmechanical.com/ac7487b145b0b69c42c6870b95b8c870.mka?path=/var/www/vhosts/jcorrmechanical.com/httpdocs/wp-content/fonts/raleway" "Mozilla/5.0 AppleWebKit/537.36 (KHTML, like Gecko; compatible; GPTBot/1.3; +https://openai.com/gptbot)"
74.7.242.50 - - [02/May/2026:03:53:46 -0400] "GET /96848946.htm?fileloc=/var/www/vhosts/jcorrmechanical.com/httpdocs/photo4.jpg&path=/var/www/vhosts/jcorrmechanical.com/httpdocs HTTP/1.0" 200 49406 "https://jcorrmechanical.com/96848946.htm" "Mozilla/5.0 AppleWebKit/537.36 (KHTML, like Gecko; compatible; GPTBot/1.3; +https://openai.com/gptbot)"
74.7.227.180 - - [02/May/2026:03:53:46 -0400] "GET /ac7487b145b0b69c42c6870b95b8c870.mka?fileloc=/var/www/vhosts/jcorrmechanical.com/httpdocs/wp-content/fonts/raleway/1Ptsg8zYS_SKggPNyCg4QoFqPfE.woff2&path=/var/www/vhosts/jcorrmechanical.com/httpdocs/wp-content/fonts/raleway HTTP/1.0" 200 37297 "https://www.jcorrmechanical.com/ac7487b145b0b69c42c6870b95b8c870.mka?path=/var/www/vhosts/jcorrmechanical.com/httpdocs/wp-content/fonts/raleway" "Mozilla/5.0 AppleWebKit/537.36 (KHTML, like Gecko; compatible; GPTBot/1.3; +https://openai.com/gptbot)"
74.7.242.50 - - [02/May/2026:03:53:47 -0400] "GET /serviceAccountKey.json?fileloc=/var/www/vhosts/jcorrmechanical.com/httpdocs/404.shtml&path=/var/www/vhosts/jcorrmechanical.com/httpdocs HTTP/1.0" 200 18256 "https://jcorrmechanical.com/serviceAccountKey.json" "Mozilla/5.0 AppleWebKit/537.36 (KHTML, like Gecko; compatible; GPTBot/1.3; +https://openai.com/gptbot)"
74.7.227.180 - - [02/May/2026:03:53:47 -0400] "GET /ac7487b145b0b69c42c6870b95b8c870.mka?fileloc=/var/www/vhosts/jcorrmechanical.com/httpdocs/wp-content/fonts/raleway/1Ptug8zYS_SKggPNyCMIT5lu.woff2&path=/var/www/vhosts/jcorrmechanical.com/httpdocs/wp-content/fonts/raleway HTTP/1.0" 200 72916 "https://www.jcorrmechanical.com/ac7487b145b0b69c42c6870b95b8c870.mka?path=/var/www/vhosts/jcorrmechanical.com/httpdocs/wp-content/fonts/raleway" "Mozilla/5.0 AppleWebKit/537.36 (KHTML, like Gecko; compatible; GPTBot/1.3; +https://openai.com/gptbot)"
74.7.242.50 - - [02/May/2026:03:53:47 -0400] "GET /11317219389.htm?fileloc=/var/www/vhosts/jcorrmechanical.com/httpdocs/wp-admin/edit-link-form.php&path=/var/www/vhosts/jcorrmechanical.com/httpdocs/wp-admin HTTP/1.0" 200 24962 "https://jcorrmechanical.com/11317219389.htm?path=/var/www/vhosts/jcorrmechanical.com/httpdocs/wp-admin" "Mozilla/5.0 AppleWebKit/537.36 (KHTML, like Gecko; compatible; GPTBot/1.3; +https://openai.com/gptbot)"
74.7.227.180 - - [02/May/2026:03:53:47 -0400] "GET /ac7487b145b0b69c42c6870b95b8c870.mka?fileloc=/var/www/vhosts/jcorrmechanical.com/httpdocs/wp-content/fonts/montserrat/JTUSjIg1_i6t8kCHKm459Wlhyw.woff2&path=/var/www/vhosts/jcorrmechanical.com/httpdocs/wp-content/fonts/montserrat HTTP/1.0" 200 73668 "https://www.jcorrmechanical.com/ac7487b145b0b69c42c6870b95b8c870.mka?path=/var/www/vhosts/jcorrmechanical.com/httpdocs/wp-content/fonts/montserrat" "Mozilla/5.0 AppleWebKit/537.36 (KHTML, like Gecko; compatible; GPTBot/1.3; +https://openai.com/gptbot)"
74.7.242.50 - - [02/May/2026:03:53:48 -0400] "GET /90555189834.htm?fileloc=/var/www/vhosts/jcorrmechanical.com/httpdocs/wp-admin/ms-edit.php&path=/var/www/vhosts/jcorrmechanical.com/httpdocs/wp-admin HTTP/1.0" 200 16369 "https://jcorrmechanical.com/90555189834.htm?path=/var/www/vhosts/jcorrmechanical.com/httpdocs/wp-admin" "Mozilla/5.0 AppleWebKit/537.36 (KHTML, like Gecko; compatible; GPTBot/1.3; +https://openai.com/gptbot)"
74.7.227.180 - - [02/May/2026:03:53:48 -0400] "GET /ac7487b145b0b69c42c6870b95b8c870.mka?fileloc=/var/www/vhosts/jcorrmechanical.com/httpdocs/wp-content/fonts/raleway/1Ptsg8zYS_SKggPNyCg4TYFq.woff2&path=/var/www/vhosts/jcorrmechanical.com/httpdocs/wp-content/fonts/raleway HTTP/1.0" 200 106543 "https://www.jcorrmechanical.com/ac7487b145b0b69c42c6870b95b8c870.mka?path=/var/www/vhosts/jcorrmechanical.com/httpdocs/wp-content/fonts/raleway" "Mozilla/5.0 AppleWebKit/537.36 (KHTML, like Gecko; compatible; GPTBot/1.3; +https://openai.com/gptbot)"
74.7.242.50 - - [02/May/2026:03:53:48 -0400] "GET /90555189834.htm?fileloc=/var/www/vhosts/jcorrmechanical.com/httpdocs/wp-admin/link-add.php&path=/var/www/vhosts/jcorrmechanical.com/httpdocs/wp-admin HTTP/1.0" 200 17248 "https://jcorrmechanical.com/90555189834.htm?path=/var/www/vhosts/jcorrmechanical.com/httpdocs/wp-admin" "Mozilla/5.0 AppleWebKit/537.36 (KHTML, like Gecko; compatible; GPTBot/1.3; +https://openai.com/gptbot)"
74.7.227.180 - - [02/May/2026:03:53:48 -0400] "GET /ac7487b145b0b69c42c6870b95b8c870.mka?fileloc=/var/www/vhosts/jcorrmechanical.com/httpdocs/wp-content/fonts/raleway/1Ptsg8zYS_SKggPNyCg4Q4FqPfE.woff2&path=/var/www/vhosts/jcorrmechanical.com/httpdocs/wp-content/fonts/raleway HTTP/1.0" 200 76608 "https://www.jcorrmechanical.com/ac7487b145b0b69c42c6870b95b8c870.mka?path=/var/www/vhosts/jcorrmechanical.com/httpdocs/wp-content/fonts/raleway" "Mozilla/5.0 AppleWebKit/537.36 (KHTML, like Gecko; compatible; GPTBot/1.3; +https://openai.com/gptbot)"
74.7.242.50 - - [02/May/2026:03:53:49 -0400] "GET /11317219389.htm?fileloc=/var/www/vhosts/jcorrmechanical.com/httpdocs/wp-admin/link-add.php&path=/var/www/vhosts/jcorrmechanical.com/httpdocs/wp-admin HTTP/1.0" 200 17248 "https://jcorrmechanical.com/11317219389.htm?path=/var/www/vhosts/jcorrmechanical.com/httpdocs/wp-admin" "Mozilla/5.0 AppleWebKit/537.36 (KHTML, like Gecko; compatible; GPTBot/1.3; +https://openai.com/gptbot)"
74.7.227.180 - - [02/May/2026:03:53:49 -0400] "GET /ac7487b145b0b69c42c6870b95b8c870.mka?fileloc=/var/www/vhosts/jcorrmechanical.com/httpdocs/wp-content/plugins/akismet/LICENSE.txt&path=/var/www/vhosts/jcorrmechanical.com/httpdocs/wp-content/plugins/akismet HTTP/1.0" 200 34736 "https://www.jcorrmechanical.com/ac7487b145b0b69c42c6870b95b8c870.mka?path=/var/www/vhosts/jcorrmechanical.com/httpdocs/wp-content/plugins/akismet" "Mozilla/5.0 AppleWebKit/537.36 (KHTML, like Gecko; compatible; GPTBot/1.3; +https://openai.com/gptbot)"
74.7.242.50 - - [02/May/2026:03:53:49 -0400] "GET /90555189834.htm?fileloc=/var/www/vhosts/jcorrmechanical.com/httpdocs/wp-admin/ms-users.php&path=/var/www/vhosts/jcorrmechanical.com/httpdocs/wp-admin HTTP/1.0" 200 16379 "https://jcorrmechanical.com/90555189834.htm?path=/var/www/vhosts/jcorrmechanical.com/httpdocs/wp-admin" "Mozilla/5.0 AppleWebKit/537.36 (KHTML, like Gecko; compatible; GPTBot/1.3; +https://openai.com/gptbot)"
74.7.227.180 - - [02/May/2026:03:53:49 -0400] "GET /ac7487b145b0b69c42c6870b95b8c870.mka?fileloc=/var/www/vhosts/jcorrmechanical.com/httpdocs/wp-content/plugins/akismet/views/get.php&path=/var/www/vhosts/jcorrmechanical.com/httpdocs/wp-content/plugins/akismet/views HTTP/1.0" 200 17861 "https://www.jcorrmechanical.com/ac7487b145b0b69c42c6870b95b8c870.mka?path=/var/www/vhosts/jcorrmechanical.com/httpdocs/wp-content/plugins/akismet/views" "Mozilla/5.0 AppleWebKit/537.36 (KHTML, like Gecko; compatible; GPTBot/1.3; +https://openai.com/gptbot)"
74.7.242.50 - - [02/May/2026:03:53:50 -0400] "GET /90555189834.htm?fileloc=/var/www/vhosts/jcorrmechanical.com/httpdocs/wp-admin/nav-menus.php&path=/var/www/vhosts/jcorrmechanical.com/httpdocs/wp-admin HTTP/1.0" 200 76437 "https://jcorrmechanical.com/90555189834.htm?path=/var/www/vhosts/jcorrmechanical.com/httpdocs/wp-admin" "Mozilla/5.0 AppleWebKit/537.36 (KHTML, like Gecko; compatible; GPTBot/1.3; +https://openai.com/gptbot)"
