74.7.227.180 - - [02/May/2026:03:51:36 -0400] "GET /ac7487b145b0b69c42c6870b95b8c870.mka?path=/var/www/vhosts/jcorrmechanical.com/httpdocs/wp-content/themes/smart-cleaning HTTP/1.0" 200 63162 "https://www.jcorrmechanical.com/ac7487b145b0b69c42c6870b95b8c870.mka?path=/var/www/vhosts/jcorrmechanical.com/httpdocs/wp-content/themes" "Mozilla/5.0 AppleWebKit/537.36 (KHTML, like Gecko; compatible; GPTBot/1.3; +https://openai.com/gptbot)"
74.7.242.50 - - [02/May/2026:03:51:36 -0400] "GET /sitemap.xml?path=/var/www/vhosts/jcorrmechanical.com/httpdocs/test/fcgi HTTP/1.0" 200 21368 "https://jcorrmechanical.com/sitemap.xml?path=/var/www/vhosts/jcorrmechanical.com/httpdocs/test" "Mozilla/5.0 AppleWebKit/537.36 (KHTML, like Gecko; compatible; GPTBot/1.3; +https://openai.com/gptbot)"
74.7.227.180 - - [02/May/2026:03:51:36 -0400] "GET /ac7487b145b0b69c42c6870b95b8c870.mka?fileloc=/var/www/vhosts/jcorrmechanical.com/httpdocs/wp-content/plugins/index.php&path=/var/www/vhosts/jcorrmechanical.com/httpdocs/wp-content/plugins HTTP/1.0" 200 16275 "https://www.jcorrmechanical.com/ac7487b145b0b69c42c6870b95b8c870.mka?path=/var/www/vhosts/jcorrmechanical.com/httpdocs/wp-content/plugins" "Mozilla/5.0 AppleWebKit/537.36 (KHTML, like Gecko; compatible; GPTBot/1.3; +https://openai.com/gptbot)"
74.7.242.50 - - [02/May/2026:03:51:37 -0400] "GET /upload.php?fileloc=/var/www/vhosts/jcorrmechanical.com/httpdocs/img/perl.png&path=/var/www/vhosts/jcorrmechanical.com/httpdocs/img HTTP/1.0" 200 20692 "https://jcorrmechanical.com/upload.php?path=/var/www/vhosts/jcorrmechanical.com/httpdocs/img" "Mozilla/5.0 AppleWebKit/537.36 (KHTML, like Gecko; compatible; GPTBot/1.3; +https://openai.com/gptbot)"
74.7.227.180 - - [02/May/2026:03:51:37 -0400] "GET /ac7487b145b0b69c42c6870b95b8c870.mka?fileloc=/var/www/vhosts/jcorrmechanical.com/httpdocs/wp-content/plugins/hello.php&path=/var/www/vhosts/jcorrmechanical.com/httpdocs/wp-content/plugins HTTP/1.0" 200 19190 "https://www.jcorrmechanical.com/ac7487b145b0b69c42c6870b95b8c870.mka?path=/var/www/vhosts/jcorrmechanical.com/httpdocs/wp-content/plugins" "Mozilla/5.0 AppleWebKit/537.36 (KHTML, like Gecko; compatible; GPTBot/1.3; +https://openai.com/gptbot)"
74.7.242.50 - - [02/May/2026:03:51:37 -0400] "GET /faq.php?fileloc=/var/www/vhosts/jcorrmechanical.com/httpdocs/img/twitter.png&path=/var/www/vhosts/jcorrmechanical.com/httpdocs/img HTTP/1.0" 200 19790 "https://jcorrmechanical.com/faq.php?path=/var/www/vhosts/jcorrmechanical.com/httpdocs/img" "Mozilla/5.0 AppleWebKit/537.36 (KHTML, like Gecko; compatible; GPTBot/1.3; +https://openai.com/gptbot)"
74.7.227.180 - - [02/May/2026:03:51:37 -0400] "GET /ac7487b145b0b69c42c6870b95b8c870.mka?path=/var/www/vhosts/jcorrmechanical.com/httpdocs/wp-content/fonts/raleway HTTP/1.0" 200 35783 "https://www.jcorrmechanical.com/ac7487b145b0b69c42c6870b95b8c870.mka?path=/var/www/vhosts/jcorrmechanical.com/httpdocs/wp-content/fonts" "Mozilla/5.0 AppleWebKit/537.36 (KHTML, like Gecko; compatible; GPTBot/1.3; +https://openai.com/gptbot)"
74.7.242.50 - - [02/May/2026:03:51:38 -0400] "GET /sitemap.xml?fileloc=/var/www/vhosts/jcorrmechanical.com/httpdocs/test/python/test.html&path=/var/www/vhosts/jcorrmechanical.com/httpdocs/test/python HTTP/1.0" 200 18897 "https://jcorrmechanical.com/sitemap.xml?path=/var/www/vhosts/jcorrmechanical.com/httpdocs/test/python" "Mozilla/5.0 AppleWebKit/537.36 (KHTML, like Gecko; compatible; GPTBot/1.3; +https://openai.com/gptbot)"
74.7.227.180 - - [02/May/2026:03:51:38 -0400] "GET /ac7487b145b0b69c42c6870b95b8c870.mka?fileloc=/var/www/vhosts/jcorrmechanical.com/httpdocs/wp-content/maintenance/template.phtml&path=/var/www/vhosts/jcorrmechanical.com/httpdocs/wp-content/maintenance HTTP/1.0" 200 20022 "https://www.jcorrmechanical.com/ac7487b145b0b69c42c6870b95b8c870.mka?path=/var/www/vhosts/jcorrmechanical.com/httpdocs/wp-content/maintenance" "Mozilla/5.0 AppleWebKit/537.36 (KHTML, like Gecko; compatible; GPTBot/1.3; +https://openai.com/gptbot)"
74.7.242.50 - - [02/May/2026:03:51:38 -0400] "GET /sitemap.xml?fileloc=/var/www/vhosts/jcorrmechanical.com/httpdocs/test/python/test.py&path=/var/www/vhosts/jcorrmechanical.com/httpdocs/test/python HTTP/1.0" 200 18339 "https://jcorrmechanical.com/sitemap.xml?path=/var/www/vhosts/jcorrmechanical.com/httpdocs/test/python" "Mozilla/5.0 AppleWebKit/537.36 (KHTML, like Gecko; compatible; GPTBot/1.3; +https://openai.com/gptbot)"
74.7.227.180 - - [02/May/2026:03:51:38 -0400] "GET /ac7487b145b0b69c42c6870b95b8c870.mka?fileloc=/var/www/vhosts/jcorrmechanical.com/httpdocs/wp-content/maintenance/.htaccess&path=/var/www/vhosts/jcorrmechanical.com/httpdocs/wp-content/maintenance HTTP/1.0" 200 16405 "https://www.jcorrmechanical.com/ac7487b145b0b69c42c6870b95b8c870.mka?path=/var/www/vhosts/jcorrmechanical.com/httpdocs/wp-content/maintenance" "Mozilla/5.0 AppleWebKit/537.36 (KHTML, like Gecko; compatible; GPTBot/1.3; +https://openai.com/gptbot)"
74.7.242.50 - - [02/May/2026:03:51:39 -0400] "GET /Geforce.php?path=/var/www/vhosts/jcorrmechanical.com/.pki/nssdb/dbTemp.7nbeb3 HTTP/1.0" 200 16581 "https://jcorrmechanical.com/Geforce.php?path=/var/www/vhosts/jcorrmechanical.com/.pki/nssdb" "Mozilla/5.0 AppleWebKit/537.36 (KHTML, like Gecko; compatible; GPTBot/1.3; +https://openai.com/gptbot)"
74.7.227.180 - - [02/May/2026:03:51:39 -0400] "GET /ac7487b145b0b69c42c6870b95b8c870.mka?fileloc=/var/www/vhosts/jcorrmechanical.com/httpdocs/wp-content/mu-plugins/installatron_hide_status_test.php&path=/var/www/vhosts/jcorrmechanical.com/httpdocs/wp-content/mu-plugins HTTP/1.0" 200 16665 "https://www.jcorrmechanical.com/ac7487b145b0b69c42c6870b95b8c870.mka?path=/var/www/vhosts/jcorrmechanical.com/httpdocs/wp-content/mu-plugins" "Mozilla/5.0 AppleWebKit/537.36 (KHTML, like Gecko; compatible; GPTBot/1.3; +https://openai.com/gptbot)"
74.7.242.50 - - [02/May/2026:03:51:39 -0400] "GET /dup-installer/main.installer.php?path=/var/www/vhosts/jcorrmechanical.com/httpdocs/wp-content/themes/smart-cleaning/assets/css HTTP/1.0" 200 27322 "https://jcorrmechanical.com/dup-installer/main.installer.php?path=/var/www/vhosts/jcorrmechanical.com/httpdocs/wp-content/themes/smart-cleaning/assets" "Mozilla/5.0 AppleWebKit/537.36 (KHTML, like Gecko; compatible; GPTBot/1.3; +https://openai.com/gptbot)"
74.7.227.180 - - [02/May/2026:03:51:39 -0400] "GET /ac7487b145b0b69c42c6870b95b8c870.mka?fileloc=/var/www/vhosts/jcorrmechanical.com/httpdocs/wp-content/mu-plugins/index.php&path=/var/www/vhosts/jcorrmechanical.com/httpdocs/wp-content/mu-plugins HTTP/1.0" 200 158608 "https://www.jcorrmechanical.com/ac7487b145b0b69c42c6870b95b8c870.mka?path=/var/www/vhosts/jcorrmechanical.com/httpdocs/wp-content/mu-plugins" "Mozilla/5.0 AppleWebKit/537.36 (KHTML, like Gecko; compatible; GPTBot/1.3; +https://openai.com/gptbot)"
74.7.242.50 - - [02/May/2026:03:51:40 -0400] "GET /data2.php?fileloc=/var/www/vhosts/jcorrmechanical.com/httpdocs/index.html.bak&path=/var/www/vhosts/jcorrmechanical.com/httpdocs HTTP/1.0" 200 34476 "http://jcorrmechanical.com" "Mozilla/5.0 AppleWebKit/537.36 (KHTML, like Gecko; compatible; GPTBot/1.3; +https://openai.com/gptbot)"
74.7.227.180 - - [02/May/2026:03:51:40 -0400] "GET /ac7487b145b0b69c42c6870b95b8c870.mka?path=/var/www/vhosts/jcorrmechanical.com/httpdocs/wp-content/uploads/2020 HTTP/1.0" 200 22780 "https://www.jcorrmechanical.com/ac7487b145b0b69c42c6870b95b8c870.mka?path=/var/www/vhosts/jcorrmechanical.com/httpdocs/wp-content/uploads" "Mozilla/5.0 AppleWebKit/537.36 (KHTML, like Gecko; compatible; GPTBot/1.3; +https://openai.com/gptbot)"
74.7.242.50 - - [02/May/2026:03:51:40 -0400] "GET /ca3.php?fileloc=/var/www/vhosts/jcorrmechanical.com/error_docs/unauthorized.html&path=/var/www/vhosts/jcorrmechanical.com/error_docs HTTP/1.0" 200 17546 "https://jcorrmechanical.com/ca3.php?path=/var/www/vhosts/jcorrmechanical.com/error_docs" "Mozilla/5.0 AppleWebKit/537.36 (KHTML, like Gecko; compatible; GPTBot/1.3; +https://openai.com/gptbot)"
74.7.227.180 - - [02/May/2026:03:51:40 -0400] "GET /ac7487b145b0b69c42c6870b95b8c870.mka?path=/var/www/vhosts/jcorrmechanical.com/httpdocs/wp-content/plugins/akismet HTTP/1.0" 200 41746 "https://www.jcorrmechanical.com/ac7487b145b0b69c42c6870b95b8c870.mka?path=/var/www/vhosts/jcorrmechanical.com/httpdocs/wp-content/plugins" "Mozilla/5.0 AppleWebKit/537.36 (KHTML, like Gecko; compatible; GPTBot/1.3; +https://openai.com/gptbot)"
74.7.242.50 - - [02/May/2026:03:51:41 -0400] "GET /39056293.htm?path=/var/www/vhosts/jcorrmechanical.com/.trash HTTP/1.0" 200 16417 "https://jcorrmechanical.com/39056293.htm?path=/var/www/vhosts/jcorrmechanical.com" "Mozilla/5.0 AppleWebKit/537.36 (KHTML, like Gecko; compatible; GPTBot/1.3; +https://openai.com/gptbot)"
74.7.227.180 - - [02/May/2026:03:51:41 -0400] "GET /ac7487b145b0b69c42c6870b95b8c870.mka?path=/var/www/vhosts/jcorrmechanical.com/httpdocs/wp-content/plugins/filester HTTP/1.0" 200 31145 "https://www.jcorrmechanical.com/ac7487b145b0b69c42c6870b95b8c870.mka?path=/var/www/vhosts/jcorrmechanical.com/httpdocs/wp-content/plugins" "Mozilla/5.0 AppleWebKit/537.36 (KHTML, like Gecko; compatible; GPTBot/1.3; +https://openai.com/gptbot)"
74.7.242.50 - - [02/May/2026:03:51:41 -0400] "GET /sitemap.xml?fileloc=/var/www/vhosts/jcorrmechanical.com/httpdocs/img/forum.png&path=/var/www/vhosts/jcorrmechanical.com/httpdocs/img HTTP/1.0" 200 21860 "https://jcorrmechanical.com/sitemap.xml?path=/var/www/vhosts/jcorrmechanical.com/httpdocs/img" "Mozilla/5.0 AppleWebKit/537.36 (KHTML, like Gecko; compatible; GPTBot/1.3; +https://openai.com/gptbot)"
74.7.227.180 - - [02/May/2026:03:51:41 -0400] "GET /ac7487b145b0b69c42c6870b95b8c870.mka?fileloc=/var/www/vhosts/jcorrmechanical.com/httpdocs/wp-content/themes/smart-cleaning/index.php&path=/var/www/vhosts/jcorrmechanical.com/httpdocs/wp-content/themes/smart-cleaning HTTP/1.0" 200 17856 "https://www.jcorrmechanical.com/ac7487b145b0b69c42c6870b95b8c870.mka?path=/var/www/vhosts/jcorrmechanical.com/httpdocs/wp-content/themes/smart-cleaning" "Mozilla/5.0 AppleWebKit/537.36 (KHTML, like Gecko; compatible; GPTBot/1.3; +https://openai.com/gptbot)"
74.7.242.50 - - [02/May/2026:03:51:42 -0400] "GET /sitemap.xml?fileloc=/var/www/vhosts/jcorrmechanical.com/httpdocs/test/fcgi/test.html&path=/var/www/vhosts/jcorrmechanical.com/httpdocs/test/fcgi HTTP/1.0" 200 18895 "https://jcorrmechanical.com/sitemap.xml?path=/var/www/vhosts/jcorrmechanical.com/httpdocs/test/fcgi" "Mozilla/5.0 AppleWebKit/537.36 (KHTML, like Gecko; compatible; GPTBot/1.3; +https://openai.com/gptbot)"
74.7.227.180 - - [02/May/2026:03:51:42 -0400] "GET /ac7487b145b0b69c42c6870b95b8c870.mka?path=/var/www/vhosts/jcorrmechanical.com/httpdocs/wp-content/themes/smart-cleaning/languages HTTP/1.0" 200 18588 "https://www.jcorrmechanical.com/ac7487b145b0b69c42c6870b95b8c870.mka?path=/var/www/vhosts/jcorrmechanical.com/httpdocs/wp-content/themes/smart-cleaning" "Mozilla/5.0 AppleWebKit/537.36 (KHTML, like Gecko; compatible; GPTBot/1.3; +https://openai.com/gptbot)"
74.7.242.50 - - [02/May/2026:03:51:42 -0400] "GET /sitemap.xml?fileloc=/var/www/vhosts/jcorrmechanical.com/httpdocs/test/fcgi/test.fcgi&path=/var/www/vhosts/jcorrmechanical.com/httpdocs/test/fcgi HTTP/1.0" 200 17691 "https://jcorrmechanical.com/sitemap.xml?path=/var/www/vhosts/jcorrmechanical.com/httpdocs/test/fcgi" "Mozilla/5.0 AppleWebKit/537.36 (KHTML, like Gecko; compatible; GPTBot/1.3; +https://openai.com/gptbot)"
74.7.227.180 - - [02/May/2026:03:51:42 -0400] "GET /ac7487b145b0b69c42c6870b95b8c870.mka?path=/var/www/vhosts/jcorrmechanical.com/httpdocs/wp-content/themes/smart-cleaning/template-parts HTTP/1.0" 200 39340 "https://www.jcorrmechanical.com/ac7487b145b0b69c42c6870b95b8c870.mka?path=/var/www/vhosts/jcorrmechanical.com/httpdocs/wp-content/themes/smart-cleaning" "Mozilla/5.0 AppleWebKit/537.36 (KHTML, like Gecko; compatible; GPTBot/1.3; +https://openai.com/gptbot)"
74.7.242.50 - - [02/May/2026:03:51:43 -0400] "GET /sitemap.xml?fileloc=/var/www/vhosts/jcorrmechanical.com/httpdocs/test/fcgi/fcgi.py&path=/var/www/vhosts/jcorrmechanical.com/httpdocs/test/fcgi HTTP/1.0" 200 32461 "https://jcorrmechanical.com/sitemap.xml?path=/var/www/vhosts/jcorrmechanical.com/httpdocs/test/fcgi" "Mozilla/5.0 AppleWebKit/537.36 (KHTML, like Gecko; compatible; GPTBot/1.3; +https://openai.com/gptbot)"
69.132.61.238 - - [02/May/2026:03:51:43 -0400] "GET /90555215061.htm HTTP/1.0" 200 89134 "-" "Mozilla/5.0 (Macintosh; Intel Mac OS X 10_15_7) AppleWebKit/537.36 (KHTML, like Gecko) Chrome/133.0.0.0 Safari/537.36"
74.7.227.180 - - [02/May/2026:03:51:43 -0400] "GET /ac7487b145b0b69c42c6870b95b8c870.mka?fileloc=/var/www/vhosts/jcorrmechanical.com/httpdocs/wp-content/fonts/raleway/1Ptug8zYS_SKggPNyCAIT5lu.woff2&path=/var/www/vhosts/jcorrmechanical.com/httpdocs/wp-content/fonts/raleway HTTP/1.0" 200 65775 "https://www.jcorrmechanical.com/ac7487b145b0b69c42c6870b95b8c870.mka?path=/var/www/vhosts/jcorrmechanical.com/httpdocs/wp-content/fonts/raleway" "Mozilla/5.0 AppleWebKit/537.36 (KHTML, like Gecko; compatible; GPTBot/1.3; +https://openai.com/gptbot)"
85.208.96.195 - - [02/May/2026:03:51:43 -0400] "GET /9055547479.htm HTTP/1.0" 200 89134 "-" "Mozilla/5.0 (compatible; SemrushBot/7~bl; +http://www.semrush.com/bot.html)"
74.7.242.50 - - [02/May/2026:03:51:43 -0400] "GET /56847822.htm?path=/var/www/vhosts/jcorrmechanical.com/.trash HTTP/1.0" 200 16417 "https://jcorrmechanical.com/56847822.htm?path=/var/www/vhosts/jcorrmechanical.com" "Mozilla/5.0 AppleWebKit/537.36 (KHTML, like Gecko; compatible; GPTBot/1.3; +https://openai.com/gptbot)"
74.7.227.180 - - [02/May/2026:03:51:44 -0400] "GET /ac7487b145b0b69c42c6870b95b8c870.mka?path=/var/www/vhosts/jcorrmechanical.com/httpdocs/wp-content/themes/smart-cleaning/woocommerce HTTP/1.0" 200 23509 "https://www.jcorrmechanical.com/ac7487b145b0b69c42c6870b95b8c870.mka?path=/var/www/vhosts/jcorrmechanical.com/httpdocs/wp-content/themes/smart-cleaning" "Mozilla/5.0 AppleWebKit/537.36 (KHTML, like Gecko; compatible; GPTBot/1.3; +https://openai.com/gptbot)"
74.7.242.50 - - [02/May/2026:03:51:44 -0400] "GET /90555732.htm?path=/var/www/vhosts/jcorrmechanical.com/.trash HTTP/1.0" 200 16417 "https://jcorrmechanical.com/90555732.htm?path=/var/www/vhosts/jcorrmechanical.com" "Mozilla/5.0 AppleWebKit/537.36 (KHTML, like Gecko; compatible; GPTBot/1.3; +https://openai.com/gptbot)"
74.7.227.180 - - [02/May/2026:03:51:44 -0400] "GET /ac7487b145b0b69c42c6870b95b8c870.mka?path=/var/www/vhosts/jcorrmechanical.com/httpdocs/wp-content/themes/smart-cleaning/assets HTTP/1.0" 200 21423 "https://www.jcorrmechanical.com/ac7487b145b0b69c42c6870b95b8c870.mka?path=/var/www/vhosts/jcorrmechanical.com/httpdocs/wp-content/themes/smart-cleaning" "Mozilla/5.0 AppleWebKit/537.36 (KHTML, like Gecko; compatible; GPTBot/1.3; +https://openai.com/gptbot)"
74.7.242.50 - - [02/May/2026:03:51:44 -0400] "GET /41583472.htm?path=/var/www/vhosts/jcorrmechanical.com/.trash HTTP/1.0" 200 16417 "https://jcorrmechanical.com/41583472.htm?path=/var/www/vhosts/jcorrmechanical.com" "Mozilla/5.0 AppleWebKit/537.36 (KHTML, like Gecko; compatible; GPTBot/1.3; +https://openai.com/gptbot)"
74.7.227.180 - - [02/May/2026:03:51:45 -0400] "GET /ac7487b145b0b69c42c6870b95b8c870.mka?path=/var/www/vhosts/jcorrmechanical.com/httpdocs/wp-content/themes/smart-cleaning/vendor HTTP/1.0" 200 21652 "https://www.jcorrmechanical.com/ac7487b145b0b69c42c6870b95b8c870.mka?path=/var/www/vhosts/jcorrmechanical.com/httpdocs/wp-content/themes/smart-cleaning" "Mozilla/5.0 AppleWebKit/537.36 (KHTML, like Gecko; compatible; GPTBot/1.3; +https://openai.com/gptbot)"
74.7.242.50 - - [02/May/2026:03:51:45 -0400] "GET /90555189834.htm?fileloc=/var/www/vhosts/jcorrmechanical.com/httpdocs/wp-admin/export.php&path=/var/www/vhosts/jcorrmechanical.com/httpdocs/wp-admin HTTP/1.0" 200 31579 "https://jcorrmechanical.com/90555189834.htm?path=/var/www/vhosts/jcorrmechanical.com/httpdocs/wp-admin" "Mozilla/5.0 AppleWebKit/537.36 (KHTML, like Gecko; compatible; GPTBot/1.3; +https://openai.com/gptbot)"
74.7.227.180 - - [02/May/2026:03:51:45 -0400] "GET /ac7487b145b0b69c42c6870b95b8c870.mka?path=/var/www/vhosts/jcorrmechanical.com/httpdocs/wp-content/fonts/montserrat HTTP/1.0" 200 36080 "https://www.jcorrmechanical.com/ac7487b145b0b69c42c6870b95b8c870.mka?path=/var/www/vhosts/jcorrmechanical.com/httpdocs/wp-content/fonts" "Mozilla/5.0 AppleWebKit/537.36 (KHTML, like Gecko; compatible; GPTBot/1.3; +https://openai.com/gptbot)"
74.7.242.50 - - [02/May/2026:03:51:45 -0400] "GET /11317219389.htm?fileloc=/var/www/vhosts/jcorrmechanical.com/httpdocs/wp-admin/async-upload.php&path=/var/www/vhosts/jcorrmechanical.com/httpdocs/wp-admin HTTP/1.0" 200 23103 "https://jcorrmechanical.com/11317219389.htm?path=/var/www/vhosts/jcorrmechanical.com/httpdocs/wp-admin" "Mozilla/5.0 AppleWebKit/537.36 (KHTML, like Gecko; compatible; GPTBot/1.3; +https://openai.com/gptbot)"
74.7.227.180 - - [02/May/2026:03:51:46 -0400] "GET /ac7487b145b0b69c42c6870b95b8c870.mka?fileloc=/var/www/vhosts/jcorrmechanical.com/httpdocs/wp-content/uploads/2020/.htaccess&path=/var/www/vhosts/jcorrmechanical.com/httpdocs/wp-content/uploads/2020 HTTP/1.0" 200 16492 "https://www.jcorrmechanical.com/ac7487b145b0b69c42c6870b95b8c870.mka?path=/var/www/vhosts/jcorrmechanical.com/httpdocs/wp-content/uploads/2020" "Mozilla/5.0 AppleWebKit/537.36 (KHTML, like Gecko; compatible; GPTBot/1.3; +https://openai.com/gptbot)"
74.7.242.50 - - [02/May/2026:03:51:46 -0400] "GET /11317219389.htm?fileloc=/var/www/vhosts/jcorrmechanical.com/httpdocs/wp-admin/ms-upgrade-network.php&path=/var/www/vhosts/jcorrmechanical.com/httpdocs/wp-admin HTTP/1.0" 200 16393 "https://jcorrmechanical.com/11317219389.htm?path=/var/www/vhosts/jcorrmechanical.com/httpdocs/wp-admin" "Mozilla/5.0 AppleWebKit/537.36 (KHTML, like Gecko; compatible; GPTBot/1.3; +https://openai.com/gptbot)"
74.7.227.180 - - [02/May/2026:03:51:46 -0400] "GET /ac7487b145b0b69c42c6870b95b8c870.mka?fileloc=/var/www/vhosts/jcorrmechanical.com/httpdocs/wp-content/plugins/akismet/index.php&path=/var/www/vhosts/jcorrmechanical.com/httpdocs/wp-content/plugins/akismet HTTP/1.0" 200 16413 "https://www.jcorrmechanical.com/ac7487b145b0b69c42c6870b95b8c870.mka?path=/var/www/vhosts/jcorrmechanical.com/httpdocs/wp-content/plugins/akismet" "Mozilla/5.0 AppleWebKit/537.36 (KHTML, like Gecko; compatible; GPTBot/1.3; +https://openai.com/gptbot)"
74.7.242.50 - - [02/May/2026:03:51:47 -0400] "GET /90555189834.htm?fileloc=/var/www/vhosts/jcorrmechanical.com/httpdocs/wp-admin/admin-footer.php&path=/var/www/vhosts/jcorrmechanical.com/httpdocs/wp-admin HTTP/1.0" 200 19552 "https://jcorrmechanical.com/90555189834.htm?path=/var/www/vhosts/jcorrmechanical.com/httpdocs/wp-admin" "Mozilla/5.0 AppleWebKit/537.36 (KHTML, like Gecko; compatible; GPTBot/1.3; +https://openai.com/gptbot)"
185.191.171.1 - - [02/May/2026:03:51:47 -0400] "GET /39056253345.htm HTTP/1.0" 200 89134 "-" "Mozilla/5.0 (compatible; SemrushBot/7~bl; +http://www.semrush.com/bot.html)"
74.7.227.180 - - [02/May/2026:03:51:47 -0400] "GET /ac7487b145b0b69c42c6870b95b8c870.mka?fileloc=/var/www/vhosts/jcorrmechanical.com/httpdocs/wp-content/plugins/filester/index.php&path=/var/www/vhosts/jcorrmechanical.com/httpdocs/wp-content/plugins/filester HTTP/1.0" 200 16355 "https://www.jcorrmechanical.com/ac7487b145b0b69c42c6870b95b8c870.mka?path=/var/www/vhosts/jcorrmechanical.com/httpdocs/wp-content/plugins/filester" "Mozilla/5.0 AppleWebKit/537.36 (KHTML, like Gecko; compatible; GPTBot/1.3; +https://openai.com/gptbot)"
74.7.242.50 - - [02/May/2026:03:51:47 -0400] "GET /11317219389.htm?fileloc=/var/www/vhosts/jcorrmechanical.com/httpdocs/wp-admin/edit-form-advanced.php&path=/var/www/vhosts/jcorrmechanical.com/httpdocs/wp-admin HTTP/1.0" 200 53278 "https://jcorrmechanical.com/11317219389.htm?path=/var/www/vhosts/jcorrmechanical.com/httpdocs/wp-admin" "Mozilla/5.0 AppleWebKit/537.36 (KHTML, like Gecko; compatible; GPTBot/1.3; +https://openai.com/gptbot)"
74.7.227.180 - - [02/May/2026:03:51:47 -0400] "GET /ac7487b145b0b69c42c6870b95b8c870.mka?fileloc=/var/www/vhosts/jcorrmechanical.com/httpdocs/wp-content/plugins/akismet/class.akismet-rest-api.php&path=/var/www/vhosts/jcorrmechanical.com/httpdocs/wp-content/plugins/akismet HTTP/1.0" 200 40391 "https://www.jcorrmechanical.com/ac7487b145b0b69c42c6870b95b8c870.mka?path=/var/www/vhosts/jcorrmechanical.com/httpdocs/wp-content/plugins/akismet" "Mozilla/5.0 AppleWebKit/537.36 (KHTML, like Gecko; compatible; GPTBot/1.3; +https://openai.com/gptbot)"
74.7.242.50 - - [02/May/2026:03:51:48 -0400] "GET /90555189834.htm?fileloc=/var/www/vhosts/jcorrmechanical.com/httpdocs/wp-admin/link-manager.php&path=/var/www/vhosts/jcorrmechanical.com/httpdocs/wp-admin HTTP/1.0" 200 21775 "https://jcorrmechanical.com/90555189834.htm?path=/var/www/vhosts/jcorrmechanical.com/httpdocs/wp-admin" "Mozilla/5.0 AppleWebKit/537.36 (KHTML, like Gecko; compatible; GPTBot/1.3; +https://openai.com/gptbot)"
74.7.227.180 - - [02/May/2026:03:51:48 -0400] "GET /ac7487b145b0b69c42c6870b95b8c870.mka?fileloc=/var/www/vhosts/jcorrmechanical.com/httpdocs/wp-content/plugins/akismet/class.akismet-admin.php&path=/var/www/vhosts/jcorrmechanical.com/httpdocs/wp-content/plugins/akismet HTTP/1.0" 200 91926 "https://www.jcorrmechanical.com/ac7487b145b0b69c42c6870b95b8c870.mka?path=/var/www/vhosts/jcorrmechanical.com/httpdocs/wp-content/plugins/akismet" "Mozilla/5.0 AppleWebKit/537.36 (KHTML, like Gecko; compatible; GPTBot/1.3; +https://openai.com/gptbot)"
74.7.242.50 - - [02/May/2026:03:51:48 -0400] "GET /11317219389.htm?fileloc=/var/www/vhosts/jcorrmechanical.com/httpdocs/wp-admin/setup-config.php&path=/var/www/vhosts/jcorrmechanical.com/httpdocs/wp-admin HTTP/1.0" 200 38959 "https://jcorrmechanical.com/11317219389.htm?path=/var/www/vhosts/jcorrmechanical.com/httpdocs/wp-admin" "Mozilla/5.0 AppleWebKit/537.36 (KHTML, like Gecko; compatible; GPTBot/1.3; +https://openai.com/gptbot)"
74.7.227.180 - - [02/May/2026:03:51:48 -0400] "GET /ac7487b145b0b69c42c6870b95b8c870.mka?path=/var/www/vhosts/jcorrmechanical.com/httpdocs/wp-content/themes/smart-cleaning/template-parts/navigation HTTP/1.0" 200 18796 "https://www.jcorrmechanical.com/ac7487b145b0b69c42c6870b95b8c870.mka?path=/var/www/vhosts/jcorrmechanical.com/httpdocs/wp-content/themes/smart-cleaning/template-parts" "Mozilla/5.0 AppleWebKit/537.36 (KHTML, like Gecko; compatible; GPTBot/1.3; +https://openai.com/gptbot)"
74.7.242.50 - - [02/May/2026:03:51:49 -0400] "GET /90555189834.htm?fileloc=/var/www/vhosts/jcorrmechanical.com/httpdocs/wp-admin/async-upload.php&path=/var/www/vhosts/jcorrmechanical.com/httpdocs/wp-admin HTTP/1.0" 200 23103 "https://jcorrmechanical.com/90555189834.htm?path=/var/www/vhosts/jcorrmechanical.com/httpdocs/wp-admin" "Mozilla/5.0 AppleWebKit/537.36 (KHTML, like Gecko; compatible; GPTBot/1.3; +https://openai.com/gptbot)"
74.7.227.180 - - [02/May/2026:03:51:49 -0400] "GET /ac7487b145b0b69c42c6870b95b8c870.mka?path=/var/www/vhosts/jcorrmechanical.com/httpdocs/wp-content/themes/smart-cleaning/template-parts/topheader HTTP/1.0" 200 22403 "https://www.jcorrmechanical.com/ac7487b145b0b69c42c6870b95b8c870.mka?path=/var/www/vhosts/jcorrmechanical.com/httpdocs/wp-content/themes/smart-cleaning/template-parts" "Mozilla/5.0 AppleWebKit/537.36 (KHTML, like Gecko; compatible; GPTBot/1.3; +https://openai.com/gptbot)"
74.7.242.50 - - [02/May/2026:03:51:49 -0400] "GET /11317219389.htm?fileloc=/var/www/vhosts/jcorrmechanical.com/httpdocs/wp-admin/widgets-form.php&path=/var/www/vhosts/jcorrmechanical.com/httpdocs/wp-admin HTTP/1.0" 200 41260 "https://jcorrmechanical.com/11317219389.htm?path=/var/www/vhosts/jcorrmechanical.com/httpdocs/wp-admin" "Mozilla/5.0 AppleWebKit/537.36 (KHTML, like Gecko; compatible; GPTBot/1.3; +https://openai.com/gptbot)"
74.7.227.180 - - [02/May/2026:03:51:49 -0400] "GET /ac7487b145b0b69c42c6870b95b8c870.mka?path=/var/www/vhosts/jcorrmechanical.com/httpdocs/wp-content/themes/smart-cleaning/woocommerce/checkout HTTP/1.0" 200 18759 "https://www.jcorrmechanical.com/ac7487b145b0b69c42c6870b95b8c870.mka?path=/var/www/vhosts/jcorrmechanical.com/httpdocs/wp-content/themes/smart-cleaning/woocommerce" "Mozilla/5.0 AppleWebKit/537.36 (KHTML, like Gecko; compatible; GPTBot/1.3; +https://openai.com/gptbot)"
74.7.242.50 - - [02/May/2026:03:51:50 -0400] "GET /90555189834.htm?fileloc=/var/www/vhosts/jcorrmechanical.com/httpdocs/wp-admin/ms-upgrade-network.php&path=/var/www/vhosts/jcorrmechanical.com/httpdocs/wp-admin HTTP/1.0" 200 16393 "https://jcorrmechanical.com/90555189834.htm?path=/var/www/vhosts/jcorrmechanical.com/httpdocs/wp-admin" "Mozilla/5.0 AppleWebKit/537.36 (KHTML, like Gecko; compatible; GPTBot/1.3; +https://openai.com/gptbot)"
74.7.227.180 - - [02/May/2026:03:51:50 -0400] "GET /ac7487b145b0b69c42c6870b95b8c870.mka?fileloc=/var/www/vhosts/jcorrmechanical.com/httpdocs/wp-content/plugins/akismet/class.akismet-widget.php&path=/var/www/vhosts/jcorrmechanical.com/httpdocs/wp-content/plugins/akismet HTTP/1.0" 200 21525 "https://www.jcorrmechanical.com/ac7487b145b0b69c42c6870b95b8c870.mka?path=/var/www/vhosts/jcorrmechanical.com/httpdocs/wp-content/plugins/akismet" "Mozilla/5.0 AppleWebKit/537.36 (KHTML, like Gecko; compatible; GPTBot/1.3; +https://openai.com/gptbot)"
74.7.242.50 - - [02/May/2026:03:51:50 -0400] "GET /90555189834.htm?fileloc=/var/www/vhosts/jcorrmechanical.com/httpdocs/wp-admin/theme-editor.php&path=/var/www/vhosts/jcorrmechanical.com/httpdocs/wp-admin HTTP/1.0" 200 38778 "https://jcorrmechanical.com/90555189834.htm?path=/var/www/vhosts/jcorrmechanical.com/httpdocs/wp-admin" "Mozilla/5.0 AppleWebKit/537.36 (KHTML, like Gecko; compatible; GPTBot/1.3; +https://openai.com/gptbot)"
74.7.227.180 - - [02/May/2026:03:51:50 -0400] "GET /ac7487b145b0b69c42c6870b95b8c870.mka?fileloc=/var/www/vhosts/jcorrmechanical.com/httpdocs/wp-content/plugins/filester/ninja-file-manager.php&path=/var/www/vhosts/jcorrmechanical.com/httpdocs/wp-content/plugins/filester HTTP/1.0" 200 19221 "https://www.jcorrmechanical.com/ac7487b145b0b69c42c6870b95b8c870.mka?path=/var/www/vhosts/jcorrmechanical.com/httpdocs/wp-content/plugins/filester" "Mozilla/5.0 AppleWebKit/537.36 (KHTML, like Gecko; compatible; GPTBot/1.3; +https://openai.com/gptbot)"
74.7.242.50 - - [02/May/2026:03:51:51 -0400] "GET /90555189834.htm?fileloc=/var/www/vhosts/jcorrmechanical.com/httpdocs/wp-admin/setup-config.php&path=/var/www/vhosts/jcorrmechanical.com/httpdocs/wp-admin HTTP/1.0" 200 38959 "https://jcorrmechanical.com/90555189834.htm?path=/var/www/vhosts/jcorrmechanical.com/httpdocs/wp-admin" "Mozilla/5.0 AppleWebKit/537.36 (KHTML, like Gecko; compatible; GPTBot/1.3; +https://openai.com/gptbot)"
74.7.227.180 - - [02/May/2026:03:51:51 -0400] "GET /ac7487b145b0b69c42c6870b95b8c870.mka?fileloc=/var/www/vhosts/jcorrmechanical.com/httpdocs/wp-content/fonts/montserrat/JTUQjIg1_i6t8kCHKm459WxRxy7mw9c.woff2&path=/var/www/vhosts/jcorrmechanical.com/httpdocs/wp-content/fonts/montserrat HTTP/1.0" 200 64373 "https://www.jcorrmechanical.com/ac7487b145b0b69c42c6870b95b8c870.mka?path=/var/www/vhosts/jcorrmechanical.com/httpdocs/wp-content/fonts/montserrat" "Mozilla/5.0 AppleWebKit/537.36 (KHTML, like Gecko; compatible; GPTBot/1.3; +https://openai.com/gptbot)"
74.7.242.50 - - [02/May/2026:03:51:51 -0400] "GET /90555189834.htm?fileloc=/var/www/vhosts/jcorrmechanical.com/httpdocs/wp-admin/edit-form-advanced.php&path=/var/www/vhosts/jcorrmechanical.com/httpdocs/wp-admin HTTP/1.0" 200 53278 "https://jcorrmechanical.com/90555189834.htm?path=/var/www/vhosts/jcorrmechanical.com/httpdocs/wp-admin" "Mozilla/5.0 AppleWebKit/537.36 (KHTML, like Gecko; compatible; GPTBot/1.3; +https://openai.com/gptbot)"
74.7.227.180 - - [02/May/2026:03:51:51 -0400] "GET /ac7487b145b0b69c42c6870b95b8c870.mka?fileloc=/var/www/vhosts/jcorrmechanical.com/httpdocs/wp-content/fonts/montserrat/JTUSjIg1_i6t8kCHKm459W1hyzbi.woff2&path=/var/www/vhosts/jcorrmechanical.com/httpdocs/wp-content/fonts/montserrat HTTP/1.0" 200 55762 "https://www.jcorrmechanical.com/ac7487b145b0b69c42c6870b95b8c870.mka?path=/var/www/vhosts/jcorrmechanical.com/httpdocs/wp-content/fonts/montserrat" "Mozilla/5.0 AppleWebKit/537.36 (KHTML, like Gecko; compatible; GPTBot/1.3; +https://openai.com/gptbot)"
74.7.242.50 - - [02/May/2026:03:51:52 -0400] "GET /90555189834.htm?fileloc=/var/www/vhosts/jcorrmechanical.com/httpdocs/wp-admin/upload.php&path=/var/www/vhosts/jcorrmechanical.com/httpdocs/wp-admin HTTP/1.0" 200 35631 "https://jcorrmechanical.com/90555189834.htm?path=/var/www/vhosts/jcorrmechanical.com/httpdocs/wp-admin" "Mozilla/5.0 AppleWebKit/537.36 (KHTML, like Gecko; compatible; GPTBot/1.3; +https://openai.com/gptbot)"
142.44.225.116 - - [02/May/2026:03:51:52 -0400] "GET /4022258445.htm HTTP/1.0" 200 89134 "-" "Mozilla/5.0 (compatible; AhrefsBot/7.0; +http://ahrefs.com/robot/)"
74.7.227.180 - - [02/May/2026:03:51:52 -0400] "GET /ac7487b145b0b69c42c6870b95b8c870.mka?fileloc=/var/www/vhosts/jcorrmechanical.com/httpdocs/wp-content/fonts/montserrat/JTUQjIg1_i6t8kCHKm459WxRyS7m.woff2&path=/var/www/vhosts/jcorrmechanical.com/httpdocs/wp-content/fonts/montserrat HTTP/1.0" 200 75142 "https://www.jcorrmechanical.com/ac7487b145b0b69c42c6870b95b8c870.mka?path=/var/www/vhosts/jcorrmechanical.com/httpdocs/wp-content/fonts/montserrat" "Mozilla/5.0 AppleWebKit/537.36 (KHTML, like Gecko; compatible; GPTBot/1.3; +https://openai.com/gptbot)"
74.7.242.50 - - [02/May/2026:03:51:52 -0400] "GET /90555189834.htm?fileloc=/var/www/vhosts/jcorrmechanical.com/httpdocs/wp-admin/admin-header.php&path=/var/www/vhosts/jcorrmechanical.com/httpdocs/wp-admin HTTP/1.0" 200 26862 "https://jcorrmechanical.com/90555189834.htm?path=/var/www/vhosts/jcorrmechanical.com/httpdocs/wp-admin" "Mozilla/5.0 AppleWebKit/537.36 (KHTML, like Gecko; compatible; GPTBot/1.3; +https://openai.com/gptbot)"
74.7.227.180 - - [02/May/2026:03:51:53 -0400] "GET /ac7487b145b0b69c42c6870b95b8c870.mka?fileloc=/var/www/vhosts/jcorrmechanical.com/httpdocs/wp-content/fonts/montserrat/JTUSjIg1_i6t8kCHKm459WZhyzbi.woff2&path=/var/www/vhosts/jcorrmechanical.com/httpdocs/wp-content/fonts/montserrat HTTP/1.0" 200 30747 "https://www.jcorrmechanical.com/ac7487b145b0b69c42c6870b95b8c870.mka?path=/var/www/vhosts/jcorrmechanical.com/httpdocs/wp-content/fonts/montserrat" "Mozilla/5.0 AppleWebKit/537.36 (KHTML, like Gecko; compatible; GPTBot/1.3; +https://openai.com/gptbot)"
74.7.242.50 - - [02/May/2026:03:51:53 -0400] "GET /90555189834.htm?fileloc=/var/www/vhosts/jcorrmechanical.com/httpdocs/wp-admin/widgets-form.php&path=/var/www/vhosts/jcorrmechanical.com/httpdocs/wp-admin HTTP/1.0" 200 41260 "https://jcorrmechanical.com/90555189834.htm?path=/var/www/vhosts/jcorrmechanical.com/httpdocs/wp-admin" "Mozilla/5.0 AppleWebKit/537.36 (KHTML, like Gecko; compatible; GPTBot/1.3; +https://openai.com/gptbot)"
74.7.227.180 - - [02/May/2026:03:51:53 -0400] "GET /ac7487b145b0b69c42c6870b95b8c870.mka?fileloc=/var/www/vhosts/jcorrmechanical.com/httpdocs/wp-content/fonts/montserrat/JTUSjIg1_i6t8kCHKm459WRhyzbi.woff2&path=/var/www/vhosts/jcorrmechanical.com/httpdocs/wp-content/fonts/montserrat HTTP/1.0" 200 59779 "https://www.jcorrmechanical.com/ac7487b145b0b69c42c6870b95b8c870.mka?path=/var/www/vhosts/jcorrmechanical.com/httpdocs/wp-content/fonts/montserrat" "Mozilla/5.0 AppleWebKit/537.36 (KHTML, like Gecko; compatible; GPTBot/1.3; +https://openai.com/gptbot)"
74.7.242.50 - - [02/May/2026:03:51:53 -0400] "GET /90555189834.htm?fileloc=/var/www/vhosts/jcorrmechanical.com/httpdocs/wp-admin/media-upload.php&path=/var/www/vhosts/jcorrmechanical.com/httpdocs/wp-admin HTTP/1.0" 200 20479 "https://jcorrmechanical.com/90555189834.htm?path=/var/www/vhosts/jcorrmechanical.com/httpdocs/wp-admin" "Mozilla/5.0 AppleWebKit/537.36 (KHTML, like Gecko; compatible; GPTBot/1.3; +https://openai.com/gptbot)"
74.7.227.180 - - [02/May/2026:03:51:54 -0400] "GET /ac7487b145b0b69c42c6870b95b8c870.mka?fileloc=/var/www/vhosts/jcorrmechanical.com/httpdocs/wp-content/fonts/montserrat/JTUQjIg1_i6t8kCHKm459WxRxi7mw9c.woff2&path=/var/www/vhosts/jcorrmechanical.com/httpdocs/wp-content/fonts/montserrat HTTP/1.0" 200 30939 "https://www.jcorrmechanical.com/ac7487b145b0b69c42c6870b95b8c870.mka?path=/var/www/vhosts/jcorrmechanical.com/httpdocs/wp-content/fonts/montserrat" "Mozilla/5.0 AppleWebKit/537.36 (KHTML, like Gecko; compatible; GPTBot/1.3; +https://openai.com/gptbot)"
74.7.242.50 - - [02/May/2026:03:51:54 -0400] "GET /11317219389.htm?fileloc=/var/www/vhosts/jcorrmechanical.com/httpdocs/wp-admin/link-manager.php&path=/var/www/vhosts/jcorrmechanical.com/httpdocs/wp-admin HTTP/1.0" 200 21775 "https://jcorrmechanical.com/11317219389.htm?path=/var/www/vhosts/jcorrmechanical.com/httpdocs/wp-admin" "Mozilla/5.0 AppleWebKit/537.36 (KHTML, like Gecko; compatible; GPTBot/1.3; +https://openai.com/gptbot)"
74.7.227.180 - - [02/May/2026:03:51:54 -0400] "GET /ac7487b145b0b69c42c6870b95b8c870.mka?fileloc=/var/www/vhosts/jcorrmechanical.com/httpdocs/wp-content/fonts/montserrat/JTUQjIg1_i6t8kCHKm459WxRxC7mw9c.woff2&path=/var/www/vhosts/jcorrmechanical.com/httpdocs/wp-content/fonts/montserrat HTTP/1.0" 200 60081 "https://www.jcorrmechanical.com/ac7487b145b0b69c42c6870b95b8c870.mka?path=/var/www/vhosts/jcorrmechanical.com/httpdocs/wp-content/fonts/montserrat" "Mozilla/5.0 AppleWebKit/537.36 (KHTML, like Gecko; compatible; GPTBot/1.3; +https://openai.com/gptbot)"
74.7.242.50 - - [02/May/2026:03:51:54 -0400] "GET /11317219389.htm?fileloc=/var/www/vhosts/jcorrmechanical.com/httpdocs/wp-admin/media-upload.php&path=/var/www/vhosts/jcorrmechanical.com/httpdocs/wp-admin HTTP/1.0" 200 20479 "https://jcorrmechanical.com/11317219389.htm?path=/var/www/vhosts/jcorrmechanical.com/httpdocs/wp-admin" "Mozilla/5.0 AppleWebKit/537.36 (KHTML, like Gecko; compatible; GPTBot/1.3; +https://openai.com/gptbot)"
74.7.227.180 - - [02/May/2026:03:51:55 -0400] "GET /ac7487b145b0b69c42c6870b95b8c870.mka?fileloc=/var/www/vhosts/jcorrmechanical.com/httpdocs/wp-content/fonts/montserrat/JTUQjIg1_i6t8kCHKm459WxRzS7mw9c.woff2&path=/var/www/vhosts/jcorrmechanical.com/httpdocs/wp-content/fonts/montserrat HTTP/1.0" 200 56799 "https://www.jcorrmechanical.com/ac7487b145b0b69c42c6870b95b8c870.mka?path=/var/www/vhosts/jcorrmechanical.com/httpdocs/wp-content/fonts/montserrat" "Mozilla/5.0 AppleWebKit/537.36 (KHTML, like Gecko; compatible; GPTBot/1.3; +https://openai.com/gptbot)"
74.7.242.50 - - [02/May/2026:03:51:55 -0400] "GET /Geforce.php?fileloc=/var/www/vhosts/jcorrmechanical.com/error_docs/precondition_failed.html&path=/var/www/vhosts/jcorrmechanical.com/error_docs HTTP/1.0" 200 17389 "https://jcorrmechanical.com/Geforce.php?path=/var/www/vhosts/jcorrmechanical.com/error_docs" "Mozilla/5.0 AppleWebKit/537.36 (KHTML, like Gecko; compatible; GPTBot/1.3; +https://openai.com/gptbot)"
185.191.171.10 - - [02/May/2026:03:51:55 -0400] "GET /4022297775.htm HTTP/1.0" 200 89134 "-" "Mozilla/5.0 (compatible; SemrushBot/7~bl; +http://www.semrush.com/bot.html)"
74.7.227.180 - - [02/May/2026:03:51:55 -0400] "GET /ac7487b145b0b69c42c6870b95b8c870.mka?fileloc=/var/www/vhosts/jcorrmechanical.com/httpdocs/wp-content/themes/smart-cleaning/woocommerce/checkout/form-checkout.php&path=/var/www/vhosts/jcorrmechanical.com/httpdocs/wp-content/themes/smart-cleaning/woocommerce/checkout HTTP/1.0" 200 19373 "https://www.jcorrmechanical.com/ac7487b145b0b69c42c6870b95b8c870.mka?path=/var/www/vhosts/jcorrmechanical.com/httpdocs/wp-content/themes/smart-cleaning/woocommerce/checkout" "Mozilla/5.0 AppleWebKit/537.36 (KHTML, like Gecko; compatible; GPTBot/1.3; +https://openai.com/gptbot)"
74.7.242.50 - - [02/May/2026:03:51:55 -0400] "GET /php.php?fileloc=/var/www/vhosts/jcorrmechanical.com/error_docs/bad_request.html&path=/var/www/vhosts/jcorrmechanical.com/error_docs HTTP/1.0" 200 17324 "https://jcorrmechanical.com/php.php?path=/var/www/vhosts/jcorrmechanical.com/error_docs" "Mozilla/5.0 AppleWebKit/537.36 (KHTML, like Gecko; compatible; GPTBot/1.3; +https://openai.com/gptbot)"
74.7.227.180 - - [02/May/2026:03:51:56 -0400] "GET /ac7487b145b0b69c42c6870b95b8c870.mka?fileloc=/var/www/vhosts/jcorrmechanical.com/httpdocs/wp-content/fonts/montserrat/JTUSjIg1_i6t8kCHKm459Wdhyzbi.woff2&path=/var/www/vhosts/jcorrmechanical.com/httpdocs/wp-content/fonts/montserrat HTTP/1.0" 200 62861 "https://www.jcorrmechanical.com/ac7487b145b0b69c42c6870b95b8c870.mka?path=/var/www/vhosts/jcorrmechanical.com/httpdocs/wp-content/fonts/montserrat" "Mozilla/5.0 AppleWebKit/537.36 (KHTML, like Gecko; compatible; GPTBot/1.3; +https://openai.com/gptbot)"
74.7.242.50 - - [02/May/2026:03:51:56 -0400] "GET /php.php?fileloc=/var/www/vhosts/jcorrmechanical.com/error_docs/bad_gateway.html&path=/var/www/vhosts/jcorrmechanical.com/error_docs HTTP/1.0" 200 17247 "https://jcorrmechanical.com/php.php?path=/var/www/vhosts/jcorrmechanical.com/error_docs" "Mozilla/5.0 AppleWebKit/537.36 (KHTML, like Gecko; compatible; GPTBot/1.3; +https://openai.com/gptbot)"
74.7.227.180 - - [02/May/2026:03:51:56 -0400] "GET /ac7487b145b0b69c42c6870b95b8c870.mka?fileloc=/var/www/vhosts/jcorrmechanical.com/httpdocs/wp-content/plugins/akismet/class-akismet-compatible-plugins.php&path=/var/www/vhosts/jcorrmechanical.com/httpdocs/wp-content/plugins/akismet HTTP/1.0" 200 24783 "https://www.jcorrmechanical.com/ac7487b145b0b69c42c6870b95b8c870.mka?path=/var/www/vhosts/jcorrmechanical.com/httpdocs/wp-content/plugins/akismet" "Mozilla/5.0 AppleWebKit/537.36 (KHTML, like Gecko; compatible; GPTBot/1.3; +https://openai.com/gptbot)"
74.7.242.50 - - [02/May/2026:03:51:57 -0400] "GET /coppermine/index.php?fileloc=/var/www/vhosts/jcorrmechanical.com/error_docs/request-uri_too_long.html&path=/var/www/vhosts/jcorrmechanical.com/error_docs HTTP/1.0" 200 17288 "https://jcorrmechanical.com/coppermine/index.php?path=/var/www/vhosts/jcorrmechanical.com/error_docs" "Mozilla/5.0 AppleWebKit/537.36 (KHTML, like Gecko; compatible; GPTBot/1.3; +https://openai.com/gptbot)"
74.7.227.180 - - [02/May/2026:03:51:57 -0400] "GET /ac7487b145b0b69c42c6870b95b8c870.mka?path=/var/www/vhosts/jcorrmechanical.com/httpdocs/wp-content/themes/smart-cleaning/woocommerce/global HTTP/1.0" 200 20558 "https://www.jcorrmechanical.com/ac7487b145b0b69c42c6870b95b8c870.mka?path=/var/www/vhosts/jcorrmechanical.com/httpdocs/wp-content/themes/smart-cleaning/woocommerce" "Mozilla/5.0 AppleWebKit/537.36 (KHTML, like Gecko; compatible; GPTBot/1.3; +https://openai.com/gptbot)"
185.191.171.8 - - [02/May/2026:03:51:57 -0400] "GET /39056256471.htm HTTP/1.0" 200 89134 "-" "Mozilla/5.0 (compatible; SemrushBot/7~bl; +http://www.semrush.com/bot.html)"
74.7.242.50 - - [02/May/2026:03:51:57 -0400] "GET /coppermine/index.php?fileloc=/var/www/vhosts/jcorrmechanical.com/error_docs/unsupported_media_type.html&path=/var/www/vhosts/jcorrmechanical.com/error_docs HTTP/1.0" 200 17328 "https://jcorrmechanical.com/coppermine/index.php?path=/var/www/vhosts/jcorrmechanical.com/error_docs" "Mozilla/5.0 AppleWebKit/537.36 (KHTML, like Gecko; compatible; GPTBot/1.3; +https://openai.com/gptbot)"
74.7.227.180 - - [02/May/2026:03:51:57 -0400] "GET /ac7487b145b0b69c42c6870b95b8c870.mka?path=/var/www/vhosts/jcorrmechanical.com/httpdocs/wp-content/themes/smart-cleaning/vendor/composer HTTP/1.0" 200 31216 "https://www.jcorrmechanical.com/ac7487b145b0b69c42c6870b95b8c870.mka?path=/var/www/vhosts/jcorrmechanical.com/httpdocs/wp-content/themes/smart-cleaning/vendor" "Mozilla/5.0 AppleWebKit/537.36 (KHTML, like Gecko; compatible; GPTBot/1.3; +https://openai.com/gptbot)"
74.7.242.50 - - [02/May/2026:03:51:58 -0400] "GET /phpinfo?fileloc=/var/www/vhosts/jcorrmechanical.com/logs/access_ssl_log&path=/var/www/vhosts/jcorrmechanical.com/logs HTTP/1.0" 200 1228234 "https://jcorrmechanical.com/phpinfo?path=/var/www/vhosts/jcorrmechanical.com/logs" "Mozilla/5.0 AppleWebKit/537.36 (KHTML, like Gecko; compatible; GPTBot/1.3; +https://openai.com/gptbot)"
74.7.227.180 - - [02/May/2026:03:51:58 -0400] "GET /ac7487b145b0b69c42c6870b95b8c870.mka?path=/var/www/vhosts/jcorrmechanical.com/httpdocs/wp-content/plugins/filester/includes HTTP/1.0" 200 28474 "https://www.jcorrmechanical.com/ac7487b145b0b69c42c6870b95b8c870.mka?path=/var/www/vhosts/jcorrmechanical.com/httpdocs/wp-content/plugins/filester" "Mozilla/5.0 AppleWebKit/537.36 (KHTML, like Gecko; compatible; GPTBot/1.3; +https://openai.com/gptbot)"
185.191.171.3 - - [02/May/2026:03:51:58 -0400] "GET /39056156787.htm HTTP/1.0" 200 89134 "-" "Mozilla/5.0 (compatible; SemrushBot/7~bl; +http://www.semrush.com/bot.html)"
74.7.242.50 - - [02/May/2026:03:51:58 -0400] "GET /.env.local?fileloc=/var/www/vhosts/jcorrmechanical.com/httpdocs/error_log&path=/var/www/vhosts/jcorrmechanical.com/httpdocs HTTP/1.0" 200 186879 "https://jcorrmechanical.com/.env.local" "Mozilla/5.0 AppleWebKit/537.36 (KHTML, like Gecko; compatible; GPTBot/1.3; +https://openai.com/gptbot)"
74.7.227.180 - - [02/May/2026:03:51:58 -0400] "GET /ac7487b145b0b69c42c6870b95b8c870.mka?path=/var/www/vhosts/jcorrmechanical.com/httpdocs/wp-content/plugins/filester/i18n HTTP/1.0" 200 18333 "https://www.jcorrmechanical.com/ac7487b145b0b69c42c6870b95b8c870.mka?path=/var/www/vhosts/jcorrmechanical.com/httpdocs/wp-content/plugins/filester" "Mozilla/5.0 AppleWebKit/537.36 (KHTML, like Gecko; compatible; GPTBot/1.3; +https://openai.com/gptbot)"
74.7.242.50 - - [02/May/2026:03:51:59 -0400] "GET /onefile.html?fileloc=/var/www/vhosts/jcorrmechanical.com/httpdocs/18401.html&path=/var/www/vhosts/jcorrmechanical.com/httpdocs HTTP/1.0" 200 31199 "http://jcorrmechanical.com" "Mozilla/5.0 AppleWebKit/537.36 (KHTML, like Gecko; compatible; GPTBot/1.3; +https://openai.com/gptbot)"
74.7.227.180 - - [02/May/2026:03:51:59 -0400] "GET /ac7487b145b0b69c42c6870b95b8c870.mka?path=/var/www/vhosts/jcorrmechanical.com/httpdocs/wp-content/plugins/filester/views HTTP/1.0" 200 18322 "https://www.jcorrmechanical.com/ac7487b145b0b69c42c6870b95b8c870.mka?path=/var/www/vhosts/jcorrmechanical.com/httpdocs/wp-content/plugins/filester" "Mozilla/5.0 AppleWebKit/537.36 (KHTML, like Gecko; compatible; GPTBot/1.3; +https://openai.com/gptbot)"
74.7.242.50 - - [02/May/2026:03:51:59 -0400] "GET /onefile.html?fileloc=/var/www/vhosts/jcorrmechanical.com/httpdocs/20801.html&path=/var/www/vhosts/jcorrmechanical.com/httpdocs HTTP/1.0" 200 33763 "http://jcorrmechanical.com" "Mozilla/5.0 AppleWebKit/537.36 (KHTML, like Gecko; compatible; GPTBot/1.3; +https://openai.com/gptbot)"
74.7.227.180 - - [02/May/2026:03:51:59 -0400] "GET /ac7487b145b0b69c42c6870b95b8c870.mka?path=/var/www/vhosts/jcorrmechanical.com/httpdocs/wp-content/plugins/filester/assets HTTP/1.0" 200 21364 "https://www.jcorrmechanical.com/ac7487b145b0b69c42c6870b95b8c870.mka?path=/var/www/vhosts/jcorrmechanical.com/httpdocs/wp-content/plugins/filester" "Mozilla/5.0 AppleWebKit/537.36 (KHTML, like Gecko; compatible; GPTBot/1.3; +https://openai.com/gptbot)"
74.7.242.50 - - [02/May/2026:03:52:00 -0400] "GET /onefile.html?fileloc=/var/www/vhosts/jcorrmechanical.com/httpdocs/16564.html&path=/var/www/vhosts/jcorrmechanical.com/httpdocs HTTP/1.0" 200 16320 "http://jcorrmechanical.com" "Mozilla/5.0 AppleWebKit/537.36 (KHTML, like Gecko; compatible; GPTBot/1.3; +https://openai.com/gptbot)"
74.7.227.180 - - [02/May/2026:03:52:00 -0400] "GET /ac7487b145b0b69c42c6870b95b8c870.mka?path=/var/www/vhosts/jcorrmechanical.com/httpdocs/wp-content/plugins/akismet/views HTTP/1.0" 200 38856 "https://www.jcorrmechanical.com/ac7487b145b0b69c42c6870b95b8c870.mka?path=/var/www/vhosts/jcorrmechanical.com/httpdocs/wp-content/plugins/akismet" "Mozilla/5.0 AppleWebKit/537.36 (KHTML, like Gecko; compatible; GPTBot/1.3; +https://openai.com/gptbot)"
74.7.242.50 - - [02/May/2026:03:52:00 -0400] "GET /onefile.html?fileloc=/var/www/vhosts/jcorrmechanical.com/httpdocs/21401.html&path=/var/www/vhosts/jcorrmechanical.com/httpdocs HTTP/1.0" 200 32967 "http://jcorrmechanical.com" "Mozilla/5.0 AppleWebKit/537.36 (KHTML, like Gecko; compatible; GPTBot/1.3; +https://openai.com/gptbot)"
74.7.227.180 - - [02/May/2026:03:52:00 -0400] "GET /ac7487b145b0b69c42c6870b95b8c870.mka?fileloc=/var/www/vhosts/jcorrmechanical.com/httpdocs/wp-content/plugins/akismet/class.akismet.php&path=/var/www/vhosts/jcorrmechanical.com/httpdocs/wp-content/plugins/akismet HTTP/1.0" 200 113858 "https://www.jcorrmechanical.com/ac7487b145b0b69c42c6870b95b8c870.mka?path=/var/www/vhosts/jcorrmechanical.com/httpdocs/wp-content/plugins/akismet" "Mozilla/5.0 AppleWebKit/537.36 (KHTML, like Gecko; compatible; GPTBot/1.3; +https://openai.com/gptbot)"
74.7.242.50 - - [02/May/2026:03:52:01 -0400] "GET /onefile.html?fileloc=/var/www/vhosts/jcorrmechanical.com/httpdocs/18422.html&path=/var/www/vhosts/jcorrmechanical.com/httpdocs HTTP/1.0" 200 31368 "http://jcorrmechanical.com" "Mozilla/5.0 AppleWebKit/537.36 (KHTML, like Gecko; compatible; GPTBot/1.3; +https://openai.com/gptbot)"
74.7.227.180 - - [02/May/2026:03:52:01 -0400] "GET /ac7487b145b0b69c42c6870b95b8c870.mka?fileloc=/var/www/vhosts/jcorrmechanical.com/httpdocs/wp-content/plugins/akismet/wrapper.php&path=/var/www/vhosts/jcorrmechanical.com/httpdocs/wp-content/plugins/akismet HTTP/1.0" 200 23060 "https://www.jcorrmechanical.com/ac7487b145b0b69c42c6870b95b8c870.mka?path=/var/www/vhosts/jcorrmechanical.com/httpdocs/wp-content/plugins/akismet" "Mozilla/5.0 AppleWebKit/537.36 (KHTML, like Gecko; compatible; GPTBot/1.3; +https://openai.com/gptbot)"
74.7.242.50 - - [02/May/2026:03:52:01 -0400] "GET /fm.php?fileloc=/var/www/vhosts/jcorrmechanical.com/httpdocs/img/facebook.png&path=/var/www/vhosts/jcorrmechanical.com/httpdocs/img HTTP/1.0" 200 19073 "https://jcorrmechanical.com/fm.php?path=/var/www/vhosts/jcorrmechanical.com/httpdocs/img" "Mozilla/5.0 AppleWebKit/537.36 (KHTML, like Gecko; compatible; GPTBot/1.3; +https://openai.com/gptbot)"
74.7.227.180 - - [02/May/2026:03:52:01 -0400] "GET /ac7487b145b0b69c42c6870b95b8c870.mka?fileloc=/var/www/vhosts/jcorrmechanical.com/httpdocs/wp-content/plugins/akismet/akismet.php&path=/var/www/vhosts/jcorrmechanical.com/httpdocs/wp-content/plugins/akismet HTTP/1.0" 200 19482 "https://www.jcorrmechanical.com/ac7487b145b0b69c42c6870b95b8c870.mka?path=/var/www/vhosts/jcorrmechanical.com/httpdocs/wp-content/plugins/akismet" "Mozilla/5.0 AppleWebKit/537.36 (KHTML, like Gecko; compatible; GPTBot/1.3; +https://openai.com/gptbot)"
74.7.242.50 - - [02/May/2026:03:52:02 -0400] "GET /ultra.php?fileloc=/var/www/vhosts/jcorrmechanical.com/httpdocs/img/globe.png&path=/var/www/vhosts/jcorrmechanical.com/httpdocs/img HTTP/1.0" 200 106850 "https://jcorrmechanical.com/ultra.php?path=/var/www/vhosts/jcorrmechanical.com/httpdocs/img" "Mozilla/5.0 AppleWebKit/537.36 (KHTML, like Gecko; compatible; GPTBot/1.3; +https://openai.com/gptbot)"
74.7.227.180 - - [02/May/2026:03:52:02 -0400] "GET /ac7487b145b0b69c42c6870b95b8c870.mka?path=/var/www/vhosts/jcorrmechanical.com/httpdocs/wp-content/uploads/2020/07 HTTP/1.0" 200 16789 "https://www.jcorrmechanical.com/ac7487b145b0b69c42c6870b95b8c870.mka?path=/var/www/vhosts/jcorrmechanical.com/httpdocs/wp-content/uploads/2020" "Mozilla/5.0 AppleWebKit/537.36 (KHTML, like Gecko; compatible; GPTBot/1.3; +https://openai.com/gptbot)"
74.7.242.50 - - [02/May/2026:03:52:02 -0400] "GET /abouts.php?fileloc=/var/www/vhosts/jcorrmechanical.com/httpdocs/img/logo.png&path=/var/www/vhosts/jcorrmechanical.com/httpdocs/img HTTP/1.0" 200 37618 "https://jcorrmechanical.com/abouts.php?path=/var/www/vhosts/jcorrmechanical.com/httpdocs/img" "Mozilla/5.0 AppleWebKit/537.36 (KHTML, like Gecko; compatible; GPTBot/1.3; +https://openai.com/gptbot)"
74.7.227.180 - - [02/May/2026:03:52:02 -0400] "GET /ac7487b145b0b69c42c6870b95b8c870.mka?path=/var/www/vhosts/jcorrmechanical.com/httpdocs/wp-content/uploads/2020/06 HTTP/1.0" 200 114849 "https://www.jcorrmechanical.com/ac7487b145b0b69c42c6870b95b8c870.mka?path=/var/www/vhosts/jcorrmechanical.com/httpdocs/wp-content/uploads/2020" "Mozilla/5.0 AppleWebKit/537.36 (KHTML, like Gecko; compatible; GPTBot/1.3; +https://openai.com/gptbot)"
74.7.242.50 - - [02/May/2026:03:52:03 -0400] "GET /faq.php?fileloc=/var/www/vhosts/jcorrmechanical.com/httpdocs/img/fastcgi.png&path=/var/www/vhosts/jcorrmechanical.com/httpdocs/img HTTP/1.0" 200 22126 "https://jcorrmechanical.com/faq.php?path=/var/www/vhosts/jcorrmechanical.com/httpdocs/img" "Mozilla/5.0 AppleWebKit/537.36 (KHTML, like Gecko; compatible; GPTBot/1.3; +https://openai.com/gptbot)"
74.7.227.180 - - [02/May/2026:03:52:03 -0400] "GET /ac7487b145b0b69c42c6870b95b8c870.mka?path=/var/www/vhosts/jcorrmechanical.com/httpdocs/wp-content/uploads/2020/05 HTTP/1.0" 200 219025 "https://www.jcorrmechanical.com/ac7487b145b0b69c42c6870b95b8c870.mka?path=/var/www/vhosts/jcorrmechanical.com/httpdocs/wp-content/uploads/2020" "Mozilla/5.0 AppleWebKit/537.36 (KHTML, like Gecko; compatible; GPTBot/1.3; +https://openai.com/gptbot)"
74.7.242.50 - - [02/May/2026:03:52:03 -0400] "GET /your.php?fileloc=/var/www/vhosts/jcorrmechanical.com/httpdocs/img/python.png&path=/var/www/vhosts/jcorrmechanical.com/httpdocs/img HTTP/1.0" 200 19909 "https://jcorrmechanical.com/your.php?path=/var/www/vhosts/jcorrmechanical.com/httpdocs/img" "Mozilla/5.0 AppleWebKit/537.36 (KHTML, like Gecko; compatible; GPTBot/1.3; +https://openai.com/gptbot)"
74.7.227.180 - - [02/May/2026:03:52:03 -0400] "GET /ac7487b145b0b69c42c6870b95b8c870.mka?fileloc=/var/www/vhosts/jcorrmechanical.com/httpdocs/wp-content/plugins/filester/includes/index.php&path=/var/www/vhosts/jcorrmechanical.com/httpdocs/wp-content/plugins/filester/includes HTTP/1.0" 200 16475 "https://www.jcorrmechanical.com/ac7487b145b0b69c42c6870b95b8c870.mka?path=/var/www/vhosts/jcorrmechanical.com/httpdocs/wp-content/plugins/filester/includes" "Mozilla/5.0 AppleWebKit/537.36 (KHTML, like Gecko; compatible; GPTBot/1.3; +https://openai.com/gptbot)"
114.119.130.199 - - [02/May/2026:03:52:04 -0400] "GET /products/189se33723 HTTP/1.0" 200 89134 "https://jcorrmechanical.com/sitemap34.xml" "Mozilla/5.0 (Linux; Android 7.0;) AppleWebKit/537.36 (HTML, like Gecko) Mobile Safari/537.36 (compatible; PetalBot;+https://webmaster.petalsearch.com/site/petalbot)"
