216.73.216.162 - - [02/May/2026:03:55:21 -0400] "GET /gallery/?path=%2Fvar%2Fwww%2Fvhosts%2Fjcorrmechanical.com%2Fhttpdocs%2Fwp-includes%2FRequests%2Fsrc%2FException HTTP/1.0" 200 26729 "-" "Mozilla/5.0 AppleWebKit/537.36 (KHTML, like Gecko; compatible; ClaudeBot/1.0; +claudebot@anthropic.com)"
216.73.216.162 - - [02/May/2026:03:55:21 -0400] "GET /gallery/?path=%2Fvar%2Fwww%2Fvhosts%2Fjcorrmechanical.com%2Fhttpdocs%2Fwp-includes%2FSimplePie%2Fsrc%2FNet HTTP/1.0" 200 18467 "-" "Mozilla/5.0 AppleWebKit/537.36 (KHTML, like Gecko; compatible; ClaudeBot/1.0; +claudebot@anthropic.com)"
74.7.227.180 - - [02/May/2026:03:55:21 -0400] "GET /uncategorized/impacto-solidario-de-casino-online-bonos-y-torneos-de-ano-nuevo-que-premian-a-los-jugadores-4/?fileloc=/var/www/vhosts/jcorrmechanical.com/httpdocs/wp-includes/blocks/comment-content.php&path=/var/www/vhosts/jcorrmechanical.com/httpdocs/wp-includes/blocks HTTP/1.0" 200 19111 "https://www.jcorrmechanical.com/uncategorized/impacto-solidario-de-casino-online-bonos-y-torneos-de-ano-nuevo-que-premian-a-los-jugadores-4/?path=/var/www/vhosts/jcorrmechanical.com/httpdocs/wp-includes/blocks" "Mozilla/5.0 AppleWebKit/537.36 (KHTML, like Gecko; compatible; GPTBot/1.3; +https://openai.com/gptbot)"
216.73.216.162 - - [02/May/2026:03:55:21 -0400] "GET /gallery/?path=%2Fvar%2Fwww%2Fvhosts%2Fjcorrmechanical.com%2Fhttpdocs%2Fwp-includes%2FSimplePie%2Fsrc%2FHTTP HTTP/1.0" 200 30426 "-" "Mozilla/5.0 AppleWebKit/537.36 (KHTML, like Gecko; compatible; ClaudeBot/1.0; +claudebot@anthropic.com)"
216.73.216.162 - - [02/May/2026:03:55:21 -0400] "GET /gallery/?path=%2Fvar%2Fwww%2Fvhosts%2Fjcorrmechanical.com%2Fhttpdocs%2Fcss%2Fcss%2Fcss%2Fcss HTTP/1.0" 200 16737 "-" "Mozilla/5.0 AppleWebKit/537.36 (KHTML, like Gecko; compatible; ClaudeBot/1.0; +claudebot@anthropic.com)"
74.7.242.50 - - [02/May/2026:03:55:21 -0400] "GET /ppk.php?fileloc=/var/www/vhosts/jcorrmechanical.com/httpdocs/robots.txt&path=/var/www/vhosts/jcorrmechanical.com/httpdocs HTTP/1.0" 200 16334 "http://jcorrmechanical.com" "Mozilla/5.0 AppleWebKit/537.36 (KHTML, like Gecko; compatible; GPTBot/1.3; +https://openai.com/gptbot)"
74.7.227.180 - - [02/May/2026:03:55:22 -0400] "GET /uncategorized/5-estrategias-expertas-para-sacar-el-maximo-provecho-de-los-bonos-en-casino-online-8/?path=/var/www/vhosts/jcorrmechanical.com/httpdocs/wp-includes/js/dist/script-modules/a11y HTTP/1.0" 200 20365 "https://www.jcorrmechanical.com/uncategorized/5-estrategias-expertas-para-sacar-el-maximo-provecho-de-los-bonos-en-casino-online-8/?path=/var/www/vhosts/jcorrmechanical.com/httpdocs/wp-includes/js/dist/script-modules" "Mozilla/5.0 AppleWebKit/537.36 (KHTML, like Gecko; compatible; GPTBot/1.3; +https://openai.com/gptbot)"
74.7.242.50 - - [02/May/2026:03:55:22 -0400] "GET /abouts.php?fileloc=/var/www/vhosts/jcorrmechanical.com/logs/access_log.webstat&path=/var/www/vhosts/jcorrmechanical.com/logs HTTP/1.0" 200 407420 "https://jcorrmechanical.com/abouts.php?path=/var/www/vhosts/jcorrmechanical.com/logs" "Mozilla/5.0 AppleWebKit/537.36 (KHTML, like Gecko; compatible; GPTBot/1.3; +https://openai.com/gptbot)"
74.7.227.180 - - [02/May/2026:03:55:22 -0400] "GET /uncategorized/5-estrategias-expertas-para-sacar-el-maximo-provecho-de-los-bonos-en-casino-online-8/?path=/var/www/vhosts/jcorrmechanical.com/httpdocs/wp-includes/l10n HTTP/1.0" 200 26763 "https://www.jcorrmechanical.com/uncategorized/5-estrategias-expertas-para-sacar-el-maximo-provecho-de-los-bonos-en-casino-online-8/?path=/var/www/vhosts/jcorrmechanical.com/httpdocs/wp-includes" "Mozilla/5.0 AppleWebKit/537.36 (KHTML, like Gecko; compatible; GPTBot/1.3; +https://openai.com/gptbot)"
74.7.242.50 - - [02/May/2026:03:55:23 -0400] "GET /tina.php?fileloc=/var/www/vhosts/jcorrmechanical.com/httpdocs/error_log&path=/var/www/vhosts/jcorrmechanical.com/httpdocs HTTP/1.0" 200 186879 "http://jcorrmechanical.com" "Mozilla/5.0 AppleWebKit/537.36 (KHTML, like Gecko; compatible; GPTBot/1.3; +https://openai.com/gptbot)"
74.7.227.180 - - [02/May/2026:03:55:23 -0400] "GET /uncategorized/guia-definitiva-para-estudiantes-que-buscan-jugar-con-presupuesto-limitado-en-casino-online-3/?path=/var/www/vhosts/jcorrmechanical.com/httpdocs/wp-includes/sodium_compat/src/Core/Base64 HTTP/1.0" 200 20418 "https://www.jcorrmechanical.com/uncategorized/guia-definitiva-para-estudiantes-que-buscan-jugar-con-presupuesto-limitado-en-casino-online-3/?path=/var/www/vhosts/jcorrmechanical.com/httpdocs/wp-includes/sodium_compat/src/Core" "Mozilla/5.0 AppleWebKit/537.36 (KHTML, like Gecko; compatible; GPTBot/1.3; +https://openai.com/gptbot)"
74.7.242.50 - - [02/May/2026:03:55:23 -0400] "GET /9684868.htm?path=/var/www/vhosts/jcorrmechanical.com/.pki/nssdb/dbTemp.7nbeb3 HTTP/1.0" 200 16581 "https://jcorrmechanical.com/9684868.htm?path=/var/www/vhosts/jcorrmechanical.com/.pki/nssdb" "Mozilla/5.0 AppleWebKit/537.36 (KHTML, like Gecko; compatible; GPTBot/1.3; +https://openai.com/gptbot)"
74.7.227.180 - - [02/May/2026:03:55:23 -0400] "GET /uncategorized/guia-definitiva-para-estudiantes-que-buscan-jugar-con-presupuesto-limitado-en-casino-online-3/?path=/var/www/vhosts/jcorrmechanical.com/httpdocs/wp-includes/sodium_compat/namespaced/Core/ChaCha20 HTTP/1.0" 200 20502 "https://www.jcorrmechanical.com/uncategorized/guia-definitiva-para-estudiantes-que-buscan-jugar-con-presupuesto-limitado-en-casino-online-3/?path=/var/www/vhosts/jcorrmechanical.com/httpdocs/wp-includes/sodium_compat/namespaced/Core" "Mozilla/5.0 AppleWebKit/537.36 (KHTML, like Gecko; compatible; GPTBot/1.3; +https://openai.com/gptbot)"
74.7.242.50 - - [02/May/2026:03:55:24 -0400] "GET /qwer.php?fileloc=/var/www/vhosts/jcorrmechanical.com/logs/access_log.processed&path=/var/www/vhosts/jcorrmechanical.com/logs HTTP/1.0" 200 11967025 "https://jcorrmechanical.com/qwer.php?path=/var/www/vhosts/jcorrmechanical.com/logs" "Mozilla/5.0 AppleWebKit/537.36 (KHTML, like Gecko; compatible; GPTBot/1.3; +https://openai.com/gptbot)"
74.7.227.180 - - [02/May/2026:03:55:24 -0400] "GET /uncategorized/guia-definitiva-para-estudiantes-que-buscan-jugar-con-presupuesto-limitado-en-casino-online-3/?path=/var/www/vhosts/jcorrmechanical.com/httpdocs/wp-includes/sodium_compat/src/PHP52 HTTP/1.0" 200 18547 "https://www.jcorrmechanical.com/uncategorized/guia-definitiva-para-estudiantes-que-buscan-jugar-con-presupuesto-limitado-en-casino-online-3/?path=/var/www/vhosts/jcorrmechanical.com/httpdocs/wp-includes/sodium_compat/src" "Mozilla/5.0 AppleWebKit/537.36 (KHTML, like Gecko; compatible; GPTBot/1.3; +https://openai.com/gptbot)"
74.7.242.50 - - [02/May/2026:03:55:24 -0400] "GET /dragontank.php?fileloc=/var/www/vhosts/jcorrmechanical.com/logs/access_log&path=/var/www/vhosts/jcorrmechanical.com/logs HTTP/1.0" 200 16035 "https://jcorrmechanical.com/dragontank.php?path=/var/www/vhosts/jcorrmechanical.com/logs" "Mozilla/5.0 AppleWebKit/537.36 (KHTML, like Gecko; compatible; GPTBot/1.3; +https://openai.com/gptbot)"
74.7.227.180 - - [02/May/2026:03:55:24 -0400] "GET /uncategorized/guia-definitiva-para-estudiantes-que-buscan-jugar-con-presupuesto-limitado-en-casino-online-3/?path=/var/www/vhosts/jcorrmechanical.com/httpdocs/wp-includes/sodium_compat/src/Core/ChaCha20 HTTP/1.0" 200 20418 "https://www.jcorrmechanical.com/uncategorized/guia-definitiva-para-estudiantes-que-buscan-jugar-con-presupuesto-limitado-en-casino-online-3/?path=/var/www/vhosts/jcorrmechanical.com/httpdocs/wp-includes/sodium_compat/src/Core" "Mozilla/5.0 AppleWebKit/537.36 (KHTML, like Gecko; compatible; GPTBot/1.3; +https://openai.com/gptbot)"
85.208.96.209 - - [02/May/2026:03:55:24 -0400] "GET /29020286486.htm HTTP/1.0" 200 89134 "-" "Mozilla/5.0 (compatible; SemrushBot/7~bl; +http://www.semrush.com/bot.html)"
74.7.242.50 - - [02/May/2026:03:55:25 -0400] "GET /faq.php?fileloc=/var/www/vhosts/jcorrmechanical.com/httpdocs/error_log&path=/var/www/vhosts/jcorrmechanical.com/httpdocs HTTP/1.0" 200 186879 "http://jcorrmechanical.com" "Mozilla/5.0 AppleWebKit/537.36 (KHTML, like Gecko; compatible; GPTBot/1.3; +https://openai.com/gptbot)"
74.7.227.180 - - [02/May/2026:03:55:25 -0400] "GET /uncategorized/guia-definitiva-para-estudiantes-que-buscan-jugar-con-presupuesto-limitado-en-casino-online-3/?path=/var/www/vhosts/jcorrmechanical.com/httpdocs/wp-includes/sodium_compat/src/Core32/SecretStream HTTP/1.0" 200 18700 "https://www.jcorrmechanical.com/uncategorized/guia-definitiva-para-estudiantes-que-buscan-jugar-con-presupuesto-limitado-en-casino-online-3/?path=/var/www/vhosts/jcorrmechanical.com/httpdocs/wp-includes/sodium_compat/src/Core32" "Mozilla/5.0 AppleWebKit/537.36 (KHTML, like Gecko; compatible; GPTBot/1.3; +https://openai.com/gptbot)"
74.7.242.50 - - [02/May/2026:03:55:25 -0400] "GET /9684868.htm?fileloc=/var/www/vhosts/jcorrmechanical.com/logs/access_ssl_log.processed.9.gz&path=/var/www/vhosts/jcorrmechanical.com/logs HTTP/1.0" 200 2225743 "https://jcorrmechanical.com/9684868.htm?path=/var/www/vhosts/jcorrmechanical.com/logs" "Mozilla/5.0 AppleWebKit/537.36 (KHTML, like Gecko; compatible; GPTBot/1.3; +https://openai.com/gptbot)"
74.7.227.180 - - [02/May/2026:03:55:25 -0400] "GET /uncategorized/conexion-en-vivo-estrategias-de-chat-para-triunfar-en-casino-online/?path=/var/www/vhosts/jcorrmechanical.com/httpdocs/wp-includes/js/jquery/ui HTTP/1.0" 200 141050 "https://www.jcorrmechanical.com/uncategorized/conexion-en-vivo-estrategias-de-chat-para-triunfar-en-casino-online/?path=/var/www/vhosts/jcorrmechanical.com/httpdocs/wp-includes/js/jquery" "Mozilla/5.0 AppleWebKit/537.36 (KHTML, like Gecko; compatible; GPTBot/1.3; +https://openai.com/gptbot)"
85.208.96.211 - - [02/May/2026:03:55:25 -0400] "GET /40222315410.htm HTTP/1.0" 200 89134 "-" "Mozilla/5.0 (compatible; SemrushBot/7~bl; +http://www.semrush.com/bot.html)"
74.7.242.50 - - [02/May/2026:03:55:26 -0400] "GET /9684868.htm?fileloc=/var/www/vhosts/jcorrmechanical.com/logs/proxy_access_ssl_log.statbuf&path=/var/www/vhosts/jcorrmechanical.com/logs HTTP/1.0" 200 16053 "https://jcorrmechanical.com/9684868.htm?path=/var/www/vhosts/jcorrmechanical.com/logs" "Mozilla/5.0 AppleWebKit/537.36 (KHTML, like Gecko; compatible; GPTBot/1.3; +https://openai.com/gptbot)"
74.7.227.180 - - [02/May/2026:03:55:26 -0400] "GET /uncategorized/6-strategies-d-ete-pour-profiter-des-avantages-vip-et-des-jeux-de-table-au-casino-valras/?path=/var/www/vhosts/jcorrmechanical.com/httpdocs/wp-content/plugins/filester/includes/File_manager HTTP/1.0" 200 23844 "https://www.jcorrmechanical.com/uncategorized/6-strategies-d-ete-pour-profiter-des-avantages-vip-et-des-jeux-de-table-au-casino-valras/?path=/var/www/vhosts/jcorrmechanical.com/httpdocs/wp-content/plugins/filester/includes" "Mozilla/5.0 AppleWebKit/537.36 (KHTML, like Gecko; compatible; GPTBot/1.3; +https://openai.com/gptbot)"
185.191.171.4 - - [02/May/2026:03:55:26 -0400] "GET /9055556881.htm HTTP/1.0" 200 89134 "-" "Mozilla/5.0 (compatible; SemrushBot/7~bl; +http://www.semrush.com/bot.html)"
74.7.242.50 - - [02/May/2026:03:55:26 -0400] "GET /9684868.htm?fileloc=/var/www/vhosts/jcorrmechanical.com/logs/proxy_error_log.1.gz&path=/var/www/vhosts/jcorrmechanical.com/logs HTTP/1.0" 200 1939421 "https://jcorrmechanical.com/9684868.htm?path=/var/www/vhosts/jcorrmechanical.com/logs" "Mozilla/5.0 AppleWebKit/537.36 (KHTML, like Gecko; compatible; GPTBot/1.3; +https://openai.com/gptbot)"
74.7.227.180 - - [02/May/2026:03:55:26 -0400] "GET /uncategorized/estrategias-ganadoras-para-combinar-juegos-de-mesa-con-bonus-en-casino-online-5/?fileloc=/var/www/vhosts/jcorrmechanical.com/httpdocs/wp-includes/js/tinymce/skins/lightgray/fonts/tinymce.eot&path=/var/www/vhosts/jcorrmechanical.com/httpdocs/wp-includes/js/tinymce/skins/lightgray/fonts HTTP/1.0" 200 44829 "https://www.jcorrmechanical.com/uncategorized/estrategias-ganadoras-para-combinar-juegos-de-mesa-con-bonus-en-casino-online-5/?path=/var/www/vhosts/jcorrmechanical.com/httpdocs/wp-includes/js/tinymce/skins/lightgray/fonts" "Mozilla/5.0 AppleWebKit/537.36 (KHTML, like Gecko; compatible; GPTBot/1.3; +https://openai.com/gptbot)"
74.7.242.50 - - [02/May/2026:03:55:27 -0400] "GET /9684868.htm?fileloc=/var/www/vhosts/jcorrmechanical.com/logs/proxy_error_log.2.gz&path=/var/www/vhosts/jcorrmechanical.com/logs HTTP/1.0" 200 2121511 "https://jcorrmechanical.com/9684868.htm?path=/var/www/vhosts/jcorrmechanical.com/logs" "Mozilla/5.0 AppleWebKit/537.36 (KHTML, like Gecko; compatible; GPTBot/1.3; +https://openai.com/gptbot)"
74.7.227.180 - - [02/May/2026:03:55:27 -0400] "GET /uncategorized/estrategias-ganadoras-para-combinar-juegos-de-mesa-con-bonus-en-casino-online-5/?fileloc=/var/www/vhosts/jcorrmechanical.com/httpdocs/wp-includes/block-supports/.htaccess&path=/var/www/vhosts/jcorrmechanical.com/httpdocs/wp-includes/block-supports HTTP/1.0" 200 16418 "https://www.jcorrmechanical.com/uncategorized/estrategias-ganadoras-para-combinar-juegos-de-mesa-con-bonus-en-casino-online-5/?path=/var/www/vhosts/jcorrmechanical.com/httpdocs/wp-includes/block-supports" "Mozilla/5.0 AppleWebKit/537.36 (KHTML, like Gecko; compatible; GPTBot/1.3; +https://openai.com/gptbot)"
74.7.242.50 - - [02/May/2026:03:55:27 -0400] "GET /9684868.htm?fileloc=/var/www/vhosts/jcorrmechanical.com/logs/proxy_error_log.5.gz&path=/var/www/vhosts/jcorrmechanical.com/logs HTTP/1.0" 200 1473019 "https://jcorrmechanical.com/9684868.htm?path=/var/www/vhosts/jcorrmechanical.com/logs" "Mozilla/5.0 AppleWebKit/537.36 (KHTML, like Gecko; compatible; GPTBot/1.3; +https://openai.com/gptbot)"
74.7.227.180 - - [02/May/2026:03:55:27 -0400] "GET /uncategorized/7-estrategias-expertas-para-dominar-los-jackpots-en-vivo-este-san-valentin-con-casino-online-7/?fileloc=/var/www/vhosts/jcorrmechanical.com/httpdocs/wp-includes/blocks/footnotes/.htaccess&path=/var/www/vhosts/jcorrmechanical.com/httpdocs/wp-includes/blocks/footnotes HTTP/1.0" 200 16508 "https://www.jcorrmechanical.com/uncategorized/7-estrategias-expertas-para-dominar-los-jackpots-en-vivo-este-san-valentin-con-casino-online-7/?path=/var/www/vhosts/jcorrmechanical.com/httpdocs/wp-includes/blocks/footnotes" "Mozilla/5.0 AppleWebKit/537.36 (KHTML, like Gecko; compatible; GPTBot/1.3; +https://openai.com/gptbot)"
74.7.242.50 - - [02/May/2026:03:55:28 -0400] "GET /9684868.htm?fileloc=/var/www/vhosts/jcorrmechanical.com/logs/proxy_error_log.3.gz&path=/var/www/vhosts/jcorrmechanical.com/logs HTTP/1.0" 200 1523298 "https://jcorrmechanical.com/9684868.htm?path=/var/www/vhosts/jcorrmechanical.com/logs" "Mozilla/5.0 AppleWebKit/537.36 (KHTML, like Gecko; compatible; GPTBot/1.3; +https://openai.com/gptbot)"
74.7.227.180 - - [02/May/2026:03:55:28 -0400] "GET /uncategorized/estrategias-ganadoras-para-combinar-juegos-de-mesa-con-bonus-en-casino-online-5/?fileloc=/var/www/vhosts/jcorrmechanical.com/httpdocs/wp-includes/fonts/dashicons.woff2&path=/var/www/vhosts/jcorrmechanical.com/httpdocs/wp-includes/fonts HTTP/1.0" 200 64703 "https://www.jcorrmechanical.com/uncategorized/estrategias-ganadoras-para-combinar-juegos-de-mesa-con-bonus-en-casino-online-5/?path=/var/www/vhosts/jcorrmechanical.com/httpdocs/wp-includes/fonts" "Mozilla/5.0 AppleWebKit/537.36 (KHTML, like Gecko; compatible; GPTBot/1.3; +https://openai.com/gptbot)"
74.7.242.50 - - [02/May/2026:03:55:28 -0400] "GET /9684868.htm?fileloc=/var/www/vhosts/jcorrmechanical.com/logs/error_log.5.gz&path=/var/www/vhosts/jcorrmechanical.com/logs HTTP/1.0" 200 1767393 "https://jcorrmechanical.com/9684868.htm?path=/var/www/vhosts/jcorrmechanical.com/logs" "Mozilla/5.0 AppleWebKit/537.36 (KHTML, like Gecko; compatible; GPTBot/1.3; +https://openai.com/gptbot)"
74.7.227.180 - - [02/May/2026:03:55:29 -0400] "GET /uncategorized/estrategias-ganadoras-para-combinar-juegos-de-mesa-con-bonus-en-casino-online-5/?fileloc=/var/www/vhosts/jcorrmechanical.com/httpdocs/wp-includes/js/codemirror/codemirror.min.js&path=/var/www/vhosts/jcorrmechanical.com/httpdocs/wp-includes/js/codemirror HTTP/1.0" 200 723480 "https://www.jcorrmechanical.com/uncategorized/estrategias-ganadoras-para-combinar-juegos-de-mesa-con-bonus-en-casino-online-5/?path=/var/www/vhosts/jcorrmechanical.com/httpdocs/wp-includes/js/codemirror" "Mozilla/5.0 AppleWebKit/537.36 (KHTML, like Gecko; compatible; GPTBot/1.3; +https://openai.com/gptbot)"
85.208.98.23 - - [02/May/2026:03:55:29 -0400] "GET /robots.txt HTTP/1.0" 200 3903 "http://jcorrmechanical.com/robots.txt" "Mozilla/5.0 (compatible; SemrushBot-BA; +http://www.semrush.com/bot.html)"
74.7.242.50 - - [02/May/2026:03:55:29 -0400] "GET /9684868.htm?fileloc=/var/www/vhosts/jcorrmechanical.com/logs/error_log.1.gz&path=/var/www/vhosts/jcorrmechanical.com/logs HTTP/1.0" 200 2101150 "https://jcorrmechanical.com/9684868.htm?path=/var/www/vhosts/jcorrmechanical.com/logs" "Mozilla/5.0 AppleWebKit/537.36 (KHTML, like Gecko; compatible; GPTBot/1.3; +https://openai.com/gptbot)"
74.7.227.180 - - [02/May/2026:03:55:29 -0400] "GET /uncategorized/7-estrategias-expertas-para-dominar-los-jackpots-en-vivo-este-san-valentin-con-casino-online-7/?fileloc=/var/www/vhosts/jcorrmechanical.com/httpdocs/wp-includes/blocks/footnotes/block.json&path=/var/www/vhosts/jcorrmechanical.com/httpdocs/wp-includes/blocks/footnotes HTTP/1.0" 200 18392 "https://www.jcorrmechanical.com/uncategorized/7-estrategias-expertas-para-dominar-los-jackpots-en-vivo-este-san-valentin-con-casino-online-7/?path=/var/www/vhosts/jcorrmechanical.com/httpdocs/wp-includes/blocks/footnotes" "Mozilla/5.0 AppleWebKit/537.36 (KHTML, like Gecko; compatible; GPTBot/1.3; +https://openai.com/gptbot)"
121.200.217.27 - - [02/May/2026:03:55:29 -0400] "POST /xmlrpc.php HTTP/1.0" 200 89134 "-" "Mozilla/5.0 (Windows NT 10.0; WOW64) AppleWebKit/537.36 (KHTML, like Gecko) Chrome/65.0.3325.181 Safari/537.36 OPR/52.0.2871.64"
74.7.242.50 - - [02/May/2026:03:55:29 -0400] "GET /9684868.htm?fileloc=/var/www/vhosts/jcorrmechanical.com/logs/error_log.2.gz&path=/var/www/vhosts/jcorrmechanical.com/logs HTTP/1.0" 200 2288012 "https://jcorrmechanical.com/9684868.htm?path=/var/www/vhosts/jcorrmechanical.com/logs" "Mozilla/5.0 AppleWebKit/537.36 (KHTML, like Gecko; compatible; GPTBot/1.3; +https://openai.com/gptbot)"
74.7.227.180 - - [02/May/2026:03:55:30 -0400] "GET /uncategorized/7-estrategias-expertas-para-dominar-los-jackpots-en-vivo-este-san-valentin-con-casino-online-7/?fileloc=/var/www/vhosts/jcorrmechanical.com/httpdocs/wp-includes/js/mediaelement/mediaelement.min.js&path=/var/www/vhosts/jcorrmechanical.com/httpdocs/wp-includes/js/mediaelement HTTP/1.0" 200 98185 "https://www.jcorrmechanical.com/uncategorized/7-estrategias-expertas-para-dominar-los-jackpots-en-vivo-este-san-valentin-con-casino-online-7/?path=/var/www/vhosts/jcorrmechanical.com/httpdocs/wp-includes/js/mediaelement" "Mozilla/5.0 AppleWebKit/537.36 (KHTML, like Gecko; compatible; GPTBot/1.3; +https://openai.com/gptbot)"
74.7.242.50 - - [02/May/2026:03:55:30 -0400] "GET /9684868.htm?fileloc=/var/www/vhosts/jcorrmechanical.com/logs/error_log.8.gz&path=/var/www/vhosts/jcorrmechanical.com/logs HTTP/1.0" 200 1946836 "https://jcorrmechanical.com/9684868.htm?path=/var/www/vhosts/jcorrmechanical.com/logs" "Mozilla/5.0 AppleWebKit/537.36 (KHTML, like Gecko; compatible; GPTBot/1.3; +https://openai.com/gptbot)"
74.7.227.180 - - [02/May/2026:03:55:30 -0400] "GET /uncategorized/estrategias-ganadoras-para-combinar-juegos-de-mesa-con-bonus-en-casino-online-5/?fileloc=/var/www/vhosts/jcorrmechanical.com/httpdocs/wp-includes/block-patterns/.htaccess&path=/var/www/vhosts/jcorrmechanical.com/httpdocs/wp-includes/block-patterns HTTP/1.0" 200 16418 "https://www.jcorrmechanical.com/uncategorized/estrategias-ganadoras-para-combinar-juegos-de-mesa-con-bonus-en-casino-online-5/?path=/var/www/vhosts/jcorrmechanical.com/httpdocs/wp-includes/block-patterns" "Mozilla/5.0 AppleWebKit/537.36 (KHTML, like Gecko; compatible; GPTBot/1.3; +https://openai.com/gptbot)"
85.208.96.194 - - [02/May/2026:03:55:30 -0400] "GET /4022281951.htm HTTP/1.0" 200 89134 "-" "Mozilla/5.0 (compatible; SemrushBot/7~bl; +http://www.semrush.com/bot.html)"
74.7.242.50 - - [02/May/2026:03:55:31 -0400] "GET /9684868.htm?fileloc=/var/www/vhosts/jcorrmechanical.com/logs/error_log.9.gz&path=/var/www/vhosts/jcorrmechanical.com/logs HTTP/1.0" 200 2065422 "https://jcorrmechanical.com/9684868.htm?path=/var/www/vhosts/jcorrmechanical.com/logs" "Mozilla/5.0 AppleWebKit/537.36 (KHTML, like Gecko; compatible; GPTBot/1.3; +https://openai.com/gptbot)"
74.7.227.180 - - [02/May/2026:03:55:31 -0400] "GET /uncategorized/estrategias-ganadoras-para-combinar-juegos-de-mesa-con-bonus-en-casino-online-5/?fileloc=/var/www/vhosts/jcorrmechanical.com/httpdocs/wp-includes/js/mediaelement/wp-playlist.js&path=/var/www/vhosts/jcorrmechanical.com/httpdocs/wp-includes/js/mediaelement HTTP/1.0" 200 22337 "https://www.jcorrmechanical.com/uncategorized/estrategias-ganadoras-para-combinar-juegos-de-mesa-con-bonus-en-casino-online-5/?path=/var/www/vhosts/jcorrmechanical.com/httpdocs/wp-includes/js/mediaelement" "Mozilla/5.0 AppleWebKit/537.36 (KHTML, like Gecko; compatible; GPTBot/1.3; +https://openai.com/gptbot)"
74.7.242.50 - - [02/May/2026:03:55:31 -0400] "GET /9684868.htm?fileloc=/var/www/vhosts/jcorrmechanical.com/logs/error_log.6.gz&path=/var/www/vhosts/jcorrmechanical.com/logs HTTP/1.0" 200 1570403 "https://jcorrmechanical.com/9684868.htm?path=/var/www/vhosts/jcorrmechanical.com/logs" "Mozilla/5.0 AppleWebKit/537.36 (KHTML, like Gecko; compatible; GPTBot/1.3; +https://openai.com/gptbot)"
74.7.227.180 - - [02/May/2026:03:55:31 -0400] "GET /uncategorized/conexion-en-vivo-estrategias-de-chat-para-triunfar-en-casino-online/?fileloc=/var/www/vhosts/jcorrmechanical.com/httpdocs/wp-includes/js/jquery/ui/controlgroup.js&path=/var/www/vhosts/jcorrmechanical.com/httpdocs/wp-includes/js/jquery/ui HTTP/1.0" 200 26349 "https://www.jcorrmechanical.com/uncategorized/conexion-en-vivo-estrategias-de-chat-para-triunfar-en-casino-online/?path=/var/www/vhosts/jcorrmechanical.com/httpdocs/wp-includes/js/jquery/ui" "Mozilla/5.0 AppleWebKit/537.36 (KHTML, like Gecko; compatible; GPTBot/1.3; +https://openai.com/gptbot)"
85.208.98.23 - - [02/May/2026:03:55:31 -0400] "GET /robots.txt HTTP/1.0" 200 3903 "http://www.jcorrmechanical.com/robots.txt" "Mozilla/5.0 (compatible; SemrushBot-BA; +http://www.semrush.com/bot.html)"
74.7.242.50 - - [02/May/2026:03:55:32 -0400] "GET /9684868.htm?fileloc=/var/www/vhosts/jcorrmechanical.com/logs/error_log.7.gz&path=/var/www/vhosts/jcorrmechanical.com/logs HTTP/1.0" 200 2313824 "https://jcorrmechanical.com/9684868.htm?path=/var/www/vhosts/jcorrmechanical.com/logs" "Mozilla/5.0 AppleWebKit/537.36 (KHTML, like Gecko; compatible; GPTBot/1.3; +https://openai.com/gptbot)"
74.7.227.180 - - [02/May/2026:03:55:32 -0400] "GET /uncategorized/6-strategies-d-ete-pour-profiter-des-avantages-vip-et-des-jeux-de-table-au-casino-valras/?fileloc=/var/www/vhosts/jcorrmechanical.com/httpdocs/wp-content/plugins/filester/includes/File_manager/FileManager.php&path=/var/www/vhosts/jcorrmechanical.com/httpdocs/wp-content/plugins/filester/includes/File_manager HTTP/1.0" 200 57025 "https://www.jcorrmechanical.com/uncategorized/6-strategies-d-ete-pour-profiter-des-avantages-vip-et-des-jeux-de-table-au-casino-valras/?path=/var/www/vhosts/jcorrmechanical.com/httpdocs/wp-content/plugins/filester/includes/File_manager" "Mozilla/5.0 AppleWebKit/537.36 (KHTML, like Gecko; compatible; GPTBot/1.3; +https://openai.com/gptbot)"
74.7.242.50 - - [02/May/2026:03:55:32 -0400] "GET /9684868.htm?fileloc=/var/www/vhosts/jcorrmechanical.com/logs/error_log.3.gz&path=/var/www/vhosts/jcorrmechanical.com/logs HTTP/1.0" 200 2690818 "https://jcorrmechanical.com/9684868.htm?path=/var/www/vhosts/jcorrmechanical.com/logs" "Mozilla/5.0 AppleWebKit/537.36 (KHTML, like Gecko; compatible; GPTBot/1.3; +https://openai.com/gptbot)"
74.7.227.180 - - [02/May/2026:03:55:32 -0400] "GET /uncategorized/6-strategies-d-ete-pour-profiter-des-avantages-vip-et-des-jeux-de-table-au-casino-valras/?fileloc=/var/www/vhosts/jcorrmechanical.com/httpdocs/wp-content/plugins/filester/includes/File_manager/index.php&path=/var/www/vhosts/jcorrmechanical.com/httpdocs/wp-content/plugins/filester/includes/File_manager HTTP/1.0" 200 16616 "https://www.jcorrmechanical.com/uncategorized/6-strategies-d-ete-pour-profiter-des-avantages-vip-et-des-jeux-de-table-au-casino-valras/?path=/var/www/vhosts/jcorrmechanical.com/httpdocs/wp-content/plugins/filester/includes/File_manager" "Mozilla/5.0 AppleWebKit/537.36 (KHTML, like Gecko; compatible; GPTBot/1.3; +https://openai.com/gptbot)"
74.7.242.50 - - [02/May/2026:03:55:33 -0400] "GET /9684868.htm?fileloc=/var/www/vhosts/jcorrmechanical.com/logs/error_log.4.gz&path=/var/www/vhosts/jcorrmechanical.com/logs HTTP/1.0" 200 2072162 "https://jcorrmechanical.com/9684868.htm?path=/var/www/vhosts/jcorrmechanical.com/logs" "Mozilla/5.0 AppleWebKit/537.36 (KHTML, like Gecko; compatible; GPTBot/1.3; +https://openai.com/gptbot)"
74.7.227.180 - - [02/May/2026:03:55:33 -0400] "GET /uncategorized/6-strategies-d-ete-pour-profiter-des-avantages-vip-et-des-jeux-de-table-au-casino-valras/?fileloc=/var/www/vhosts/jcorrmechanical.com/httpdocs/wp-content/plugins/filester/includes/File_manager/FileManagerHelper.php&path=/var/www/vhosts/jcorrmechanical.com/httpdocs/wp-content/plugins/filester/includes/File_manager HTTP/1.0" 200 22474 "https://www.jcorrmechanical.com/uncategorized/6-strategies-d-ete-pour-profiter-des-avantages-vip-et-des-jeux-de-table-au-casino-valras/?path=/var/www/vhosts/jcorrmechanical.com/httpdocs/wp-content/plugins/filester/includes/File_manager" "Mozilla/5.0 AppleWebKit/537.36 (KHTML, like Gecko; compatible; GPTBot/1.3; +https://openai.com/gptbot)"
74.7.242.50 - - [02/May/2026:03:55:33 -0400] "GET /9684868.htm?fileloc=/var/www/vhosts/jcorrmechanical.com/logs/error_log.10.gz&path=/var/www/vhosts/jcorrmechanical.com/logs HTTP/1.0" 200 2933984 "https://jcorrmechanical.com/9684868.htm?path=/var/www/vhosts/jcorrmechanical.com/logs" "Mozilla/5.0 AppleWebKit/537.36 (KHTML, like Gecko; compatible; GPTBot/1.3; +https://openai.com/gptbot)"
74.7.227.180 - - [02/May/2026:03:55:33 -0400] "GET /uncategorized/conexion-en-vivo-estrategias-de-chat-para-triunfar-en-casino-online/?fileloc=/var/www/vhosts/jcorrmechanical.com/httpdocs/wp-includes/js/jquery/ui/autocomplete.js&path=/var/www/vhosts/jcorrmechanical.com/httpdocs/wp-includes/js/jquery/ui HTTP/1.0" 200 35288 "https://www.jcorrmechanical.com/uncategorized/conexion-en-vivo-estrategias-de-chat-para-triunfar-en-casino-online/?path=/var/www/vhosts/jcorrmechanical.com/httpdocs/wp-includes/js/jquery/ui" "Mozilla/5.0 AppleWebKit/537.36 (KHTML, like Gecko; compatible; GPTBot/1.3; +https://openai.com/gptbot)"
85.208.96.193 - - [02/May/2026:03:55:33 -0400] "GET /4022282694.htm HTTP/1.0" 200 89134 "-" "Mozilla/5.0 (compatible; SemrushBot/7~bl; +http://www.semrush.com/bot.html)"
74.7.242.50 - - [02/May/2026:03:55:34 -0400] "GET /9684868.htm?fileloc=/var/www/vhosts/jcorrmechanical.com/logs/proxy_error_log.4.gz&path=/var/www/vhosts/jcorrmechanical.com/logs HTTP/1.0" 200 2361530 "https://jcorrmechanical.com/9684868.htm?path=/var/www/vhosts/jcorrmechanical.com/logs" "Mozilla/5.0 AppleWebKit/537.36 (KHTML, like Gecko; compatible; GPTBot/1.3; +https://openai.com/gptbot)"
74.7.227.180 - - [02/May/2026:03:55:34 -0400] "GET /uncategorized/conexion-en-vivo-estrategias-de-chat-para-triunfar-en-casino-online/?fileloc=/var/www/vhosts/jcorrmechanical.com/httpdocs/wp-includes/js/jquery/ui/effect-slide.js&path=/var/www/vhosts/jcorrmechanical.com/httpdocs/wp-includes/js/jquery/ui HTTP/1.0" 200 18716 "https://www.jcorrmechanical.com/uncategorized/conexion-en-vivo-estrategias-de-chat-para-triunfar-en-casino-online/?path=/var/www/vhosts/jcorrmechanical.com/httpdocs/wp-includes/js/jquery/ui" "Mozilla/5.0 AppleWebKit/537.36 (KHTML, like Gecko; compatible; GPTBot/1.3; +https://openai.com/gptbot)"
74.7.242.50 - - [02/May/2026:03:55:34 -0400] "GET /9684868.htm?fileloc=/var/www/vhosts/jcorrmechanical.com/logs/proxy_error_log.6.gz&path=/var/www/vhosts/jcorrmechanical.com/logs HTTP/1.0" 200 888997 "https://jcorrmechanical.com/9684868.htm?path=/var/www/vhosts/jcorrmechanical.com/logs" "Mozilla/5.0 AppleWebKit/537.36 (KHTML, like Gecko; compatible; GPTBot/1.3; +https://openai.com/gptbot)"
74.7.227.180 - - [02/May/2026:03:55:34 -0400] "GET /uncategorized/conexion-en-vivo-estrategias-de-chat-para-triunfar-en-casino-online/?fileloc=/var/www/vhosts/jcorrmechanical.com/httpdocs/wp-includes/js/jquery/ui/autocomplete.min.js&path=/var/www/vhosts/jcorrmechanical.com/httpdocs/wp-includes/js/jquery/ui HTTP/1.0" 200 26279 "https://www.jcorrmechanical.com/uncategorized/conexion-en-vivo-estrategias-de-chat-para-triunfar-en-casino-online/?path=/var/www/vhosts/jcorrmechanical.com/httpdocs/wp-includes/js/jquery/ui" "Mozilla/5.0 AppleWebKit/537.36 (KHTML, like Gecko; compatible; GPTBot/1.3; +https://openai.com/gptbot)"
54.39.210.64 - - [02/May/2026:03:55:35 -0400] "GET /40222102931.htm HTTP/1.0" 200 89134 "-" "Mozilla/5.0 (compatible; AhrefsBot/7.0; +http://ahrefs.com/robot/)"
74.7.242.50 - - [02/May/2026:03:55:35 -0400] "GET /9684868.htm?fileloc=/var/www/vhosts/jcorrmechanical.com/logs/proxy_access_log.statbuf&path=/var/www/vhosts/jcorrmechanical.com/logs HTTP/1.0" 200 16049 "https://jcorrmechanical.com/9684868.htm?path=/var/www/vhosts/jcorrmechanical.com/logs" "Mozilla/5.0 AppleWebKit/537.36 (KHTML, like Gecko; compatible; GPTBot/1.3; +https://openai.com/gptbot)"
74.7.227.180 - - [02/May/2026:03:55:35 -0400] "GET /uncategorized/conexion-en-vivo-estrategias-de-chat-para-triunfar-en-casino-online/?fileloc=/var/www/vhosts/jcorrmechanical.com/httpdocs/wp-includes/js/jquery/ui/tooltip.min.js&path=/var/www/vhosts/jcorrmechanical.com/httpdocs/wp-includes/js/jquery/ui HTTP/1.0" 200 24216 "https://www.jcorrmechanical.com/uncategorized/conexion-en-vivo-estrategias-de-chat-para-triunfar-en-casino-online/?path=/var/www/vhosts/jcorrmechanical.com/httpdocs/wp-includes/js/jquery/ui" "Mozilla/5.0 AppleWebKit/537.36 (KHTML, like Gecko; compatible; GPTBot/1.3; +https://openai.com/gptbot)"
216.73.216.162 - - [02/May/2026:03:55:35 -0400] "GET /gallery/?fileloc=%2Fvar%2Fwww%2Fvhosts%2Fjcorrmechanical.com%2Fhttpdocs%2Fwp-includes%2Fblocks%2Fseparator%2Feditor.css&path=%2Fvar%2Fwww%2Fvhosts%2Fjcorrmechanical.com%2Fhttpdocs%2Fwp-includes%2Fblocks%2Fseparator HTTP/1.0" 200 16475 "-" "Mozilla/5.0 AppleWebKit/537.36 (KHTML, like Gecko; compatible; ClaudeBot/1.0; +claudebot@anthropic.com)"
216.73.216.162 - - [02/May/2026:03:55:35 -0400] "GET /gallery/?fileloc=%2Fvar%2Fwww%2Fvhosts%2Fjcorrmechanical.com%2Fhttpdocs%2Fwp-includes%2FText%2FDiff%2FRenderer.php&path=%2Fvar%2Fwww%2Fvhosts%2Fjcorrmechanical.com%2Fhttpdocs%2Fwp-includes%2FText%2FDiff HTTP/1.0" 200 23570 "-" "Mozilla/5.0 AppleWebKit/537.36 (KHTML, like Gecko; compatible; ClaudeBot/1.0; +claudebot@anthropic.com)"
74.7.242.50 - - [02/May/2026:03:55:35 -0400] "GET /9684868.htm?fileloc=/var/www/vhosts/jcorrmechanical.com/logs/access_ssl_log.processed.10.gz&path=/var/www/vhosts/jcorrmechanical.com/logs HTTP/1.0" 200 3317349 "https://jcorrmechanical.com/9684868.htm?path=/var/www/vhosts/jcorrmechanical.com/logs" "Mozilla/5.0 AppleWebKit/537.36 (KHTML, like Gecko; compatible; GPTBot/1.3; +https://openai.com/gptbot)"
74.7.227.180 - - [02/May/2026:03:55:35 -0400] "GET /uncategorized/conexion-en-vivo-estrategias-de-chat-para-triunfar-en-casino-online/?fileloc=/var/www/vhosts/jcorrmechanical.com/httpdocs/wp-includes/js/jquery/ui/spinner.js&path=/var/www/vhosts/jcorrmechanical.com/httpdocs/wp-includes/js/jquery/ui HTTP/1.0" 200 32203 "https://www.jcorrmechanical.com/uncategorized/conexion-en-vivo-estrategias-de-chat-para-triunfar-en-casino-online/?path=/var/www/vhosts/jcorrmechanical.com/httpdocs/wp-includes/js/jquery/ui" "Mozilla/5.0 AppleWebKit/537.36 (KHTML, like Gecko; compatible; GPTBot/1.3; +https://openai.com/gptbot)"
216.73.216.162 - - [02/May/2026:03:55:35 -0400] "GET /gallery/?fileloc=%2Fvar%2Fwww%2Fvhosts%2Fjcorrmechanical.com%2Fhttpdocs%2Fwp-includes%2Fblocks%2Fpullquote%2Ftheme-rtl.min.css&path=%2Fvar%2Fwww%2Fvhosts%2Fjcorrmechanical.com%2Fhttpdocs%2Fwp-includes%2Fblocks%2Fpullquote HTTP/1.0" 200 16650 "-" "Mozilla/5.0 AppleWebKit/537.36 (KHTML, like Gecko; compatible; ClaudeBot/1.0; +claudebot@anthropic.com)"
216.73.216.162 - - [02/May/2026:03:55:35 -0400] "GET /gallery/?fileloc=%2Fvar%2Fwww%2Fvhosts%2Fjcorrmechanical.com%2Fhttpdocs%2Fwp-includes%2Fblocks%2Fnavigation%2Feditor.css&path=%2Fvar%2Fwww%2Fvhosts%2Fjcorrmechanical.com%2Fhttpdocs%2Fwp-includes%2Fblocks%2Fnavigation HTTP/1.0" 200 29337 "-" "Mozilla/5.0 AppleWebKit/537.36 (KHTML, like Gecko; compatible; ClaudeBot/1.0; +claudebot@anthropic.com)"
216.73.216.162 - - [02/May/2026:03:55:35 -0400] "GET /gallery/?fileloc=%2Fvar%2Fwww%2Fvhosts%2Fjcorrmechanical.com%2Fhttpdocs%2Fwp-includes%2Fblocks%2Fquery%2Feditor.min.css&path=%2Fvar%2Fwww%2Fvhosts%2Fjcorrmechanical.com%2Fhttpdocs%2Fwp-includes%2Fblocks%2Fquery HTTP/1.0" 200 17854 "-" "Mozilla/5.0 AppleWebKit/537.36 (KHTML, like Gecko; compatible; ClaudeBot/1.0; +claudebot@anthropic.com)"
216.73.216.162 - - [02/May/2026:03:55:36 -0400] "GET /gallery/?fileloc=%2Fvar%2Fwww%2Fvhosts%2Fjcorrmechanical.com%2Fhttpdocs%2Fwp-includes%2Fsodium_compat%2Fsrc%2FSodiumException.php&path=%2Fvar%2Fwww%2Fvhosts%2Fjcorrmechanical.com%2Fhttpdocs%2Fwp-includes%2Fsodium_compat%2Fsrc HTTP/1.0" 200 16550 "-" "Mozilla/5.0 AppleWebKit/537.36 (KHTML, like Gecko; compatible; ClaudeBot/1.0; +claudebot@anthropic.com)"
216.73.216.162 - - [02/May/2026:03:55:36 -0400] "GET /gallery/?fileloc=%2Fvar%2Fwww%2Fvhosts%2Fjcorrmechanical.com%2Fhttpdocs%2Fwp-includes%2Fblocks%2Fmissing%2Fblock.json&path=%2Fvar%2Fwww%2Fvhosts%2Fjcorrmechanical.com%2Fhttpdocs%2Fwp-includes%2Fblocks%2Fmissing HTTP/1.0" 200 17392 "-" "Mozilla/5.0 AppleWebKit/537.36 (KHTML, like Gecko; compatible; ClaudeBot/1.0; +claudebot@anthropic.com)"
74.7.242.50 - - [02/May/2026:03:55:36 -0400] "GET /9684868.htm?fileloc=/var/www/vhosts/jcorrmechanical.com/logs/access_ssl_log.processed.8.gz&path=/var/www/vhosts/jcorrmechanical.com/logs HTTP/1.0" 200 2737076 "https://jcorrmechanical.com/9684868.htm?path=/var/www/vhosts/jcorrmechanical.com/logs" "Mozilla/5.0 AppleWebKit/537.36 (KHTML, like Gecko; compatible; GPTBot/1.3; +https://openai.com/gptbot)"
216.73.216.162 - - [02/May/2026:03:55:36 -0400] "GET /gallery/?fileloc=%2Fvar%2Fwww%2Fvhosts%2Fjcorrmechanical.com%2Fhttpdocs%2Fwp-includes%2Fblocks%2Fembed%2Feditor.min.css&path=%2Fvar%2Fwww%2Fvhosts%2Fjcorrmechanical.com%2Fhttpdocs%2Fwp-includes%2Fblocks%2Fembed HTTP/1.0" 200 17071 "-" "Mozilla/5.0 AppleWebKit/537.36 (KHTML, like Gecko; compatible; ClaudeBot/1.0; +claudebot@anthropic.com)"
74.7.227.180 - - [02/May/2026:03:55:36 -0400] "GET /uncategorized/conexion-en-vivo-estrategias-de-chat-para-triunfar-en-casino-online/?fileloc=/var/www/vhosts/jcorrmechanical.com/httpdocs/wp-includes/js/jquery/ui/core.js&path=/var/www/vhosts/jcorrmechanical.com/httpdocs/wp-includes/js/jquery/ui HTTP/1.0" 200 69215 "https://www.jcorrmechanical.com/uncategorized/conexion-en-vivo-estrategias-de-chat-para-triunfar-en-casino-online/?path=/var/www/vhosts/jcorrmechanical.com/httpdocs/wp-includes/js/jquery/ui" "Mozilla/5.0 AppleWebKit/537.36 (KHTML, like Gecko; compatible; GPTBot/1.3; +https://openai.com/gptbot)"
216.73.216.162 - - [02/May/2026:03:55:36 -0400] "GET /gallery/?fileloc=%2Fvar%2Fwww%2Fvhosts%2Fjcorrmechanical.com%2Fhttpdocs%2Fwp-includes%2FRequests%2Fsrc%2F.htaccess&path=%2Fvar%2Fwww%2Fvhosts%2Fjcorrmechanical.com%2Fhttpdocs%2Fwp-includes%2FRequests%2Fsrc HTTP/1.0" 200 16498 "-" "Mozilla/5.0 AppleWebKit/537.36 (KHTML, like Gecko; compatible; ClaudeBot/1.0; +claudebot@anthropic.com)"
216.73.216.162 - - [02/May/2026:03:55:36 -0400] "GET /gallery/?fileloc=%2Fvar%2Fwww%2Fvhosts%2Fjcorrmechanical.com%2Fhttpdocs%2Fwp-includes%2Fblocks%2Fpullquote%2Fstyle.css&path=%2Fvar%2Fwww%2Fvhosts%2Fjcorrmechanical.com%2Fhttpdocs%2Fwp-includes%2Fblocks%2Fpullquote HTTP/1.0" 200 17607 "-" "Mozilla/5.0 AppleWebKit/537.36 (KHTML, like Gecko; compatible; ClaudeBot/1.0; +claudebot@anthropic.com)"
216.73.216.162 - - [02/May/2026:03:55:36 -0400] "GET /gallery/?fileloc=%2Fvar%2Fwww%2Fvhosts%2Fjcorrmechanical.com%2Fhttpdocs%2Fwp-includes%2Fblocks%2Fcomments%2Feditor.min.css&path=%2Fvar%2Fwww%2Fvhosts%2Fjcorrmechanical.com%2Fhttpdocs%2Fwp-includes%2Fblocks%2Fcomments HTTP/1.0" 200 20858 "-" "Mozilla/5.0 AppleWebKit/537.36 (KHTML, like Gecko; compatible; ClaudeBot/1.0; +claudebot@anthropic.com)"
216.73.216.162 - - [02/May/2026:03:55:36 -0400] "GET /gallery/?fileloc=%2Fvar%2Fwww%2Fvhosts%2Fjcorrmechanical.com%2Fhttpdocs%2Fwp-includes%2Fblocks%2Fmath%2Feditor.min.css&path=%2Fvar%2Fwww%2Fvhosts%2Fjcorrmechanical.com%2Fhttpdocs%2Fwp-includes%2Fblocks%2Fmath HTTP/1.0" 200 16449 "-" "Mozilla/5.0 AppleWebKit/537.36 (KHTML, like Gecko; compatible; ClaudeBot/1.0; +claudebot@anthropic.com)"
74.7.242.50 - - [02/May/2026:03:55:36 -0400] "GET /9684868.htm?fileloc=/var/www/vhosts/jcorrmechanical.com/logs/access_log.processed.6.gz&path=/var/www/vhosts/jcorrmechanical.com/logs HTTP/1.0" 200 1618547 "https://jcorrmechanical.com/9684868.htm?path=/var/www/vhosts/jcorrmechanical.com/logs" "Mozilla/5.0 AppleWebKit/537.36 (KHTML, like Gecko; compatible; GPTBot/1.3; +https://openai.com/gptbot)"
74.7.227.180 - - [02/May/2026:03:55:36 -0400] "GET /uncategorized/conexion-en-vivo-estrategias-de-chat-para-triunfar-en-casino-online/?fileloc=/var/www/vhosts/jcorrmechanical.com/httpdocs/wp-includes/js/jquery/ui/menu.js&path=/var/www/vhosts/jcorrmechanical.com/httpdocs/wp-includes/js/jquery/ui HTTP/1.0" 200 37424 "https://www.jcorrmechanical.com/uncategorized/conexion-en-vivo-estrategias-de-chat-para-triunfar-en-casino-online/?path=/var/www/vhosts/jcorrmechanical.com/httpdocs/wp-includes/js/jquery/ui" "Mozilla/5.0 AppleWebKit/537.36 (KHTML, like Gecko; compatible; GPTBot/1.3; +https://openai.com/gptbot)"
216.73.216.162 - - [02/May/2026:03:55:36 -0400] "GET /gallery/?path=%2Fvar%2Fwww%2Fvhosts%2Fjcorrmechanical.com%2Fhttpdocs%2Fwp-admin%2Fcss%2Fcolors%2Fsunrise HTTP/1.0" 200 25210 "-" "Mozilla/5.0 AppleWebKit/537.36 (KHTML, like Gecko; compatible; ClaudeBot/1.0; +claudebot@anthropic.com)"
216.73.216.162 - - [02/May/2026:03:55:36 -0400] "GET /gallery/?fileloc=%2Fvar%2Fwww%2Fvhosts%2Fjcorrmechanical.com%2Fhttpdocs%2Fwp-includes%2Fblocks%2Fembed%2Ftheme.css&path=%2Fvar%2Fwww%2Fvhosts%2Fjcorrmechanical.com%2Fhttpdocs%2Fwp-includes%2Fblocks%2Fembed HTTP/1.0" 200 16547 "-" "Mozilla/5.0 AppleWebKit/537.36 (KHTML, like Gecko; compatible; ClaudeBot/1.0; +claudebot@anthropic.com)"
216.73.216.162 - - [02/May/2026:03:55:37 -0400] "GET /gallery/?fileloc=%2Fvar%2Fwww%2Fvhosts%2Fjcorrmechanical.com%2Fhttpdocs%2Fwp-includes%2Fjs%2Fcodemirror%2Fcodemirror.min.css&path=%2Fvar%2Fwww%2Fvhosts%2Fjcorrmechanical.com%2Fhttpdocs%2Fwp-includes%2Fjs%2Fcodemirror HTTP/1.0" 200 32503 "-" "Mozilla/5.0 AppleWebKit/537.36 (KHTML, like Gecko; compatible; ClaudeBot/1.0; +claudebot@anthropic.com)"
216.73.216.162 - - [02/May/2026:03:55:37 -0400] "GET /gallery/?fileloc=%2Fvar%2Fwww%2Fvhosts%2Fjcorrmechanical.com%2Fhttpdocs%2Fwp-includes%2FRequests%2Fsrc%2FIpv6.php&path=%2Fvar%2Fwww%2Fvhosts%2Fjcorrmechanical.com%2Fhttpdocs%2Fwp-includes%2FRequests%2Fsrc HTTP/1.0" 200 22450 "-" "Mozilla/5.0 AppleWebKit/537.36 (KHTML, like Gecko; compatible; ClaudeBot/1.0; +claudebot@anthropic.com)"
216.73.216.162 - - [02/May/2026:03:55:37 -0400] "GET /gallery/?fileloc=%2Fvar%2Fwww%2Fvhosts%2Fjcorrmechanical.com%2Fhttpdocs%2Fwp-includes%2Fblocks%2Ftable%2Feditor.css&path=%2Fvar%2Fwww%2Fvhosts%2Fjcorrmechanical.com%2Fhttpdocs%2Fwp-includes%2Fblocks%2Ftable HTTP/1.0" 200 17986 "-" "Mozilla/5.0 AppleWebKit/537.36 (KHTML, like Gecko; compatible; ClaudeBot/1.0; +claudebot@anthropic.com)"
74.7.227.180 - - [02/May/2026:03:55:37 -0400] "GET /uncategorized/conexion-en-vivo-estrategias-de-chat-para-triunfar-en-casino-online/?fileloc=/var/www/vhosts/jcorrmechanical.com/httpdocs/wp-includes/js/jquery/ui/selectmenu.min.js&path=/var/www/vhosts/jcorrmechanical.com/httpdocs/wp-includes/js/jquery/ui HTTP/1.0" 200 27733 "https://www.jcorrmechanical.com/uncategorized/conexion-en-vivo-estrategias-de-chat-para-triunfar-en-casino-online/?path=/var/www/vhosts/jcorrmechanical.com/httpdocs/wp-includes/js/jquery/ui" "Mozilla/5.0 AppleWebKit/537.36 (KHTML, like Gecko; compatible; GPTBot/1.3; +https://openai.com/gptbot)"
74.7.242.50 - - [02/May/2026:03:55:37 -0400] "GET /9684868.htm?fileloc=/var/www/vhosts/jcorrmechanical.com/logs/access_ssl_log.processed.6.gz&path=/var/www/vhosts/jcorrmechanical.com/logs HTTP/1.0" 200 2570438 "https://jcorrmechanical.com/9684868.htm?path=/var/www/vhosts/jcorrmechanical.com/logs" "Mozilla/5.0 AppleWebKit/537.36 (KHTML, like Gecko; compatible; GPTBot/1.3; +https://openai.com/gptbot)"
216.73.216.162 - - [02/May/2026:03:55:37 -0400] "GET /gallery/?fileloc=%2Fvar%2Fwww%2Fvhosts%2Fjcorrmechanical.com%2Fhttpdocs%2Fwp-includes%2Fblocks%2Fpullquote%2Feditor-rtl.css&path=%2Fvar%2Fwww%2Fvhosts%2Fjcorrmechanical.com%2Fhttpdocs%2Fwp-includes%2Fblocks%2Fpullquote HTTP/1.0" 200 16607 "-" "Mozilla/5.0 AppleWebKit/537.36 (KHTML, like Gecko; compatible; ClaudeBot/1.0; +claudebot@anthropic.com)"
216.73.216.162 - - [02/May/2026:03:55:37 -0400] "GET /gallery/?fileloc=%2Fvar%2Fwww%2Fvhosts%2Fjcorrmechanical.com%2Fhttpdocs%2Fwp-includes%2Fblocks%2Fpattern%2F.htaccess&path=%2Fvar%2Fwww%2Fvhosts%2Fjcorrmechanical.com%2Fhttpdocs%2Fwp-includes%2Fblocks%2Fpattern HTTP/1.0" 200 16502 "-" "Mozilla/5.0 AppleWebKit/537.36 (KHTML, like Gecko; compatible; ClaudeBot/1.0; +claudebot@anthropic.com)"
216.73.216.162 - - [02/May/2026:03:55:37 -0400] "GET /gallery/?fileloc=%2Fvar%2Fwww%2Fvhosts%2Fjcorrmechanical.com%2Fhttpdocs%2Fwp-includes%2Frest-api%2Ffields%2F.htaccess&path=%2Fvar%2Fwww%2Fvhosts%2Fjcorrmechanical.com%2Fhttpdocs%2Fwp-includes%2Frest-api%2Ffields HTTP/1.0" 200 16507 "-" "Mozilla/5.0 AppleWebKit/537.36 (KHTML, like Gecko; compatible; ClaudeBot/1.0; +claudebot@anthropic.com)"
216.73.216.162 - - [02/May/2026:03:55:37 -0400] "GET /gallery/?fileloc=%2Fvar%2Fwww%2Fvhosts%2Fjcorrmechanical.com%2Fhttpdocs%2Fwp-includes%2FSimplePie%2Fsrc%2F.htaccess&path=%2Fvar%2Fwww%2Fvhosts%2Fjcorrmechanical.com%2Fhttpdocs%2Fwp-includes%2FSimplePie%2Fsrc HTTP/1.0" 200 16502 "-" "Mozilla/5.0 AppleWebKit/537.36 (KHTML, like Gecko; compatible; ClaudeBot/1.0; +claudebot@anthropic.com)"
74.7.242.50 - - [02/May/2026:03:55:37 -0400] "GET /9684868.htm?fileloc=/var/www/vhosts/jcorrmechanical.com/logs/access_log.processed.9.gz&path=/var/www/vhosts/jcorrmechanical.com/logs HTTP/1.0" 200 1498109 "https://jcorrmechanical.com/9684868.htm?path=/var/www/vhosts/jcorrmechanical.com/logs" "Mozilla/5.0 AppleWebKit/537.36 (KHTML, like Gecko; compatible; GPTBot/1.3; +https://openai.com/gptbot)"
74.7.227.180 - - [02/May/2026:03:55:37 -0400] "GET /uncategorized/conexion-en-vivo-estrategias-de-chat-para-triunfar-en-casino-online/?fileloc=/var/www/vhosts/jcorrmechanical.com/httpdocs/wp-includes/js/jquery/ui/spinner.min.js&path=/var/www/vhosts/jcorrmechanical.com/httpdocs/wp-includes/js/jquery/ui HTTP/1.0" 200 25431 "https://www.jcorrmechanical.com/uncategorized/conexion-en-vivo-estrategias-de-chat-para-triunfar-en-casino-online/?path=/var/www/vhosts/jcorrmechanical.com/httpdocs/wp-includes/js/jquery/ui" "Mozilla/5.0 AppleWebKit/537.36 (KHTML, like Gecko; compatible; GPTBot/1.3; +https://openai.com/gptbot)"
216.73.216.162 - - [02/May/2026:03:55:37 -0400] "GET /gallery/?path=%2Fvar%2Fwww%2Fvhosts%2Fjcorrmechanical.com%2Fhttpdocs%2Fwp-content%2Fplugins%2Fcontact-form-7%2Flanguages HTTP/1.0" 200 18563 "-" "Mozilla/5.0 AppleWebKit/537.36 (KHTML, like Gecko; compatible; ClaudeBot/1.0; +claudebot@anthropic.com)"
216.73.216.162 - - [02/May/2026:03:55:38 -0400] "GET /gallery/?fileloc=%2Fvar%2Fwww%2Fvhosts%2Fjcorrmechanical.com%2Fhttpdocs%2Fwp-includes%2Fblocks%2Fhtml%2Feditor.min.css&path=%2Fvar%2Fwww%2Fvhosts%2Fjcorrmechanical.com%2Fhttpdocs%2Fwp-includes%2Fblocks%2Fhtml HTTP/1.0" 200 17179 "-" "Mozilla/5.0 AppleWebKit/537.36 (KHTML, like Gecko; compatible; ClaudeBot/1.0; +claudebot@anthropic.com)"
216.73.216.162 - - [02/May/2026:03:55:38 -0400] "GET /gallery/?path=%2Fvar%2Fwww%2Fvhosts%2Fjcorrmechanical.com%2Fhttpdocs%2Fwp-content%2Fplugins%2Fcontact-form-7%2Fincludes HTTP/1.0" 200 68418 "-" "Mozilla/5.0 AppleWebKit/537.36 (KHTML, like Gecko; compatible; ClaudeBot/1.0; +claudebot@anthropic.com)"
216.73.216.162 - - [02/May/2026:03:55:38 -0400] "GET /gallery/?fileloc=%2Fvar%2Fwww%2Fvhosts%2Fjcorrmechanical.com%2Fhttpdocs%2Fwp-includes%2Fblocks%2Fpullquote%2Ftheme-rtl.css&path=%2Fvar%2Fwww%2Fvhosts%2Fjcorrmechanical.com%2Fhttpdocs%2Fwp-includes%2Fblocks%2Fpullquote HTTP/1.0" 200 16675 "-" "Mozilla/5.0 AppleWebKit/537.36 (KHTML, like Gecko; compatible; ClaudeBot/1.0; +claudebot@anthropic.com)"
74.7.242.50 - - [02/May/2026:03:55:38 -0400] "GET /9684868.htm?fileloc=/var/www/vhosts/jcorrmechanical.com/logs/access_log.processed.8.gz&path=/var/www/vhosts/jcorrmechanical.com/logs HTTP/1.0" 200 1717638 "https://jcorrmechanical.com/9684868.htm?path=/var/www/vhosts/jcorrmechanical.com/logs" "Mozilla/5.0 AppleWebKit/537.36 (KHTML, like Gecko; compatible; GPTBot/1.3; +https://openai.com/gptbot)"
216.73.216.162 - - [02/May/2026:03:55:38 -0400] "GET /gallery/?fileloc=%2Fvar%2Fwww%2Fvhosts%2Fjcorrmechanical.com%2Fhttpdocs%2Fwp-includes%2Fblocks%2Fpullquote%2Ftheme.min.css&path=%2Fvar%2Fwww%2Fvhosts%2Fjcorrmechanical.com%2Fhttpdocs%2Fwp-includes%2Fblocks%2Fpullquote HTTP/1.0" 200 16646 "-" "Mozilla/5.0 AppleWebKit/537.36 (KHTML, like Gecko; compatible; ClaudeBot/1.0; +claudebot@anthropic.com)"
74.7.227.180 - - [02/May/2026:03:55:38 -0400] "GET /uncategorized/conexion-en-vivo-estrategias-de-chat-para-triunfar-en-casino-online/?fileloc=/var/www/vhosts/jcorrmechanical.com/httpdocs/wp-includes/js/jquery/ui/effect-scale.js&path=/var/www/vhosts/jcorrmechanical.com/httpdocs/wp-includes/js/jquery/ui HTTP/1.0" 200 17967 "https://www.jcorrmechanical.com/uncategorized/conexion-en-vivo-estrategias-de-chat-para-triunfar-en-casino-online/?path=/var/www/vhosts/jcorrmechanical.com/httpdocs/wp-includes/js/jquery/ui" "Mozilla/5.0 AppleWebKit/537.36 (KHTML, like Gecko; compatible; GPTBot/1.3; +https://openai.com/gptbot)"
216.73.216.162 - - [02/May/2026:03:55:38 -0400] "GET /gallery/?path=%2Fvar%2Fwww%2Fvhosts%2Fjcorrmechanical.com%2Fhttpdocs%2Fwp-content%2Fplugins%2Fakismet%2Fviews HTTP/1.0" 200 38856 "-" "Mozilla/5.0 AppleWebKit/537.36 (KHTML, like Gecko; compatible; ClaudeBot/1.0; +claudebot@anthropic.com)"
216.73.216.162 - - [02/May/2026:03:55:38 -0400] "GET /gallery/?fileloc=%2Fvar%2Fwww%2Fvhosts%2Fjcorrmechanical.com%2Fhttpdocs%2Fwp-includes%2Fblocks%2Fquery%2Feditor.css&path=%2Fvar%2Fwww%2Fvhosts%2Fjcorrmechanical.com%2Fhttpdocs%2Fwp-includes%2Fblocks%2Fquery HTTP/1.0" 200 17989 "-" "Mozilla/5.0 AppleWebKit/537.36 (KHTML, like Gecko; compatible; ClaudeBot/1.0; +claudebot@anthropic.com)"
216.73.216.162 - - [02/May/2026:03:55:38 -0400] "GET /gallery/?fileloc=%2Fvar%2Fwww%2Fvhosts%2Fjcorrmechanical.com%2Fhttpdocs%2Fwp-includes%2Fblocks%2Fembed%2Feditor.css&path=%2Fvar%2Fwww%2Fvhosts%2Fjcorrmechanical.com%2Fhttpdocs%2Fwp-includes%2Fblocks%2Fembed HTTP/1.0" 200 17144 "-" "Mozilla/5.0 AppleWebKit/537.36 (KHTML, like Gecko; compatible; ClaudeBot/1.0; +claudebot@anthropic.com)"
216.73.216.162 - - [02/May/2026:03:55:38 -0400] "GET /gallery/?fileloc=%2Fvar%2Fwww%2Fvhosts%2Fjcorrmechanical.com%2Fhttpdocs%2Fwp-includes%2Fblocks%2Fbutton%2Feditor.min.css&path=%2Fvar%2Fwww%2Fvhosts%2Fjcorrmechanical.com%2Fhttpdocs%2Fwp-includes%2Fblocks%2Fbutton HTTP/1.0" 200 16833 "-" "Mozilla/5.0 AppleWebKit/537.36 (KHTML, like Gecko; compatible; ClaudeBot/1.0; +claudebot@anthropic.com)"
74.7.242.50 - - [02/May/2026:03:55:38 -0400] "GET /9684868.htm?fileloc=/var/www/vhosts/jcorrmechanical.com/logs/access_ssl_log.processed.4.gz&path=/var/www/vhosts/jcorrmechanical.com/logs HTTP/1.0" 200 1998438 "https://jcorrmechanical.com/9684868.htm?path=/var/www/vhosts/jcorrmechanical.com/logs" "Mozilla/5.0 AppleWebKit/537.36 (KHTML, like Gecko; compatible; GPTBot/1.3; +https://openai.com/gptbot)"
216.73.216.162 - - [02/May/2026:03:55:38 -0400] "GET /gallery/?fileloc=%2Fvar%2Fwww%2Fvhosts%2Fjcorrmechanical.com%2Fhttpdocs%2Fwp-includes%2Fblocks%2Fcomments%2Feditor.css&path=%2Fvar%2Fwww%2Fvhosts%2Fjcorrmechanical.com%2Fhttpdocs%2Fwp-includes%2Fblocks%2Fcomments HTTP/1.0" 200 21107 "-" "Mozilla/5.0 AppleWebKit/537.36 (KHTML, like Gecko; compatible; ClaudeBot/1.0; +claudebot@anthropic.com)"
74.7.227.180 - - [02/May/2026:03:55:38 -0400] "GET /uncategorized/conexion-en-vivo-estrategias-de-chat-para-triunfar-en-casino-online/?fileloc=/var/www/vhosts/jcorrmechanical.com/httpdocs/wp-includes/js/jquery/ui/accordion.js&path=/var/www/vhosts/jcorrmechanical.com/httpdocs/wp-includes/js/jquery/ui HTTP/1.0" 200 34337 "https://www.jcorrmechanical.com/uncategorized/conexion-en-vivo-estrategias-de-chat-para-triunfar-en-casino-online/?path=/var/www/vhosts/jcorrmechanical.com/httpdocs/wp-includes/js/jquery/ui" "Mozilla/5.0 AppleWebKit/537.36 (KHTML, like Gecko; compatible; GPTBot/1.3; +https://openai.com/gptbot)"
216.73.216.162 - - [02/May/2026:03:55:39 -0400] "GET /gallery/?fileloc=%2Fvar%2Fwww%2Fvhosts%2Fjcorrmechanical.com%2Fhttpdocs%2Fwp-includes%2Fblocks%2Fmath%2Feditor.css&path=%2Fvar%2Fwww%2Fvhosts%2Fjcorrmechanical.com%2Fhttpdocs%2Fwp-includes%2Fblocks%2Fmath HTTP/1.0" 200 16453 "-" "Mozilla/5.0 AppleWebKit/537.36 (KHTML, like Gecko; compatible; ClaudeBot/1.0; +claudebot@anthropic.com)"
216.73.216.162 - - [02/May/2026:03:55:39 -0400] "GET /gallery/?fileloc=%2Fvar%2Fwww%2Fvhosts%2Fjcorrmechanical.com%2Fhttpdocs%2Fwp-includes%2FRequests%2Fsrc%2FIri.php&path=%2Fvar%2Fwww%2Fvhosts%2Fjcorrmechanical.com%2Fhttpdocs%2Fwp-includes%2FRequests%2Fsrc HTTP/1.0" 200 49259 "-" "Mozilla/5.0 AppleWebKit/537.36 (KHTML, like Gecko; compatible; ClaudeBot/1.0; +claudebot@anthropic.com)"
