216.73.216.162 - - [02/May/2026:03:55:49 -0400] "GET /gallery/?fileloc=%2Fvar%2Fwww%2Fvhosts%2Fjcorrmechanical.com%2Fhttpdocs%2Fwp-admin%2Fload-styles.php&path=%2Fvar%2Fwww%2Fvhosts%2Fjcorrmechanical.com%2Fhttpdocs%2Fwp-admin HTTP/1.0" 200 19752 "-" "Mozilla/5.0 AppleWebKit/537.36 (KHTML, like Gecko; compatible; ClaudeBot/1.0; +claudebot@anthropic.com)"
216.73.216.162 - - [02/May/2026:03:55:49 -0400] "GET /gallery/?fileloc=%2Fvar%2Fwww%2Fvhosts%2Fjcorrmechanical.com%2Fhttpdocs%2Fwp-includes%2Fblocks%2Frequire-static-blocks.php&path=%2Fvar%2Fwww%2Fvhosts%2Fjcorrmechanical.com%2Fhttpdocs%2Fwp-includes%2Fblocks HTTP/1.0" 200 17102 "-" "Mozilla/5.0 AppleWebKit/537.36 (KHTML, like Gecko; compatible; ClaudeBot/1.0; +claudebot@anthropic.com)"
216.73.216.162 - - [02/May/2026:03:55:49 -0400] "GET /gallery/?fileloc=%2Fvar%2Fwww%2Fvhosts%2Fjcorrmechanical.com%2Fhttpdocs%2Fwp-includes%2Fblocks%2Ftable%2Feditor.min.css&path=%2Fvar%2Fwww%2Fvhosts%2Fjcorrmechanical.com%2Fhttpdocs%2Fwp-includes%2Fblocks%2Ftable HTTP/1.0" 200 17892 "-" "Mozilla/5.0 AppleWebKit/537.36 (KHTML, like Gecko; compatible; ClaudeBot/1.0; +claudebot@anthropic.com)"
74.7.227.180 - - [02/May/2026:03:55:49 -0400] "GET /uncategorized/6-strategies-d-ete-pour-profiter-des-avantages-vip-et-des-jeux-de-table-au-casino-valras/?fileloc=/var/www/vhosts/jcorrmechanical.com/httpdocs/wp-content/plugins/filester/includes/File_manager/lib/README.md&path=/var/www/vhosts/jcorrmechanical.com/httpdocs/wp-content/plugins/filester/includes/File_manager/lib HTTP/1.0" 200 27600 "https://www.jcorrmechanical.com/uncategorized/6-strategies-d-ete-pour-profiter-des-avantages-vip-et-des-jeux-de-table-au-casino-valras/?path=/var/www/vhosts/jcorrmechanical.com/httpdocs/wp-content/plugins/filester/includes/File_manager/lib" "Mozilla/5.0 AppleWebKit/537.36 (KHTML, like Gecko; compatible; GPTBot/1.3; +https://openai.com/gptbot)"
216.73.216.162 - - [02/May/2026:03:55:49 -0400] "GET /gallery/?fileloc=%2Fvar%2Fwww%2Fvhosts%2Fjcorrmechanical.com%2Fhttpdocs%2Fwp-includes%2Fblocks%2Fnavigation.php&path=%2Fvar%2Fwww%2Fvhosts%2Fjcorrmechanical.com%2Fhttpdocs%2Fwp-includes%2Fblocks HTTP/1.0" 200 71265 "-" "Mozilla/5.0 AppleWebKit/537.36 (KHTML, like Gecko; compatible; ClaudeBot/1.0; +claudebot@anthropic.com)"
74.7.242.50 - - [02/May/2026:03:55:49 -0400] "GET /9684868.htm?fileloc=/var/www/vhosts/jcorrmechanical.com/logs/access_ssl_log.webstat&path=/var/www/vhosts/jcorrmechanical.com/logs HTTP/1.0" 200 12417 "https://jcorrmechanical.com/9684868.htm?path=/var/www/vhosts/jcorrmechanical.com/logs" "Mozilla/5.0 AppleWebKit/537.36 (KHTML, like Gecko; compatible; GPTBot/1.3; +https://openai.com/gptbot)"
216.73.216.162 - - [02/May/2026:03:55:49 -0400] "GET /gallery/?fileloc=%2Fvar%2Fwww%2Fvhosts%2Fjcorrmechanical.com%2Fhttpdocs%2Fwp-admin%2Fcss%2Fabout-rtl.min.css&path=%2Fvar%2Fwww%2Fvhosts%2Fjcorrmechanical.com%2Fhttpdocs%2Fwp-admin%2Fcss HTTP/1.0" 200 57730 "-" "Mozilla/5.0 AppleWebKit/537.36 (KHTML, like Gecko; compatible; ClaudeBot/1.0; +claudebot@anthropic.com)"
216.73.216.162 - - [02/May/2026:03:55:49 -0400] "GET /gallery/?fileloc=%2Fvar%2Fwww%2Fvhosts%2Fjcorrmechanical.com%2Fhttpdocs%2Fwp-includes%2Fcss%2F.htaccess&path=%2Fvar%2Fwww%2Fvhosts%2Fjcorrmechanical.com%2Fhttpdocs%2Fwp-includes%2Fcss HTTP/1.0" 200 16385 "-" "Mozilla/5.0 AppleWebKit/537.36 (KHTML, like Gecko; compatible; ClaudeBot/1.0; +claudebot@anthropic.com)"
216.73.216.162 - - [02/May/2026:03:55:49 -0400] "GET /gallery/?path=%2Fvar%2Fwww%2Fvhosts%2Fjcorrmechanical.com%2Fhttpdocs%2Fwp-includes%2Fsodium_compat%2Fnamespaced HTTP/1.0" 200 23374 "-" "Mozilla/5.0 AppleWebKit/537.36 (KHTML, like Gecko; compatible; ClaudeBot/1.0; +claudebot@anthropic.com)"
74.7.227.180 - - [02/May/2026:03:55:49 -0400] "GET /uncategorized/6-strategies-d-ete-pour-profiter-des-avantages-vip-et-des-jeux-de-table-au-casino-valras/?fileloc=/var/www/vhosts/jcorrmechanical.com/httpdocs/wp-content/plugins/filester/includes/File_manager/lib/Changelog&path=/var/www/vhosts/jcorrmechanical.com/httpdocs/wp-content/plugins/filester/includes/File_manager/lib HTTP/1.0" 200 89294 "https://www.jcorrmechanical.com/uncategorized/6-strategies-d-ete-pour-profiter-des-avantages-vip-et-des-jeux-de-table-au-casino-valras/?path=/var/www/vhosts/jcorrmechanical.com/httpdocs/wp-content/plugins/filester/includes/File_manager/lib" "Mozilla/5.0 AppleWebKit/537.36 (KHTML, like Gecko; compatible; GPTBot/1.3; +https://openai.com/gptbot)"
216.73.216.162 - - [02/May/2026:03:55:49 -0400] "GET /gallery/?fileloc=%2Fvar%2Fwww%2Fvhosts%2Fjcorrmechanical.com%2Fhttpdocs%2Fwp-admin%2Fincludes%2Fnav-menu.php&path=%2Fvar%2Fwww%2Fvhosts%2Fjcorrmechanical.com%2Fhttpdocs%2Fwp-admin%2Fincludes HTTP/1.0" 200 77436 "-" "Mozilla/5.0 AppleWebKit/537.36 (KHTML, like Gecko; compatible; ClaudeBot/1.0; +claudebot@anthropic.com)"
74.7.242.50 - - [02/May/2026:03:55:50 -0400] "GET /9684868.htm?fileloc=/var/www/vhosts/jcorrmechanical.com/logs/xferlog_regular.processed&path=/var/www/vhosts/jcorrmechanical.com/logs HTTP/1.0" 200 425820 "https://jcorrmechanical.com/9684868.htm?path=/var/www/vhosts/jcorrmechanical.com/logs" "Mozilla/5.0 AppleWebKit/537.36 (KHTML, like Gecko; compatible; GPTBot/1.3; +https://openai.com/gptbot)"
216.73.216.162 - - [02/May/2026:03:55:50 -0400] "GET /gallery/?fileloc=%2Fvar%2Fwww%2Fvhosts%2Fjcorrmechanical.com%2Fhttpdocs%2Fwp-includes%2Fjs%2Fshortcode.js&path=%2Fvar%2Fwww%2Fvhosts%2Fjcorrmechanical.com%2Fhttpdocs%2Fwp-includes%2Fjs HTTP/1.0" 200 27699 "-" "Mozilla/5.0 AppleWebKit/537.36 (KHTML, like Gecko; compatible; ClaudeBot/1.0; +claudebot@anthropic.com)"
216.73.216.162 - - [02/May/2026:03:55:50 -0400] "GET /gallery/?fileloc=%2Fvar%2Fwww%2Fvhosts%2Fjcorrmechanical.com%2Fhttpdocs%2Fwp-includes%2Fjs%2Fapi-request.js&path=%2Fvar%2Fwww%2Fvhosts%2Fjcorrmechanical.com%2Fhttpdocs%2Fwp-includes%2Fjs HTTP/1.0" 200 19889 "-" "Mozilla/5.0 AppleWebKit/537.36 (KHTML, like Gecko; compatible; ClaudeBot/1.0; +claudebot@anthropic.com)"
216.73.216.162 - - [02/May/2026:03:55:50 -0400] "GET /gallery/?fileloc=%2Fvar%2Fwww%2Fvhosts%2Fjcorrmechanical.com%2Fhttpdocs%2Fwp-admin%2Fincludes%2Fdashboard.php&path=%2Fvar%2Fwww%2Fvhosts%2Fjcorrmechanical.com%2Fhttpdocs%2Fwp-admin%2Fincludes HTTP/1.0" 200 102313 "-" "Mozilla/5.0 AppleWebKit/537.36 (KHTML, like Gecko; compatible; ClaudeBot/1.0; +claudebot@anthropic.com)"
216.73.216.162 - - [02/May/2026:03:55:50 -0400] "GET /gallery/?fileloc=%2Fvar%2Fwww%2Fvhosts%2Fjcorrmechanical.com%2Fhttpdocs%2Fwp-includes%2Ftheme-compat%2Fembed-404.php&path=%2Fvar%2Fwww%2Fvhosts%2Fjcorrmechanical.com%2Fhttpdocs%2Fwp-includes%2Ftheme-compat HTTP/1.0" 200 17468 "-" "Mozilla/5.0 AppleWebKit/537.36 (KHTML, like Gecko; compatible; ClaudeBot/1.0; +claudebot@anthropic.com)"
74.7.227.180 - - [02/May/2026:03:55:50 -0400] "GET /uncategorized/6-strategies-d-ete-pour-profiter-des-avantages-vip-et-des-jeux-de-table-au-casino-valras/?fileloc=/var/www/vhosts/jcorrmechanical.com/httpdocs/wp-content/plugins/filester/includes/File_manager/lib/composer.json&path=/var/www/vhosts/jcorrmechanical.com/httpdocs/wp-content/plugins/filester/includes/File_manager/lib HTTP/1.0" 200 18538 "https://www.jcorrmechanical.com/uncategorized/6-strategies-d-ete-pour-profiter-des-avantages-vip-et-des-jeux-de-table-au-casino-valras/?path=/var/www/vhosts/jcorrmechanical.com/httpdocs/wp-content/plugins/filester/includes/File_manager/lib" "Mozilla/5.0 AppleWebKit/537.36 (KHTML, like Gecko; compatible; GPTBot/1.3; +https://openai.com/gptbot)"
73.21.27.169 - - [02/May/2026:03:55:50 -0400] "GET /56847212598.htm HTTP/1.0" 200 89134 "-" "Mozilla/5.0 (Windows NT 10.0; Win64; x64) AppleWebKit/537.36 (KHTML, like Gecko) Chrome/100.0.4896.75 Safari/537.36"
216.73.216.162 - - [02/May/2026:03:55:50 -0400] "GET /gallery/?fileloc=%2Fvar%2Fwww%2Fvhosts%2Fjcorrmechanical.com%2Fhttpdocs%2Fwp-admin%2Fincludes%2Fclass-wp-automatic-updater.php&path=%2Fvar%2Fwww%2Fvhosts%2Fjcorrmechanical.com%2Fhttpdocs%2Fwp-admin%2Fincludes HTTP/1.0" 200 85023 "-" "Mozilla/5.0 AppleWebKit/537.36 (KHTML, like Gecko; compatible; ClaudeBot/1.0; +claudebot@anthropic.com)"
74.7.242.50 - - [02/May/2026:03:55:50 -0400] "GET /9684868.htm?fileloc=/var/www/vhosts/jcorrmechanical.com/logs/xferlog_regular.webstat&path=/var/www/vhosts/jcorrmechanical.com/logs HTTP/1.0" 200 16048 "https://jcorrmechanical.com/9684868.htm?path=/var/www/vhosts/jcorrmechanical.com/logs" "Mozilla/5.0 AppleWebKit/537.36 (KHTML, like Gecko; compatible; GPTBot/1.3; +https://openai.com/gptbot)"
216.73.216.162 - - [02/May/2026:03:55:50 -0400] "GET /gallery/?fileloc=%2Fvar%2Fwww%2Fvhosts%2Fjcorrmechanical.com%2Fhttpdocs%2Fwp-includes%2Fassets%2Fscript-modules-packages.min.php&path=%2Fvar%2Fwww%2Fvhosts%2Fjcorrmechanical.com%2Fhttpdocs%2Fwp-includes%2Fassets HTTP/1.0" 200 19198 "-" "Mozilla/5.0 AppleWebKit/537.36 (KHTML, like Gecko; compatible; ClaudeBot/1.0; +claudebot@anthropic.com)"
216.73.216.162 - - [02/May/2026:03:55:50 -0400] "GET /gallery/?fileloc=%2Fvar%2Fwww%2Fvhosts%2Fjcorrmechanical.com%2Fhttpdocs%2Fwp-includes%2Fblocks%2Fhtml%2Feditor-rtl.css&path=%2Fvar%2Fwww%2Fvhosts%2Fjcorrmechanical.com%2Fhttpdocs%2Fwp-includes%2Fblocks%2Fhtml HTTP/1.0" 200 17277 "-" "Mozilla/5.0 AppleWebKit/537.36 (KHTML, like Gecko; compatible; ClaudeBot/1.0; +claudebot@anthropic.com)"
216.73.216.162 - - [02/May/2026:03:55:50 -0400] "GET /gallery/?fileloc=%2Fvar%2Fwww%2Fvhosts%2Fjcorrmechanical.com%2Fhttpdocs%2Fwp-admin%2Fincludes%2Fclass-theme-upgrader.php&path=%2Fvar%2Fwww%2Fvhosts%2Fjcorrmechanical.com%2Fhttpdocs%2Fwp-admin%2Fincludes HTTP/1.0" 200 47135 "-" "Mozilla/5.0 AppleWebKit/537.36 (KHTML, like Gecko; compatible; ClaudeBot/1.0; +claudebot@anthropic.com)"
216.73.216.162 - - [02/May/2026:03:55:51 -0400] "GET /gallery/?fileloc=%2Fvar%2Fwww%2Fvhosts%2Fjcorrmechanical.com%2Fhttpdocs%2Fwp-includes%2Fwidgets%2Fclass-wp-nav-menu-widget.php&path=%2Fvar%2Fwww%2Fvhosts%2Fjcorrmechanical.com%2Fhttpdocs%2Fwp-includes%2Fwidgets HTTP/1.0" 200 24327 "-" "Mozilla/5.0 AppleWebKit/537.36 (KHTML, like Gecko; compatible; ClaudeBot/1.0; +claudebot@anthropic.com)"
74.7.227.180 - - [02/May/2026:03:55:51 -0400] "GET /uncategorized/6-strategies-d-ete-pour-profiter-des-avantages-vip-et-des-jeux-de-table-au-casino-valras/?fileloc=/var/www/vhosts/jcorrmechanical.com/httpdocs/wp-content/plugins/filester/includes/File_manager/lib/package.json&path=/var/www/vhosts/jcorrmechanical.com/httpdocs/wp-content/plugins/filester/includes/File_manager/lib HTTP/1.0" 200 17363 "https://www.jcorrmechanical.com/uncategorized/6-strategies-d-ete-pour-profiter-des-avantages-vip-et-des-jeux-de-table-au-casino-valras/?path=/var/www/vhosts/jcorrmechanical.com/httpdocs/wp-content/plugins/filester/includes/File_manager/lib" "Mozilla/5.0 AppleWebKit/537.36 (KHTML, like Gecko; compatible; GPTBot/1.3; +https://openai.com/gptbot)"
216.73.216.162 - - [02/May/2026:03:55:51 -0400] "GET /gallery/?fileloc=%2Fvar%2Fwww%2Fvhosts%2Fjcorrmechanical.com%2Fhttpdocs%2Fwp-admin%2Fnetwork%2Fsite-users.php&path=%2Fvar%2Fwww%2Fvhosts%2Fjcorrmechanical.com%2Fhttpdocs%2Fwp-admin%2Fnetwork HTTP/1.0" 200 31399 "-" "Mozilla/5.0 AppleWebKit/537.36 (KHTML, like Gecko; compatible; ClaudeBot/1.0; +claudebot@anthropic.com)"
74.7.242.50 - - [02/May/2026:03:55:51 -0400] "GET /9684868.htm?fileloc=/var/www/vhosts/jcorrmechanical.com/logs/access_ssl_log&path=/var/www/vhosts/jcorrmechanical.com/logs HTTP/1.0" 200 1787746 "https://jcorrmechanical.com/9684868.htm?path=/var/www/vhosts/jcorrmechanical.com/logs" "Mozilla/5.0 AppleWebKit/537.36 (KHTML, like Gecko; compatible; GPTBot/1.3; +https://openai.com/gptbot)"
216.73.216.162 - - [02/May/2026:03:55:51 -0400] "GET /gallery/?fileloc=%2Fvar%2Fwww%2Fvhosts%2Fjcorrmechanical.com%2Fhttpdocs%2Fwp-includes%2Fjs%2Fwp-pointer.js&path=%2Fvar%2Fwww%2Fvhosts%2Fjcorrmechanical.com%2Fhttpdocs%2Fwp-includes%2Fjs HTTP/1.0" 200 27210 "-" "Mozilla/5.0 AppleWebKit/537.36 (KHTML, like Gecko; compatible; ClaudeBot/1.0; +claudebot@anthropic.com)"
216.73.216.162 - - [02/May/2026:03:55:51 -0400] "GET /gallery/?fileloc=%2Fvar%2Fwww%2Fvhosts%2Fjcorrmechanical.com%2Fhttpdocs%2Fwp-includes%2Fblocks%2Fpullquote%2Feditor-rtl.min.css&path=%2Fvar%2Fwww%2Fvhosts%2Fjcorrmechanical.com%2Fhttpdocs%2Fwp-includes%2Fblocks%2Fpullquote HTTP/1.0" 200 16590 "-" "Mozilla/5.0 AppleWebKit/537.36 (KHTML, like Gecko; compatible; ClaudeBot/1.0; +claudebot@anthropic.com)"
216.73.216.162 - - [02/May/2026:03:55:51 -0400] "GET /gallery/?fileloc=%2Fvar%2Fwww%2Fvhosts%2Fjcorrmechanical.com%2Fhttpdocs%2Fwp-includes%2Fclass.wp-dependencies.php&path=%2Fvar%2Fwww%2Fvhosts%2Fjcorrmechanical.com%2Fhttpdocs%2Fwp-includes HTTP/1.0" 200 16579 "-" "Mozilla/5.0 AppleWebKit/537.36 (KHTML, like Gecko; compatible; ClaudeBot/1.0; +claudebot@anthropic.com)"
74.7.227.180 - - [02/May/2026:03:55:51 -0400] "GET /uncategorized/6-strategies-d-ete-pour-profiter-des-avantages-vip-et-des-jeux-de-table-au-casino-valras/?fileloc=/var/www/vhosts/jcorrmechanical.com/httpdocs/wp-content/plugins/filester/includes/File_manager/lib/bower.json&path=/var/www/vhosts/jcorrmechanical.com/httpdocs/wp-content/plugins/filester/includes/File_manager/lib HTTP/1.0" 200 17696 "https://www.jcorrmechanical.com/uncategorized/6-strategies-d-ete-pour-profiter-des-avantages-vip-et-des-jeux-de-table-au-casino-valras/?path=/var/www/vhosts/jcorrmechanical.com/httpdocs/wp-content/plugins/filester/includes/File_manager/lib" "Mozilla/5.0 AppleWebKit/537.36 (KHTML, like Gecko; compatible; GPTBot/1.3; +https://openai.com/gptbot)"
216.73.216.162 - - [02/May/2026:03:55:51 -0400] "GET /gallery/?fileloc=%2Fvar%2Fwww%2Fvhosts%2Fjcorrmechanical.com%2Fhttpdocs%2Fwp-includes%2Fblocks%2Ftable%2Ftheme.css&path=%2Fvar%2Fwww%2Fvhosts%2Fjcorrmechanical.com%2Fhttpdocs%2Fwp-includes%2Fblocks%2Ftable HTTP/1.0" 200 16608 "-" "Mozilla/5.0 AppleWebKit/537.36 (KHTML, like Gecko; compatible; ClaudeBot/1.0; +claudebot@anthropic.com)"
74.7.242.50 - - [02/May/2026:03:55:51 -0400] "GET /9684868.htm?fileloc=/var/www/vhosts/jcorrmechanical.com/logs/error_log&path=/var/www/vhosts/jcorrmechanical.com/logs HTTP/1.0" 200 16034 "https://jcorrmechanical.com/9684868.htm?path=/var/www/vhosts/jcorrmechanical.com/logs" "Mozilla/5.0 AppleWebKit/537.36 (KHTML, like Gecko; compatible; GPTBot/1.3; +https://openai.com/gptbot)"
216.73.216.162 - - [02/May/2026:03:55:51 -0400] "GET /gallery/?fileloc=%2Fvar%2Fwww%2Fvhosts%2Fjcorrmechanical.com%2Fhttpdocs%2Fwp-includes%2Fblocks.php&path=%2Fvar%2Fwww%2Fvhosts%2Fjcorrmechanical.com%2Fhttpdocs%2Fwp-includes HTTP/1.0" 200 140533 "-" "Mozilla/5.0 AppleWebKit/537.36 (KHTML, like Gecko; compatible; ClaudeBot/1.0; +claudebot@anthropic.com)"
216.73.216.162 - - [02/May/2026:03:55:51 -0400] "GET /gallery/?fileloc=%2Fvar%2Fwww%2Fvhosts%2Fjcorrmechanical.com%2Fhttpdocs%2Fwp-includes%2Fms-network.php&path=%2Fvar%2Fwww%2Fvhosts%2Fjcorrmechanical.com%2Fhttpdocs%2Fwp-includes HTTP/1.0" 200 20119 "-" "Mozilla/5.0 AppleWebKit/537.36 (KHTML, like Gecko; compatible; ClaudeBot/1.0; +claudebot@anthropic.com)"
216.73.216.162 - - [02/May/2026:03:55:51 -0400] "GET /gallery/?fileloc=%2Fvar%2Fwww%2Fvhosts%2Fjcorrmechanical.com%2Fhttpdocs%2Fwp-includes%2Fblocks%2Fbutton%2Fstyle.css&path=%2Fvar%2Fwww%2Fvhosts%2Fjcorrmechanical.com%2Fhttpdocs%2Fwp-includes%2Fblocks%2Fbutton HTTP/1.0" 200 18794 "-" "Mozilla/5.0 AppleWebKit/537.36 (KHTML, like Gecko; compatible; ClaudeBot/1.0; +claudebot@anthropic.com)"
216.73.216.162 - - [02/May/2026:03:55:52 -0400] "GET /gallery/?fileloc=%2Fvar%2Fwww%2Fvhosts%2Fjcorrmechanical.com%2Fhttpdocs%2Fwp-includes%2Fsodium_compat%2Fsrc%2FCrypto.php&path=%2Fvar%2Fwww%2Fvhosts%2Fjcorrmechanical.com%2Fhttpdocs%2Fwp-includes%2Fsodium_compat%2Fsrc HTTP/1.0" 200 72835 "-" "Mozilla/5.0 AppleWebKit/537.36 (KHTML, like Gecko; compatible; ClaudeBot/1.0; +claudebot@anthropic.com)"
74.7.227.180 - - [02/May/2026:03:55:52 -0400] "GET /uncategorized/6-strategies-d-ete-pour-profiter-des-avantages-vip-et-des-jeux-de-table-au-casino-valras/?fileloc=/var/www/vhosts/jcorrmechanical.com/httpdocs/wp-content/plugins/filester/includes/File_manager/lib/main.default.js&path=/var/www/vhosts/jcorrmechanical.com/httpdocs/wp-content/plugins/filester/includes/File_manager/lib HTTP/1.0" 200 24330 "https://www.jcorrmechanical.com/uncategorized/6-strategies-d-ete-pour-profiter-des-avantages-vip-et-des-jeux-de-table-au-casino-valras/?path=/var/www/vhosts/jcorrmechanical.com/httpdocs/wp-content/plugins/filester/includes/File_manager/lib" "Mozilla/5.0 AppleWebKit/537.36 (KHTML, like Gecko; compatible; GPTBot/1.3; +https://openai.com/gptbot)"
51.161.37.105 - - [02/May/2026:03:55:52 -0400] "GET /3905663316.htm HTTP/1.0" 200 89134 "-" "Mozilla/5.0 (compatible; AhrefsBot/7.0; +http://ahrefs.com/robot/)"
216.73.216.162 - - [02/May/2026:03:55:52 -0400] "GET /gallery/?fileloc=%2Fvar%2Fwww%2Fvhosts%2Fjcorrmechanical.com%2Fhttpdocs%2Fwp-includes%2FIXR%2Fclass-IXR-server.php&path=%2Fvar%2Fwww%2Fvhosts%2Fjcorrmechanical.com%2Fhttpdocs%2Fwp-includes%2FIXR HTTP/1.0" 200 23935 "-" "Mozilla/5.0 AppleWebKit/537.36 (KHTML, like Gecko; compatible; ClaudeBot/1.0; +claudebot@anthropic.com)"
74.7.242.50 - - [02/May/2026:03:55:52 -0400] "GET /9684868.htm?fileloc=/var/www/vhosts/jcorrmechanical.com/logs/proxy_error_log&path=/var/www/vhosts/jcorrmechanical.com/logs HTTP/1.0" 200 4635201 "https://jcorrmechanical.com/9684868.htm?path=/var/www/vhosts/jcorrmechanical.com/logs" "Mozilla/5.0 AppleWebKit/537.36 (KHTML, like Gecko; compatible; GPTBot/1.3; +https://openai.com/gptbot)"
216.73.216.162 - - [02/May/2026:03:55:52 -0400] "GET /gallery/?fileloc=%2Fvar%2Fwww%2Fvhosts%2Fjcorrmechanical.com%2Fhttpdocs%2Fwp-includes%2Fblocks%2Fnavigation-submenu%2Feditor.css&path=%2Fvar%2Fwww%2Fvhosts%2Fjcorrmechanical.com%2Fhttpdocs%2Fwp-includes%2Fblocks%2Fnavigation-submenu HTTP/1.0" 200 17617 "-" "Mozilla/5.0 AppleWebKit/537.36 (KHTML, like Gecko; compatible; ClaudeBot/1.0; +claudebot@anthropic.com)"
216.73.216.162 - - [02/May/2026:03:55:52 -0400] "GET /gallery/?path=%2Fvar%2Fwww%2Fvhosts%2Fjcorrmechanical.com%2Fhttpdocs%2Fwp-content%2Fplugins%2Fakismet%2F_inc HTTP/1.0" 200 29873 "-" "Mozilla/5.0 AppleWebKit/537.36 (KHTML, like Gecko; compatible; ClaudeBot/1.0; +claudebot@anthropic.com)"
216.73.216.162 - - [02/May/2026:03:55:52 -0400] "GET /gallery/?path=%2Fvar%2Fwww%2Fvhosts%2Fjcorrmechanical.com%2Fhttpdocs%2Fwp-includes%2Fblocks%2Faccordion HTTP/1.0" 200 25132 "-" "Mozilla/5.0 AppleWebKit/537.36 (KHTML, like Gecko; compatible; ClaudeBot/1.0; +claudebot@anthropic.com)"
216.73.216.162 - - [02/May/2026:03:55:52 -0400] "GET /gallery/?fileloc=%2Fvar%2Fwww%2Fvhosts%2Fjcorrmechanical.com%2Fhttpdocs%2Fwp-admin%2Fjs%2Ftheme-plugin-editor.js&path=%2Fvar%2Fwww%2Fvhosts%2Fjcorrmechanical.com%2Fhttpdocs%2Fwp-admin%2Fjs HTTP/1.0" 200 43195 "-" "Mozilla/5.0 AppleWebKit/537.36 (KHTML, like Gecko; compatible; ClaudeBot/1.0; +claudebot@anthropic.com)"
74.7.227.180 - - [02/May/2026:03:55:52 -0400] "GET /uncategorized/6-strategies-d-ete-pour-profiter-des-avantages-vip-et-des-jeux-de-table-au-casino-valras/?path=/var/www/vhosts/jcorrmechanical.com/httpdocs/wp-content/plugins/filester/includes/File_manager/lib/jquery HTTP/1.0" 200 24317 "https://www.jcorrmechanical.com/uncategorized/6-strategies-d-ete-pour-profiter-des-avantages-vip-et-des-jeux-de-table-au-casino-valras/?path=/var/www/vhosts/jcorrmechanical.com/httpdocs/wp-content/plugins/filester/includes/File_manager/lib" "Mozilla/5.0 AppleWebKit/537.36 (KHTML, like Gecko; compatible; GPTBot/1.3; +https://openai.com/gptbot)"
74.7.242.50 - - [02/May/2026:03:55:52 -0400] "GET /9684868.htm?fileloc=/var/www/vhosts/jcorrmechanical.com/logs/proxy_access_ssl_log&path=/var/www/vhosts/jcorrmechanical.com/logs HTTP/1.0" 200 16045 "https://jcorrmechanical.com/9684868.htm?path=/var/www/vhosts/jcorrmechanical.com/logs" "Mozilla/5.0 AppleWebKit/537.36 (KHTML, like Gecko; compatible; GPTBot/1.3; +https://openai.com/gptbot)"
216.73.216.162 - - [02/May/2026:03:55:52 -0400] "GET /gallery/?fileloc=%2Fvar%2Fwww%2Fvhosts%2Fjcorrmechanical.com%2Fhttpdocs%2Fwp-admin%2Fincludes%2Flist-table.php&path=%2Fvar%2Fwww%2Fvhosts%2Fjcorrmechanical.com%2Fhttpdocs%2Fwp-admin%2Fincludes HTTP/1.0" 200 20600 "-" "Mozilla/5.0 AppleWebKit/537.36 (KHTML, like Gecko; compatible; ClaudeBot/1.0; +claudebot@anthropic.com)"
216.73.216.162 - - [02/May/2026:03:55:52 -0400] "GET /gallery/?fileloc=%2Fvar%2Fwww%2Fvhosts%2Fjcorrmechanical.com%2Fhttpdocs%2Fwp-includes%2Fcss%2Fdashicons.css&path=%2Fvar%2Fwww%2Fvhosts%2Fjcorrmechanical.com%2Fhttpdocs%2Fwp-includes%2Fcss HTTP/1.0" 200 82436 "-" "Mozilla/5.0 AppleWebKit/537.36 (KHTML, like Gecko; compatible; ClaudeBot/1.0; +claudebot@anthropic.com)"
216.73.216.162 - - [02/May/2026:03:55:52 -0400] "GET /gallery/?fileloc=%2Fvar%2Fwww%2Fvhosts%2Fjcorrmechanical.com%2Fhttpdocs%2Fwp-admin%2Fincludes%2Fclass-ftp.php&path=%2Fvar%2Fwww%2Fvhosts%2Fjcorrmechanical.com%2Fhttpdocs%2Fwp-admin%2Fincludes HTTP/1.0" 200 49543 "-" "Mozilla/5.0 AppleWebKit/537.36 (KHTML, like Gecko; compatible; ClaudeBot/1.0; +claudebot@anthropic.com)"
216.73.216.162 - - [02/May/2026:03:55:53 -0400] "GET /gallery/?fileloc=%2Fvar%2Fwww%2Fvhosts%2Fjcorrmechanical.com%2Fhttpdocs%2Fwp-includes%2Fcss%2Fwp-auth-check.min.css&path=%2Fvar%2Fwww%2Fvhosts%2Fjcorrmechanical.com%2Fhttpdocs%2Fwp-includes%2Fcss HTTP/1.0" 200 18173 "-" "Mozilla/5.0 AppleWebKit/537.36 (KHTML, like Gecko; compatible; ClaudeBot/1.0; +claudebot@anthropic.com)"
74.7.227.180 - - [02/May/2026:03:55:53 -0400] "GET /uncategorized/6-strategies-d-ete-pour-profiter-des-avantages-vip-et-des-jeux-de-table-au-casino-valras/?path=/var/www/vhosts/jcorrmechanical.com/httpdocs/wp-content/plugins/filester/includes/File_manager/lib/sounds HTTP/1.0" 200 18980 "https://www.jcorrmechanical.com/uncategorized/6-strategies-d-ete-pour-profiter-des-avantages-vip-et-des-jeux-de-table-au-casino-valras/?path=/var/www/vhosts/jcorrmechanical.com/httpdocs/wp-content/plugins/filester/includes/File_manager/lib" "Mozilla/5.0 AppleWebKit/537.36 (KHTML, like Gecko; compatible; GPTBot/1.3; +https://openai.com/gptbot)"
74.7.242.50 - - [02/May/2026:03:55:53 -0400] "GET /sitemap116.xml?path=/var/www/vhosts/jcorrmechanical.com/.composer/cache HTTP/1.0" 200 19513 "https://jcorrmechanical.com/sitemap116.xml?path=/var/www/vhosts/jcorrmechanical.com/.composer" "Mozilla/5.0 AppleWebKit/537.36 (KHTML, like Gecko; compatible; GPTBot/1.3; +https://openai.com/gptbot)"
216.73.216.162 - - [02/May/2026:03:55:53 -0400] "GET /gallery/?fileloc=%2Fvar%2Fwww%2Fvhosts%2Fjcorrmechanical.com%2Fhttpdocs%2Fwp-includes%2Fclass-feed.php&path=%2Fvar%2Fwww%2Fvhosts%2Fjcorrmechanical.com%2Fhttpdocs%2Fwp-includes HTTP/1.0" 200 16774 "-" "Mozilla/5.0 AppleWebKit/537.36 (KHTML, like Gecko; compatible; ClaudeBot/1.0; +claudebot@anthropic.com)"
216.73.216.162 - - [02/May/2026:03:55:53 -0400] "GET /gallery/?fileloc=%2Fvar%2Fwww%2Fvhosts%2Fjcorrmechanical.com%2Fhttpdocs%2Fwp-admin%2Fnetwork%2Fprofile.php&path=%2Fvar%2Fwww%2Fvhosts%2Fjcorrmechanical.com%2Fhttpdocs%2Fwp-admin%2Fnetwork HTTP/1.0" 200 16515 "-" "Mozilla/5.0 AppleWebKit/537.36 (KHTML, like Gecko; compatible; ClaudeBot/1.0; +claudebot@anthropic.com)"
216.73.216.162 - - [02/May/2026:03:55:53 -0400] "GET /gallery/?fileloc=%2Fvar%2Fwww%2Fvhosts%2Fjcorrmechanical.com%2Fhttpdocs%2Fwp-admin%2Fcss%2Flogin.min.css&path=%2Fvar%2Fwww%2Fvhosts%2Fjcorrmechanical.com%2Fhttpdocs%2Fwp-admin%2Fcss HTTP/1.0" 200 22658 "-" "Mozilla/5.0 AppleWebKit/537.36 (KHTML, like Gecko; compatible; ClaudeBot/1.0; +claudebot@anthropic.com)"
216.73.216.162 - - [02/May/2026:03:55:53 -0400] "GET /gallery/?fileloc=%2Fvar%2Fwww%2Fvhosts%2Fjcorrmechanical.com%2Fhttpdocs%2Fwp-admin%2Fincludes%2Frevision.php&path=%2Fvar%2Fwww%2Fvhosts%2Fjcorrmechanical.com%2Fhttpdocs%2Fwp-admin%2Fincludes HTTP/1.0" 200 36042 "-" "Mozilla/5.0 AppleWebKit/537.36 (KHTML, like Gecko; compatible; ClaudeBot/1.0; +claudebot@anthropic.com)"
216.73.216.162 - - [02/May/2026:03:55:53 -0400] "GET /gallery/?fileloc=%2Fvar%2Fwww%2Fvhosts%2Fjcorrmechanical.com%2Fhttpdocs%2Fwp-admin%2Fpost.php&path=%2Fvar%2Fwww%2Fvhosts%2Fjcorrmechanical.com%2Fhttpdocs%2Fwp-admin HTTP/1.0" 200 28049 "-" "Mozilla/5.0 AppleWebKit/537.36 (KHTML, like Gecko; compatible; ClaudeBot/1.0; +claudebot@anthropic.com)"
74.7.227.180 - - [02/May/2026:03:55:53 -0400] "GET /uncategorized/6-strategies-d-ete-pour-profiter-des-avantages-vip-et-des-jeux-de-table-au-casino-valras/?path=/var/www/vhosts/jcorrmechanical.com/httpdocs/wp-content/plugins/filester/includes/File_manager/lib/js HTTP/1.0" 200 27167 "https://www.jcorrmechanical.com/uncategorized/6-strategies-d-ete-pour-profiter-des-avantages-vip-et-des-jeux-de-table-au-casino-valras/?path=/var/www/vhosts/jcorrmechanical.com/httpdocs/wp-content/plugins/filester/includes/File_manager/lib" "Mozilla/5.0 AppleWebKit/537.36 (KHTML, like Gecko; compatible; GPTBot/1.3; +https://openai.com/gptbot)"
216.73.216.162 - - [02/May/2026:03:55:53 -0400] "GET /gallery/?fileloc=%2Fvar%2Fwww%2Fvhosts%2Fjcorrmechanical.com%2Fhttpdocs%2Fwp-admin%2Fcustom-background.php&path=%2Fvar%2Fwww%2Fvhosts%2Fjcorrmechanical.com%2Fhttpdocs%2Fwp-admin HTTP/1.0" 200 16707 "-" "Mozilla/5.0 AppleWebKit/537.36 (KHTML, like Gecko; compatible; ClaudeBot/1.0; +claudebot@anthropic.com)"
74.7.242.50 - - [02/May/2026:03:55:53 -0400] "GET /worksec.php?fileloc=/var/www/vhosts/jcorrmechanical.com/logs/access_log.processed&path=/var/www/vhosts/jcorrmechanical.com/logs HTTP/1.0" 200 11967025 "https://jcorrmechanical.com/worksec.php?path=/var/www/vhosts/jcorrmechanical.com/logs" "Mozilla/5.0 AppleWebKit/537.36 (KHTML, like Gecko; compatible; GPTBot/1.3; +https://openai.com/gptbot)"
216.73.216.162 - - [02/May/2026:03:55:53 -0400] "GET /gallery/?fileloc=%2Fvar%2Fwww%2Fvhosts%2Fjcorrmechanical.com%2Fhttpdocs%2Fwp-includes%2Fblocks%2Fbutton%2Feditor-rtl.css&path=%2Fvar%2Fwww%2Fvhosts%2Fjcorrmechanical.com%2Fhttpdocs%2Fwp-includes%2Fblocks%2Fbutton HTTP/1.0" 200 16869 "-" "Mozilla/5.0 AppleWebKit/537.36 (KHTML, like Gecko; compatible; ClaudeBot/1.0; +claudebot@anthropic.com)"
216.73.216.162 - - [02/May/2026:03:55:53 -0400] "GET /gallery/?fileloc=%2Fvar%2Fwww%2Fvhosts%2Fjcorrmechanical.com%2Fhttpdocs%2Fwp-includes%2Fblocks%2Fpullquote%2Fblock.json&path=%2Fvar%2Fwww%2Fvhosts%2Fjcorrmechanical.com%2Fhttpdocs%2Fwp-includes%2Fblocks%2Fpullquote HTTP/1.0" 200 19223 "-" "Mozilla/5.0 AppleWebKit/537.36 (KHTML, like Gecko; compatible; ClaudeBot/1.0; +claudebot@anthropic.com)"
85.208.98.24 - - [02/May/2026:03:55:54 -0400] "GET /9684850805.htm HTTP/1.0" 200 89134 "-" "Mozilla/5.0 (compatible; SemrushBot-BA; +http://www.semrush.com/bot.html)"
85.208.98.29 - - [02/May/2026:03:55:54 -0400] "GET /9684850805.htm HTTP/1.0" 200 89134 "-" "Mozilla/5.0 (compatible; SemrushBot-BA; +http://www.semrush.com/bot.html)"
74.7.227.180 - - [02/May/2026:03:55:54 -0400] "GET /uncategorized/6-strategies-d-ete-pour-profiter-des-avantages-vip-et-des-jeux-de-table-au-casino-valras/?path=/var/www/vhosts/jcorrmechanical.com/httpdocs/wp-content/plugins/filester/includes/File_manager/lib/themes HTTP/1.0" 200 28551 "https://www.jcorrmechanical.com/uncategorized/6-strategies-d-ete-pour-profiter-des-avantages-vip-et-des-jeux-de-table-au-casino-valras/?path=/var/www/vhosts/jcorrmechanical.com/httpdocs/wp-content/plugins/filester/includes/File_manager/lib" "Mozilla/5.0 AppleWebKit/537.36 (KHTML, like Gecko; compatible; GPTBot/1.3; +https://openai.com/gptbot)"
74.7.242.50 - - [02/May/2026:03:55:54 -0400] "GET /dragontank.php?fileloc=/var/www/vhosts/jcorrmechanical.com/logs/error_log&path=/var/www/vhosts/jcorrmechanical.com/logs HTTP/1.0" 200 16034 "https://jcorrmechanical.com/dragontank.php?path=/var/www/vhosts/jcorrmechanical.com/logs" "Mozilla/5.0 AppleWebKit/537.36 (KHTML, like Gecko; compatible; GPTBot/1.3; +https://openai.com/gptbot)"
74.7.227.180 - - [02/May/2026:03:55:54 -0400] "GET /uncategorized/6-strategies-d-ete-pour-profiter-des-avantages-vip-et-des-jeux-de-table-au-casino-valras/?path=/var/www/vhosts/jcorrmechanical.com/httpdocs/wp-content/plugins/filester/includes/File_manager/lib/img HTTP/1.0" 200 113908 "https://www.jcorrmechanical.com/uncategorized/6-strategies-d-ete-pour-profiter-des-avantages-vip-et-des-jeux-de-table-au-casino-valras/?path=/var/www/vhosts/jcorrmechanical.com/httpdocs/wp-content/plugins/filester/includes/File_manager/lib" "Mozilla/5.0 AppleWebKit/537.36 (KHTML, like Gecko; compatible; GPTBot/1.3; +https://openai.com/gptbot)"
74.7.242.50 - - [02/May/2026:03:55:54 -0400] "GET /layout.php?fileloc=/var/www/vhosts/jcorrmechanical.com/logs/access_log.processed&path=/var/www/vhosts/jcorrmechanical.com/logs HTTP/1.0" 200 11967025 "https://jcorrmechanical.com/layout.php?path=/var/www/vhosts/jcorrmechanical.com/logs" "Mozilla/5.0 AppleWebKit/537.36 (KHTML, like Gecko; compatible; GPTBot/1.3; +https://openai.com/gptbot)"
85.208.96.194 - - [02/May/2026:03:55:55 -0400] "GET /39056107915.htm HTTP/1.0" 200 89134 "-" "Mozilla/5.0 (compatible; SemrushBot/7~bl; +http://www.semrush.com/bot.html)"
74.7.227.180 - - [02/May/2026:03:55:55 -0400] "GET /uncategorized/6-strategies-d-ete-pour-profiter-des-avantages-vip-et-des-jeux-de-table-au-casino-valras/?path=/var/www/vhosts/jcorrmechanical.com/httpdocs/wp-content/plugins/filester/includes/File_manager/lib/files HTTP/1.0" 200 22192 "https://www.jcorrmechanical.com/uncategorized/6-strategies-d-ete-pour-profiter-des-avantages-vip-et-des-jeux-de-table-au-casino-valras/?path=/var/www/vhosts/jcorrmechanical.com/httpdocs/wp-content/plugins/filester/includes/File_manager/lib" "Mozilla/5.0 AppleWebKit/537.36 (KHTML, like Gecko; compatible; GPTBot/1.3; +https://openai.com/gptbot)"
74.7.242.50 - - [02/May/2026:03:55:55 -0400] "GET /.env.production?fileloc=/var/www/vhosts/jcorrmechanical.com/httpdocs/php.ini&path=/var/www/vhosts/jcorrmechanical.com/httpdocs HTTP/1.0" 200 16084 "https://jcorrmechanical.com/.env.production" "Mozilla/5.0 AppleWebKit/537.36 (KHTML, like Gecko; compatible; GPTBot/1.3; +https://openai.com/gptbot)"
74.7.227.180 - - [02/May/2026:03:55:55 -0400] "GET /uncategorized/7-estrategias-expertas-para-dominar-los-jackpots-en-vivo-este-san-valentin-con-casino-online-7/?fileloc=/var/www/vhosts/jcorrmechanical.com/httpdocs/wp-includes/js/mediaelement/mediaelement-migrate.js&path=/var/www/vhosts/jcorrmechanical.com/httpdocs/wp-includes/js/mediaelement HTTP/1.0" 200 19358 "https://www.jcorrmechanical.com/uncategorized/7-estrategias-expertas-para-dominar-los-jackpots-en-vivo-este-san-valentin-con-casino-online-7/?path=/var/www/vhosts/jcorrmechanical.com/httpdocs/wp-includes/js/mediaelement" "Mozilla/5.0 AppleWebKit/537.36 (KHTML, like Gecko; compatible; GPTBot/1.3; +https://openai.com/gptbot)"
74.7.242.50 - - [02/May/2026:03:55:55 -0400] "GET /favicon.php?fileloc=/var/www/vhosts/jcorrmechanical.com/logs/access_log.processed&path=/var/www/vhosts/jcorrmechanical.com/logs HTTP/1.0" 200 11967025 "https://jcorrmechanical.com/favicon.php?path=/var/www/vhosts/jcorrmechanical.com/logs" "Mozilla/5.0 AppleWebKit/537.36 (KHTML, like Gecko; compatible; GPTBot/1.3; +https://openai.com/gptbot)"
74.7.227.180 - - [02/May/2026:03:55:56 -0400] "GET /uncategorized/estrategias-ganadoras-para-combinar-juegos-de-mesa-con-bonus-en-casino-online-5/?fileloc=/var/www/vhosts/jcorrmechanical.com/httpdocs/wp-includes/blocks/missing/.htaccess&path=/var/www/vhosts/jcorrmechanical.com/httpdocs/wp-includes/blocks/missing HTTP/1.0" 200 16502 "https://www.jcorrmechanical.com/uncategorized/estrategias-ganadoras-para-combinar-juegos-de-mesa-con-bonus-en-casino-online-5/?path=/var/www/vhosts/jcorrmechanical.com/httpdocs/wp-includes/blocks/missing" "Mozilla/5.0 AppleWebKit/537.36 (KHTML, like Gecko; compatible; GPTBot/1.3; +https://openai.com/gptbot)"
74.7.242.50 - - [02/May/2026:03:55:56 -0400] "GET /fm.php?fileloc=/var/www/vhosts/jcorrmechanical.com/httpdocs/robots.txt&path=/var/www/vhosts/jcorrmechanical.com/httpdocs HTTP/1.0" 200 16334 "http://jcorrmechanical.com" "Mozilla/5.0 AppleWebKit/537.36 (KHTML, like Gecko; compatible; GPTBot/1.3; +https://openai.com/gptbot)"
74.7.227.180 - - [02/May/2026:03:55:56 -0400] "GET /uncategorized/7-estrategias-expertas-para-dominar-los-jackpots-en-vivo-este-san-valentin-con-casino-online-7/?fileloc=/var/www/vhosts/jcorrmechanical.com/httpdocs/wp-includes/js/tinymce/plugins/wptextpattern/plugin.min.js&path=/var/www/vhosts/jcorrmechanical.com/httpdocs/wp-includes/js/tinymce/plugins/wptextpattern HTTP/1.0" 200 20364 "https://www.jcorrmechanical.com/uncategorized/7-estrategias-expertas-para-dominar-los-jackpots-en-vivo-este-san-valentin-con-casino-online-7/?path=/var/www/vhosts/jcorrmechanical.com/httpdocs/wp-includes/js/tinymce/plugins/wptextpattern" "Mozilla/5.0 AppleWebKit/537.36 (KHTML, like Gecko; compatible; GPTBot/1.3; +https://openai.com/gptbot)"
74.7.242.50 - - [02/May/2026:03:55:56 -0400] "GET /trx.php?fileloc=/var/www/vhosts/jcorrmechanical.com/httpdocs/error_log&path=/var/www/vhosts/jcorrmechanical.com/httpdocs HTTP/1.0" 200 186879 "https://jcorrmechanical.com/trx.php" "Mozilla/5.0 AppleWebKit/537.36 (KHTML, like Gecko; compatible; GPTBot/1.3; +https://openai.com/gptbot)"
74.7.227.180 - - [02/May/2026:03:55:57 -0400] "GET /uncategorized/estrategias-ganadoras-para-combinar-juegos-de-mesa-con-bonus-en-casino-online-5/?fileloc=/var/www/vhosts/jcorrmechanical.com/httpdocs/wp-includes/images/media/interactive.png&path=/var/www/vhosts/jcorrmechanical.com/httpdocs/wp-includes/images/media HTTP/1.0" 200 16924 "https://www.jcorrmechanical.com/uncategorized/estrategias-ganadoras-para-combinar-juegos-de-mesa-con-bonus-en-casino-online-5/?path=/var/www/vhosts/jcorrmechanical.com/httpdocs/wp-includes/images/media" "Mozilla/5.0 AppleWebKit/537.36 (KHTML, like Gecko; compatible; GPTBot/1.3; +https://openai.com/gptbot)"
74.7.242.50 - - [02/May/2026:03:55:57 -0400] "GET /lx.php?fileloc=/var/www/vhosts/jcorrmechanical.com/httpdocs/robots.txt&path=/var/www/vhosts/jcorrmechanical.com/httpdocs HTTP/1.0" 200 16334 "http://jcorrmechanical.com" "Mozilla/5.0 AppleWebKit/537.36 (KHTML, like Gecko; compatible; GPTBot/1.3; +https://openai.com/gptbot)"
74.7.227.180 - - [02/May/2026:03:55:57 -0400] "GET /uncategorized/7-estrategias-expertas-para-dominar-los-jackpots-en-vivo-este-san-valentin-con-casino-online-7/?fileloc=/var/www/vhosts/jcorrmechanical.com/httpdocs/wp-includes/js/dist/script-modules/interactivity-router/index.min.js&path=/var/www/vhosts/jcorrmechanical.com/httpdocs/wp-includes/js/dist/script-modules/interactivity-router HTTP/1.0" 200 45759 "https://www.jcorrmechanical.com/uncategorized/7-estrategias-expertas-para-dominar-los-jackpots-en-vivo-este-san-valentin-con-casino-online-7/?path=/var/www/vhosts/jcorrmechanical.com/httpdocs/wp-includes/js/dist/script-modules/interactivity-router" "Mozilla/5.0 AppleWebKit/537.36 (KHTML, like Gecko; compatible; GPTBot/1.3; +https://openai.com/gptbot)"
74.7.242.50 - - [02/May/2026:03:55:57 -0400] "GET /your.php?fileloc=/var/www/vhosts/jcorrmechanical.com/httpdocs/error_log&path=/var/www/vhosts/jcorrmechanical.com/httpdocs HTTP/1.0" 200 186879 "http://jcorrmechanical.com" "Mozilla/5.0 AppleWebKit/537.36 (KHTML, like Gecko; compatible; GPTBot/1.3; +https://openai.com/gptbot)"
74.7.227.180 - - [02/May/2026:03:55:58 -0400] "GET /uncategorized/6-strategies-d-ete-pour-profiter-des-avantages-vip-et-des-jeux-de-table-au-casino-valras/?fileloc=/var/www/vhosts/jcorrmechanical.com/httpdocs/wp-content/plugins/filester/includes/File_manager/lib/jquery/jquery-ui-old.min.js&path=/var/www/vhosts/jcorrmechanical.com/httpdocs/wp-content/plugins/filester/includes/File_manager/lib/jquery HTTP/1.0" 200 301810 "https://www.jcorrmechanical.com/uncategorized/6-strategies-d-ete-pour-profiter-des-avantages-vip-et-des-jeux-de-table-au-casino-valras/?path=/var/www/vhosts/jcorrmechanical.com/httpdocs/wp-content/plugins/filester/includes/File_manager/lib/jquery" "Mozilla/5.0 AppleWebKit/537.36 (KHTML, like Gecko; compatible; GPTBot/1.3; +https://openai.com/gptbot)"
74.7.242.50 - - [02/May/2026:03:55:58 -0400] "GET /geckos.php?fileloc=/var/www/vhosts/jcorrmechanical.com/logs/access_log.webstat&path=/var/www/vhosts/jcorrmechanical.com/logs HTTP/1.0" 200 407420 "https://jcorrmechanical.com/geckos.php?path=/var/www/vhosts/jcorrmechanical.com/logs" "Mozilla/5.0 AppleWebKit/537.36 (KHTML, like Gecko; compatible; GPTBot/1.3; +https://openai.com/gptbot)"
185.191.171.14 - - [02/May/2026:03:55:58 -0400] "GET /39056128920.htm HTTP/1.0" 200 89134 "-" "Mozilla/5.0 (compatible; SemrushBot/7~bl; +http://www.semrush.com/bot.html)"
74.7.227.180 - - [02/May/2026:03:55:58 -0400] "GET /uncategorized/6-strategies-d-ete-pour-profiter-des-avantages-vip-et-des-jeux-de-table-au-casino-valras/?fileloc=/var/www/vhosts/jcorrmechanical.com/httpdocs/wp-content/plugins/filester/includes/File_manager/lib/jquery/jquery-ui.min.js&path=/var/www/vhosts/jcorrmechanical.com/httpdocs/wp-content/plugins/filester/includes/File_manager/lib/jquery HTTP/1.0" 200 315903 "https://www.jcorrmechanical.com/uncategorized/6-strategies-d-ete-pour-profiter-des-avantages-vip-et-des-jeux-de-table-au-casino-valras/?path=/var/www/vhosts/jcorrmechanical.com/httpdocs/wp-content/plugins/filester/includes/File_manager/lib/jquery" "Mozilla/5.0 AppleWebKit/537.36 (KHTML, like Gecko; compatible; GPTBot/1.3; +https://openai.com/gptbot)"
74.7.242.50 - - [02/May/2026:03:55:58 -0400] "GET /sitemap116.xml?path=/var/www/vhosts/jcorrmechanical.com/.composer/cache/files HTTP/1.0" 200 16585 "https://jcorrmechanical.com/sitemap116.xml?path=/var/www/vhosts/jcorrmechanical.com/.composer/cache" "Mozilla/5.0 AppleWebKit/537.36 (KHTML, like Gecko; compatible; GPTBot/1.3; +https://openai.com/gptbot)"
74.7.227.180 - - [02/May/2026:03:55:59 -0400] "GET /uncategorized/6-strategies-d-ete-pour-profiter-des-avantages-vip-et-des-jeux-de-table-au-casino-valras/?path=/var/www/vhosts/jcorrmechanical.com/httpdocs/wp-content/plugins/filester/includes/File_manager/lib/js/worker HTTP/1.0" 200 22862 "https://www.jcorrmechanical.com/uncategorized/6-strategies-d-ete-pour-profiter-des-avantages-vip-et-des-jeux-de-table-au-casino-valras/?path=/var/www/vhosts/jcorrmechanical.com/httpdocs/wp-content/plugins/filester/includes/File_manager/lib/js" "Mozilla/5.0 AppleWebKit/537.36 (KHTML, like Gecko; compatible; GPTBot/1.3; +https://openai.com/gptbot)"
74.7.242.50 - - [02/May/2026:03:55:59 -0400] "GET /your.php?fileloc=/var/www/vhosts/jcorrmechanical.com/logs/access_log.processed&path=/var/www/vhosts/jcorrmechanical.com/logs HTTP/1.0" 200 11967025 "https://jcorrmechanical.com/your.php?path=/var/www/vhosts/jcorrmechanical.com/logs" "Mozilla/5.0 AppleWebKit/537.36 (KHTML, like Gecko; compatible; GPTBot/1.3; +https://openai.com/gptbot)"
74.7.227.180 - - [02/May/2026:03:55:59 -0400] "GET /uncategorized/6-strategies-d-ete-pour-profiter-des-avantages-vip-et-des-jeux-de-table-au-casino-valras/?path=/var/www/vhosts/jcorrmechanical.com/httpdocs/wp-content/plugins/filester/includes/File_manager/lib/js/proxy HTTP/1.0" 200 19177 "https://www.jcorrmechanical.com/uncategorized/6-strategies-d-ete-pour-profiter-des-avantages-vip-et-des-jeux-de-table-au-casino-valras/?path=/var/www/vhosts/jcorrmechanical.com/httpdocs/wp-content/plugins/filester/includes/File_manager/lib/js" "Mozilla/5.0 AppleWebKit/537.36 (KHTML, like Gecko; compatible; GPTBot/1.3; +https://openai.com/gptbot)"
74.7.242.50 - - [02/May/2026:03:56:00 -0400] "GET /maraz.php?fileloc=/var/www/vhosts/jcorrmechanical.com/logs/access_log.processed&path=/var/www/vhosts/jcorrmechanical.com/logs HTTP/1.0" 200 11966996 "https://jcorrmechanical.com/maraz.php?path=/var/www/vhosts/jcorrmechanical.com/logs" "Mozilla/5.0 AppleWebKit/537.36 (KHTML, like Gecko; compatible; GPTBot/1.3; +https://openai.com/gptbot)"
74.7.227.180 - - [02/May/2026:03:56:00 -0400] "GET /uncategorized/6-strategies-d-ete-pour-profiter-des-avantages-vip-et-des-jeux-de-table-au-casino-valras/?path=/var/www/vhosts/jcorrmechanical.com/httpdocs/wp-content/plugins/filester/includes/File_manager/lib/jquery/images HTTP/1.0" 200 28759 "https://www.jcorrmechanical.com/uncategorized/6-strategies-d-ete-pour-profiter-des-avantages-vip-et-des-jeux-de-table-au-casino-valras/?path=/var/www/vhosts/jcorrmechanical.com/httpdocs/wp-content/plugins/filester/includes/File_manager/lib/jquery" "Mozilla/5.0 AppleWebKit/537.36 (KHTML, like Gecko; compatible; GPTBot/1.3; +https://openai.com/gptbot)"
74.7.242.50 - - [02/May/2026:03:56:00 -0400] "GET /abouts.php?fileloc=/var/www/vhosts/jcorrmechanical.com/logs/access_log.processed&path=/var/www/vhosts/jcorrmechanical.com/logs HTTP/1.0" 200 11967025 "https://jcorrmechanical.com/abouts.php?path=/var/www/vhosts/jcorrmechanical.com/logs" "Mozilla/5.0 AppleWebKit/537.36 (KHTML, like Gecko; compatible; GPTBot/1.3; +https://openai.com/gptbot)"
74.7.227.180 - - [02/May/2026:03:56:01 -0400] "GET /uncategorized/6-strategies-d-ete-pour-profiter-des-avantages-vip-et-des-jeux-de-table-au-casino-valras/?path=/var/www/vhosts/jcorrmechanical.com/httpdocs/wp-content/plugins/filester/includes/File_manager/lib/themes/Material-Light HTTP/1.0" 200 22301 "https://www.jcorrmechanical.com/uncategorized/6-strategies-d-ete-pour-profiter-des-avantages-vip-et-des-jeux-de-table-au-casino-valras/?path=/var/www/vhosts/jcorrmechanical.com/httpdocs/wp-content/plugins/filester/includes/File_manager/lib/themes" "Mozilla/5.0 AppleWebKit/537.36 (KHTML, like Gecko; compatible; GPTBot/1.3; +https://openai.com/gptbot)"
74.7.242.50 - - [02/May/2026:03:56:01 -0400] "GET /layout.php?fileloc=/var/www/vhosts/jcorrmechanical.com/logs/access_ssl_log.processed&path=/var/www/vhosts/jcorrmechanical.com/logs HTTP/1.0" 200 16049 "https://jcorrmechanical.com/layout.php?path=/var/www/vhosts/jcorrmechanical.com/logs" "Mozilla/5.0 AppleWebKit/537.36 (KHTML, like Gecko; compatible; GPTBot/1.3; +https://openai.com/gptbot)"
85.208.96.208 - - [02/May/2026:03:56:01 -0400] "GET /40222234198.htm HTTP/1.0" 200 89134 "-" "Mozilla/5.0 (compatible; SemrushBot/7~bl; +http://www.semrush.com/bot.html)"
185.191.171.19 - - [02/May/2026:03:56:01 -0400] "GET /39056146211.htm HTTP/1.0" 200 89134 "-" "Mozilla/5.0 (compatible; SemrushBot/7~bl; +http://www.semrush.com/bot.html)"
74.7.227.180 - - [02/May/2026:03:56:01 -0400] "GET /uncategorized/6-strategies-d-ete-pour-profiter-des-avantages-vip-et-des-jeux-de-table-au-casino-valras/?path=/var/www/vhosts/jcorrmechanical.com/httpdocs/wp-content/plugins/filester/includes/File_manager/lib/js/extras HTTP/1.0" 200 24794 "https://www.jcorrmechanical.com/uncategorized/6-strategies-d-ete-pour-profiter-des-avantages-vip-et-des-jeux-de-table-au-casino-valras/?path=/var/www/vhosts/jcorrmechanical.com/httpdocs/wp-content/plugins/filester/includes/File_manager/lib/js" "Mozilla/5.0 AppleWebKit/537.36 (KHTML, like Gecko; compatible; GPTBot/1.3; +https://openai.com/gptbot)"
74.7.242.50 - - [02/May/2026:03:56:01 -0400] "GET /qwer.php?fileloc=/var/www/vhosts/jcorrmechanical.com/httpdocs/error_log&path=/var/www/vhosts/jcorrmechanical.com/httpdocs HTTP/1.0" 200 186879 "https://jcorrmechanical.com/qwer.php" "Mozilla/5.0 AppleWebKit/537.36 (KHTML, like Gecko; compatible; GPTBot/1.3; +https://openai.com/gptbot)"
74.7.227.180 - - [02/May/2026:03:56:02 -0400] "GET /uncategorized/6-strategies-d-ete-pour-profiter-des-avantages-vip-et-des-jeux-de-table-au-casino-valras/?path=/var/www/vhosts/jcorrmechanical.com/httpdocs/wp-content/plugins/filester/includes/File_manager/lib/themes/Material-Gray HTTP/1.0" 200 22290 "https://www.jcorrmechanical.com/uncategorized/6-strategies-d-ete-pour-profiter-des-avantages-vip-et-des-jeux-de-table-au-casino-valras/?path=/var/www/vhosts/jcorrmechanical.com/httpdocs/wp-content/plugins/filester/includes/File_manager/lib/themes" "Mozilla/5.0 AppleWebKit/537.36 (KHTML, like Gecko; compatible; GPTBot/1.3; +https://openai.com/gptbot)"
74.7.242.50 - - [02/May/2026:03:56:02 -0400] "GET /trknish.php?fileloc=/var/www/vhosts/jcorrmechanical.com/logs/access_log.webstat&path=/var/www/vhosts/jcorrmechanical.com/logs HTTP/1.0" 200 407420 "https://jcorrmechanical.com/trknish.php?path=/var/www/vhosts/jcorrmechanical.com/logs" "Mozilla/5.0 AppleWebKit/537.36 (KHTML, like Gecko; compatible; GPTBot/1.3; +https://openai.com/gptbot)"
216.73.216.162 - - [02/May/2026:03:56:02 -0400] "GET /gallery/?fileloc=%2Fvar%2Fwww%2Fvhosts%2Fjcorrmechanical.com%2Fhttpdocs%2Fwp-includes%2Fblocks%2Fbutton%2Fstyle-rtl.css&path=%2Fvar%2Fwww%2Fvhosts%2Fjcorrmechanical.com%2Fhttpdocs%2Fwp-includes%2Fblocks%2Fbutton HTTP/1.0" 200 18798 "-" "Mozilla/5.0 AppleWebKit/537.36 (KHTML, like Gecko; compatible; ClaudeBot/1.0; +claudebot@anthropic.com)"
216.73.216.162 - - [02/May/2026:03:56:02 -0400] "GET /gallery/?fileloc=%2Fvar%2Fwww%2Fvhosts%2Fjcorrmechanical.com%2Fhttpdocs%2Fwp-includes%2Fblocks%2Ftable%2Ftheme.min.css&path=%2Fvar%2Fwww%2Fvhosts%2Fjcorrmechanical.com%2Fhttpdocs%2Fwp-includes%2Fblocks%2Ftable HTTP/1.0" 200 16583 "-" "Mozilla/5.0 AppleWebKit/537.36 (KHTML, like Gecko; compatible; ClaudeBot/1.0; +claudebot@anthropic.com)"
216.73.216.162 - - [02/May/2026:03:56:02 -0400] "GET /gallery/?fileloc=%2Fvar%2Fwww%2Fvhosts%2Fjcorrmechanical.com%2Fhttpdocs%2Fwp-includes%2Fblocks%2Fbutton%2Fstyle.min.css&path=%2Fvar%2Fwww%2Fvhosts%2Fjcorrmechanical.com%2Fhttpdocs%2Fwp-includes%2Fblocks%2Fbutton HTTP/1.0" 200 18635 "-" "Mozilla/5.0 AppleWebKit/537.36 (KHTML, like Gecko; compatible; ClaudeBot/1.0; +claudebot@anthropic.com)"
216.73.216.162 - - [02/May/2026:03:56:02 -0400] "GET /gallery/?fileloc=%2Fvar%2Fwww%2Fvhosts%2Fjcorrmechanical.com%2Fhttpdocs%2Fwp-includes%2Fblocks%2Fhtml%2Feditor-rtl.min.css&path=%2Fvar%2Fwww%2Fvhosts%2Fjcorrmechanical.com%2Fhttpdocs%2Fwp-includes%2Fblocks%2Fhtml HTTP/1.0" 200 17184 "-" "Mozilla/5.0 AppleWebKit/537.36 (KHTML, like Gecko; compatible; ClaudeBot/1.0; +claudebot@anthropic.com)"
216.73.216.162 - - [02/May/2026:03:56:02 -0400] "GET /gallery/?fileloc=%2Fvar%2Fwww%2Fvhosts%2Fjcorrmechanical.com%2Fhttpdocs%2Fwp-includes%2Fjs%2Fcodemirror%2Fcodemirror.min.js&path=%2Fvar%2Fwww%2Fvhosts%2Fjcorrmechanical.com%2Fhttpdocs%2Fwp-includes%2Fjs%2Fcodemirror HTTP/1.0" 200 723480 "-" "Mozilla/5.0 AppleWebKit/537.36 (KHTML, like Gecko; compatible; ClaudeBot/1.0; +claudebot@anthropic.com)"
216.73.216.162 - - [02/May/2026:03:56:02 -0400] "GET /gallery/?fileloc=%2Fvar%2Fwww%2Fvhosts%2Fjcorrmechanical.com%2Fhttpdocs%2Fwp-includes%2Fblocks%2Fcolumns%2Feditor.css&path=%2Fvar%2Fwww%2Fvhosts%2Fjcorrmechanical.com%2Fhttpdocs%2Fwp-includes%2Fblocks%2Fcolumns HTTP/1.0" 200 16514 "-" "Mozilla/5.0 AppleWebKit/537.36 (KHTML, like Gecko; compatible; ClaudeBot/1.0; +claudebot@anthropic.com)"
216.73.216.162 - - [02/May/2026:03:56:02 -0400] "GET /gallery/?fileloc=%2Fvar%2Fwww%2Fvhosts%2Fjcorrmechanical.com%2Fhttpdocs%2Fwp-includes%2Fblocks%2Fmath%2Fstyle.css&path=%2Fvar%2Fwww%2Fvhosts%2Fjcorrmechanical.com%2Fhttpdocs%2Fwp-includes%2Fblocks%2Fmath HTTP/1.0" 200 16401 "-" "Mozilla/5.0 AppleWebKit/537.36 (KHTML, like Gecko; compatible; ClaudeBot/1.0; +claudebot@anthropic.com)"
185.191.171.4 - - [02/May/2026:03:56:02 -0400] "GET /4022227102.htm HTTP/1.0" 200 89134 "-" "Mozilla/5.0 (compatible; SemrushBot/7~bl; +http://www.semrush.com/bot.html)"
216.73.216.162 - - [02/May/2026:03:56:02 -0400] "GET /gallery/?fileloc=%2Fvar%2Fwww%2Fvhosts%2Fjcorrmechanical.com%2Fhttpdocs%2Fwp-includes%2Fblocks%2Ftable%2Ftheme-rtl.css&path=%2Fvar%2Fwww%2Fvhosts%2Fjcorrmechanical.com%2Fhttpdocs%2Fwp-includes%2Fblocks%2Ftable HTTP/1.0" 200 16612 "-" "Mozilla/5.0 AppleWebKit/537.36 (KHTML, like Gecko; compatible; ClaudeBot/1.0; +claudebot@anthropic.com)"
74.7.242.50 - - [02/May/2026:03:56:02 -0400] "GET /abouts.php?fileloc=/var/www/vhosts/jcorrmechanical.com/logs/access_ssl_log.processed&path=/var/www/vhosts/jcorrmechanical.com/logs HTTP/1.0" 200 16049 "https://jcorrmechanical.com/abouts.php?path=/var/www/vhosts/jcorrmechanical.com/logs" "Mozilla/5.0 AppleWebKit/537.36 (KHTML, like Gecko; compatible; GPTBot/1.3; +https://openai.com/gptbot)"
74.7.227.180 - - [02/May/2026:03:56:02 -0400] "GET /uncategorized/6-strategies-d-ete-pour-profiter-des-avantages-vip-et-des-jeux-de-table-au-casino-valras/?path=/var/www/vhosts/jcorrmechanical.com/httpdocs/wp-content/plugins/filester/includes/File_manager/lib/themes/dark-slim HTTP/1.0" 200 20608 "https://www.jcorrmechanical.com/uncategorized/6-strategies-d-ete-pour-profiter-des-avantages-vip-et-des-jeux-de-table-au-casino-valras/?path=/var/www/vhosts/jcorrmechanical.com/httpdocs/wp-content/plugins/filester/includes/File_manager/lib/themes" "Mozilla/5.0 AppleWebKit/537.36 (KHTML, like Gecko; compatible; GPTBot/1.3; +https://openai.com/gptbot)"
216.73.216.162 - - [02/May/2026:03:56:02 -0400] "GET /gallery/?fileloc=%2Fvar%2Fwww%2Fvhosts%2Fjcorrmechanical.com%2Fhttpdocs%2Fwp-includes%2Fblocks%2Fcomments%2Fstyle.css&path=%2Fvar%2Fwww%2Fvhosts%2Fjcorrmechanical.com%2Fhttpdocs%2Fwp-includes%2Fblocks%2Fcomments HTTP/1.0" 200 18972 "-" "Mozilla/5.0 AppleWebKit/537.36 (KHTML, like Gecko; compatible; ClaudeBot/1.0; +claudebot@anthropic.com)"
216.73.216.162 - - [02/May/2026:03:56:02 -0400] "GET /gallery/?fileloc=%2Fvar%2Fwww%2Fvhosts%2Fjcorrmechanical.com%2Fhttpdocs%2Fwp-includes%2Fblocks%2Ftext-columns%2Feditor.css&path=%2Fvar%2Fwww%2Fvhosts%2Fjcorrmechanical.com%2Fhttpdocs%2Fwp-includes%2Fblocks%2Ftext-columns HTTP/1.0" 200 16460 "-" "Mozilla/5.0 AppleWebKit/537.36 (KHTML, like Gecko; compatible; ClaudeBot/1.0; +claudebot@anthropic.com)"
216.73.216.162 - - [02/May/2026:03:56:02 -0400] "GET /gallery/?fileloc=%2Fvar%2Fwww%2Fvhosts%2Fjcorrmechanical.com%2Fhttpdocs%2Fwp-includes%2Fcss%2Fdashicons.min.css&path=%2Fvar%2Fwww%2Fvhosts%2Fjcorrmechanical.com%2Fhttpdocs%2Fwp-includes%2Fcss HTTP/1.0" 200 79098 "-" "Mozilla/5.0 AppleWebKit/537.36 (KHTML, like Gecko; compatible; ClaudeBot/1.0; +claudebot@anthropic.com)"
185.191.171.11 - - [02/May/2026:03:56:02 -0400] "GET /90555317120.htm HTTP/1.0" 200 89134 "-" "Mozilla/5.0 (compatible; SemrushBot/7~bl; +http://www.semrush.com/bot.html)"
