74.7.242.50 - - [02/May/2026:03:45:28 -0400] "GET /ulad111.php?fileloc=/var/www/vhosts/jcorrmechanical.com/httpdocs/test/python/test.html&path=/var/www/vhosts/jcorrmechanical.com/httpdocs/test/python HTTP/1.0" 200 18897 "https://jcorrmechanical.com/ulad111.php?path=/var/www/vhosts/jcorrmechanical.com/httpdocs/test/python" "Mozilla/5.0 AppleWebKit/537.36 (KHTML, like Gecko; compatible; GPTBot/1.3; +https://openai.com/gptbot)"
74.7.227.180 - - [02/May/2026:03:45:28 -0400] "GET /uncategorized/estrategias-ganadoras-para-combinar-juegos-de-mesa-con-bonus-en-casino-online-5/?fileloc=/var/www/vhosts/jcorrmechanical.com/httpdocs/wp-content/plugins/filester/includes/File_manager/lib/img/edit_codemirror.png&path=/var/www/vhosts/jcorrmechanical.com/httpdocs/wp-content/plugins/filester/includes/File_manager/lib/img HTTP/1.0" 200 17784 "https://www.jcorrmechanical.com/uncategorized/estrategias-ganadoras-para-combinar-juegos-de-mesa-con-bonus-en-casino-online-5/?path=/var/www/vhosts/jcorrmechanical.com/httpdocs/wp-content/plugins/filester/includes/File_manager/lib/img" "Mozilla/5.0 AppleWebKit/537.36 (KHTML, like Gecko; compatible; GPTBot/1.3; +https://openai.com/gptbot)"
74.7.242.50 - - [02/May/2026:03:45:28 -0400] "GET /geckos.php?fileloc=/var/www/vhosts/jcorrmechanical.com/httpdocs/img/logo.png&path=/var/www/vhosts/jcorrmechanical.com/httpdocs/img HTTP/1.0" 200 37618 "https://jcorrmechanical.com/geckos.php?path=/var/www/vhosts/jcorrmechanical.com/httpdocs/img" "Mozilla/5.0 AppleWebKit/537.36 (KHTML, like Gecko; compatible; GPTBot/1.3; +https://openai.com/gptbot)"
74.7.227.180 - - [02/May/2026:03:45:29 -0400] "GET /uncategorized/estrategias-ganadoras-para-combinar-juegos-de-mesa-con-bonus-en-casino-online-5/?fileloc=/var/www/vhosts/jcorrmechanical.com/httpdocs/wp-content/plugins/filester/includes/File_manager/lib/img/edit_simplemde.png&path=/var/www/vhosts/jcorrmechanical.com/httpdocs/wp-content/plugins/filester/includes/File_manager/lib/img HTTP/1.0" 200 17118 "https://www.jcorrmechanical.com/uncategorized/estrategias-ganadoras-para-combinar-juegos-de-mesa-con-bonus-en-casino-online-5/?path=/var/www/vhosts/jcorrmechanical.com/httpdocs/wp-content/plugins/filester/includes/File_manager/lib/img" "Mozilla/5.0 AppleWebKit/537.36 (KHTML, like Gecko; compatible; GPTBot/1.3; +https://openai.com/gptbot)"
74.7.242.50 - - [02/May/2026:03:45:29 -0400] "GET /tina.php?fileloc=/var/www/vhosts/jcorrmechanical.com/httpdocs/img/python.png&path=/var/www/vhosts/jcorrmechanical.com/httpdocs/img HTTP/1.0" 200 19909 "https://jcorrmechanical.com/tina.php?path=/var/www/vhosts/jcorrmechanical.com/httpdocs/img" "Mozilla/5.0 AppleWebKit/537.36 (KHTML, like Gecko; compatible; GPTBot/1.3; +https://openai.com/gptbot)"
74.7.242.50 - - [02/May/2026:03:45:29 -0400] "GET /configs.php?fileloc=/var/www/vhosts/jcorrmechanical.com/httpdocs/img/ssi.png&path=/var/www/vhosts/jcorrmechanical.com/httpdocs/img HTTP/1.0" 200 18620 "https://jcorrmechanical.com/configs.php?path=/var/www/vhosts/jcorrmechanical.com/httpdocs/img" "Mozilla/5.0 AppleWebKit/537.36 (KHTML, like Gecko; compatible; GPTBot/1.3; +https://openai.com/gptbot)"
74.7.227.180 - - [02/May/2026:03:45:29 -0400] "GET /uncategorized/estrategias-ganadoras-para-combinar-juegos-de-mesa-con-bonus-en-casino-online-5/?fileloc=/var/www/vhosts/jcorrmechanical.com/httpdocs/wp-content/plugins/filester/includes/File_manager/lib/img/dialogs.png&path=/var/www/vhosts/jcorrmechanical.com/httpdocs/wp-content/plugins/filester/includes/File_manager/lib/img HTTP/1.0" 200 27735 "https://www.jcorrmechanical.com/uncategorized/estrategias-ganadoras-para-combinar-juegos-de-mesa-con-bonus-en-casino-online-5/?path=/var/www/vhosts/jcorrmechanical.com/httpdocs/wp-content/plugins/filester/includes/File_manager/lib/img" "Mozilla/5.0 AppleWebKit/537.36 (KHTML, like Gecko; compatible; GPTBot/1.3; +https://openai.com/gptbot)"
74.7.227.180 - - [02/May/2026:03:45:30 -0400] "GET /uncategorized/7-estrategias-expertas-para-dominar-los-jackpots-en-vivo-este-san-valentin-con-casino-online-7/?fileloc=/var/www/vhosts/jcorrmechanical.com/httpdocs/wp-content/plugins/filester/includes/File_manager/lib/img/edit_onlineconvert.png&path=/var/www/vhosts/jcorrmechanical.com/httpdocs/wp-content/plugins/filester/includes/File_manager/lib/img HTTP/1.0" 200 18546 "https://www.jcorrmechanical.com/uncategorized/7-estrategias-expertas-para-dominar-los-jackpots-en-vivo-este-san-valentin-con-casino-online-7/?path=/var/www/vhosts/jcorrmechanical.com/httpdocs/wp-content/plugins/filester/includes/File_manager/lib/img" "Mozilla/5.0 AppleWebKit/537.36 (KHTML, like Gecko; compatible; GPTBot/1.3; +https://openai.com/gptbot)"
74.7.242.50 - - [02/May/2026:03:45:30 -0400] "GET /dup-installer/main.installer.php?fileloc=/var/www/vhosts/jcorrmechanical.com/httpdocs/wp-content/plugins/wp-file-manager/inc/images/root-directory-icon.png&path=/var/www/vhosts/jcorrmechanical.com/httpdocs/wp-content/plugins/wp-file-manager/inc/images HTTP/1.0" 200 18274 "https://jcorrmechanical.com/dup-installer/main.installer.php?path=/var/www/vhosts/jcorrmechanical.com/httpdocs/wp-content/plugins/wp-file-manager/inc/images" "Mozilla/5.0 AppleWebKit/537.36 (KHTML, like Gecko; compatible; GPTBot/1.3; +https://openai.com/gptbot)"
74.7.227.180 - - [02/May/2026:03:45:30 -0400] "GET /uncategorized/7-estrategias-expertas-para-dominar-los-jackpots-en-vivo-este-san-valentin-con-casino-online-7/?fileloc=/var/www/vhosts/jcorrmechanical.com/httpdocs/wp-content/plugins/filester/includes/File_manager/lib/img/edit_creativecloud.png&path=/var/www/vhosts/jcorrmechanical.com/httpdocs/wp-content/plugins/filester/includes/File_manager/lib/img HTTP/1.0" 200 18060 "https://www.jcorrmechanical.com/uncategorized/7-estrategias-expertas-para-dominar-los-jackpots-en-vivo-este-san-valentin-con-casino-online-7/?path=/var/www/vhosts/jcorrmechanical.com/httpdocs/wp-content/plugins/filester/includes/File_manager/lib/img" "Mozilla/5.0 AppleWebKit/537.36 (KHTML, like Gecko; compatible; GPTBot/1.3; +https://openai.com/gptbot)"
74.7.242.50 - - [02/May/2026:03:45:30 -0400] "GET /dup-installer/main.installer.php?fileloc=/var/www/vhosts/jcorrmechanical.com/httpdocs/wp-content/plugins/wp-file-manager/inc/images/app-store.png&path=/var/www/vhosts/jcorrmechanical.com/httpdocs/wp-content/plugins/wp-file-manager/inc/images HTTP/1.0" 200 39587 "https://jcorrmechanical.com/dup-installer/main.installer.php?path=/var/www/vhosts/jcorrmechanical.com/httpdocs/wp-content/plugins/wp-file-manager/inc/images" "Mozilla/5.0 AppleWebKit/537.36 (KHTML, like Gecko; compatible; GPTBot/1.3; +https://openai.com/gptbot)"
74.7.227.180 - - [02/May/2026:03:45:31 -0400] "GET /uncategorized/guia-definitiva-para-estudiantes-que-buscan-jugar-con-presupuesto-limitado-en-casino-online/?fileloc=/var/www/vhosts/jcorrmechanical.com/httpdocs/wp-content/fonts/montserrat/JTUQjIg1_i6t8kCHKm459WxRxy7mw9c.woff2&path=/var/www/vhosts/jcorrmechanical.com/httpdocs/wp-content/fonts/montserrat HTTP/1.0" 200 64373 "https://www.jcorrmechanical.com/uncategorized/guia-definitiva-para-estudiantes-que-buscan-jugar-con-presupuesto-limitado-en-casino-online/?path=/var/www/vhosts/jcorrmechanical.com/httpdocs/wp-content/fonts/montserrat" "Mozilla/5.0 AppleWebKit/537.36 (KHTML, like Gecko; compatible; GPTBot/1.3; +https://openai.com/gptbot)"
74.7.242.50 - - [02/May/2026:03:45:31 -0400] "GET /dup-installer/main.installer.php?fileloc=/var/www/vhosts/jcorrmechanical.com/httpdocs/wp-content/plugins/wp-file-manager/inc/images/google.png&path=/var/www/vhosts/jcorrmechanical.com/httpdocs/wp-content/plugins/wp-file-manager/inc/images HTTP/1.0" 200 43701 "https://jcorrmechanical.com/dup-installer/main.installer.php?path=/var/www/vhosts/jcorrmechanical.com/httpdocs/wp-content/plugins/wp-file-manager/inc/images" "Mozilla/5.0 AppleWebKit/537.36 (KHTML, like Gecko; compatible; GPTBot/1.3; +https://openai.com/gptbot)"
74.7.227.180 - - [02/May/2026:03:45:31 -0400] "GET /uncategorized/guia-definitiva-para-estudiantes-que-buscan-jugar-con-presupuesto-limitado-en-casino-online/?fileloc=/var/www/vhosts/jcorrmechanical.com/httpdocs/wp-content/fonts/montserrat/JTUQjIg1_i6t8kCHKm459WxRxi7mw9c.woff2&path=/var/www/vhosts/jcorrmechanical.com/httpdocs/wp-content/fonts/montserrat HTTP/1.0" 200 30939 "https://www.jcorrmechanical.com/uncategorized/guia-definitiva-para-estudiantes-que-buscan-jugar-con-presupuesto-limitado-en-casino-online/?path=/var/www/vhosts/jcorrmechanical.com/httpdocs/wp-content/fonts/montserrat" "Mozilla/5.0 AppleWebKit/537.36 (KHTML, like Gecko; compatible; GPTBot/1.3; +https://openai.com/gptbot)"
74.7.242.50 - - [02/May/2026:03:45:31 -0400] "GET /dup-installer/main.installer.php?fileloc=/var/www/vhosts/jcorrmechanical.com/httpdocs/wp-content/plugins/wp-file-manager/inc/images/fm-shortcode-icon.png&path=/var/www/vhosts/jcorrmechanical.com/httpdocs/wp-content/plugins/wp-file-manager/inc/images HTTP/1.0" 200 18719 "https://jcorrmechanical.com/dup-installer/main.installer.php?path=/var/www/vhosts/jcorrmechanical.com/httpdocs/wp-content/plugins/wp-file-manager/inc/images" "Mozilla/5.0 AppleWebKit/537.36 (KHTML, like Gecko; compatible; GPTBot/1.3; +https://openai.com/gptbot)"
74.7.227.180 - - [02/May/2026:03:45:32 -0400] "GET /uncategorized/guia-experta-para-jugar-en-movil-sin-agotar-la-bateria-con-casino-online-8/?fileloc=/var/www/vhosts/jcorrmechanical.com/httpdocs/wp-content/plugins/filester/includes/File_manager/lib/LICENSE.md&path=/var/www/vhosts/jcorrmechanical.com/httpdocs/wp-content/plugins/filester/includes/File_manager/lib HTTP/1.0" 200 18289 "https://www.jcorrmechanical.com/uncategorized/guia-experta-para-jugar-en-movil-sin-agotar-la-bateria-con-casino-online-8/?path=/var/www/vhosts/jcorrmechanical.com/httpdocs/wp-content/plugins/filester/includes/File_manager/lib" "Mozilla/5.0 AppleWebKit/537.36 (KHTML, like Gecko; compatible; GPTBot/1.3; +https://openai.com/gptbot)"
74.7.242.50 - - [02/May/2026:03:45:32 -0400] "GET /error.php?path=/var/www/vhosts/jcorrmechanical.com/.wp-cli/cache HTTP/1.0" 200 20808 "https://jcorrmechanical.com/error.php?path=/var/www/vhosts/jcorrmechanical.com/.wp-cli" "Mozilla/5.0 AppleWebKit/537.36 (KHTML, like Gecko; compatible; GPTBot/1.3; +https://openai.com/gptbot)"
85.208.96.206 - - [02/May/2026:03:45:32 -0400] "GET /40222325312.htm HTTP/1.0" 200 89134 "-" "Mozilla/5.0 (compatible; SemrushBot/7~bl; +http://www.semrush.com/bot.html)"
74.7.227.180 - - [02/May/2026:03:45:32 -0400] "GET /uncategorized/guia-experta-para-jugar-en-movil-sin-agotar-la-bateria-con-casino-online-8/?fileloc=/var/www/vhosts/jcorrmechanical.com/httpdocs/wp-content/plugins/filester/includes/File_manager/lib/README.md&path=/var/www/vhosts/jcorrmechanical.com/httpdocs/wp-content/plugins/filester/includes/File_manager/lib HTTP/1.0" 200 27600 "https://www.jcorrmechanical.com/uncategorized/guia-experta-para-jugar-en-movil-sin-agotar-la-bateria-con-casino-online-8/?path=/var/www/vhosts/jcorrmechanical.com/httpdocs/wp-content/plugins/filester/includes/File_manager/lib" "Mozilla/5.0 AppleWebKit/537.36 (KHTML, like Gecko; compatible; GPTBot/1.3; +https://openai.com/gptbot)"
74.7.242.50 - - [02/May/2026:03:45:32 -0400] "GET /maraz.php?fileloc=/var/www/vhosts/jcorrmechanical.com/httpdocs/img/.htaccess&path=/var/www/vhosts/jcorrmechanical.com/httpdocs/img HTTP/1.0" 200 16272 "https://jcorrmechanical.com/maraz.php?path=/var/www/vhosts/jcorrmechanical.com/httpdocs/img" "Mozilla/5.0 AppleWebKit/537.36 (KHTML, like Gecko; compatible; GPTBot/1.3; +https://openai.com/gptbot)"
74.7.227.180 - - [02/May/2026:03:45:33 -0400] "GET /uncategorized/guia-experta-para-jugar-en-movil-sin-agotar-la-bateria-con-casino-online-8/?fileloc=/var/www/vhosts/jcorrmechanical.com/httpdocs/wp-content/plugins/filester/includes/File_manager/lib/composer.json&path=/var/www/vhosts/jcorrmechanical.com/httpdocs/wp-content/plugins/filester/includes/File_manager/lib HTTP/1.0" 200 18538 "https://www.jcorrmechanical.com/uncategorized/guia-experta-para-jugar-en-movil-sin-agotar-la-bateria-con-casino-online-8/?path=/var/www/vhosts/jcorrmechanical.com/httpdocs/wp-content/plugins/filester/includes/File_manager/lib" "Mozilla/5.0 AppleWebKit/537.36 (KHTML, like Gecko; compatible; GPTBot/1.3; +https://openai.com/gptbot)"
74.7.242.50 - - [02/May/2026:03:45:33 -0400] "GET /lim.php?fileloc=/var/www/vhosts/jcorrmechanical.com/httpdocs/img/fastcgi.png&path=/var/www/vhosts/jcorrmechanical.com/httpdocs/img HTTP/1.0" 200 22126 "https://jcorrmechanical.com/lim.php?path=/var/www/vhosts/jcorrmechanical.com/httpdocs/img" "Mozilla/5.0 AppleWebKit/537.36 (KHTML, like Gecko; compatible; GPTBot/1.3; +https://openai.com/gptbot)"
74.7.227.180 - - [02/May/2026:03:45:33 -0400] "GET /uncategorized/guia-experta-para-jugar-en-movil-sin-agotar-la-bateria-con-casino-online-8/?fileloc=/var/www/vhosts/jcorrmechanical.com/httpdocs/wp-content/plugins/filester/includes/File_manager/lib/main.default.js&path=/var/www/vhosts/jcorrmechanical.com/httpdocs/wp-content/plugins/filester/includes/File_manager/lib HTTP/1.0" 200 24330 "https://www.jcorrmechanical.com/uncategorized/guia-experta-para-jugar-en-movil-sin-agotar-la-bateria-con-casino-online-8/?path=/var/www/vhosts/jcorrmechanical.com/httpdocs/wp-content/plugins/filester/includes/File_manager/lib" "Mozilla/5.0 AppleWebKit/537.36 (KHTML, like Gecko; compatible; GPTBot/1.3; +https://openai.com/gptbot)"
74.7.242.50 - - [02/May/2026:03:45:33 -0400] "GET /trknish.php?fileloc=/var/www/vhosts/jcorrmechanical.com/httpdocs/img/ssi.png&path=/var/www/vhosts/jcorrmechanical.com/httpdocs/img HTTP/1.0" 200 18620 "https://jcorrmechanical.com/trknish.php?path=/var/www/vhosts/jcorrmechanical.com/httpdocs/img" "Mozilla/5.0 AppleWebKit/537.36 (KHTML, like Gecko; compatible; GPTBot/1.3; +https://openai.com/gptbot)"
85.208.96.205 - - [02/May/2026:03:45:34 -0400] "GET /4022225881.htm HTTP/1.0" 200 89134 "-" "Mozilla/5.0 (compatible; SemrushBot/7~bl; +http://www.semrush.com/bot.html)"
74.7.227.180 - - [02/May/2026:03:45:34 -0400] "GET /uncategorized/guia-experta-para-jugar-en-movil-sin-agotar-la-bateria-con-casino-online-8/?fileloc=/var/www/vhosts/jcorrmechanical.com/httpdocs/wp-content/plugins/filester/includes/File_manager/lib/Changelog&path=/var/www/vhosts/jcorrmechanical.com/httpdocs/wp-content/plugins/filester/includes/File_manager/lib HTTP/1.0" 200 89294 "https://www.jcorrmechanical.com/uncategorized/guia-experta-para-jugar-en-movil-sin-agotar-la-bateria-con-casino-online-8/?path=/var/www/vhosts/jcorrmechanical.com/httpdocs/wp-content/plugins/filester/includes/File_manager/lib" "Mozilla/5.0 AppleWebKit/537.36 (KHTML, like Gecko; compatible; GPTBot/1.3; +https://openai.com/gptbot)"
74.7.242.50 - - [02/May/2026:03:45:34 -0400] "GET /phpinfo?fileloc=/var/www/vhosts/jcorrmechanical.com/httpdocs/img/php.png&path=/var/www/vhosts/jcorrmechanical.com/httpdocs/img HTTP/1.0" 200 20454 "https://jcorrmechanical.com/phpinfo?path=/var/www/vhosts/jcorrmechanical.com/httpdocs/img" "Mozilla/5.0 AppleWebKit/537.36 (KHTML, like Gecko; compatible; GPTBot/1.3; +https://openai.com/gptbot)"
74.7.227.180 - - [02/May/2026:03:45:34 -0400] "GET /uncategorized/guia-experta-para-jugar-en-movil-sin-agotar-la-bateria-con-casino-online-8/?fileloc=/var/www/vhosts/jcorrmechanical.com/httpdocs/wp-content/plugins/filester/includes/File_manager/lib/package.json&path=/var/www/vhosts/jcorrmechanical.com/httpdocs/wp-content/plugins/filester/includes/File_manager/lib HTTP/1.0" 200 17363 "https://www.jcorrmechanical.com/uncategorized/guia-experta-para-jugar-en-movil-sin-agotar-la-bateria-con-casino-online-8/?path=/var/www/vhosts/jcorrmechanical.com/httpdocs/wp-content/plugins/filester/includes/File_manager/lib" "Mozilla/5.0 AppleWebKit/537.36 (KHTML, like Gecko; compatible; GPTBot/1.3; +https://openai.com/gptbot)"
74.7.242.50 - - [02/May/2026:03:45:34 -0400] "GET /worksec.php?fileloc=/var/www/vhosts/jcorrmechanical.com/httpdocs/img/ssi.png&path=/var/www/vhosts/jcorrmechanical.com/httpdocs/img HTTP/1.0" 200 18620 "https://jcorrmechanical.com/worksec.php?path=/var/www/vhosts/jcorrmechanical.com/httpdocs/img" "Mozilla/5.0 AppleWebKit/537.36 (KHTML, like Gecko; compatible; GPTBot/1.3; +https://openai.com/gptbot)"
185.191.171.14 - - [02/May/2026:03:45:34 -0400] "GET /39056106059.htm HTTP/1.0" 200 89134 "-" "Mozilla/5.0 (compatible; SemrushBot/7~bl; +http://www.semrush.com/bot.html)"
74.7.227.180 - - [02/May/2026:03:45:35 -0400] "GET /uncategorized/guia-experta-para-jugar-en-movil-sin-agotar-la-bateria-con-casino-online-8/?fileloc=/var/www/vhosts/jcorrmechanical.com/httpdocs/wp-content/plugins/filester/includes/File_manager/lib/bower.json&path=/var/www/vhosts/jcorrmechanical.com/httpdocs/wp-content/plugins/filester/includes/File_manager/lib HTTP/1.0" 200 17696 "https://www.jcorrmechanical.com/uncategorized/guia-experta-para-jugar-en-movil-sin-agotar-la-bateria-con-casino-online-8/?path=/var/www/vhosts/jcorrmechanical.com/httpdocs/wp-content/plugins/filester/includes/File_manager/lib" "Mozilla/5.0 AppleWebKit/537.36 (KHTML, like Gecko; compatible; GPTBot/1.3; +https://openai.com/gptbot)"
74.7.242.50 - - [02/May/2026:03:45:35 -0400] "GET /xmlrpc.php?fileloc=/var/www/vhosts/jcorrmechanical.com/httpdocs/img/logo.png&path=/var/www/vhosts/jcorrmechanical.com/httpdocs/img HTTP/1.0" 200 37618 "https://jcorrmechanical.com/xmlrpc.php?path=/var/www/vhosts/jcorrmechanical.com/httpdocs/img" "Mozilla/5.0 AppleWebKit/537.36 (KHTML, like Gecko; compatible; GPTBot/1.3; +https://openai.com/gptbot)"
74.7.227.180 - - [02/May/2026:03:45:35 -0400] "GET /uncategorized/guia-experta-para-jugar-en-movil-sin-agotar-la-bateria-con-casino-online-8/?path=/var/www/vhosts/jcorrmechanical.com/httpdocs/wp-content/plugins/filester/includes/File_manager/lib/sounds HTTP/1.0" 200 18980 "https://www.jcorrmechanical.com/uncategorized/guia-experta-para-jugar-en-movil-sin-agotar-la-bateria-con-casino-online-8/?path=/var/www/vhosts/jcorrmechanical.com/httpdocs/wp-content/plugins/filester/includes/File_manager/lib" "Mozilla/5.0 AppleWebKit/537.36 (KHTML, like Gecko; compatible; GPTBot/1.3; +https://openai.com/gptbot)"
74.7.242.50 - - [02/May/2026:03:45:35 -0400] "GET /gfg.php?fileloc=/var/www/vhosts/jcorrmechanical.com/httpdocs/img/fastcgi.png&path=/var/www/vhosts/jcorrmechanical.com/httpdocs/img HTTP/1.0" 200 22126 "https://jcorrmechanical.com/gfg.php?path=/var/www/vhosts/jcorrmechanical.com/httpdocs/img" "Mozilla/5.0 AppleWebKit/537.36 (KHTML, like Gecko; compatible; GPTBot/1.3; +https://openai.com/gptbot)"
74.7.227.180 - - [02/May/2026:03:45:36 -0400] "GET /uncategorized/guia-experta-para-jugar-en-movil-sin-agotar-la-bateria-con-casino-online-8/?path=/var/www/vhosts/jcorrmechanical.com/httpdocs/wp-content/plugins/filester/includes/File_manager/lib/img HTTP/1.0" 200 113908 "https://www.jcorrmechanical.com/uncategorized/guia-experta-para-jugar-en-movil-sin-agotar-la-bateria-con-casino-online-8/?path=/var/www/vhosts/jcorrmechanical.com/httpdocs/wp-content/plugins/filester/includes/File_manager/lib" "Mozilla/5.0 AppleWebKit/537.36 (KHTML, like Gecko; compatible; GPTBot/1.3; +https://openai.com/gptbot)"
74.7.242.50 - - [02/May/2026:03:45:36 -0400] "GET /favicon.php?fileloc=/var/www/vhosts/jcorrmechanical.com/httpdocs/img/ssi.png&path=/var/www/vhosts/jcorrmechanical.com/httpdocs/img HTTP/1.0" 200 18620 "https://jcorrmechanical.com/favicon.php?path=/var/www/vhosts/jcorrmechanical.com/httpdocs/img" "Mozilla/5.0 AppleWebKit/537.36 (KHTML, like Gecko; compatible; GPTBot/1.3; +https://openai.com/gptbot)"
74.7.227.180 - - [02/May/2026:03:45:36 -0400] "GET /uncategorized/guia-experta-para-jugar-en-movil-sin-agotar-la-bateria-con-casino-online-8/?path=/var/www/vhosts/jcorrmechanical.com/httpdocs/wp-content/plugins/filester/includes/File_manager/lib/js HTTP/1.0" 200 27167 "https://www.jcorrmechanical.com/uncategorized/guia-experta-para-jugar-en-movil-sin-agotar-la-bateria-con-casino-online-8/?path=/var/www/vhosts/jcorrmechanical.com/httpdocs/wp-content/plugins/filester/includes/File_manager/lib" "Mozilla/5.0 AppleWebKit/537.36 (KHTML, like Gecko; compatible; GPTBot/1.3; +https://openai.com/gptbot)"
74.7.242.50 - - [02/May/2026:03:45:37 -0400] "GET /mna.php?fileloc=/var/www/vhosts/jcorrmechanical.com/httpdocs/img/twitter.png&path=/var/www/vhosts/jcorrmechanical.com/httpdocs/img HTTP/1.0" 200 19790 "https://jcorrmechanical.com/mna.php?path=/var/www/vhosts/jcorrmechanical.com/httpdocs/img" "Mozilla/5.0 AppleWebKit/537.36 (KHTML, like Gecko; compatible; GPTBot/1.3; +https://openai.com/gptbot)"
74.7.227.180 - - [02/May/2026:03:45:37 -0400] "GET /uncategorized/guia-experta-para-jugar-en-movil-sin-agotar-la-bateria-con-casino-online-8/?path=/var/www/vhosts/jcorrmechanical.com/httpdocs/wp-content/plugins/filester/includes/File_manager/lib/jquery HTTP/1.0" 200 24317 "https://www.jcorrmechanical.com/uncategorized/guia-experta-para-jugar-en-movil-sin-agotar-la-bateria-con-casino-online-8/?path=/var/www/vhosts/jcorrmechanical.com/httpdocs/wp-content/plugins/filester/includes/File_manager/lib" "Mozilla/5.0 AppleWebKit/537.36 (KHTML, like Gecko; compatible; GPTBot/1.3; +https://openai.com/gptbot)"
74.7.242.50 - - [02/May/2026:03:45:37 -0400] "GET /error.php?path=/var/www/vhosts/jcorrmechanical.com/.wp-cli/cache/core HTTP/1.0" 200 16575 "https://jcorrmechanical.com/error.php?path=/var/www/vhosts/jcorrmechanical.com/.wp-cli/cache" "Mozilla/5.0 AppleWebKit/537.36 (KHTML, like Gecko; compatible; GPTBot/1.3; +https://openai.com/gptbot)"
74.7.227.180 - - [02/May/2026:03:45:37 -0400] "GET /uncategorized/guia-experta-para-jugar-en-movil-sin-agotar-la-bateria-con-casino-online-8/?path=/var/www/vhosts/jcorrmechanical.com/httpdocs/wp-content/plugins/filester/includes/File_manager/lib/themes HTTP/1.0" 200 28551 "https://www.jcorrmechanical.com/uncategorized/guia-experta-para-jugar-en-movil-sin-agotar-la-bateria-con-casino-online-8/?path=/var/www/vhosts/jcorrmechanical.com/httpdocs/wp-content/plugins/filester/includes/File_manager/lib" "Mozilla/5.0 AppleWebKit/537.36 (KHTML, like Gecko; compatible; GPTBot/1.3; +https://openai.com/gptbot)"
74.7.242.50 - - [02/May/2026:03:45:38 -0400] "GET /ppk.php?fileloc=/var/www/vhosts/jcorrmechanical.com/httpdocs/img/twitter.png&path=/var/www/vhosts/jcorrmechanical.com/httpdocs/img HTTP/1.0" 200 19790 "https://jcorrmechanical.com/ppk.php?path=/var/www/vhosts/jcorrmechanical.com/httpdocs/img" "Mozilla/5.0 AppleWebKit/537.36 (KHTML, like Gecko; compatible; GPTBot/1.3; +https://openai.com/gptbot)"
74.7.227.180 - - [02/May/2026:03:45:38 -0400] "GET /uncategorized/guia-experta-para-jugar-en-movil-sin-agotar-la-bateria-con-casino-online-8/?path=/var/www/vhosts/jcorrmechanical.com/httpdocs/wp-content/plugins/filester/includes/File_manager/lib/files HTTP/1.0" 200 22192 "https://www.jcorrmechanical.com/uncategorized/guia-experta-para-jugar-en-movil-sin-agotar-la-bateria-con-casino-online-8/?path=/var/www/vhosts/jcorrmechanical.com/httpdocs/wp-content/plugins/filester/includes/File_manager/lib" "Mozilla/5.0 AppleWebKit/537.36 (KHTML, like Gecko; compatible; GPTBot/1.3; +https://openai.com/gptbot)"
74.7.242.50 - - [02/May/2026:03:45:38 -0400] "GET /trx.php?fileloc=/var/www/vhosts/jcorrmechanical.com/httpdocs/img/fastcgi.png&path=/var/www/vhosts/jcorrmechanical.com/httpdocs/img HTTP/1.0" 200 22126 "https://jcorrmechanical.com/trx.php?path=/var/www/vhosts/jcorrmechanical.com/httpdocs/img" "Mozilla/5.0 AppleWebKit/537.36 (KHTML, like Gecko; compatible; GPTBot/1.3; +https://openai.com/gptbot)"
74.7.227.180 - - [02/May/2026:03:45:38 -0400] "GET /uncategorized/guia-experta-para-jugar-en-movil-sin-agotar-la-bateria-con-casino-online-8/?path=/var/www/vhosts/jcorrmechanical.com/httpdocs/wp-content/plugins/filester/includes/File_manager/lib/php HTTP/1.0" 200 64563 "https://www.jcorrmechanical.com/uncategorized/guia-experta-para-jugar-en-movil-sin-agotar-la-bateria-con-casino-online-8/?path=/var/www/vhosts/jcorrmechanical.com/httpdocs/wp-content/plugins/filester/includes/File_manager/lib" "Mozilla/5.0 AppleWebKit/537.36 (KHTML, like Gecko; compatible; GPTBot/1.3; +https://openai.com/gptbot)"
74.7.242.50 - - [02/May/2026:03:45:39 -0400] "GET /ppk.php?fileloc=/var/www/vhosts/jcorrmechanical.com/httpdocs/img/fastcgi.png&path=/var/www/vhosts/jcorrmechanical.com/httpdocs/img HTTP/1.0" 200 22126 "https://jcorrmechanical.com/ppk.php?path=/var/www/vhosts/jcorrmechanical.com/httpdocs/img" "Mozilla/5.0 AppleWebKit/537.36 (KHTML, like Gecko; compatible; GPTBot/1.3; +https://openai.com/gptbot)"
74.7.227.180 - - [02/May/2026:03:45:39 -0400] "GET /uncategorized/guia-definitiva-para-estudiantes-que-buscan-jugar-con-presupuesto-limitado-en-casino-online/?fileloc=/var/www/vhosts/jcorrmechanical.com/httpdocs/wp-content/fonts/montserrat/JTUQjIg1_i6t8kCHKm459WxRxC7mw9c.woff2&path=/var/www/vhosts/jcorrmechanical.com/httpdocs/wp-content/fonts/montserrat HTTP/1.0" 200 60081 "https://www.jcorrmechanical.com/uncategorized/guia-definitiva-para-estudiantes-que-buscan-jugar-con-presupuesto-limitado-en-casino-online/?path=/var/www/vhosts/jcorrmechanical.com/httpdocs/wp-content/fonts/montserrat" "Mozilla/5.0 AppleWebKit/537.36 (KHTML, like Gecko; compatible; GPTBot/1.3; +https://openai.com/gptbot)"
74.7.242.50 - - [02/May/2026:03:45:39 -0400] "GET /gfg.php?fileloc=/var/www/vhosts/jcorrmechanical.com/httpdocs/img/twitter.png&path=/var/www/vhosts/jcorrmechanical.com/httpdocs/img HTTP/1.0" 200 19790 "https://jcorrmechanical.com/gfg.php?path=/var/www/vhosts/jcorrmechanical.com/httpdocs/img" "Mozilla/5.0 AppleWebKit/537.36 (KHTML, like Gecko; compatible; GPTBot/1.3; +https://openai.com/gptbot)"
74.7.227.180 - - [02/May/2026:03:45:40 -0400] "GET /uncategorized/guia-definitiva-para-estudiantes-que-buscan-jugar-con-presupuesto-limitado-en-casino-online/?fileloc=/var/www/vhosts/jcorrmechanical.com/httpdocs/wp-content/fonts/montserrat/JTUQjIg1_i6t8kCHKm459WxRzS7mw9c.woff2&path=/var/www/vhosts/jcorrmechanical.com/httpdocs/wp-content/fonts/montserrat HTTP/1.0" 200 56799 "https://www.jcorrmechanical.com/uncategorized/guia-definitiva-para-estudiantes-que-buscan-jugar-con-presupuesto-limitado-en-casino-online/?path=/var/www/vhosts/jcorrmechanical.com/httpdocs/wp-content/fonts/montserrat" "Mozilla/5.0 AppleWebKit/537.36 (KHTML, like Gecko; compatible; GPTBot/1.3; +https://openai.com/gptbot)"
74.7.242.50 - - [02/May/2026:03:45:40 -0400] "GET /mna.php?fileloc=/var/www/vhosts/jcorrmechanical.com/httpdocs/img/fastcgi.png&path=/var/www/vhosts/jcorrmechanical.com/httpdocs/img HTTP/1.0" 200 22126 "https://jcorrmechanical.com/mna.php?path=/var/www/vhosts/jcorrmechanical.com/httpdocs/img" "Mozilla/5.0 AppleWebKit/537.36 (KHTML, like Gecko; compatible; GPTBot/1.3; +https://openai.com/gptbot)"
74.7.227.180 - - [02/May/2026:03:45:40 -0400] "GET /uncategorized/8-estrategias-infalibles-para-maximizar-tus-bonos-en-casino-online-4/?path=/var/www/vhosts/jcorrmechanical.com/httpdocs/wp-admin HTTP/1.0" 200 178393 "https://www.jcorrmechanical.com/uncategorized/8-estrategias-infalibles-para-maximizar-tus-bonos-en-casino-online-4/" "Mozilla/5.0 AppleWebKit/537.36 (KHTML, like Gecko; compatible; GPTBot/1.3; +https://openai.com/gptbot)"
74.7.242.50 - - [02/May/2026:03:45:40 -0400] "GET /ultra.php?fileloc=/var/www/vhosts/jcorrmechanical.com/httpdocs/img/.htaccess&path=/var/www/vhosts/jcorrmechanical.com/httpdocs/img HTTP/1.0" 200 16272 "https://jcorrmechanical.com/ultra.php?path=/var/www/vhosts/jcorrmechanical.com/httpdocs/img" "Mozilla/5.0 AppleWebKit/537.36 (KHTML, like Gecko; compatible; GPTBot/1.3; +https://openai.com/gptbot)"
51.222.95.139 - - [02/May/2026:03:45:40 -0400] "GET /56847100916.htm HTTP/1.0" 200 89134 "-" "Mozilla/5.0 (compatible; AhrefsBot/7.0; +http://ahrefs.com/robot/)"
74.7.227.180 - - [02/May/2026:03:45:41 -0400] "GET /uncategorized/asistencia-hibrida-en-casino-online-ia-y-agentes-humanos-al-servicio-de-los-jugadores-de-slots-2/?fileloc=/var/www/vhosts/jcorrmechanical.com/httpdocs/wp-includes/blocks/comment-content.php&path=/var/www/vhosts/jcorrmechanical.com/httpdocs/wp-includes/blocks HTTP/1.0" 200 19111 "https://www.jcorrmechanical.com/uncategorized/asistencia-hibrida-en-casino-online-ia-y-agentes-humanos-al-servicio-de-los-jugadores-de-slots-2/?path=/var/www/vhosts/jcorrmechanical.com/httpdocs/wp-includes/blocks" "Mozilla/5.0 AppleWebKit/537.36 (KHTML, like Gecko; compatible; GPTBot/1.3; +https://openai.com/gptbot)"
74.7.242.50 - - [02/May/2026:03:45:41 -0400] "GET /trx.php?fileloc=/var/www/vhosts/jcorrmechanical.com/httpdocs/img/twitter.png&path=/var/www/vhosts/jcorrmechanical.com/httpdocs/img HTTP/1.0" 200 19790 "https://jcorrmechanical.com/trx.php?path=/var/www/vhosts/jcorrmechanical.com/httpdocs/img" "Mozilla/5.0 AppleWebKit/537.36 (KHTML, like Gecko; compatible; GPTBot/1.3; +https://openai.com/gptbot)"
74.7.227.180 - - [02/May/2026:03:45:41 -0400] "GET /uncategorized/guia-experta-para-jugar-en-movil-sin-agotar-la-bateria-con-casino-online-8/?fileloc=/var/www/vhosts/jcorrmechanical.com/httpdocs/wp-content/plugins/filester/includes/File_manager/lib/sounds/rm.wav&path=/var/www/vhosts/jcorrmechanical.com/httpdocs/wp-content/plugins/filester/includes/File_manager/lib/sounds HTTP/1.0" 200 163491 "https://www.jcorrmechanical.com/uncategorized/guia-experta-para-jugar-en-movil-sin-agotar-la-bateria-con-casino-online-8/?path=/var/www/vhosts/jcorrmechanical.com/httpdocs/wp-content/plugins/filester/includes/File_manager/lib/sounds" "Mozilla/5.0 AppleWebKit/537.36 (KHTML, like Gecko; compatible; GPTBot/1.3; +https://openai.com/gptbot)"
74.7.242.50 - - [02/May/2026:03:45:41 -0400] "GET /txets.php?fileloc=/var/www/vhosts/jcorrmechanical.com/httpdocs/img/.htaccess&path=/var/www/vhosts/jcorrmechanical.com/httpdocs/img HTTP/1.0" 200 16272 "https://jcorrmechanical.com/txets.php?path=/var/www/vhosts/jcorrmechanical.com/httpdocs/img" "Mozilla/5.0 AppleWebKit/537.36 (KHTML, like Gecko; compatible; GPTBot/1.3; +https://openai.com/gptbot)"
74.7.227.180 - - [02/May/2026:03:45:42 -0400] "GET /uncategorized/guia-experta-para-jugar-en-movil-sin-agotar-la-bateria-con-casino-online-8/?fileloc=/var/www/vhosts/jcorrmechanical.com/httpdocs/wp-content/plugins/filester/includes/File_manager/lib/img/arrows-active.png&path=/var/www/vhosts/jcorrmechanical.com/httpdocs/wp-content/plugins/filester/includes/File_manager/lib/img HTTP/1.0" 200 17123 "https://www.jcorrmechanical.com/uncategorized/guia-experta-para-jugar-en-movil-sin-agotar-la-bateria-con-casino-online-8/?path=/var/www/vhosts/jcorrmechanical.com/httpdocs/wp-content/plugins/filester/includes/File_manager/lib/img" "Mozilla/5.0 AppleWebKit/537.36 (KHTML, like Gecko; compatible; GPTBot/1.3; +https://openai.com/gptbot)"
74.7.242.50 - - [02/May/2026:03:45:42 -0400] "GET /upload.php?fileloc=/var/www/vhosts/jcorrmechanical.com/httpdocs/img/logo.png&path=/var/www/vhosts/jcorrmechanical.com/httpdocs/img HTTP/1.0" 200 37618 "https://jcorrmechanical.com/upload.php?path=/var/www/vhosts/jcorrmechanical.com/httpdocs/img" "Mozilla/5.0 AppleWebKit/537.36 (KHTML, like Gecko; compatible; GPTBot/1.3; +https://openai.com/gptbot)"
74.7.227.180 - - [02/May/2026:03:45:42 -0400] "GET /uncategorized/guia-experta-para-jugar-en-movil-sin-agotar-la-bateria-con-casino-online-8/?path=/var/www/vhosts/jcorrmechanical.com/httpdocs/wp-content/plugins/filester/includes/File_manager/lib/js/extras HTTP/1.0" 200 24794 "https://www.jcorrmechanical.com/uncategorized/guia-experta-para-jugar-en-movil-sin-agotar-la-bateria-con-casino-online-8/?path=/var/www/vhosts/jcorrmechanical.com/httpdocs/wp-content/plugins/filester/includes/File_manager/lib/js" "Mozilla/5.0 AppleWebKit/537.36 (KHTML, like Gecko; compatible; GPTBot/1.3; +https://openai.com/gptbot)"
74.7.242.50 - - [02/May/2026:03:45:42 -0400] "GET /xmlrpc.php?fileloc=/var/www/vhosts/jcorrmechanical.com/httpdocs/img/perl.png&path=/var/www/vhosts/jcorrmechanical.com/httpdocs/img HTTP/1.0" 200 20692 "https://jcorrmechanical.com/xmlrpc.php?path=/var/www/vhosts/jcorrmechanical.com/httpdocs/img" "Mozilla/5.0 AppleWebKit/537.36 (KHTML, like Gecko; compatible; GPTBot/1.3; +https://openai.com/gptbot)"
74.7.227.180 - - [02/May/2026:03:45:43 -0400] "GET /uncategorized/guia-experta-para-jugar-en-movil-sin-agotar-la-bateria-con-casino-online-8/?fileloc=/var/www/vhosts/jcorrmechanical.com/httpdocs/wp-content/plugins/filester/includes/File_manager/lib/jquery/jquery-ui.min.js&path=/var/www/vhosts/jcorrmechanical.com/httpdocs/wp-content/plugins/filester/includes/File_manager/lib/jquery HTTP/1.0" 200 315903 "https://www.jcorrmechanical.com/uncategorized/guia-experta-para-jugar-en-movil-sin-agotar-la-bateria-con-casino-online-8/?path=/var/www/vhosts/jcorrmechanical.com/httpdocs/wp-content/plugins/filester/includes/File_manager/lib/jquery" "Mozilla/5.0 AppleWebKit/537.36 (KHTML, like Gecko; compatible; GPTBot/1.3; +https://openai.com/gptbot)"
73.28.90.32 - - [02/May/2026:03:45:43 -0400] "GET /90555175921.htm HTTP/1.0" 200 89134 "-" "Mozilla/5.0 (Macintosh; Intel Mac OS X 10_15_7) AppleWebKit/537.36 (KHTML, like Gecko) Chrome/119.0.0.0 Safari/537.36"
74.7.242.50 - - [02/May/2026:03:45:43 -0400] "GET /phpinfo.php?fileloc=/var/www/vhosts/jcorrmechanical.com/httpdocs/img/ssi.png&path=/var/www/vhosts/jcorrmechanical.com/httpdocs/img HTTP/1.0" 200 18620 "https://jcorrmechanical.com/phpinfo.php?path=/var/www/vhosts/jcorrmechanical.com/httpdocs/img" "Mozilla/5.0 AppleWebKit/537.36 (KHTML, like Gecko; compatible; GPTBot/1.3; +https://openai.com/gptbot)"
74.7.227.180 - - [02/May/2026:03:45:43 -0400] "GET /uncategorized/guia-experta-para-jugar-en-movil-sin-agotar-la-bateria-con-casino-online-8/?path=/var/www/vhosts/jcorrmechanical.com/httpdocs/wp-content/plugins/filester/includes/File_manager/lib/themes/Default HTTP/1.0" 200 18951 "https://www.jcorrmechanical.com/uncategorized/guia-experta-para-jugar-en-movil-sin-agotar-la-bateria-con-casino-online-8/?path=/var/www/vhosts/jcorrmechanical.com/httpdocs/wp-content/plugins/filester/includes/File_manager/lib/themes" "Mozilla/5.0 AppleWebKit/537.36 (KHTML, like Gecko; compatible; GPTBot/1.3; +https://openai.com/gptbot)"
74.7.242.50 - - [02/May/2026:03:45:43 -0400] "GET /script.php?fileloc=/var/www/vhosts/jcorrmechanical.com/httpdocs/img/perl.png&path=/var/www/vhosts/jcorrmechanical.com/httpdocs/img HTTP/1.0" 200 20692 "https://jcorrmechanical.com/script.php?path=/var/www/vhosts/jcorrmechanical.com/httpdocs/img" "Mozilla/5.0 AppleWebKit/537.36 (KHTML, like Gecko; compatible; GPTBot/1.3; +https://openai.com/gptbot)"
74.7.227.180 - - [02/May/2026:03:45:44 -0400] "GET /uncategorized/guia-experta-para-jugar-en-movil-sin-agotar-la-bateria-con-casino-online-8/?path=/var/www/vhosts/jcorrmechanical.com/httpdocs/wp-content/plugins/filester/includes/File_manager/lib/themes/Material-Light HTTP/1.0" 200 22301 "https://www.jcorrmechanical.com/uncategorized/guia-experta-para-jugar-en-movil-sin-agotar-la-bateria-con-casino-online-8/?path=/var/www/vhosts/jcorrmechanical.com/httpdocs/wp-content/plugins/filester/includes/File_manager/lib/themes" "Mozilla/5.0 AppleWebKit/537.36 (KHTML, like Gecko; compatible; GPTBot/1.3; +https://openai.com/gptbot)"
74.7.242.50 - - [02/May/2026:03:45:44 -0400] "GET /script.php?fileloc=/var/www/vhosts/jcorrmechanical.com/httpdocs/img/logo.png&path=/var/www/vhosts/jcorrmechanical.com/httpdocs/img HTTP/1.0" 200 37618 "https://jcorrmechanical.com/script.php?path=/var/www/vhosts/jcorrmechanical.com/httpdocs/img" "Mozilla/5.0 AppleWebKit/537.36 (KHTML, like Gecko; compatible; GPTBot/1.3; +https://openai.com/gptbot)"
74.7.227.180 - - [02/May/2026:03:45:44 -0400] "GET /uncategorized/guia-experta-para-jugar-en-movil-sin-agotar-la-bateria-con-casino-online-8/?path=/var/www/vhosts/jcorrmechanical.com/httpdocs/wp-content/plugins/filester/includes/File_manager/lib/php/plugins HTTP/1.0" 200 27165 "https://www.jcorrmechanical.com/uncategorized/guia-experta-para-jugar-en-movil-sin-agotar-la-bateria-con-casino-online-8/?path=/var/www/vhosts/jcorrmechanical.com/httpdocs/wp-content/plugins/filester/includes/File_manager/lib/php" "Mozilla/5.0 AppleWebKit/537.36 (KHTML, like Gecko; compatible; GPTBot/1.3; +https://openai.com/gptbot)"
74.7.242.50 - - [02/May/2026:03:45:44 -0400] "GET /geckos.php?fileloc=/var/www/vhosts/jcorrmechanical.com/httpdocs/img/perl.png&path=/var/www/vhosts/jcorrmechanical.com/httpdocs/img HTTP/1.0" 200 20692 "https://jcorrmechanical.com/geckos.php?path=/var/www/vhosts/jcorrmechanical.com/httpdocs/img" "Mozilla/5.0 AppleWebKit/537.36 (KHTML, like Gecko; compatible; GPTBot/1.3; +https://openai.com/gptbot)"
74.7.227.180 - - [02/May/2026:03:45:45 -0400] "GET /uncategorized/guia-experta-para-jugar-en-movil-sin-agotar-la-bateria-con-casino-online-8/?path=/var/www/vhosts/jcorrmechanical.com/httpdocs/wp-content/plugins/filester/includes/File_manager/lib/themes/Material HTTP/1.0" 200 22235 "https://www.jcorrmechanical.com/uncategorized/guia-experta-para-jugar-en-movil-sin-agotar-la-bateria-con-casino-online-8/?path=/var/www/vhosts/jcorrmechanical.com/httpdocs/wp-content/plugins/filester/includes/File_manager/lib/themes" "Mozilla/5.0 AppleWebKit/537.36 (KHTML, like Gecko; compatible; GPTBot/1.3; +https://openai.com/gptbot)"
74.7.242.50 - - [02/May/2026:03:45:45 -0400] "GET /.env.local?fileloc=/var/www/vhosts/jcorrmechanical.com/httpdocs/.htaccess&path=/var/www/vhosts/jcorrmechanical.com/httpdocs HTTP/1.0" 200 16255 "https://jcorrmechanical.com/.env.local" "Mozilla/5.0 AppleWebKit/537.36 (KHTML, like Gecko; compatible; GPTBot/1.3; +https://openai.com/gptbot)"
74.7.227.180 - - [02/May/2026:03:45:45 -0400] "GET /uncategorized/guia-experta-para-jugar-en-movil-sin-agotar-la-bateria-con-casino-online-8/?fileloc=/var/www/vhosts/jcorrmechanical.com/httpdocs/wp-content/plugins/filester/includes/File_manager/lib/jquery/jquery-ui-old.min.js&path=/var/www/vhosts/jcorrmechanical.com/httpdocs/wp-content/plugins/filester/includes/File_manager/lib/jquery HTTP/1.0" 200 301810 "https://www.jcorrmechanical.com/uncategorized/guia-experta-para-jugar-en-movil-sin-agotar-la-bateria-con-casino-online-8/?path=/var/www/vhosts/jcorrmechanical.com/httpdocs/wp-content/plugins/filester/includes/File_manager/lib/jquery" "Mozilla/5.0 AppleWebKit/537.36 (KHTML, like Gecko; compatible; GPTBot/1.3; +https://openai.com/gptbot)"
74.7.242.50 - - [02/May/2026:03:45:46 -0400] "GET /.env?fileloc=/var/www/vhosts/jcorrmechanical.com/httpdocs/.htaccess&path=/var/www/vhosts/jcorrmechanical.com/httpdocs HTTP/1.0" 200 16255 "https://jcorrmechanical.com/.env" "Mozilla/5.0 AppleWebKit/537.36 (KHTML, like Gecko; compatible; GPTBot/1.3; +https://openai.com/gptbot)"
74.7.227.180 - - [02/May/2026:03:45:46 -0400] "GET /uncategorized/8-estrategias-infalibles-para-maximizar-tus-bonos-en-casino-online-4/?fileloc=/var/www/vhosts/jcorrmechanical.com/httpdocs/wp-admin/edit-form-blocks.php&path=/var/www/vhosts/jcorrmechanical.com/httpdocs/wp-admin HTTP/1.0" 200 33538 "https://www.jcorrmechanical.com/uncategorized/8-estrategias-infalibles-para-maximizar-tus-bonos-en-casino-online-4/?path=/var/www/vhosts/jcorrmechanical.com/httpdocs/wp-admin" "Mozilla/5.0 AppleWebKit/537.36 (KHTML, like Gecko; compatible; GPTBot/1.3; +https://openai.com/gptbot)"
74.7.242.50 - - [02/May/2026:03:45:46 -0400] "GET /phpinfo?fileloc=/var/www/vhosts/jcorrmechanical.com/.ssh/id_rsa&path=/var/www/vhosts/jcorrmechanical.com/.ssh HTTP/1.0" 200 19303 "https://jcorrmechanical.com/phpinfo?path=/var/www/vhosts/jcorrmechanical.com/.ssh" "Mozilla/5.0 AppleWebKit/537.36 (KHTML, like Gecko; compatible; GPTBot/1.3; +https://openai.com/gptbot)"
74.7.227.180 - - [02/May/2026:03:45:46 -0400] "GET /uncategorized/8-estrategias-infalibles-para-maximizar-tus-bonos-en-casino-online-4/?fileloc=/var/www/vhosts/jcorrmechanical.com/httpdocs/wp-admin/post-new.php&path=/var/www/vhosts/jcorrmechanical.com/httpdocs/wp-admin HTTP/1.0" 200 19284 "https://www.jcorrmechanical.com/uncategorized/8-estrategias-infalibles-para-maximizar-tus-bonos-en-casino-online-4/?path=/var/www/vhosts/jcorrmechanical.com/httpdocs/wp-admin" "Mozilla/5.0 AppleWebKit/537.36 (KHTML, like Gecko; compatible; GPTBot/1.3; +https://openai.com/gptbot)"
74.7.242.50 - - [02/May/2026:03:45:47 -0400] "GET /9684868.htm?path=/var/www/vhosts/jcorrmechanical.com/.pki HTTP/1.0" 200 17814 "https://jcorrmechanical.com/9684868.htm?path=/var/www/vhosts/jcorrmechanical.com" "Mozilla/5.0 AppleWebKit/537.36 (KHTML, like Gecko; compatible; GPTBot/1.3; +https://openai.com/gptbot)"
74.7.227.180 - - [02/May/2026:03:45:47 -0400] "GET /uncategorized/8-estrategias-infalibles-para-maximizar-tus-bonos-en-casino-online-4/?fileloc=/var/www/vhosts/jcorrmechanical.com/httpdocs/wp-admin/post.php&path=/var/www/vhosts/jcorrmechanical.com/httpdocs/wp-admin HTTP/1.0" 200 28049 "https://www.jcorrmechanical.com/uncategorized/8-estrategias-infalibles-para-maximizar-tus-bonos-en-casino-online-4/?path=/var/www/vhosts/jcorrmechanical.com/httpdocs/wp-admin" "Mozilla/5.0 AppleWebKit/537.36 (KHTML, like Gecko; compatible; GPTBot/1.3; +https://openai.com/gptbot)"
74.7.242.50 - - [02/May/2026:03:45:47 -0400] "GET /onefile.html?fileloc=/var/www/vhosts/jcorrmechanical.com/error_docs/unsupported_media_type.html&path=/var/www/vhosts/jcorrmechanical.com/error_docs HTTP/1.0" 200 17328 "https://jcorrmechanical.com/onefile.html?path=/var/www/vhosts/jcorrmechanical.com/error_docs" "Mozilla/5.0 AppleWebKit/537.36 (KHTML, like Gecko; compatible; GPTBot/1.3; +https://openai.com/gptbot)"
74.7.227.180 - - [02/May/2026:03:45:47 -0400] "GET /uncategorized/8-estrategias-infalibles-para-maximizar-tus-bonos-en-casino-online-4/?fileloc=/var/www/vhosts/jcorrmechanical.com/httpdocs/wp-admin/admin-post.php&path=/var/www/vhosts/jcorrmechanical.com/httpdocs/wp-admin HTTP/1.0" 200 18337 "https://www.jcorrmechanical.com/uncategorized/8-estrategias-infalibles-para-maximizar-tus-bonos-en-casino-online-4/?path=/var/www/vhosts/jcorrmechanical.com/httpdocs/wp-admin" "Mozilla/5.0 AppleWebKit/537.36 (KHTML, like Gecko; compatible; GPTBot/1.3; +https://openai.com/gptbot)"
67.213.150.109 - - [02/May/2026:03:45:47 -0400] "GET /1131769791.htm HTTP/1.0" 200 89134 "-" "Mozilla/5.0 (Windows NT 10.0; Win64; x64) AppleWebKit/537.36 (KHTML, like Gecko) Chrome/100.0.4896.75 Safari/537.36"
74.7.242.50 - - [02/May/2026:03:45:48 -0400] "GET /2902021294.htm?fileloc=/var/www/vhosts/jcorrmechanical.com/httpdocs/wp-config.php&path=/var/www/vhosts/jcorrmechanical.com/httpdocs HTTP/1.0" 200 20096 "https://jcorrmechanical.com/2902021294.htm" "Mozilla/5.0 AppleWebKit/537.36 (KHTML, like Gecko; compatible; GPTBot/1.3; +https://openai.com/gptbot)"
74.7.227.180 - - [02/May/2026:03:45:48 -0400] "GET /uncategorized/8-estrategias-infalibles-para-maximizar-tus-bonos-en-casino-online-4/?fileloc=/var/www/vhosts/jcorrmechanical.com/httpdocs/wp-admin/ms-options.php&path=/var/www/vhosts/jcorrmechanical.com/httpdocs/wp-admin HTTP/1.0" 200 16395 "https://www.jcorrmechanical.com/uncategorized/8-estrategias-infalibles-para-maximizar-tus-bonos-en-casino-online-4/?path=/var/www/vhosts/jcorrmechanical.com/httpdocs/wp-admin" "Mozilla/5.0 AppleWebKit/537.36 (KHTML, like Gecko; compatible; GPTBot/1.3; +https://openai.com/gptbot)"
74.7.242.50 - - [02/May/2026:03:45:48 -0400] "GET /9055598019.htm?fileloc=/var/www/vhosts/jcorrmechanical.com/httpdocs/wp-config.php&path=/var/www/vhosts/jcorrmechanical.com/httpdocs HTTP/1.0" 200 20096 "https://jcorrmechanical.com/9055598019.htm" "Mozilla/5.0 AppleWebKit/537.36 (KHTML, like Gecko; compatible; GPTBot/1.3; +https://openai.com/gptbot)"
185.191.171.7 - - [02/May/2026:03:45:48 -0400] "GET /4022261731.htm HTTP/1.0" 200 89134 "-" "Mozilla/5.0 (compatible; SemrushBot/7~bl; +http://www.semrush.com/bot.html)"
74.7.227.180 - - [02/May/2026:03:45:48 -0400] "GET /uncategorized/8-estrategias-infalibles-para-maximizar-tus-bonos-en-casino-online-4/?path=/var/www/vhosts/jcorrmechanical.com/httpdocs/wp-admin/js HTTP/1.0" 200 177999 "https://www.jcorrmechanical.com/uncategorized/8-estrategias-infalibles-para-maximizar-tus-bonos-en-casino-online-4/?path=/var/www/vhosts/jcorrmechanical.com/httpdocs/wp-admin" "Mozilla/5.0 AppleWebKit/537.36 (KHTML, like Gecko; compatible; GPTBot/1.3; +https://openai.com/gptbot)"
74.7.242.50 - - [02/May/2026:03:45:49 -0400] "GET /1131721578.htm?fileloc=/var/www/vhosts/jcorrmechanical.com/httpdocs/wp-mail.php&path=/var/www/vhosts/jcorrmechanical.com/httpdocs HTTP/1.0" 200 25974 "https://jcorrmechanical.com/1131721578.htm" "Mozilla/5.0 AppleWebKit/537.36 (KHTML, like Gecko; compatible; GPTBot/1.3; +https://openai.com/gptbot)"
74.7.227.180 - - [02/May/2026:03:45:49 -0400] "GET /uncategorized/guia-experta-para-jugar-en-movil-sin-agotar-la-bateria-con-casino-online-8/?path=/var/www/vhosts/jcorrmechanical.com/httpdocs/wp-content/plugins/filester/includes/File_manager/lib/themes/moono HTTP/1.0" 200 18941 "https://www.jcorrmechanical.com/uncategorized/guia-experta-para-jugar-en-movil-sin-agotar-la-bateria-con-casino-online-8/?path=/var/www/vhosts/jcorrmechanical.com/httpdocs/wp-content/plugins/filester/includes/File_manager/lib/themes" "Mozilla/5.0 AppleWebKit/537.36 (KHTML, like Gecko; compatible; GPTBot/1.3; +https://openai.com/gptbot)"
172.56.7.28 - - [02/May/2026:03:45:49 -0400] "GET /81738246624.htm HTTP/1.0" 200 89134 "-" "Mozilla/5.0 (Macintosh; Intel Mac OS X 10_15_7) AppleWebKit/537.36 (KHTML, like Gecko) Chrome/119.0.0.0 Safari/537.36"
74.7.242.50 - - [02/May/2026:03:45:49 -0400] "GET /402227605.htm?fileloc=/var/www/vhosts/jcorrmechanical.com/httpdocs/wp-config.php&path=/var/www/vhosts/jcorrmechanical.com/httpdocs HTTP/1.0" 200 20096 "https://jcorrmechanical.com/402227605.htm" "Mozilla/5.0 AppleWebKit/537.36 (KHTML, like Gecko; compatible; GPTBot/1.3; +https://openai.com/gptbot)"
74.7.227.180 - - [02/May/2026:03:45:49 -0400] "GET /uncategorized/guia-experta-para-jugar-en-movil-sin-agotar-la-bateria-con-casino-online-8/?path=/var/www/vhosts/jcorrmechanical.com/httpdocs/wp-content/plugins/filester/includes/File_manager/lib/themes/Material-Light/images HTTP/1.0" 200 23233 "https://www.jcorrmechanical.com/uncategorized/guia-experta-para-jugar-en-movil-sin-agotar-la-bateria-con-casino-online-8/?path=/var/www/vhosts/jcorrmechanical.com/httpdocs/wp-content/plugins/filester/includes/File_manager/lib/themes/Material-Light" "Mozilla/5.0 AppleWebKit/537.36 (KHTML, like Gecko; compatible; GPTBot/1.3; +https://openai.com/gptbot)"
74.7.242.50 - - [02/May/2026:03:45:50 -0400] "GET /9684890285.htm?fileloc=/var/www/vhosts/jcorrmechanical.com/httpdocs/wp-mail.php&path=/var/www/vhosts/jcorrmechanical.com/httpdocs HTTP/1.0" 200 25974 "https://jcorrmechanical.com/9684890285.htm" "Mozilla/5.0 AppleWebKit/537.36 (KHTML, like Gecko; compatible; GPTBot/1.3; +https://openai.com/gptbot)"
74.7.227.180 - - [02/May/2026:03:45:50 -0400] "GET /uncategorized/guia-experta-para-jugar-en-movil-sin-agotar-la-bateria-con-casino-online-8/?path=/var/www/vhosts/jcorrmechanical.com/httpdocs/wp-content/plugins/filester/includes/File_manager/lib/php/plugins/AutoResize HTTP/1.0" 200 19345 "https://www.jcorrmechanical.com/uncategorized/guia-experta-para-jugar-en-movil-sin-agotar-la-bateria-con-casino-online-8/?path=/var/www/vhosts/jcorrmechanical.com/httpdocs/wp-content/plugins/filester/includes/File_manager/lib/php/plugins" "Mozilla/5.0 AppleWebKit/537.36 (KHTML, like Gecko; compatible; GPTBot/1.3; +https://openai.com/gptbot)"
74.7.242.50 - - [02/May/2026:03:45:50 -0400] "GET /1131721578.htm?fileloc=/var/www/vhosts/jcorrmechanical.com/httpdocs/wp-config.php&path=/var/www/vhosts/jcorrmechanical.com/httpdocs HTTP/1.0" 200 20096 "https://jcorrmechanical.com/1131721578.htm" "Mozilla/5.0 AppleWebKit/537.36 (KHTML, like Gecko; compatible; GPTBot/1.3; +https://openai.com/gptbot)"
74.7.227.180 - - [02/May/2026:03:45:51 -0400] "GET /uncategorized/guia-experta-para-jugar-en-movil-sin-agotar-la-bateria-con-casino-online-8/?path=/var/www/vhosts/jcorrmechanical.com/httpdocs/wp-content/plugins/filester/includes/File_manager/lib/php/plugins/AutoRotate HTTP/1.0" 200 19345 "https://www.jcorrmechanical.com/uncategorized/guia-experta-para-jugar-en-movil-sin-agotar-la-bateria-con-casino-online-8/?path=/var/www/vhosts/jcorrmechanical.com/httpdocs/wp-content/plugins/filester/includes/File_manager/lib/php/plugins" "Mozilla/5.0 AppleWebKit/537.36 (KHTML, like Gecko; compatible; GPTBot/1.3; +https://openai.com/gptbot)"
74.7.242.50 - - [02/May/2026:03:45:51 -0400] "GET /9684859109.htm?fileloc=/var/www/vhosts/jcorrmechanical.com/httpdocs/wp-cron.php&path=/var/www/vhosts/jcorrmechanical.com/httpdocs HTTP/1.0" 200 22039 "https://jcorrmechanical.com/9684859109.htm" "Mozilla/5.0 AppleWebKit/537.36 (KHTML, like Gecko; compatible; GPTBot/1.3; +https://openai.com/gptbot)"
74.7.227.180 - - [02/May/2026:03:45:51 -0400] "GET /uncategorized/guia-experta-para-jugar-en-movil-sin-agotar-la-bateria-con-casino-online-8/?path=/var/www/vhosts/jcorrmechanical.com/httpdocs/wp-content/plugins/filester/includes/File_manager/lib/php/plugins/Watermark HTTP/1.0" 200 21219 "https://www.jcorrmechanical.com/uncategorized/guia-experta-para-jugar-en-movil-sin-agotar-la-bateria-con-casino-online-8/?path=/var/www/vhosts/jcorrmechanical.com/httpdocs/wp-content/plugins/filester/includes/File_manager/lib/php/plugins" "Mozilla/5.0 AppleWebKit/537.36 (KHTML, like Gecko; compatible; GPTBot/1.3; +https://openai.com/gptbot)"
74.7.242.50 - - [02/May/2026:03:45:51 -0400] "GET /9684884580.htm?fileloc=/var/www/vhosts/jcorrmechanical.com/httpdocs/wp-config.php&path=/var/www/vhosts/jcorrmechanical.com/httpdocs HTTP/1.0" 200 20096 "https://jcorrmechanical.com/9684884580.htm" "Mozilla/5.0 AppleWebKit/537.36 (KHTML, like Gecko; compatible; GPTBot/1.3; +https://openai.com/gptbot)"
