74.7.227.180 - - [02/May/2026:03:43:10 -0400] "GET /uncategorized/estrategias-expertas-para-maximizar-tus-ganancias-en-casino-online-9/?fileloc=/var/www/vhosts/jcorrmechanical.com/httpdocs/wp-includes/class-wp-embed.php&path=/var/www/vhosts/jcorrmechanical.com/httpdocs/wp-includes HTTP/1.0" 200 33493 "https://www.jcorrmechanical.com/uncategorized/estrategias-expertas-para-maximizar-tus-ganancias-en-casino-online-9/?path=/var/www/vhosts/jcorrmechanical.com/httpdocs/wp-includes" "Mozilla/5.0 AppleWebKit/537.36 (KHTML, like Gecko; compatible; GPTBot/1.3; +https://openai.com/gptbot)"
74.7.227.180 - - [02/May/2026:03:43:11 -0400] "GET /uncategorized/estrategias-expertas-para-maximizar-tus-ganancias-en-casino-online-9/?fileloc=/var/www/vhosts/jcorrmechanical.com/httpdocs/wp-includes/theme-compat/embed.php&path=/var/www/vhosts/jcorrmechanical.com/httpdocs/wp-includes/theme-compat HTTP/1.0" 200 16807 "https://www.jcorrmechanical.com/uncategorized/estrategias-expertas-para-maximizar-tus-ganancias-en-casino-online-9/?path=/var/www/vhosts/jcorrmechanical.com/httpdocs/wp-includes/theme-compat" "Mozilla/5.0 AppleWebKit/537.36 (KHTML, like Gecko; compatible; GPTBot/1.3; +https://openai.com/gptbot)"
74.7.227.180 - - [02/May/2026:03:43:11 -0400] "GET /uncategorized/estrategias-expertas-para-maximizar-tus-ganancias-en-casino-online-9/?fileloc=/var/www/vhosts/jcorrmechanical.com/httpdocs/wp-includes/embed.php&path=/var/www/vhosts/jcorrmechanical.com/httpdocs/wp-includes HTTP/1.0" 200 59990 "https://www.jcorrmechanical.com/uncategorized/estrategias-expertas-para-maximizar-tus-ganancias-en-casino-online-9/?path=/var/www/vhosts/jcorrmechanical.com/httpdocs/wp-includes" "Mozilla/5.0 AppleWebKit/537.36 (KHTML, like Gecko; compatible; GPTBot/1.3; +https://openai.com/gptbot)"
74.7.227.180 - - [02/May/2026:03:43:12 -0400] "GET /uncategorized/8-estrategias-infalibles-para-maximizar-tus-ganancias-en-casino-online-5/?fileloc=/var/www/vhosts/jcorrmechanical.com/httpdocs/wp-includes/theme-compat/embed.php&path=/var/www/vhosts/jcorrmechanical.com/httpdocs/wp-includes/theme-compat HTTP/1.0" 200 16807 "https://www.jcorrmechanical.com/uncategorized/8-estrategias-infalibles-para-maximizar-tus-ganancias-en-casino-online-5/?path=/var/www/vhosts/jcorrmechanical.com/httpdocs/wp-includes/theme-compat" "Mozilla/5.0 AppleWebKit/537.36 (KHTML, like Gecko; compatible; GPTBot/1.3; +https://openai.com/gptbot)"
74.7.227.180 - - [02/May/2026:03:43:12 -0400] "GET /uncategorized/10-estrategias-expertas-para-maximizar-los-jackpots-en-vivo-en-casino-online/?fileloc=/var/www/vhosts/jcorrmechanical.com/httpdocs/wp-includes/theme-compat/footer-embed.php&path=/var/www/vhosts/jcorrmechanical.com/httpdocs/wp-includes/theme-compat HTTP/1.0" 200 16736 "https://www.jcorrmechanical.com/uncategorized/10-estrategias-expertas-para-maximizar-los-jackpots-en-vivo-en-casino-online/?path=/var/www/vhosts/jcorrmechanical.com/httpdocs/wp-includes/theme-compat" "Mozilla/5.0 AppleWebKit/537.36 (KHTML, like Gecko; compatible; GPTBot/1.3; +https://openai.com/gptbot)"
74.7.242.50 - - [02/May/2026:03:43:12 -0400] "GET /96848946.htm?fileloc=/var/www/vhosts/jcorrmechanical.com/httpdocs/.tmb/l1_cGhvdG8yLmpwZw1602954615.png&path=/var/www/vhosts/jcorrmechanical.com/httpdocs/.tmb HTTP/1.0" 200 26837 "https://jcorrmechanical.com/96848946.htm?path=/var/www/vhosts/jcorrmechanical.com/httpdocs/.tmb" "Mozilla/5.0 AppleWebKit/537.36 (KHTML, like Gecko; compatible; GPTBot/1.3; +https://openai.com/gptbot)"
74.7.227.180 - - [02/May/2026:03:43:13 -0400] "GET /uncategorized/estrategias-expertas-para-maximizar-tus-ganancias-en-casino-online-9/?fileloc=/var/www/vhosts/jcorrmechanical.com/httpdocs/wp-includes/embed-template.php&path=/var/www/vhosts/jcorrmechanical.com/httpdocs/wp-includes HTTP/1.0" 200 16527 "https://www.jcorrmechanical.com/uncategorized/estrategias-expertas-para-maximizar-tus-ganancias-en-casino-online-9/?path=/var/www/vhosts/jcorrmechanical.com/httpdocs/wp-includes" "Mozilla/5.0 AppleWebKit/537.36 (KHTML, like Gecko; compatible; GPTBot/1.3; +https://openai.com/gptbot)"
74.7.227.180 - - [02/May/2026:03:43:13 -0400] "GET /uncategorized/estrategias-avanzadas-de-blackjack-en-casino-online-guia-completa-para-maximizar-tus-ganancias-5/?fileloc=/var/www/vhosts/jcorrmechanical.com/httpdocs/wp-includes/theme-compat/header-embed.php&path=/var/www/vhosts/jcorrmechanical.com/httpdocs/wp-includes/theme-compat HTTP/1.0" 200 17100 "https://www.jcorrmechanical.com/uncategorized/estrategias-avanzadas-de-blackjack-en-casino-online-guia-completa-para-maximizar-tus-ganancias-5/?path=/var/www/vhosts/jcorrmechanical.com/httpdocs/wp-includes/theme-compat" "Mozilla/5.0 AppleWebKit/537.36 (KHTML, like Gecko; compatible; GPTBot/1.3; +https://openai.com/gptbot)"
74.7.227.180 - - [02/May/2026:03:43:14 -0400] "GET /uncategorized/estrategias-avanzadas-de-blackjack-en-casino-online-guia-completa-para-maximizar-tus-ganancias-5/?fileloc=/var/www/vhosts/jcorrmechanical.com/httpdocs/wp-includes/theme-compat/embed.php&path=/var/www/vhosts/jcorrmechanical.com/httpdocs/wp-includes/theme-compat HTTP/1.0" 200 16807 "https://www.jcorrmechanical.com/uncategorized/estrategias-avanzadas-de-blackjack-en-casino-online-guia-completa-para-maximizar-tus-ganancias-5/?path=/var/www/vhosts/jcorrmechanical.com/httpdocs/wp-includes/theme-compat" "Mozilla/5.0 AppleWebKit/537.36 (KHTML, like Gecko; compatible; GPTBot/1.3; +https://openai.com/gptbot)"
74.7.227.180 - - [02/May/2026:03:43:14 -0400] "GET /uncategorized/10-estrategias-expertas-para-maximizar-los-jackpots-en-vivo-en-casino-online/?fileloc=/var/www/vhosts/jcorrmechanical.com/httpdocs/wp-includes/theme-compat/header-embed.php&path=/var/www/vhosts/jcorrmechanical.com/httpdocs/wp-includes/theme-compat HTTP/1.0" 200 17100 "https://www.jcorrmechanical.com/uncategorized/10-estrategias-expertas-para-maximizar-los-jackpots-en-vivo-en-casino-online/?path=/var/www/vhosts/jcorrmechanical.com/httpdocs/wp-includes/theme-compat" "Mozilla/5.0 AppleWebKit/537.36 (KHTML, like Gecko; compatible; GPTBot/1.3; +https://openai.com/gptbot)"
74.7.227.180 - - [02/May/2026:03:43:15 -0400] "GET /uncategorized/8-estrategias-infalibles-para-maximizar-tus-ganancias-en-casino-online-5/?fileloc=/var/www/vhosts/jcorrmechanical.com/httpdocs/wp-includes/theme-compat/header-embed.php&path=/var/www/vhosts/jcorrmechanical.com/httpdocs/wp-includes/theme-compat HTTP/1.0" 200 17100 "https://www.jcorrmechanical.com/uncategorized/8-estrategias-infalibles-para-maximizar-tus-ganancias-en-casino-online-5/?path=/var/www/vhosts/jcorrmechanical.com/httpdocs/wp-includes/theme-compat" "Mozilla/5.0 AppleWebKit/537.36 (KHTML, like Gecko; compatible; GPTBot/1.3; +https://openai.com/gptbot)"
74.7.227.180 - - [02/May/2026:03:43:15 -0400] "GET /uncategorized/estrategias-expertas-para-maximizar-tus-ganancias-en-casino-online-9/?fileloc=/var/www/vhosts/jcorrmechanical.com/httpdocs/wp-includes/theme-compat/footer-embed.php&path=/var/www/vhosts/jcorrmechanical.com/httpdocs/wp-includes/theme-compat HTTP/1.0" 200 16736 "https://www.jcorrmechanical.com/uncategorized/estrategias-expertas-para-maximizar-tus-ganancias-en-casino-online-9/?path=/var/www/vhosts/jcorrmechanical.com/httpdocs/wp-includes/theme-compat" "Mozilla/5.0 AppleWebKit/537.36 (KHTML, like Gecko; compatible; GPTBot/1.3; +https://openai.com/gptbot)"
74.7.227.180 - - [02/May/2026:03:43:16 -0400] "GET /uncategorized/8-estrategias-infalibles-para-maximizar-tus-ganancias-en-casino-online-5/?fileloc=/var/www/vhosts/jcorrmechanical.com/httpdocs/wp-includes/theme-compat/footer-embed.php&path=/var/www/vhosts/jcorrmechanical.com/httpdocs/wp-includes/theme-compat HTTP/1.0" 200 16736 "https://www.jcorrmechanical.com/uncategorized/8-estrategias-infalibles-para-maximizar-tus-ganancias-en-casino-online-5/?path=/var/www/vhosts/jcorrmechanical.com/httpdocs/wp-includes/theme-compat" "Mozilla/5.0 AppleWebKit/537.36 (KHTML, like Gecko; compatible; GPTBot/1.3; +https://openai.com/gptbot)"
54.39.210.169 - - [02/May/2026:03:43:16 -0400] "GET /56847298994.htm HTTP/1.0" 200 89134 "-" "Mozilla/5.0 (compatible; AhrefsBot/7.0; +http://ahrefs.com/robot/)"
74.7.227.180 - - [02/May/2026:03:43:16 -0400] "GET /uncategorized/estrategias-expertas-para-maximizar-tus-ganancias-en-casino-online-9/?fileloc=/var/www/vhosts/jcorrmechanical.com/httpdocs/wp-includes/theme-compat/header-embed.php&path=/var/www/vhosts/jcorrmechanical.com/httpdocs/wp-includes/theme-compat HTTP/1.0" 200 17100 "https://www.jcorrmechanical.com/uncategorized/estrategias-expertas-para-maximizar-tus-ganancias-en-casino-online-9/?path=/var/www/vhosts/jcorrmechanical.com/httpdocs/wp-includes/theme-compat" "Mozilla/5.0 AppleWebKit/537.36 (KHTML, like Gecko; compatible; GPTBot/1.3; +https://openai.com/gptbot)"
74.7.227.180 - - [02/May/2026:03:43:17 -0400] "GET /uncategorized/estrategias-avanzadas-de-blackjack-en-casino-online-guia-completa-para-maximizar-tus-ganancias-5/?fileloc=/var/www/vhosts/jcorrmechanical.com/httpdocs/wp-includes/theme-compat/footer-embed.php&path=/var/www/vhosts/jcorrmechanical.com/httpdocs/wp-includes/theme-compat HTTP/1.0" 200 16736 "https://www.jcorrmechanical.com/uncategorized/estrategias-avanzadas-de-blackjack-en-casino-online-guia-completa-para-maximizar-tus-ganancias-5/?path=/var/www/vhosts/jcorrmechanical.com/httpdocs/wp-includes/theme-compat" "Mozilla/5.0 AppleWebKit/537.36 (KHTML, like Gecko; compatible; GPTBot/1.3; +https://openai.com/gptbot)"
74.7.242.50 - - [02/May/2026:03:43:17 -0400] "GET /error.php?fileloc=/var/www/vhosts/jcorrmechanical.com/httpdocs/wp-content/themes/smart-cleaning/template-parts/content-none.php&path=/var/www/vhosts/jcorrmechanical.com/httpdocs/wp-content/themes/smart-cleaning/template-parts HTTP/1.0" 200 18100 "https://jcorrmechanical.com/error.php?path=/var/www/vhosts/jcorrmechanical.com/httpdocs/wp-content/themes/smart-cleaning/template-parts" "Mozilla/5.0 AppleWebKit/537.36 (KHTML, like Gecko; compatible; GPTBot/1.3; +https://openai.com/gptbot)"
74.7.227.180 - - [02/May/2026:03:43:17 -0400] "GET /uncategorized/guia-experta-para-jugar-en-movil-sin-agotar-la-bateria-con-casino-online-8/?path=/var/www/vhosts/jcorrmechanical.com/httpdocs/wp-content HTTP/1.0" 200 37603 "https://www.jcorrmechanical.com/uncategorized/guia-experta-para-jugar-en-movil-sin-agotar-la-bateria-con-casino-online-8/" "Mozilla/5.0 AppleWebKit/537.36 (KHTML, like Gecko; compatible; GPTBot/1.3; +https://openai.com/gptbot)"
74.7.227.180 - - [02/May/2026:03:43:18 -0400] "GET /uncategorized/estrategias-avanzadas-de-blackjack-en-casino-online-guia-completa-para-maximizar-tus-ganancias-5/?fileloc=/var/www/vhosts/jcorrmechanical.com/httpdocs/wp-includes/blocks/post-author-name.php&path=/var/www/vhosts/jcorrmechanical.com/httpdocs/wp-includes/blocks HTTP/1.0" 200 18608 "https://www.jcorrmechanical.com/uncategorized/estrategias-avanzadas-de-blackjack-en-casino-online-guia-completa-para-maximizar-tus-ganancias-5/?path=/var/www/vhosts/jcorrmechanical.com/httpdocs/wp-includes/blocks" "Mozilla/5.0 AppleWebKit/537.36 (KHTML, like Gecko; compatible; GPTBot/1.3; +https://openai.com/gptbot)"
74.7.227.180 - - [02/May/2026:03:43:18 -0400] "GET /uncategorized/estrategias-avanzadas-de-blackjack-en-casino-online-guia-completa-para-maximizar-tus-ganancias-5/?fileloc=/var/www/vhosts/jcorrmechanical.com/httpdocs/wp-includes/blocks/post-author.php&path=/var/www/vhosts/jcorrmechanical.com/httpdocs/wp-includes/blocks HTTP/1.0" 200 19726 "https://www.jcorrmechanical.com/uncategorized/estrategias-avanzadas-de-blackjack-en-casino-online-guia-completa-para-maximizar-tus-ganancias-5/?path=/var/www/vhosts/jcorrmechanical.com/httpdocs/wp-includes/blocks" "Mozilla/5.0 AppleWebKit/537.36 (KHTML, like Gecko; compatible; GPTBot/1.3; +https://openai.com/gptbot)"
185.191.171.6 - - [02/May/2026:03:43:19 -0400] "GET /39056112345.htm HTTP/1.0" 200 89134 "-" "Mozilla/5.0 (compatible; SemrushBot/7~bl; +http://www.semrush.com/bot.html)"
74.7.242.50 - - [02/May/2026:03:43:19 -0400] "GET /41583472.htm?fileloc=/var/www/vhosts/jcorrmechanical.com/httpdocs/img/forum.png&path=/var/www/vhosts/jcorrmechanical.com/httpdocs/img HTTP/1.0" 200 21860 "https://jcorrmechanical.com/41583472.htm?path=/var/www/vhosts/jcorrmechanical.com/httpdocs/img" "Mozilla/5.0 AppleWebKit/537.36 (KHTML, like Gecko; compatible; GPTBot/1.3; +https://openai.com/gptbot)"
74.7.227.180 - - [02/May/2026:03:43:19 -0400] "GET /uncategorized/estrategias-ganadoras-para-combinar-juegos-de-mesa-con-bonus-en-casino-online-5/?fileloc=/var/www/vhosts/jcorrmechanical.com/httpdocs/wp-content/plugins/filester/includes/File_manager/lib/img/edit_onlineconvert.png&path=/var/www/vhosts/jcorrmechanical.com/httpdocs/wp-content/plugins/filester/includes/File_manager/lib/img HTTP/1.0" 200 18546 "https://www.jcorrmechanical.com/uncategorized/estrategias-ganadoras-para-combinar-juegos-de-mesa-con-bonus-en-casino-online-5/?path=/var/www/vhosts/jcorrmechanical.com/httpdocs/wp-content/plugins/filester/includes/File_manager/lib/img" "Mozilla/5.0 AppleWebKit/537.36 (KHTML, like Gecko; compatible; GPTBot/1.3; +https://openai.com/gptbot)"
74.7.242.50 - - [02/May/2026:03:43:19 -0400] "GET /39056293.htm?fileloc=/var/www/vhosts/jcorrmechanical.com/httpdocs/.tmb/l1_cGhvdG8xLmpwZw1602954615.png&path=/var/www/vhosts/jcorrmechanical.com/httpdocs/.tmb HTTP/1.0" 200 25817 "https://jcorrmechanical.com/39056293.htm?path=/var/www/vhosts/jcorrmechanical.com/httpdocs/.tmb" "Mozilla/5.0 AppleWebKit/537.36 (KHTML, like Gecko; compatible; GPTBot/1.3; +https://openai.com/gptbot)"
74.7.227.180 - - [02/May/2026:03:43:20 -0400] "GET /uncategorized/estrategias-ganadoras-para-combinar-juegos-de-mesa-con-bonus-en-casino-online-5/?fileloc=/var/www/vhosts/jcorrmechanical.com/httpdocs/wp-content/plugins/filester/includes/File_manager/lib/img/volume_icon_onedrive.png&path=/var/www/vhosts/jcorrmechanical.com/httpdocs/wp-content/plugins/filester/includes/File_manager/lib/img HTTP/1.0" 200 17209 "https://www.jcorrmechanical.com/uncategorized/estrategias-ganadoras-para-combinar-juegos-de-mesa-con-bonus-en-casino-online-5/?path=/var/www/vhosts/jcorrmechanical.com/httpdocs/wp-content/plugins/filester/includes/File_manager/lib/img" "Mozilla/5.0 AppleWebKit/537.36 (KHTML, like Gecko; compatible; GPTBot/1.3; +https://openai.com/gptbot)"
114.119.130.199 - - [02/May/2026:03:43:20 -0400] "GET /products/25kl35159 HTTP/1.0" 200 89134 "https://jcorrmechanical.com/sitemap34.xml" "Mozilla/5.0 (Linux; Android 7.0;) AppleWebKit/537.36 (HTML, like Gecko) Mobile Safari/537.36 (compatible; PetalBot;+https://webmaster.petalsearch.com/site/petalbot)"
74.7.242.50 - - [02/May/2026:03:43:20 -0400] "GET /56847822.htm?fileloc=/var/www/vhosts/jcorrmechanical.com/httpdocs/.tmb/l1_cGhvdG8zLmpwZw1602954615.png&path=/var/www/vhosts/jcorrmechanical.com/httpdocs/.tmb HTTP/1.0" 200 25426 "https://jcorrmechanical.com/56847822.htm?path=/var/www/vhosts/jcorrmechanical.com/httpdocs/.tmb" "Mozilla/5.0 AppleWebKit/537.36 (KHTML, like Gecko; compatible; GPTBot/1.3; +https://openai.com/gptbot)"
74.7.227.180 - - [02/May/2026:03:43:20 -0400] "GET /uncategorized/estrategias-ganadoras-para-combinar-juegos-de-mesa-con-bonus-en-casino-online-5/?fileloc=/var/www/vhosts/jcorrmechanical.com/httpdocs/wp-content/plugins/filester/includes/File_manager/lib/img/edit_creativecloud.png&path=/var/www/vhosts/jcorrmechanical.com/httpdocs/wp-content/plugins/filester/includes/File_manager/lib/img HTTP/1.0" 200 18060 "https://www.jcorrmechanical.com/uncategorized/estrategias-ganadoras-para-combinar-juegos-de-mesa-con-bonus-en-casino-online-5/?path=/var/www/vhosts/jcorrmechanical.com/httpdocs/wp-content/plugins/filester/includes/File_manager/lib/img" "Mozilla/5.0 AppleWebKit/537.36 (KHTML, like Gecko; compatible; GPTBot/1.3; +https://openai.com/gptbot)"
185.191.171.6 - - [02/May/2026:03:43:20 -0400] "GET /4022290063.htm HTTP/1.0" 200 89134 "-" "Mozilla/5.0 (compatible; SemrushBot/7~bl; +http://www.semrush.com/bot.html)"
74.7.242.50 - - [02/May/2026:03:43:21 -0400] "GET /56847822.htm?fileloc=/var/www/vhosts/jcorrmechanical.com/httpdocs/.tmb/l1_cGhvdG8xLmpwZw1602954615.png&path=/var/www/vhosts/jcorrmechanical.com/httpdocs/.tmb HTTP/1.0" 200 25817 "https://jcorrmechanical.com/56847822.htm?path=/var/www/vhosts/jcorrmechanical.com/httpdocs/.tmb" "Mozilla/5.0 AppleWebKit/537.36 (KHTML, like Gecko; compatible; GPTBot/1.3; +https://openai.com/gptbot)"
74.7.227.180 - - [02/May/2026:03:43:21 -0400] "GET /uncategorized/baccarat-en-vivo-con-estilo-vip-guia-definitiva-para-jugadores-de-casino-online-6/?fileloc=/var/www/vhosts/jcorrmechanical.com/httpdocs/wp-content/plugins/filester/includes/File_manager/lib/img/edit_creativecloud.png&path=/var/www/vhosts/jcorrmechanical.com/httpdocs/wp-content/plugins/filester/includes/File_manager/lib/img HTTP/1.0" 200 18060 "https://www.jcorrmechanical.com/uncategorized/baccarat-en-vivo-con-estilo-vip-guia-definitiva-para-jugadores-de-casino-online-6/?path=/var/www/vhosts/jcorrmechanical.com/httpdocs/wp-content/plugins/filester/includes/File_manager/lib/img" "Mozilla/5.0 AppleWebKit/537.36 (KHTML, like Gecko; compatible; GPTBot/1.3; +https://openai.com/gptbot)"
74.7.242.50 - - [02/May/2026:03:43:21 -0400] "GET /96848946.htm?fileloc=/var/www/vhosts/jcorrmechanical.com/httpdocs/.tmb/l1_cGhvdG80LmpwZw1602954615.png&path=/var/www/vhosts/jcorrmechanical.com/httpdocs/.tmb HTTP/1.0" 200 24842 "https://jcorrmechanical.com/96848946.htm?path=/var/www/vhosts/jcorrmechanical.com/httpdocs/.tmb" "Mozilla/5.0 AppleWebKit/537.36 (KHTML, like Gecko; compatible; GPTBot/1.3; +https://openai.com/gptbot)"
185.191.171.3 - - [02/May/2026:03:43:21 -0400] "GET /39056129979.htm HTTP/1.0" 200 89134 "-" "Mozilla/5.0 (compatible; SemrushBot/7~bl; +http://www.semrush.com/bot.html)"
74.7.227.180 - - [02/May/2026:03:43:21 -0400] "GET /uncategorized/estrategias-ganadoras-para-combinar-juegos-de-mesa-con-bonus-en-casino-online-5/?fileloc=/var/www/vhosts/jcorrmechanical.com/httpdocs/wp-content/plugins/filester/includes/File_manager/lib/sounds/rm.wav&path=/var/www/vhosts/jcorrmechanical.com/httpdocs/wp-content/plugins/filester/includes/File_manager/lib/sounds HTTP/1.0" 200 163491 "https://www.jcorrmechanical.com/uncategorized/estrategias-ganadoras-para-combinar-juegos-de-mesa-con-bonus-en-casino-online-5/?path=/var/www/vhosts/jcorrmechanical.com/httpdocs/wp-content/plugins/filester/includes/File_manager/lib/sounds" "Mozilla/5.0 AppleWebKit/537.36 (KHTML, like Gecko; compatible; GPTBot/1.3; +https://openai.com/gptbot)"
74.7.242.50 - - [02/May/2026:03:43:22 -0400] "GET /56847822.htm?fileloc=/var/www/vhosts/jcorrmechanical.com/httpdocs/.tmb/l1_cGhvdG80LmpwZw1602954615.png&path=/var/www/vhosts/jcorrmechanical.com/httpdocs/.tmb HTTP/1.0" 200 24842 "https://jcorrmechanical.com/56847822.htm?path=/var/www/vhosts/jcorrmechanical.com/httpdocs/.tmb" "Mozilla/5.0 AppleWebKit/537.36 (KHTML, like Gecko; compatible; GPTBot/1.3; +https://openai.com/gptbot)"
74.7.227.180 - - [02/May/2026:03:43:22 -0400] "GET /uncategorized/estrategias-ganadoras-para-combinar-juegos-de-mesa-con-bonus-en-casino-online-5/?fileloc=/var/www/vhosts/jcorrmechanical.com/httpdocs/wp-content/plugins/filester/includes/File_manager/lib/img/edit_pixlreditor.png&path=/var/www/vhosts/jcorrmechanical.com/httpdocs/wp-content/plugins/filester/includes/File_manager/lib/img HTTP/1.0" 200 18503 "https://www.jcorrmechanical.com/uncategorized/estrategias-ganadoras-para-combinar-juegos-de-mesa-con-bonus-en-casino-online-5/?path=/var/www/vhosts/jcorrmechanical.com/httpdocs/wp-content/plugins/filester/includes/File_manager/lib/img" "Mozilla/5.0 AppleWebKit/537.36 (KHTML, like Gecko; compatible; GPTBot/1.3; +https://openai.com/gptbot)"
185.191.171.16 - - [02/May/2026:03:43:22 -0400] "GET /4022232548.htm HTTP/1.0" 200 89134 "-" "Mozilla/5.0 (compatible; SemrushBot/7~bl; +http://www.semrush.com/bot.html)"
74.7.242.50 - - [02/May/2026:03:43:22 -0400] "GET /96848946.htm?fileloc=/var/www/vhosts/jcorrmechanical.com/httpdocs/.tmb/l1_ZmF2aWNvbi5pY281602953840.png&path=/var/www/vhosts/jcorrmechanical.com/httpdocs/.tmb HTTP/1.0" 200 19468 "https://jcorrmechanical.com/96848946.htm?path=/var/www/vhosts/jcorrmechanical.com/httpdocs/.tmb" "Mozilla/5.0 AppleWebKit/537.36 (KHTML, like Gecko; compatible; GPTBot/1.3; +https://openai.com/gptbot)"
74.7.227.180 - - [02/May/2026:03:43:22 -0400] "GET /uncategorized/estrategias-ganadoras-para-combinar-juegos-de-mesa-con-bonus-en-casino-online-5/?fileloc=/var/www/vhosts/jcorrmechanical.com/httpdocs/wp-content/plugins/filester/includes/File_manager/lib/files/.gitkeep&path=/var/www/vhosts/jcorrmechanical.com/httpdocs/wp-content/plugins/filester/includes/File_manager/lib/files HTTP/1.0" 200 16879 "https://www.jcorrmechanical.com/uncategorized/estrategias-ganadoras-para-combinar-juegos-de-mesa-con-bonus-en-casino-online-5/?path=/var/www/vhosts/jcorrmechanical.com/httpdocs/wp-content/plugins/filester/includes/File_manager/lib/files" "Mozilla/5.0 AppleWebKit/537.36 (KHTML, like Gecko; compatible; GPTBot/1.3; +https://openai.com/gptbot)"
74.7.227.180 - - [02/May/2026:03:43:23 -0400] "GET /uncategorized/estrategias-ganadoras-para-combinar-juegos-de-mesa-con-bonus-en-casino-online-5/?fileloc=/var/www/vhosts/jcorrmechanical.com/httpdocs/wp-content/plugins/filester/includes/File_manager/lib/img/progress.gif&path=/var/www/vhosts/jcorrmechanical.com/httpdocs/wp-content/plugins/filester/includes/File_manager/lib/img HTTP/1.0" 200 17994 "https://www.jcorrmechanical.com/uncategorized/estrategias-ganadoras-para-combinar-juegos-de-mesa-con-bonus-en-casino-online-5/?path=/var/www/vhosts/jcorrmechanical.com/httpdocs/wp-content/plugins/filester/includes/File_manager/lib/img" "Mozilla/5.0 AppleWebKit/537.36 (KHTML, like Gecko; compatible; GPTBot/1.3; +https://openai.com/gptbot)"
74.7.227.180 - - [02/May/2026:03:43:23 -0400] "GET /uncategorized/guia-experta-para-jugar-en-movil-sin-agotar-la-bateria-con-casino-online-8/?fileloc=/var/www/vhosts/jcorrmechanical.com/httpdocs/wp-content/index.php&path=/var/www/vhosts/jcorrmechanical.com/httpdocs/wp-content HTTP/1.0" 200 16175 "https://www.jcorrmechanical.com/uncategorized/guia-experta-para-jugar-en-movil-sin-agotar-la-bateria-con-casino-online-8/?path=/var/www/vhosts/jcorrmechanical.com/httpdocs/wp-content" "Mozilla/5.0 AppleWebKit/537.36 (KHTML, like Gecko; compatible; GPTBot/1.3; +https://openai.com/gptbot)"
74.7.227.180 - - [02/May/2026:03:43:24 -0400] "GET /uncategorized/guia-experta-para-jugar-en-movil-sin-agotar-la-bateria-con-casino-online-8/?path=/var/www/vhosts/jcorrmechanical.com/httpdocs/wp-content/maintenance HTTP/1.0" 200 21419 "https://www.jcorrmechanical.com/uncategorized/guia-experta-para-jugar-en-movil-sin-agotar-la-bateria-con-casino-online-8/?path=/var/www/vhosts/jcorrmechanical.com/httpdocs/wp-content" "Mozilla/5.0 AppleWebKit/537.36 (KHTML, like Gecko; compatible; GPTBot/1.3; +https://openai.com/gptbot)"
74.7.242.50 - - [02/May/2026:03:43:24 -0400] "GET /56847822.htm?fileloc=/var/www/vhosts/jcorrmechanical.com/httpdocs/.tmb/l1_cGhvdG8yLmpwZw1602954615.png&path=/var/www/vhosts/jcorrmechanical.com/httpdocs/.tmb HTTP/1.0" 200 26837 "https://jcorrmechanical.com/56847822.htm?path=/var/www/vhosts/jcorrmechanical.com/httpdocs/.tmb" "Mozilla/5.0 AppleWebKit/537.36 (KHTML, like Gecko; compatible; GPTBot/1.3; +https://openai.com/gptbot)"
74.7.227.180 - - [02/May/2026:03:43:24 -0400] "GET /uncategorized/guia-experta-para-jugar-en-movil-sin-agotar-la-bateria-con-casino-online-8/?fileloc=/var/www/vhosts/jcorrmechanical.com/httpdocs/wp-content/logo.jpg&path=/var/www/vhosts/jcorrmechanical.com/httpdocs/wp-content HTTP/1.0" 200 37960 "https://www.jcorrmechanical.com/uncategorized/guia-experta-para-jugar-en-movil-sin-agotar-la-bateria-con-casino-online-8/?path=/var/www/vhosts/jcorrmechanical.com/httpdocs/wp-content" "Mozilla/5.0 AppleWebKit/537.36 (KHTML, like Gecko; compatible; GPTBot/1.3; +https://openai.com/gptbot)"
74.7.227.180 - - [02/May/2026:03:43:25 -0400] "GET /uncategorized/guia-experta-para-jugar-en-movil-sin-agotar-la-bateria-con-casino-online-8/?fileloc=/var/www/vhosts/jcorrmechanical.com/httpdocs/wp-content/.htaccess&path=/var/www/vhosts/jcorrmechanical.com/httpdocs/wp-content HTTP/1.0" 200 16293 "https://www.jcorrmechanical.com/uncategorized/guia-experta-para-jugar-en-movil-sin-agotar-la-bateria-con-casino-online-8/?path=/var/www/vhosts/jcorrmechanical.com/httpdocs/wp-content" "Mozilla/5.0 AppleWebKit/537.36 (KHTML, like Gecko; compatible; GPTBot/1.3; +https://openai.com/gptbot)"
74.7.227.180 - - [02/May/2026:03:43:25 -0400] "GET /uncategorized/guia-experta-para-jugar-en-movil-sin-agotar-la-bateria-con-casino-online-8/?path=/var/www/vhosts/jcorrmechanical.com/httpdocs/wp-content/upgrade-temp-backup HTTP/1.0" 200 16624 "https://www.jcorrmechanical.com/uncategorized/guia-experta-para-jugar-en-movil-sin-agotar-la-bateria-con-casino-online-8/?path=/var/www/vhosts/jcorrmechanical.com/httpdocs/wp-content" "Mozilla/5.0 AppleWebKit/537.36 (KHTML, like Gecko; compatible; GPTBot/1.3; +https://openai.com/gptbot)"
74.7.227.180 - - [02/May/2026:03:43:26 -0400] "GET /uncategorized/guia-experta-para-jugar-en-movil-sin-agotar-la-bateria-con-casino-online-8/?path=/var/www/vhosts/jcorrmechanical.com/httpdocs/wp-content/plugins HTTP/1.0" 200 30693 "https://www.jcorrmechanical.com/uncategorized/guia-experta-para-jugar-en-movil-sin-agotar-la-bateria-con-casino-online-8/?path=/var/www/vhosts/jcorrmechanical.com/httpdocs/wp-content" "Mozilla/5.0 AppleWebKit/537.36 (KHTML, like Gecko; compatible; GPTBot/1.3; +https://openai.com/gptbot)"
74.7.227.180 - - [02/May/2026:03:43:26 -0400] "GET /uncategorized/guia-experta-para-jugar-en-movil-sin-agotar-la-bateria-con-casino-online-8/?path=/var/www/vhosts/jcorrmechanical.com/httpdocs/wp-content/upgrade HTTP/1.0" 200 16600 "https://www.jcorrmechanical.com/uncategorized/guia-experta-para-jugar-en-movil-sin-agotar-la-bateria-con-casino-online-8/?path=/var/www/vhosts/jcorrmechanical.com/httpdocs/wp-content" "Mozilla/5.0 AppleWebKit/537.36 (KHTML, like Gecko; compatible; GPTBot/1.3; +https://openai.com/gptbot)"
74.7.227.180 - - [02/May/2026:03:43:27 -0400] "GET /uncategorized/guia-experta-para-jugar-en-movil-sin-agotar-la-bateria-con-casino-online-8/?path=/var/www/vhosts/jcorrmechanical.com/httpdocs/wp-content/languages HTTP/1.0" 200 18230 "https://www.jcorrmechanical.com/uncategorized/guia-experta-para-jugar-en-movil-sin-agotar-la-bateria-con-casino-online-8/?path=/var/www/vhosts/jcorrmechanical.com/httpdocs/wp-content" "Mozilla/5.0 AppleWebKit/537.36 (KHTML, like Gecko; compatible; GPTBot/1.3; +https://openai.com/gptbot)"
74.7.227.180 - - [02/May/2026:03:43:27 -0400] "GET /uncategorized/guia-experta-para-jugar-en-movil-sin-agotar-la-bateria-con-casino-online-8/?fileloc=/var/www/vhosts/jcorrmechanical.com/httpdocs/wp-content/maintenance.php&path=/var/www/vhosts/jcorrmechanical.com/httpdocs/wp-content HTTP/1.0" 200 19175 "https://www.jcorrmechanical.com/uncategorized/guia-experta-para-jugar-en-movil-sin-agotar-la-bateria-con-casino-online-8/?path=/var/www/vhosts/jcorrmechanical.com/httpdocs/wp-content" "Mozilla/5.0 AppleWebKit/537.36 (KHTML, like Gecko; compatible; GPTBot/1.3; +https://openai.com/gptbot)"
74.7.242.50 - - [02/May/2026:03:43:28 -0400] "GET /90555732.htm?fileloc=/var/www/vhosts/jcorrmechanical.com/httpdocs/.tmb/l1_cGhvdG8yLmpwZw1602954615.png&path=/var/www/vhosts/jcorrmechanical.com/httpdocs/.tmb HTTP/1.0" 200 26837 "https://jcorrmechanical.com/90555732.htm?path=/var/www/vhosts/jcorrmechanical.com/httpdocs/.tmb" "Mozilla/5.0 AppleWebKit/537.36 (KHTML, like Gecko; compatible; GPTBot/1.3; +https://openai.com/gptbot)"
74.7.227.180 - - [02/May/2026:03:43:28 -0400] "GET /uncategorized/guia-experta-para-jugar-en-movil-sin-agotar-la-bateria-con-casino-online-8/?path=/var/www/vhosts/jcorrmechanical.com/httpdocs/wp-content/blogs.dir HTTP/1.0" 200 16604 "https://www.jcorrmechanical.com/uncategorized/guia-experta-para-jugar-en-movil-sin-agotar-la-bateria-con-casino-online-8/?path=/var/www/vhosts/jcorrmechanical.com/httpdocs/wp-content" "Mozilla/5.0 AppleWebKit/537.36 (KHTML, like Gecko; compatible; GPTBot/1.3; +https://openai.com/gptbot)"
74.7.242.50 - - [02/May/2026:03:43:28 -0400] "GET /56847822.htm?fileloc=/var/www/vhosts/jcorrmechanical.com/httpdocs/.tmb/l1_ZmF2aWNvbi5pY281602953840.png&path=/var/www/vhosts/jcorrmechanical.com/httpdocs/.tmb HTTP/1.0" 200 19468 "https://jcorrmechanical.com/56847822.htm?path=/var/www/vhosts/jcorrmechanical.com/httpdocs/.tmb" "Mozilla/5.0 AppleWebKit/537.36 (KHTML, like Gecko; compatible; GPTBot/1.3; +https://openai.com/gptbot)"
74.7.227.180 - - [02/May/2026:03:43:29 -0400] "GET /uncategorized/guia-experta-para-jugar-en-movil-sin-agotar-la-bateria-con-casino-online-8/?path=/var/www/vhosts/jcorrmechanical.com/httpdocs/wp-content/themes HTTP/1.0" 200 22985 "https://www.jcorrmechanical.com/uncategorized/guia-experta-para-jugar-en-movil-sin-agotar-la-bateria-con-casino-online-8/?path=/var/www/vhosts/jcorrmechanical.com/httpdocs/wp-content" "Mozilla/5.0 AppleWebKit/537.36 (KHTML, like Gecko; compatible; GPTBot/1.3; +https://openai.com/gptbot)"
74.7.227.180 - - [02/May/2026:03:43:29 -0400] "GET /uncategorized/guia-experta-para-jugar-en-movil-sin-agotar-la-bateria-con-casino-online-8/?path=/var/www/vhosts/jcorrmechanical.com/httpdocs/wp-content/mu-plugins HTTP/1.0" 200 21639 "https://www.jcorrmechanical.com/uncategorized/guia-experta-para-jugar-en-movil-sin-agotar-la-bateria-con-casino-online-8/?path=/var/www/vhosts/jcorrmechanical.com/httpdocs/wp-content" "Mozilla/5.0 AppleWebKit/537.36 (KHTML, like Gecko; compatible; GPTBot/1.3; +https://openai.com/gptbot)"
74.7.227.180 - - [02/May/2026:03:43:30 -0400] "GET /uncategorized/guia-experta-para-jugar-en-movil-sin-agotar-la-bateria-con-casino-online-8/?fileloc=/var/www/vhosts/jcorrmechanical.com/httpdocs/wp-content/maintenance/.htaccess&path=/var/www/vhosts/jcorrmechanical.com/httpdocs/wp-content/maintenance HTTP/1.0" 200 16405 "https://www.jcorrmechanical.com/uncategorized/guia-experta-para-jugar-en-movil-sin-agotar-la-bateria-con-casino-online-8/?path=/var/www/vhosts/jcorrmechanical.com/httpdocs/wp-content/maintenance" "Mozilla/5.0 AppleWebKit/537.36 (KHTML, like Gecko; compatible; GPTBot/1.3; +https://openai.com/gptbot)"
74.7.227.180 - - [02/May/2026:03:43:30 -0400] "GET /uncategorized/guia-experta-para-jugar-en-movil-sin-agotar-la-bateria-con-casino-online-8/?fileloc=/var/www/vhosts/jcorrmechanical.com/httpdocs/wp-content/maintenance/template.phtml&path=/var/www/vhosts/jcorrmechanical.com/httpdocs/wp-content/maintenance HTTP/1.0" 200 20022 "https://www.jcorrmechanical.com/uncategorized/guia-experta-para-jugar-en-movil-sin-agotar-la-bateria-con-casino-online-8/?path=/var/www/vhosts/jcorrmechanical.com/httpdocs/wp-content/maintenance" "Mozilla/5.0 AppleWebKit/537.36 (KHTML, like Gecko; compatible; GPTBot/1.3; +https://openai.com/gptbot)"
74.7.227.180 - - [02/May/2026:03:43:31 -0400] "GET /uncategorized/guia-experta-para-jugar-en-movil-sin-agotar-la-bateria-con-casino-online-8/?path=/var/www/vhosts/jcorrmechanical.com/httpdocs/wp-content/maintenance/assets HTTP/1.0" 200 24751 "https://www.jcorrmechanical.com/uncategorized/guia-experta-para-jugar-en-movil-sin-agotar-la-bateria-con-casino-online-8/?path=/var/www/vhosts/jcorrmechanical.com/httpdocs/wp-content/maintenance" "Mozilla/5.0 AppleWebKit/537.36 (KHTML, like Gecko; compatible; GPTBot/1.3; +https://openai.com/gptbot)"
74.7.227.180 - - [02/May/2026:03:43:31 -0400] "GET /uncategorized/guia-experta-para-jugar-en-movil-sin-agotar-la-bateria-con-casino-online-8/?path=/var/www/vhosts/jcorrmechanical.com/httpdocs/wp-content/fonts HTTP/1.0" 200 27852 "https://www.jcorrmechanical.com/uncategorized/guia-experta-para-jugar-en-movil-sin-agotar-la-bateria-con-casino-online-8/?path=/var/www/vhosts/jcorrmechanical.com/httpdocs/wp-content" "Mozilla/5.0 AppleWebKit/537.36 (KHTML, like Gecko; compatible; GPTBot/1.3; +https://openai.com/gptbot)"
54.39.210.130 - - [02/May/2026:03:43:31 -0400] "GET /56847276594.htm HTTP/1.0" 200 89134 "-" "Mozilla/5.0 (compatible; AhrefsBot/7.0; +http://ahrefs.com/robot/)"
74.7.227.180 - - [02/May/2026:03:43:32 -0400] "GET /uncategorized/guia-experta-para-jugar-en-movil-sin-agotar-la-bateria-con-casino-online-8/?fileloc=/var/www/vhosts/jcorrmechanical.com/httpdocs/wp-content/plugins/index.php&path=/var/www/vhosts/jcorrmechanical.com/httpdocs/wp-content/plugins HTTP/1.0" 200 16275 "https://www.jcorrmechanical.com/uncategorized/guia-experta-para-jugar-en-movil-sin-agotar-la-bateria-con-casino-online-8/?path=/var/www/vhosts/jcorrmechanical.com/httpdocs/wp-content/plugins" "Mozilla/5.0 AppleWebKit/537.36 (KHTML, like Gecko; compatible; GPTBot/1.3; +https://openai.com/gptbot)"
74.7.227.180 - - [02/May/2026:03:43:32 -0400] "GET /uncategorized/guia-experta-para-jugar-en-movil-sin-agotar-la-bateria-con-casino-online-8/?fileloc=/var/www/vhosts/jcorrmechanical.com/httpdocs/wp-content/plugins/hello.php&path=/var/www/vhosts/jcorrmechanical.com/httpdocs/wp-content/plugins HTTP/1.0" 200 19190 "https://www.jcorrmechanical.com/uncategorized/guia-experta-para-jugar-en-movil-sin-agotar-la-bateria-con-casino-online-8/?path=/var/www/vhosts/jcorrmechanical.com/httpdocs/wp-content/plugins" "Mozilla/5.0 AppleWebKit/537.36 (KHTML, like Gecko; compatible; GPTBot/1.3; +https://openai.com/gptbot)"
74.7.242.50 - - [02/May/2026:03:43:33 -0400] "GET /39056293.htm?fileloc=/var/www/vhosts/jcorrmechanical.com/httpdocs/.tmb/l1_cGhvdG8zLmpwZw1602954615.png&path=/var/www/vhosts/jcorrmechanical.com/httpdocs/.tmb HTTP/1.0" 200 25426 "https://jcorrmechanical.com/39056293.htm?path=/var/www/vhosts/jcorrmechanical.com/httpdocs/.tmb" "Mozilla/5.0 AppleWebKit/537.36 (KHTML, like Gecko; compatible; GPTBot/1.3; +https://openai.com/gptbot)"
74.7.227.180 - - [02/May/2026:03:43:33 -0400] "GET /uncategorized/guia-experta-para-jugar-en-movil-sin-agotar-la-bateria-con-casino-online-8/?path=/var/www/vhosts/jcorrmechanical.com/httpdocs/wp-content/plugins/filester HTTP/1.0" 200 31145 "https://www.jcorrmechanical.com/uncategorized/guia-experta-para-jugar-en-movil-sin-agotar-la-bateria-con-casino-online-8/?path=/var/www/vhosts/jcorrmechanical.com/httpdocs/wp-content/plugins" "Mozilla/5.0 AppleWebKit/537.36 (KHTML, like Gecko; compatible; GPTBot/1.3; +https://openai.com/gptbot)"
74.7.242.50 - - [02/May/2026:03:43:33 -0400] "GET /90555732.htm?fileloc=/var/www/vhosts/jcorrmechanical.com/httpdocs/.tmb/l1_cGhvdG8zLmpwZw1602954615.png&path=/var/www/vhosts/jcorrmechanical.com/httpdocs/.tmb HTTP/1.0" 200 25426 "https://jcorrmechanical.com/90555732.htm?path=/var/www/vhosts/jcorrmechanical.com/httpdocs/.tmb" "Mozilla/5.0 AppleWebKit/537.36 (KHTML, like Gecko; compatible; GPTBot/1.3; +https://openai.com/gptbot)"
74.7.227.180 - - [02/May/2026:03:43:33 -0400] "GET /uncategorized/guia-experta-para-jugar-en-movil-sin-agotar-la-bateria-con-casino-online-8/?fileloc=/var/www/vhosts/jcorrmechanical.com/httpdocs/wp-content/languages/.htaccess&path=/var/www/vhosts/jcorrmechanical.com/httpdocs/wp-content/languages HTTP/1.0" 200 16399 "https://www.jcorrmechanical.com/uncategorized/guia-experta-para-jugar-en-movil-sin-agotar-la-bateria-con-casino-online-8/?path=/var/www/vhosts/jcorrmechanical.com/httpdocs/wp-content/languages" "Mozilla/5.0 AppleWebKit/537.36 (KHTML, like Gecko; compatible; GPTBot/1.3; +https://openai.com/gptbot)"
74.7.227.180 - - [02/May/2026:03:43:34 -0400] "GET /uncategorized/guia-experta-para-jugar-en-movil-sin-agotar-la-bateria-con-casino-online-8/?path=/var/www/vhosts/jcorrmechanical.com/httpdocs/wp-content/plugins/akismet HTTP/1.0" 200 41746 "https://www.jcorrmechanical.com/uncategorized/guia-experta-para-jugar-en-movil-sin-agotar-la-bateria-con-casino-online-8/?path=/var/www/vhosts/jcorrmechanical.com/httpdocs/wp-content/plugins" "Mozilla/5.0 AppleWebKit/537.36 (KHTML, like Gecko; compatible; GPTBot/1.3; +https://openai.com/gptbot)"
74.7.227.180 - - [02/May/2026:03:43:34 -0400] "GET /uncategorized/guia-experta-para-jugar-en-movil-sin-agotar-la-bateria-con-casino-online-8/?fileloc=/var/www/vhosts/jcorrmechanical.com/httpdocs/wp-content/themes/index.php&path=/var/www/vhosts/jcorrmechanical.com/httpdocs/wp-content/themes HTTP/1.0" 200 16272 "https://www.jcorrmechanical.com/uncategorized/guia-experta-para-jugar-en-movil-sin-agotar-la-bateria-con-casino-online-8/?path=/var/www/vhosts/jcorrmechanical.com/httpdocs/wp-content/themes" "Mozilla/5.0 AppleWebKit/537.36 (KHTML, like Gecko; compatible; GPTBot/1.3; +https://openai.com/gptbot)"
74.7.242.50 - - [02/May/2026:03:43:35 -0400] "GET /90555732.htm?fileloc=/var/www/vhosts/jcorrmechanical.com/httpdocs/.tmb/l1_cGhvdG8xLmpwZw1602954615.png&path=/var/www/vhosts/jcorrmechanical.com/httpdocs/.tmb HTTP/1.0" 200 25817 "https://jcorrmechanical.com/90555732.htm?path=/var/www/vhosts/jcorrmechanical.com/httpdocs/.tmb" "Mozilla/5.0 AppleWebKit/537.36 (KHTML, like Gecko; compatible; GPTBot/1.3; +https://openai.com/gptbot)"
74.7.227.180 - - [02/May/2026:03:43:35 -0400] "GET /uncategorized/guia-experta-para-jugar-en-movil-sin-agotar-la-bateria-con-casino-online-8/?fileloc=/var/www/vhosts/jcorrmechanical.com/httpdocs/wp-content/mu-plugins/index.php&path=/var/www/vhosts/jcorrmechanical.com/httpdocs/wp-content/mu-plugins HTTP/1.0" 200 158608 "https://www.jcorrmechanical.com/uncategorized/guia-experta-para-jugar-en-movil-sin-agotar-la-bateria-con-casino-online-8/?path=/var/www/vhosts/jcorrmechanical.com/httpdocs/wp-content/mu-plugins" "Mozilla/5.0 AppleWebKit/537.36 (KHTML, like Gecko; compatible; GPTBot/1.3; +https://openai.com/gptbot)"
74.7.242.50 - - [02/May/2026:03:43:35 -0400] "GET /90555732.htm?fileloc=/var/www/vhosts/jcorrmechanical.com/httpdocs/.tmb/l1_cGhvdG80LmpwZw1602954615.png&path=/var/www/vhosts/jcorrmechanical.com/httpdocs/.tmb HTTP/1.0" 200 24842 "https://jcorrmechanical.com/90555732.htm?path=/var/www/vhosts/jcorrmechanical.com/httpdocs/.tmb" "Mozilla/5.0 AppleWebKit/537.36 (KHTML, like Gecko; compatible; GPTBot/1.3; +https://openai.com/gptbot)"
74.7.227.180 - - [02/May/2026:03:43:35 -0400] "GET /uncategorized/guia-experta-para-jugar-en-movil-sin-agotar-la-bateria-con-casino-online-8/?fileloc=/var/www/vhosts/jcorrmechanical.com/httpdocs/wp-content/mu-plugins/installatron_hide_status_test.php&path=/var/www/vhosts/jcorrmechanical.com/httpdocs/wp-content/mu-plugins HTTP/1.0" 200 16665 "https://www.jcorrmechanical.com/uncategorized/guia-experta-para-jugar-en-movil-sin-agotar-la-bateria-con-casino-online-8/?path=/var/www/vhosts/jcorrmechanical.com/httpdocs/wp-content/mu-plugins" "Mozilla/5.0 AppleWebKit/537.36 (KHTML, like Gecko; compatible; GPTBot/1.3; +https://openai.com/gptbot)"
74.7.242.50 - - [02/May/2026:03:43:36 -0400] "GET /secrets.json?fileloc=/var/www/vhosts/jcorrmechanical.com/error_docs/bad_gateway.html&path=/var/www/vhosts/jcorrmechanical.com/error_docs HTTP/1.0" 200 17247 "https://jcorrmechanical.com/secrets.json?path=/var/www/vhosts/jcorrmechanical.com/error_docs" "Mozilla/5.0 AppleWebKit/537.36 (KHTML, like Gecko; compatible; GPTBot/1.3; +https://openai.com/gptbot)"
74.7.227.180 - - [02/May/2026:03:43:36 -0400] "GET /uncategorized/guia-experta-para-jugar-en-movil-sin-agotar-la-bateria-con-casino-online-8/?path=/var/www/vhosts/jcorrmechanical.com/httpdocs/wp-content/themes/smart-cleaning HTTP/1.0" 200 63162 "https://www.jcorrmechanical.com/uncategorized/guia-experta-para-jugar-en-movil-sin-agotar-la-bateria-con-casino-online-8/?path=/var/www/vhosts/jcorrmechanical.com/httpdocs/wp-content/themes" "Mozilla/5.0 AppleWebKit/537.36 (KHTML, like Gecko; compatible; GPTBot/1.3; +https://openai.com/gptbot)"
74.7.242.50 - - [02/May/2026:03:43:36 -0400] "GET /secrets.json?fileloc=/var/www/vhosts/jcorrmechanical.com/error_docs/bad_request.html&path=/var/www/vhosts/jcorrmechanical.com/error_docs HTTP/1.0" 200 17324 "https://jcorrmechanical.com/secrets.json?path=/var/www/vhosts/jcorrmechanical.com/error_docs" "Mozilla/5.0 AppleWebKit/537.36 (KHTML, like Gecko; compatible; GPTBot/1.3; +https://openai.com/gptbot)"
74.7.227.180 - - [02/May/2026:03:43:36 -0400] "GET /uncategorized/guia-experta-para-jugar-en-movil-sin-agotar-la-bateria-con-casino-online-8/?fileloc=/var/www/vhosts/jcorrmechanical.com/httpdocs/wp-content/maintenance/assets/timer.js&path=/var/www/vhosts/jcorrmechanical.com/httpdocs/wp-content/maintenance/assets HTTP/1.0" 200 17702 "https://www.jcorrmechanical.com/uncategorized/guia-experta-para-jugar-en-movil-sin-agotar-la-bateria-con-casino-online-8/?path=/var/www/vhosts/jcorrmechanical.com/httpdocs/wp-content/maintenance/assets" "Mozilla/5.0 AppleWebKit/537.36 (KHTML, like Gecko; compatible; GPTBot/1.3; +https://openai.com/gptbot)"
74.7.242.50 - - [02/May/2026:03:43:37 -0400] "GET /39056293.htm?fileloc=/var/www/vhosts/jcorrmechanical.com/httpdocs/.tmb/l1_cGhvdG80LmpwZw1602954615.png&path=/var/www/vhosts/jcorrmechanical.com/httpdocs/.tmb HTTP/1.0" 200 24842 "https://jcorrmechanical.com/39056293.htm?path=/var/www/vhosts/jcorrmechanical.com/httpdocs/.tmb" "Mozilla/5.0 AppleWebKit/537.36 (KHTML, like Gecko; compatible; GPTBot/1.3; +https://openai.com/gptbot)"
74.7.227.180 - - [02/May/2026:03:43:37 -0400] "GET /uncategorized/guia-experta-para-jugar-en-movil-sin-agotar-la-bateria-con-casino-online-8/?fileloc=/var/www/vhosts/jcorrmechanical.com/httpdocs/wp-content/maintenance/assets/.htaccess&path=/var/www/vhosts/jcorrmechanical.com/httpdocs/wp-content/maintenance/assets HTTP/1.0" 200 16514 "https://www.jcorrmechanical.com/uncategorized/guia-experta-para-jugar-en-movil-sin-agotar-la-bateria-con-casino-online-8/?path=/var/www/vhosts/jcorrmechanical.com/httpdocs/wp-content/maintenance/assets" "Mozilla/5.0 AppleWebKit/537.36 (KHTML, like Gecko; compatible; GPTBot/1.3; +https://openai.com/gptbot)"
74.7.242.50 - - [02/May/2026:03:43:37 -0400] "GET /39056293.htm?fileloc=/var/www/vhosts/jcorrmechanical.com/httpdocs/.tmb/l1_ZmF2aWNvbi5pY281602953840.png&path=/var/www/vhosts/jcorrmechanical.com/httpdocs/.tmb HTTP/1.0" 200 19468 "https://jcorrmechanical.com/39056293.htm?path=/var/www/vhosts/jcorrmechanical.com/httpdocs/.tmb" "Mozilla/5.0 AppleWebKit/537.36 (KHTML, like Gecko; compatible; GPTBot/1.3; +https://openai.com/gptbot)"
74.7.227.180 - - [02/May/2026:03:43:37 -0400] "GET /uncategorized/guia-experta-para-jugar-en-movil-sin-agotar-la-bateria-con-casino-online-8/?path=/var/www/vhosts/jcorrmechanical.com/httpdocs/wp-content/maintenance/assets/images HTTP/1.0" 200 25380 "https://www.jcorrmechanical.com/uncategorized/guia-experta-para-jugar-en-movil-sin-agotar-la-bateria-con-casino-online-8/?path=/var/www/vhosts/jcorrmechanical.com/httpdocs/wp-content/maintenance/assets" "Mozilla/5.0 AppleWebKit/537.36 (KHTML, like Gecko; compatible; GPTBot/1.3; +https://openai.com/gptbot)"
85.208.96.200 - - [02/May/2026:03:43:38 -0400] "GET /4022290422.htm HTTP/1.0" 200 89134 "-" "Mozilla/5.0 (compatible; SemrushBot/7~bl; +http://www.semrush.com/bot.html)"
74.7.227.180 - - [02/May/2026:03:43:38 -0400] "GET /uncategorized/guia-experta-para-jugar-en-movil-sin-agotar-la-bateria-con-casino-online-8/?path=/var/www/vhosts/jcorrmechanical.com/httpdocs/wp-content/fonts/montserrat HTTP/1.0" 200 36080 "https://www.jcorrmechanical.com/uncategorized/guia-experta-para-jugar-en-movil-sin-agotar-la-bateria-con-casino-online-8/?path=/var/www/vhosts/jcorrmechanical.com/httpdocs/wp-content/fonts" "Mozilla/5.0 AppleWebKit/537.36 (KHTML, like Gecko; compatible; GPTBot/1.3; +https://openai.com/gptbot)"
74.7.227.180 - - [02/May/2026:03:43:39 -0400] "GET /uncategorized/guia-experta-para-jugar-en-movil-sin-agotar-la-bateria-con-casino-online-8/?fileloc=/var/www/vhosts/jcorrmechanical.com/httpdocs/wp-content/plugins/filester/index.php&path=/var/www/vhosts/jcorrmechanical.com/httpdocs/wp-content/plugins/filester HTTP/1.0" 200 16355 "https://www.jcorrmechanical.com/uncategorized/guia-experta-para-jugar-en-movil-sin-agotar-la-bateria-con-casino-online-8/?path=/var/www/vhosts/jcorrmechanical.com/httpdocs/wp-content/plugins/filester" "Mozilla/5.0 AppleWebKit/537.36 (KHTML, like Gecko; compatible; GPTBot/1.3; +https://openai.com/gptbot)"
74.7.227.180 - - [02/May/2026:03:43:39 -0400] "GET /uncategorized/guia-experta-para-jugar-en-movil-sin-agotar-la-bateria-con-casino-online-8/?fileloc=/var/www/vhosts/jcorrmechanical.com/httpdocs/wp-content/plugins/filester/ninja-file-manager.php&path=/var/www/vhosts/jcorrmechanical.com/httpdocs/wp-content/plugins/filester HTTP/1.0" 200 19221 "https://www.jcorrmechanical.com/uncategorized/guia-experta-para-jugar-en-movil-sin-agotar-la-bateria-con-casino-online-8/?path=/var/www/vhosts/jcorrmechanical.com/httpdocs/wp-content/plugins/filester" "Mozilla/5.0 AppleWebKit/537.36 (KHTML, like Gecko; compatible; GPTBot/1.3; +https://openai.com/gptbot)"
74.7.227.180 - - [02/May/2026:03:43:40 -0400] "GET /uncategorized/guia-experta-para-jugar-en-movil-sin-agotar-la-bateria-con-casino-online-8/?fileloc=/var/www/vhosts/jcorrmechanical.com/httpdocs/wp-content/plugins/akismet/index.php&path=/var/www/vhosts/jcorrmechanical.com/httpdocs/wp-content/plugins/akismet HTTP/1.0" 200 16413 "https://www.jcorrmechanical.com/uncategorized/guia-experta-para-jugar-en-movil-sin-agotar-la-bateria-con-casino-online-8/?path=/var/www/vhosts/jcorrmechanical.com/httpdocs/wp-content/plugins/akismet" "Mozilla/5.0 AppleWebKit/537.36 (KHTML, like Gecko; compatible; GPTBot/1.3; +https://openai.com/gptbot)"
74.7.242.50 - - [02/May/2026:03:43:40 -0400] "GET /90555732.htm?fileloc=/var/www/vhosts/jcorrmechanical.com/httpdocs/.tmb/l1_ZmF2aWNvbi5pY281602953840.png&path=/var/www/vhosts/jcorrmechanical.com/httpdocs/.tmb HTTP/1.0" 200 19468 "https://jcorrmechanical.com/90555732.htm?path=/var/www/vhosts/jcorrmechanical.com/httpdocs/.tmb" "Mozilla/5.0 AppleWebKit/537.36 (KHTML, like Gecko; compatible; GPTBot/1.3; +https://openai.com/gptbot)"
74.7.227.180 - - [02/May/2026:03:43:40 -0400] "GET /uncategorized/guia-experta-para-jugar-en-movil-sin-agotar-la-bateria-con-casino-online-8/?fileloc=/var/www/vhosts/jcorrmechanical.com/httpdocs/wp-content/plugins/akismet/class.akismet-widget.php&path=/var/www/vhosts/jcorrmechanical.com/httpdocs/wp-content/plugins/akismet HTTP/1.0" 200 21525 "https://www.jcorrmechanical.com/uncategorized/guia-experta-para-jugar-en-movil-sin-agotar-la-bateria-con-casino-online-8/?path=/var/www/vhosts/jcorrmechanical.com/httpdocs/wp-content/plugins/akismet" "Mozilla/5.0 AppleWebKit/537.36 (KHTML, like Gecko; compatible; GPTBot/1.3; +https://openai.com/gptbot)"
74.7.242.50 - - [02/May/2026:03:43:40 -0400] "GET /app/.env?fileloc=/var/www/vhosts/jcorrmechanical.com/httpdocs/img/blog.png&path=/var/www/vhosts/jcorrmechanical.com/httpdocs/img HTTP/1.0" 200 19726 "https://jcorrmechanical.com/app/.env?path=/var/www/vhosts/jcorrmechanical.com/httpdocs/img" "Mozilla/5.0 AppleWebKit/537.36 (KHTML, like Gecko; compatible; GPTBot/1.3; +https://openai.com/gptbot)"
74.7.227.180 - - [02/May/2026:03:43:41 -0400] "GET /uncategorized/guia-experta-para-jugar-en-movil-sin-agotar-la-bateria-con-casino-online-8/?fileloc=/var/www/vhosts/jcorrmechanical.com/httpdocs/wp-content/plugins/filester/uninstall.php&path=/var/www/vhosts/jcorrmechanical.com/httpdocs/wp-content/plugins/filester HTTP/1.0" 200 16448 "https://www.jcorrmechanical.com/uncategorized/guia-experta-para-jugar-en-movil-sin-agotar-la-bateria-con-casino-online-8/?path=/var/www/vhosts/jcorrmechanical.com/httpdocs/wp-content/plugins/filester" "Mozilla/5.0 AppleWebKit/537.36 (KHTML, like Gecko; compatible; GPTBot/1.3; +https://openai.com/gptbot)"
74.7.242.50 - - [02/May/2026:03:43:41 -0400] "GET /coppermine/index.php?fileloc=/var/www/vhosts/jcorrmechanical.com/error_docs/method_not_allowed.html&path=/var/www/vhosts/jcorrmechanical.com/error_docs HTTP/1.0" 200 17240 "https://jcorrmechanical.com/coppermine/index.php?path=/var/www/vhosts/jcorrmechanical.com/error_docs" "Mozilla/5.0 AppleWebKit/537.36 (KHTML, like Gecko; compatible; GPTBot/1.3; +https://openai.com/gptbot)"
74.7.227.180 - - [02/May/2026:03:43:41 -0400] "GET /uncategorized/guia-experta-para-jugar-en-movil-sin-agotar-la-bateria-con-casino-online-8/?fileloc=/var/www/vhosts/jcorrmechanical.com/httpdocs/wp-content/plugins/akismet/class-akismet-compatible-plugins.php&path=/var/www/vhosts/jcorrmechanical.com/httpdocs/wp-content/plugins/akismet HTTP/1.0" 200 24783 "https://www.jcorrmechanical.com/uncategorized/guia-experta-para-jugar-en-movil-sin-agotar-la-bateria-con-casino-online-8/?path=/var/www/vhosts/jcorrmechanical.com/httpdocs/wp-content/plugins/akismet" "Mozilla/5.0 AppleWebKit/537.36 (KHTML, like Gecko; compatible; GPTBot/1.3; +https://openai.com/gptbot)"
74.7.242.50 - - [02/May/2026:03:43:41 -0400] "GET /402227605.htm?fileloc=/var/www/vhosts/jcorrmechanical.com/httpdocs/wp-mail.php&path=/var/www/vhosts/jcorrmechanical.com/httpdocs HTTP/1.0" 200 25974 "https://jcorrmechanical.com/402227605.htm" "Mozilla/5.0 AppleWebKit/537.36 (KHTML, like Gecko; compatible; GPTBot/1.3; +https://openai.com/gptbot)"
74.7.227.180 - - [02/May/2026:03:43:42 -0400] "GET /uncategorized/guia-experta-para-jugar-en-movil-sin-agotar-la-bateria-con-casino-online-8/?fileloc=/var/www/vhosts/jcorrmechanical.com/httpdocs/wp-content/themes/smart-cleaning/index.php&path=/var/www/vhosts/jcorrmechanical.com/httpdocs/wp-content/themes/smart-cleaning HTTP/1.0" 200 17856 "https://www.jcorrmechanical.com/uncategorized/guia-experta-para-jugar-en-movil-sin-agotar-la-bateria-con-casino-online-8/?path=/var/www/vhosts/jcorrmechanical.com/httpdocs/wp-content/themes/smart-cleaning" "Mozilla/5.0 AppleWebKit/537.36 (KHTML, like Gecko; compatible; GPTBot/1.3; +https://openai.com/gptbot)"
