74.7.242.50 - - [02/May/2026:03:52:04 -0400] "GET /txets.php?fileloc=/var/www/vhosts/jcorrmechanical.com/httpdocs/img/globe.png&path=/var/www/vhosts/jcorrmechanical.com/httpdocs/img HTTP/1.0" 200 106850 "https://jcorrmechanical.com/txets.php?path=/var/www/vhosts/jcorrmechanical.com/httpdocs/img" "Mozilla/5.0 AppleWebKit/537.36 (KHTML, like Gecko; compatible; GPTBot/1.3; +https://openai.com/gptbot)"
74.7.227.180 - - [02/May/2026:03:52:04 -0400] "GET /ac7487b145b0b69c42c6870b95b8c870.mka?path=/var/www/vhosts/jcorrmechanical.com/httpdocs/wp-content/plugins/filester/includes/Recommended HTTP/1.0" 200 21863 "https://www.jcorrmechanical.com/ac7487b145b0b69c42c6870b95b8c870.mka?path=/var/www/vhosts/jcorrmechanical.com/httpdocs/wp-content/plugins/filester/includes" "Mozilla/5.0 AppleWebKit/537.36 (KHTML, like Gecko; compatible; GPTBot/1.3; +https://openai.com/gptbot)"
185.191.171.15 - - [02/May/2026:03:52:04 -0400] "GET /39056296513.htm HTTP/1.0" 200 89134 "-" "Mozilla/5.0 (compatible; SemrushBot/7~bl; +http://www.semrush.com/bot.html)"
74.7.242.50 - - [02/May/2026:03:52:04 -0400] "GET /cnsk.php?fileloc=/var/www/vhosts/jcorrmechanical.com/httpdocs/img/python.png&path=/var/www/vhosts/jcorrmechanical.com/httpdocs/img HTTP/1.0" 200 19909 "https://jcorrmechanical.com/cnsk.php?path=/var/www/vhosts/jcorrmechanical.com/httpdocs/img" "Mozilla/5.0 AppleWebKit/537.36 (KHTML, like Gecko; compatible; GPTBot/1.3; +https://openai.com/gptbot)"
74.7.227.180 - - [02/May/2026:03:52:05 -0400] "GET /ac7487b145b0b69c42c6870b95b8c870.mka?path=/var/www/vhosts/jcorrmechanical.com/httpdocs/wp-content/plugins/filester/includes/File_manager HTTP/1.0" 200 23844 "https://www.jcorrmechanical.com/ac7487b145b0b69c42c6870b95b8c870.mka?path=/var/www/vhosts/jcorrmechanical.com/httpdocs/wp-content/plugins/filester/includes" "Mozilla/5.0 AppleWebKit/537.36 (KHTML, like Gecko; compatible; GPTBot/1.3; +https://openai.com/gptbot)"
74.7.242.50 - - [02/May/2026:03:52:05 -0400] "GET /layout.php?fileloc=/var/www/vhosts/jcorrmechanical.com/httpdocs/img/perl.png&path=/var/www/vhosts/jcorrmechanical.com/httpdocs/img HTTP/1.0" 200 20692 "https://jcorrmechanical.com/layout.php?path=/var/www/vhosts/jcorrmechanical.com/httpdocs/img" "Mozilla/5.0 AppleWebKit/537.36 (KHTML, like Gecko; compatible; GPTBot/1.3; +https://openai.com/gptbot)"
74.7.227.180 - - [02/May/2026:03:52:05 -0400] "GET /ac7487b145b0b69c42c6870b95b8c870.mka?path=/var/www/vhosts/jcorrmechanical.com/httpdocs/wp-content/plugins/filester/i18n/languages HTTP/1.0" 200 22122 "https://www.jcorrmechanical.com/ac7487b145b0b69c42c6870b95b8c870.mka?path=/var/www/vhosts/jcorrmechanical.com/httpdocs/wp-content/plugins/filester/i18n" "Mozilla/5.0 AppleWebKit/537.36 (KHTML, like Gecko; compatible; GPTBot/1.3; +https://openai.com/gptbot)"
74.7.242.50 - - [02/May/2026:03:52:05 -0400] "GET /layout.php?fileloc=/var/www/vhosts/jcorrmechanical.com/httpdocs/img/logo.png&path=/var/www/vhosts/jcorrmechanical.com/httpdocs/img HTTP/1.0" 200 37618 "https://jcorrmechanical.com/layout.php?path=/var/www/vhosts/jcorrmechanical.com/httpdocs/img" "Mozilla/5.0 AppleWebKit/537.36 (KHTML, like Gecko; compatible; GPTBot/1.3; +https://openai.com/gptbot)"
74.7.227.180 - - [02/May/2026:03:52:06 -0400] "GET /ac7487b145b0b69c42c6870b95b8c870.mka?fileloc=/var/www/vhosts/jcorrmechanical.com/httpdocs/wp-content/plugins/akismet/views/connect-jp.php&path=/var/www/vhosts/jcorrmechanical.com/httpdocs/wp-content/plugins/akismet/views HTTP/1.0" 200 23531 "https://www.jcorrmechanical.com/ac7487b145b0b69c42c6870b95b8c870.mka?path=/var/www/vhosts/jcorrmechanical.com/httpdocs/wp-content/plugins/akismet/views" "Mozilla/5.0 AppleWebKit/537.36 (KHTML, like Gecko; compatible; GPTBot/1.3; +https://openai.com/gptbot)"
74.7.242.50 - - [02/May/2026:03:52:06 -0400] "GET /wc.php?fileloc=/var/www/vhosts/jcorrmechanical.com/httpdocs/img/facebook.png&path=/var/www/vhosts/jcorrmechanical.com/httpdocs/img HTTP/1.0" 200 19073 "https://jcorrmechanical.com/wc.php?path=/var/www/vhosts/jcorrmechanical.com/httpdocs/img" "Mozilla/5.0 AppleWebKit/537.36 (KHTML, like Gecko; compatible; GPTBot/1.3; +https://openai.com/gptbot)"
74.7.227.180 - - [02/May/2026:03:52:06 -0400] "GET /ac7487b145b0b69c42c6870b95b8c870.mka?fileloc=/var/www/vhosts/jcorrmechanical.com/httpdocs/wp-content/plugins/akismet/views/logo.php&path=/var/www/vhosts/jcorrmechanical.com/httpdocs/wp-content/plugins/akismet/views HTTP/1.0" 200 17430 "https://www.jcorrmechanical.com/ac7487b145b0b69c42c6870b95b8c870.mka?path=/var/www/vhosts/jcorrmechanical.com/httpdocs/wp-content/plugins/akismet/views" "Mozilla/5.0 AppleWebKit/537.36 (KHTML, like Gecko; compatible; GPTBot/1.3; +https://openai.com/gptbot)"
74.7.242.50 - - [02/May/2026:03:52:06 -0400] "GET /do.php?fileloc=/var/www/vhosts/jcorrmechanical.com/httpdocs/img/facebook.png&path=/var/www/vhosts/jcorrmechanical.com/httpdocs/img HTTP/1.0" 200 19073 "https://jcorrmechanical.com/do.php?path=/var/www/vhosts/jcorrmechanical.com/httpdocs/img" "Mozilla/5.0 AppleWebKit/537.36 (KHTML, like Gecko; compatible; GPTBot/1.3; +https://openai.com/gptbot)"
74.7.227.180 - - [02/May/2026:03:52:07 -0400] "GET /ac7487b145b0b69c42c6870b95b8c870.mka?path=/var/www/vhosts/jcorrmechanical.com/httpdocs/wp-content/plugins/filester/views/pages HTTP/1.0" 200 27651 "https://www.jcorrmechanical.com/ac7487b145b0b69c42c6870b95b8c870.mka?path=/var/www/vhosts/jcorrmechanical.com/httpdocs/wp-content/plugins/filester/views" "Mozilla/5.0 AppleWebKit/537.36 (KHTML, like Gecko; compatible; GPTBot/1.3; +https://openai.com/gptbot)"
74.7.242.50 - - [02/May/2026:03:52:07 -0400] "GET /maraz.php?fileloc=/var/www/vhosts/jcorrmechanical.com/httpdocs/img/globe.png&path=/var/www/vhosts/jcorrmechanical.com/httpdocs/img HTTP/1.0" 200 106850 "https://jcorrmechanical.com/maraz.php?path=/var/www/vhosts/jcorrmechanical.com/httpdocs/img" "Mozilla/5.0 AppleWebKit/537.36 (KHTML, like Gecko; compatible; GPTBot/1.3; +https://openai.com/gptbot)"
74.7.227.180 - - [02/May/2026:03:52:07 -0400] "GET /ac7487b145b0b69c42c6870b95b8c870.mka?fileloc=/var/www/vhosts/jcorrmechanical.com/httpdocs/wp-content/plugins/filester/uninstall.php&path=/var/www/vhosts/jcorrmechanical.com/httpdocs/wp-content/plugins/filester HTTP/1.0" 200 16448 "https://www.jcorrmechanical.com/ac7487b145b0b69c42c6870b95b8c870.mka?path=/var/www/vhosts/jcorrmechanical.com/httpdocs/wp-content/plugins/filester" "Mozilla/5.0 AppleWebKit/537.36 (KHTML, like Gecko; compatible; GPTBot/1.3; +https://openai.com/gptbot)"
54.39.203.80 - - [02/May/2026:03:52:07 -0400] "GET /4022255462.htm HTTP/1.0" 200 89134 "-" "Mozilla/5.0 (compatible; AhrefsBot/7.0; +http://ahrefs.com/robot/)"
74.7.242.50 - - [02/May/2026:03:52:08 -0400] "GET /abouts.php?fileloc=/var/www/vhosts/jcorrmechanical.com/httpdocs/img/perl.png&path=/var/www/vhosts/jcorrmechanical.com/httpdocs/img HTTP/1.0" 200 20692 "https://jcorrmechanical.com/abouts.php?path=/var/www/vhosts/jcorrmechanical.com/httpdocs/img" "Mozilla/5.0 AppleWebKit/537.36 (KHTML, like Gecko; compatible; GPTBot/1.3; +https://openai.com/gptbot)"
74.7.227.180 - - [02/May/2026:03:52:08 -0400] "GET /ac7487b145b0b69c42c6870b95b8c870.mka?fileloc=/var/www/vhosts/jcorrmechanical.com/httpdocs/wp-content/plugins/akismet/class.akismet-cli.php&path=/var/www/vhosts/jcorrmechanical.com/httpdocs/wp-content/plugins/akismet HTTP/1.0" 200 22071 "https://www.jcorrmechanical.com/ac7487b145b0b69c42c6870b95b8c870.mka?path=/var/www/vhosts/jcorrmechanical.com/httpdocs/wp-content/plugins/akismet" "Mozilla/5.0 AppleWebKit/537.36 (KHTML, like Gecko; compatible; GPTBot/1.3; +https://openai.com/gptbot)"
74.7.242.50 - - [02/May/2026:03:52:08 -0400] "GET /qwer.php?fileloc=/var/www/vhosts/jcorrmechanical.com/httpdocs/img/python.png&path=/var/www/vhosts/jcorrmechanical.com/httpdocs/img HTTP/1.0" 200 19909 "https://jcorrmechanical.com/qwer.php?path=/var/www/vhosts/jcorrmechanical.com/httpdocs/img" "Mozilla/5.0 AppleWebKit/537.36 (KHTML, like Gecko; compatible; GPTBot/1.3; +https://openai.com/gptbot)"
74.7.227.180 - - [02/May/2026:03:52:08 -0400] "GET /ac7487b145b0b69c42c6870b95b8c870.mka?fileloc=/var/www/vhosts/jcorrmechanical.com/httpdocs/wp-content/uploads/2020/06/Ron-150x150.jpg&path=/var/www/vhosts/jcorrmechanical.com/httpdocs/wp-content/uploads/2020/06 HTTP/1.0" 200 67812 "https://www.jcorrmechanical.com/ac7487b145b0b69c42c6870b95b8c870.mka?path=/var/www/vhosts/jcorrmechanical.com/httpdocs/wp-content/uploads/2020/06" "Mozilla/5.0 AppleWebKit/537.36 (KHTML, like Gecko; compatible; GPTBot/1.3; +https://openai.com/gptbot)"
74.7.242.50 - - [02/May/2026:03:52:09 -0400] "GET /administrator/?fileloc=/var/www/vhosts/jcorrmechanical.com/httpdocs/404.shtml&path=/var/www/vhosts/jcorrmechanical.com/httpdocs HTTP/1.0" 200 18256 "https://jcorrmechanical.com/administrator/" "Mozilla/5.0 AppleWebKit/537.36 (KHTML, like Gecko; compatible; GPTBot/1.3; +https://openai.com/gptbot)"
74.7.227.180 - - [02/May/2026:03:52:09 -0400] "GET /ac7487b145b0b69c42c6870b95b8c870.mka?fileloc=/var/www/vhosts/jcorrmechanical.com/httpdocs/wp-content/uploads/2020/05/85121634_102528167994418_3841202751342116864_n-270x270.png&path=/var/www/vhosts/jcorrmechanical.com/httpdocs/wp-content/uploads/2020/05 HTTP/1.0" 200 78753 "https://www.jcorrmechanical.com/ac7487b145b0b69c42c6870b95b8c870.mka?path=/var/www/vhosts/jcorrmechanical.com/httpdocs/wp-content/uploads/2020/05" "Mozilla/5.0 AppleWebKit/537.36 (KHTML, like Gecko; compatible; GPTBot/1.3; +https://openai.com/gptbot)"
74.7.242.50 - - [02/May/2026:03:52:09 -0400] "GET /administrator/?fileloc=/var/www/vhosts/jcorrmechanical.com/.ssh/id_rsa.pub&path=/var/www/vhosts/jcorrmechanical.com/.ssh HTTP/1.0" 200 16759 "https://jcorrmechanical.com/administrator/?path=/var/www/vhosts/jcorrmechanical.com/.ssh" "Mozilla/5.0 AppleWebKit/537.36 (KHTML, like Gecko; compatible; GPTBot/1.3; +https://openai.com/gptbot)"
74.7.227.180 - - [02/May/2026:03:52:09 -0400] "GET /ac7487b145b0b69c42c6870b95b8c870.mka?fileloc=/var/www/vhosts/jcorrmechanical.com/httpdocs/wp-content/uploads/2020/05/pin1-150x150.png&path=/var/www/vhosts/jcorrmechanical.com/httpdocs/wp-content/uploads/2020/05 HTTP/1.0" 200 18585 "https://www.jcorrmechanical.com/ac7487b145b0b69c42c6870b95b8c870.mka?path=/var/www/vhosts/jcorrmechanical.com/httpdocs/wp-content/uploads/2020/05" "Mozilla/5.0 AppleWebKit/537.36 (KHTML, like Gecko; compatible; GPTBot/1.3; +https://openai.com/gptbot)"
74.7.242.50 - - [02/May/2026:03:52:10 -0400] "GET /.env?fileloc=/var/www/vhosts/jcorrmechanical.com/logs/access_ssl_log.webstat&path=/var/www/vhosts/jcorrmechanical.com/logs HTTP/1.0" 200 12417 "https://jcorrmechanical.com/.env?path=/var/www/vhosts/jcorrmechanical.com/logs" "Mozilla/5.0 AppleWebKit/537.36 (KHTML, like Gecko; compatible; GPTBot/1.3; +https://openai.com/gptbot)"
74.7.227.180 - - [02/May/2026:03:52:10 -0400] "GET /ac7487b145b0b69c42c6870b95b8c870.mka?fileloc=/var/www/vhosts/jcorrmechanical.com/httpdocs/wp-content/uploads/2020/05/85121634_102528167994418_3841202751342116864_n.png&path=/var/www/vhosts/jcorrmechanical.com/httpdocs/wp-content/uploads/2020/05 HTTP/1.0" 200 227325 "https://www.jcorrmechanical.com/ac7487b145b0b69c42c6870b95b8c870.mka?path=/var/www/vhosts/jcorrmechanical.com/httpdocs/wp-content/uploads/2020/05" "Mozilla/5.0 AppleWebKit/537.36 (KHTML, like Gecko; compatible; GPTBot/1.3; +https://openai.com/gptbot)"
85.208.96.208 - - [02/May/2026:03:52:10 -0400] "GET /39056275320.htm HTTP/1.0" 200 89134 "-" "Mozilla/5.0 (compatible; SemrushBot/7~bl; +http://www.semrush.com/bot.html)"
74.7.227.180 - - [02/May/2026:03:52:10 -0400] "GET /ac7487b145b0b69c42c6870b95b8c870.mka?fileloc=/var/www/vhosts/jcorrmechanical.com/httpdocs/wp-content/uploads/2020/05/85121634_102528167994418_3841202751342116864_n-e1589066330186.png&path=/var/www/vhosts/jcorrmechanical.com/httpdocs/wp-content/uploads/2020/05 HTTP/1.0" 200 221910 "https://www.jcorrmechanical.com/ac7487b145b0b69c42c6870b95b8c870.mka?path=/var/www/vhosts/jcorrmechanical.com/httpdocs/wp-content/uploads/2020/05" "Mozilla/5.0 AppleWebKit/537.36 (KHTML, like Gecko; compatible; GPTBot/1.3; +https://openai.com/gptbot)"
74.7.242.50 - - [02/May/2026:03:52:10 -0400] "GET /.env.local?fileloc=/var/www/vhosts/jcorrmechanical.com/logs/proxy_error_log&path=/var/www/vhosts/jcorrmechanical.com/logs HTTP/1.0" 200 4635201 "https://jcorrmechanical.com/.env.local?path=/var/www/vhosts/jcorrmechanical.com/logs" "Mozilla/5.0 AppleWebKit/537.36 (KHTML, like Gecko; compatible; GPTBot/1.3; +https://openai.com/gptbot)"
74.7.242.50 - - [02/May/2026:03:52:11 -0400] "GET /.env.local?fileloc=/var/www/vhosts/jcorrmechanical.com/logs/proxy_access_ssl_log&path=/var/www/vhosts/jcorrmechanical.com/logs HTTP/1.0" 200 16045 "https://jcorrmechanical.com/.env.local?path=/var/www/vhosts/jcorrmechanical.com/logs" "Mozilla/5.0 AppleWebKit/537.36 (KHTML, like Gecko; compatible; GPTBot/1.3; +https://openai.com/gptbot)"
74.7.227.180 - - [02/May/2026:03:52:11 -0400] "GET /ac7487b145b0b69c42c6870b95b8c870.mka?fileloc=/var/www/vhosts/jcorrmechanical.com/httpdocs/wp-content/uploads/2020/05/85121634_102528167994418_3841202751342116864_n-80x80.png&path=/var/www/vhosts/jcorrmechanical.com/httpdocs/wp-content/uploads/2020/05 HTTP/1.0" 200 28844 "https://www.jcorrmechanical.com/ac7487b145b0b69c42c6870b95b8c870.mka?path=/var/www/vhosts/jcorrmechanical.com/httpdocs/wp-content/uploads/2020/05" "Mozilla/5.0 AppleWebKit/537.36 (KHTML, like Gecko; compatible; GPTBot/1.3; +https://openai.com/gptbot)"
74.7.242.50 - - [02/May/2026:03:52:11 -0400] "GET /.env?fileloc=/var/www/vhosts/jcorrmechanical.com/logs/access_ssl_log.statbuf&path=/var/www/vhosts/jcorrmechanical.com/logs HTTP/1.0" 200 16047 "https://jcorrmechanical.com/.env?path=/var/www/vhosts/jcorrmechanical.com/logs" "Mozilla/5.0 AppleWebKit/537.36 (KHTML, like Gecko; compatible; GPTBot/1.3; +https://openai.com/gptbot)"
74.7.227.180 - - [02/May/2026:03:52:11 -0400] "GET /ac7487b145b0b69c42c6870b95b8c870.mka?fileloc=/var/www/vhosts/jcorrmechanical.com/httpdocs/wp-content/uploads/2020/05/logo-150x88.gif&path=/var/www/vhosts/jcorrmechanical.com/httpdocs/wp-content/uploads/2020/05 HTTP/1.0" 200 22959 "https://www.jcorrmechanical.com/ac7487b145b0b69c42c6870b95b8c870.mka?path=/var/www/vhosts/jcorrmechanical.com/httpdocs/wp-content/uploads/2020/05" "Mozilla/5.0 AppleWebKit/537.36 (KHTML, like Gecko; compatible; GPTBot/1.3; +https://openai.com/gptbot)"
74.7.242.50 - - [02/May/2026:03:52:12 -0400] "GET /.env.local?fileloc=/var/www/vhosts/jcorrmechanical.com/logs/proxy_access_log&path=/var/www/vhosts/jcorrmechanical.com/logs HTTP/1.0" 200 16423 "https://jcorrmechanical.com/.env.local?path=/var/www/vhosts/jcorrmechanical.com/logs" "Mozilla/5.0 AppleWebKit/537.36 (KHTML, like Gecko; compatible; GPTBot/1.3; +https://openai.com/gptbot)"
74.7.227.180 - - [02/May/2026:03:52:12 -0400] "GET /ac7487b145b0b69c42c6870b95b8c870.mka?fileloc=/var/www/vhosts/jcorrmechanical.com/httpdocs/wp-content/uploads/2020/05/contactusphone-1-600x600.png&path=/var/www/vhosts/jcorrmechanical.com/httpdocs/wp-content/uploads/2020/05 HTTP/1.0" 200 159221 "https://www.jcorrmechanical.com/ac7487b145b0b69c42c6870b95b8c870.mka?path=/var/www/vhosts/jcorrmechanical.com/httpdocs/wp-content/uploads/2020/05" "Mozilla/5.0 AppleWebKit/537.36 (KHTML, like Gecko; compatible; GPTBot/1.3; +https://openai.com/gptbot)"
185.191.171.8 - - [02/May/2026:03:52:12 -0400] "GET /4022292250.htm HTTP/1.0" 200 89134 "-" "Mozilla/5.0 (compatible; SemrushBot/7~bl; +http://www.semrush.com/bot.html)"
174.112.65.112 - - [02/May/2026:03:52:12 -0400] "GET /81738100130.htm HTTP/1.0" 200 89134 "-" "Mozilla/5.0 (Macintosh; Intel Mac OS X 10_15_7) AppleWebKit/537.36 (KHTML, like Gecko) Chrome/131.0.0.0 Safari/537.36"
74.7.242.50 - - [02/May/2026:03:52:12 -0400] "GET /.env?fileloc=/var/www/vhosts/jcorrmechanical.com/logs/proxy_access_ssl_log&path=/var/www/vhosts/jcorrmechanical.com/logs HTTP/1.0" 200 16045 "https://jcorrmechanical.com/.env?path=/var/www/vhosts/jcorrmechanical.com/logs" "Mozilla/5.0 AppleWebKit/537.36 (KHTML, like Gecko; compatible; GPTBot/1.3; +https://openai.com/gptbot)"
74.7.227.180 - - [02/May/2026:03:52:12 -0400] "GET /ac7487b145b0b69c42c6870b95b8c870.mka?fileloc=/var/www/vhosts/jcorrmechanical.com/httpdocs/wp-content/uploads/2020/05/contactusphone-1-768x342.png&path=/var/www/vhosts/jcorrmechanical.com/httpdocs/wp-content/uploads/2020/05 HTTP/1.0" 200 153739 "https://www.jcorrmechanical.com/ac7487b145b0b69c42c6870b95b8c870.mka?path=/var/www/vhosts/jcorrmechanical.com/httpdocs/wp-content/uploads/2020/05" "Mozilla/5.0 AppleWebKit/537.36 (KHTML, like Gecko; compatible; GPTBot/1.3; +https://openai.com/gptbot)"
74.7.242.50 - - [02/May/2026:03:52:13 -0400] "GET /.env.local?fileloc=/var/www/vhosts/jcorrmechanical.com/logs/access_ssl_log.statbuf&path=/var/www/vhosts/jcorrmechanical.com/logs HTTP/1.0" 200 16047 "https://jcorrmechanical.com/.env.local?path=/var/www/vhosts/jcorrmechanical.com/logs" "Mozilla/5.0 AppleWebKit/537.36 (KHTML, like Gecko; compatible; GPTBot/1.3; +https://openai.com/gptbot)"
74.7.227.180 - - [02/May/2026:03:52:13 -0400] "GET /ac7487b145b0b69c42c6870b95b8c870.mka?fileloc=/var/www/vhosts/jcorrmechanical.com/httpdocs/wp-content/uploads/2020/05/contactusphone-1.png&path=/var/www/vhosts/jcorrmechanical.com/httpdocs/wp-content/uploads/2020/05 HTTP/1.0" 200 451908 "https://www.jcorrmechanical.com/ac7487b145b0b69c42c6870b95b8c870.mka?path=/var/www/vhosts/jcorrmechanical.com/httpdocs/wp-content/uploads/2020/05" "Mozilla/5.0 AppleWebKit/537.36 (KHTML, like Gecko; compatible; GPTBot/1.3; +https://openai.com/gptbot)"
74.7.227.180 - - [02/May/2026:03:52:13 -0400] "GET /ac7487b145b0b69c42c6870b95b8c870.mka?fileloc=/var/www/vhosts/jcorrmechanical.com/httpdocs/wp-content/uploads/2020/05/contactusphone-1-850x400.png&path=/var/www/vhosts/jcorrmechanical.com/httpdocs/wp-content/uploads/2020/05 HTTP/1.0" 200 193086 "https://www.jcorrmechanical.com/ac7487b145b0b69c42c6870b95b8c870.mka?path=/var/www/vhosts/jcorrmechanical.com/httpdocs/wp-content/uploads/2020/05" "Mozilla/5.0 AppleWebKit/537.36 (KHTML, like Gecko; compatible; GPTBot/1.3; +https://openai.com/gptbot)"
85.208.96.210 - - [02/May/2026:03:52:13 -0400] "GET /40222273174.htm HTTP/1.0" 200 89134 "-" "Mozilla/5.0 (compatible; SemrushBot/7~bl; +http://www.semrush.com/bot.html)"
74.7.242.50 - - [02/May/2026:03:52:13 -0400] "GET /96848946.htm?path=/var/www/vhosts/jcorrmechanical.com/httpdocs/test HTTP/1.0" 200 23645 "https://jcorrmechanical.com/96848946.htm" "Mozilla/5.0 AppleWebKit/537.36 (KHTML, like Gecko; compatible; GPTBot/1.3; +https://openai.com/gptbot)"
74.7.227.180 - - [02/May/2026:03:52:14 -0400] "GET /ac7487b145b0b69c42c6870b95b8c870.mka?fileloc=/var/www/vhosts/jcorrmechanical.com/httpdocs/wp-content/uploads/2020/05/contactusphone-1-370x370.png&path=/var/www/vhosts/jcorrmechanical.com/httpdocs/wp-content/uploads/2020/05 HTTP/1.0" 200 80314 "https://www.jcorrmechanical.com/ac7487b145b0b69c42c6870b95b8c870.mka?path=/var/www/vhosts/jcorrmechanical.com/httpdocs/wp-content/uploads/2020/05" "Mozilla/5.0 AppleWebKit/537.36 (KHTML, like Gecko; compatible; GPTBot/1.3; +https://openai.com/gptbot)"
85.208.96.197 - - [02/May/2026:03:52:14 -0400] "GET /96848243862.htm HTTP/1.0" 200 89134 "-" "Mozilla/5.0 (compatible; SemrushBot/7~bl; +http://www.semrush.com/bot.html)"
74.7.242.50 - - [02/May/2026:03:52:14 -0400] "GET /license_docs4.php?fileloc=/var/www/vhosts/jcorrmechanical.com/httpdocs/underconstruction.gif&path=/var/www/vhosts/jcorrmechanical.com/httpdocs HTTP/1.0" 200 36182 "http://jcorrmechanical.com" "Mozilla/5.0 AppleWebKit/537.36 (KHTML, like Gecko; compatible; GPTBot/1.3; +https://openai.com/gptbot)"
74.7.227.180 - - [02/May/2026:03:52:14 -0400] "GET /ac7487b145b0b69c42c6870b95b8c870.mka?fileloc=/var/www/vhosts/jcorrmechanical.com/httpdocs/wp-content/uploads/2020/05/contactusphone-1-270x270.png&path=/var/www/vhosts/jcorrmechanical.com/httpdocs/wp-content/uploads/2020/05 HTTP/1.0" 200 54666 "https://www.jcorrmechanical.com/ac7487b145b0b69c42c6870b95b8c870.mka?path=/var/www/vhosts/jcorrmechanical.com/httpdocs/wp-content/uploads/2020/05" "Mozilla/5.0 AppleWebKit/537.36 (KHTML, like Gecko; compatible; GPTBot/1.3; +https://openai.com/gptbot)"
74.7.242.50 - - [02/May/2026:03:52:14 -0400] "GET /coppermine/index.php?fileloc=/var/www/vhosts/jcorrmechanical.com/error_docs/proxy_authentication_required.html&path=/var/www/vhosts/jcorrmechanical.com/error_docs HTTP/1.0" 200 17310 "https://jcorrmechanical.com/coppermine/index.php?path=/var/www/vhosts/jcorrmechanical.com/error_docs" "Mozilla/5.0 AppleWebKit/537.36 (KHTML, like Gecko; compatible; GPTBot/1.3; +https://openai.com/gptbot)"
74.7.227.180 - - [02/May/2026:03:52:15 -0400] "GET /ac7487b145b0b69c42c6870b95b8c870.mka?fileloc=/var/www/vhosts/jcorrmechanical.com/httpdocs/wp-content/uploads/2020/05/contactusphone-1-80x80.png&path=/var/www/vhosts/jcorrmechanical.com/httpdocs/wp-content/uploads/2020/05 HTTP/1.0" 200 22823 "https://www.jcorrmechanical.com/ac7487b145b0b69c42c6870b95b8c870.mka?path=/var/www/vhosts/jcorrmechanical.com/httpdocs/wp-content/uploads/2020/05" "Mozilla/5.0 AppleWebKit/537.36 (KHTML, like Gecko; compatible; GPTBot/1.3; +https://openai.com/gptbot)"
74.7.242.50 - - [02/May/2026:03:52:15 -0400] "GET /968481.htm?fileloc=/var/www/vhosts/jcorrmechanical.com/httpdocs/photo2.jpg&path=/var/www/vhosts/jcorrmechanical.com/httpdocs HTTP/1.0" 200 588656 "https://jcorrmechanical.com/968481.htm" "Mozilla/5.0 AppleWebKit/537.36 (KHTML, like Gecko; compatible; GPTBot/1.3; +https://openai.com/gptbot)"
74.7.227.180 - - [02/May/2026:03:52:15 -0400] "GET /ac7487b145b0b69c42c6870b95b8c870.mka?fileloc=/var/www/vhosts/jcorrmechanical.com/httpdocs/wp-content/uploads/2020/05/contactusphone-1-200x130.png&path=/var/www/vhosts/jcorrmechanical.com/httpdocs/wp-content/uploads/2020/05 HTTP/1.0" 200 38441 "https://www.jcorrmechanical.com/ac7487b145b0b69c42c6870b95b8c870.mka?path=/var/www/vhosts/jcorrmechanical.com/httpdocs/wp-content/uploads/2020/05" "Mozilla/5.0 AppleWebKit/537.36 (KHTML, like Gecko; compatible; GPTBot/1.3; +https://openai.com/gptbot)"
74.7.242.50 - - [02/May/2026:03:52:15 -0400] "GET /968481.htm?fileloc=/var/www/vhosts/jcorrmechanical.com/httpdocs/photo3.jpg&path=/var/www/vhosts/jcorrmechanical.com/httpdocs HTTP/1.0" 200 62779 "https://jcorrmechanical.com/968481.htm" "Mozilla/5.0 AppleWebKit/537.36 (KHTML, like Gecko; compatible; GPTBot/1.3; +https://openai.com/gptbot)"
74.7.227.180 - - [02/May/2026:03:52:16 -0400] "GET /ac7487b145b0b69c42c6870b95b8c870.mka?fileloc=/var/www/vhosts/jcorrmechanical.com/httpdocs/wp-content/uploads/2020/05/contactusphone-1-624x278.png&path=/var/www/vhosts/jcorrmechanical.com/httpdocs/wp-content/uploads/2020/05 HTTP/1.0" 200 114817 "https://www.jcorrmechanical.com/ac7487b145b0b69c42c6870b95b8c870.mka?path=/var/www/vhosts/jcorrmechanical.com/httpdocs/wp-content/uploads/2020/05" "Mozilla/5.0 AppleWebKit/537.36 (KHTML, like Gecko; compatible; GPTBot/1.3; +https://openai.com/gptbot)"
74.7.242.50 - - [02/May/2026:03:52:16 -0400] "GET /sitemap116.xml?path=/var/www/vhosts HTTP/1.0" 200 16271 "https://jcorrmechanical.com/sitemap116.xml" "Mozilla/5.0 AppleWebKit/537.36 (KHTML, like Gecko; compatible; GPTBot/1.3; +https://openai.com/gptbot)"
74.7.227.180 - - [02/May/2026:03:52:17 -0400] "GET /ac7487b145b0b69c42c6870b95b8c870.mka?fileloc=/var/www/vhosts/jcorrmechanical.com/httpdocs/wp-content/uploads/2020/05/pin1.png&path=/var/www/vhosts/jcorrmechanical.com/httpdocs/wp-content/uploads/2020/05 HTTP/1.0" 200 18277 "https://www.jcorrmechanical.com/ac7487b145b0b69c42c6870b95b8c870.mka?path=/var/www/vhosts/jcorrmechanical.com/httpdocs/wp-content/uploads/2020/05" "Mozilla/5.0 AppleWebKit/537.36 (KHTML, like Gecko; compatible; GPTBot/1.3; +https://openai.com/gptbot)"
74.7.242.50 - - [02/May/2026:03:52:17 -0400] "GET /mna.php?fileloc=/var/www/vhosts/jcorrmechanical.com/httpdocs/underconstruction.gif&path=/var/www/vhosts/jcorrmechanical.com/httpdocs HTTP/1.0" 200 36182 "http://jcorrmechanical.com" "Mozilla/5.0 AppleWebKit/537.36 (KHTML, like Gecko; compatible; GPTBot/1.3; +https://openai.com/gptbot)"
74.7.242.50 - - [02/May/2026:03:52:17 -0400] "GET /dup-installer/main.installer.php?fileloc=/var/www/vhosts/jcorrmechanical.com/logs/error_log.1.gz&path=/var/www/vhosts/jcorrmechanical.com/logs HTTP/1.0" 200 2101150 "https://jcorrmechanical.com/dup-installer/main.installer.php?path=/var/www/vhosts/jcorrmechanical.com/logs" "Mozilla/5.0 AppleWebKit/537.36 (KHTML, like Gecko; compatible; GPTBot/1.3; +https://openai.com/gptbot)"
74.7.227.180 - - [02/May/2026:03:52:17 -0400] "GET /ac7487b145b0b69c42c6870b95b8c870.mka?fileloc=/var/www/vhosts/jcorrmechanical.com/httpdocs/wp-content/uploads/2020/05/pin1-150x130.png&path=/var/www/vhosts/jcorrmechanical.com/httpdocs/wp-content/uploads/2020/05 HTTP/1.0" 200 18018 "https://www.jcorrmechanical.com/ac7487b145b0b69c42c6870b95b8c870.mka?path=/var/www/vhosts/jcorrmechanical.com/httpdocs/wp-content/uploads/2020/05" "Mozilla/5.0 AppleWebKit/537.36 (KHTML, like Gecko; compatible; GPTBot/1.3; +https://openai.com/gptbot)"
74.7.242.50 - - [02/May/2026:03:52:18 -0400] "GET /dup-installer/main.installer.php?fileloc=/var/www/vhosts/jcorrmechanical.com/logs/error_log.5.gz&path=/var/www/vhosts/jcorrmechanical.com/logs HTTP/1.0" 200 1767393 "https://jcorrmechanical.com/dup-installer/main.installer.php?path=/var/www/vhosts/jcorrmechanical.com/logs" "Mozilla/5.0 AppleWebKit/537.36 (KHTML, like Gecko; compatible; GPTBot/1.3; +https://openai.com/gptbot)"
74.7.227.180 - - [02/May/2026:03:52:18 -0400] "GET /ac7487b145b0b69c42c6870b95b8c870.mka?fileloc=/var/www/vhosts/jcorrmechanical.com/httpdocs/wp-content/uploads/2020/05/contactusphone-1-1024x456.png&path=/var/www/vhosts/jcorrmechanical.com/httpdocs/wp-content/uploads/2020/05 HTTP/1.0" 200 235278 "https://www.jcorrmechanical.com/ac7487b145b0b69c42c6870b95b8c870.mka?path=/var/www/vhosts/jcorrmechanical.com/httpdocs/wp-content/uploads/2020/05" "Mozilla/5.0 AppleWebKit/537.36 (KHTML, like Gecko; compatible; GPTBot/1.3; +https://openai.com/gptbot)"
74.7.242.50 - - [02/May/2026:03:52:18 -0400] "GET /dup-installer/main.installer.php?fileloc=/var/www/vhosts/jcorrmechanical.com/logs/error_log.7.gz&path=/var/www/vhosts/jcorrmechanical.com/logs HTTP/1.0" 200 2313824 "https://jcorrmechanical.com/dup-installer/main.installer.php?path=/var/www/vhosts/jcorrmechanical.com/logs" "Mozilla/5.0 AppleWebKit/537.36 (KHTML, like Gecko; compatible; GPTBot/1.3; +https://openai.com/gptbot)"
74.7.227.180 - - [02/May/2026:03:52:18 -0400] "GET /ac7487b145b0b69c42c6870b95b8c870.mka?fileloc=/var/www/vhosts/jcorrmechanical.com/httpdocs/wp-content/uploads/2020/05/contactusphone-1-300x134.png&path=/var/www/vhosts/jcorrmechanical.com/httpdocs/wp-content/uploads/2020/05 HTTP/1.0" 200 48579 "https://www.jcorrmechanical.com/ac7487b145b0b69c42c6870b95b8c870.mka?path=/var/www/vhosts/jcorrmechanical.com/httpdocs/wp-content/uploads/2020/05" "Mozilla/5.0 AppleWebKit/537.36 (KHTML, like Gecko; compatible; GPTBot/1.3; +https://openai.com/gptbot)"
74.7.242.50 - - [02/May/2026:03:52:19 -0400] "GET /dup-installer/main.installer.php?fileloc=/var/www/vhosts/jcorrmechanical.com/logs/error_log.4.gz&path=/var/www/vhosts/jcorrmechanical.com/logs HTTP/1.0" 200 2072162 "https://jcorrmechanical.com/dup-installer/main.installer.php?path=/var/www/vhosts/jcorrmechanical.com/logs" "Mozilla/5.0 AppleWebKit/537.36 (KHTML, like Gecko; compatible; GPTBot/1.3; +https://openai.com/gptbot)"
74.7.227.180 - - [02/May/2026:03:52:19 -0400] "GET /ac7487b145b0b69c42c6870b95b8c870.mka?fileloc=/var/www/vhosts/jcorrmechanical.com/httpdocs/wp-content/uploads/2020/05/contactusphone-1-150x150.png&path=/var/www/vhosts/jcorrmechanical.com/httpdocs/wp-content/uploads/2020/05 HTTP/1.0" 200 32320 "https://www.jcorrmechanical.com/ac7487b145b0b69c42c6870b95b8c870.mka?path=/var/www/vhosts/jcorrmechanical.com/httpdocs/wp-content/uploads/2020/05" "Mozilla/5.0 AppleWebKit/537.36 (KHTML, like Gecko; compatible; GPTBot/1.3; +https://openai.com/gptbot)"
74.7.242.50 - - [02/May/2026:03:52:19 -0400] "GET /96848946.htm?path=/var/www/vhosts/jcorrmechanical.com/httpdocs/test/php HTTP/1.0" 200 19742 "https://jcorrmechanical.com/96848946.htm?path=/var/www/vhosts/jcorrmechanical.com/httpdocs/test" "Mozilla/5.0 AppleWebKit/537.36 (KHTML, like Gecko; compatible; GPTBot/1.3; +https://openai.com/gptbot)"
74.7.227.180 - - [02/May/2026:03:52:19 -0400] "GET /ac7487b145b0b69c42c6870b95b8c870.mka?fileloc=/var/www/vhosts/jcorrmechanical.com/httpdocs/wp-content/uploads/2020/05/contactusphone-270x270.png&path=/var/www/vhosts/jcorrmechanical.com/httpdocs/wp-content/uploads/2020/05 HTTP/1.0" 200 54664 "https://www.jcorrmechanical.com/ac7487b145b0b69c42c6870b95b8c870.mka?path=/var/www/vhosts/jcorrmechanical.com/httpdocs/wp-content/uploads/2020/05" "Mozilla/5.0 AppleWebKit/537.36 (KHTML, like Gecko; compatible; GPTBot/1.3; +https://openai.com/gptbot)"
74.7.242.50 - - [02/May/2026:03:52:20 -0400] "GET /96848946.htm?path=/var/www/vhosts/jcorrmechanical.com/httpdocs/test/ssi HTTP/1.0" 200 19750 "https://jcorrmechanical.com/96848946.htm?path=/var/www/vhosts/jcorrmechanical.com/httpdocs/test" "Mozilla/5.0 AppleWebKit/537.36 (KHTML, like Gecko; compatible; GPTBot/1.3; +https://openai.com/gptbot)"
74.7.227.180 - - [02/May/2026:03:52:20 -0400] "GET /ac7487b145b0b69c42c6870b95b8c870.mka?fileloc=/var/www/vhosts/jcorrmechanical.com/httpdocs/wp-content/uploads/2020/05/contactusphone-1024x456.png&path=/var/www/vhosts/jcorrmechanical.com/httpdocs/wp-content/uploads/2020/05 HTTP/1.0" 200 235276 "https://www.jcorrmechanical.com/ac7487b145b0b69c42c6870b95b8c870.mka?path=/var/www/vhosts/jcorrmechanical.com/httpdocs/wp-content/uploads/2020/05" "Mozilla/5.0 AppleWebKit/537.36 (KHTML, like Gecko; compatible; GPTBot/1.3; +https://openai.com/gptbot)"
74.7.242.50 - - [02/May/2026:03:52:20 -0400] "GET /96848946.htm?path=/var/www/vhosts/jcorrmechanical.com/httpdocs/test/perl HTTP/1.0" 200 19747 "https://jcorrmechanical.com/96848946.htm?path=/var/www/vhosts/jcorrmechanical.com/httpdocs/test" "Mozilla/5.0 AppleWebKit/537.36 (KHTML, like Gecko; compatible; GPTBot/1.3; +https://openai.com/gptbot)"
74.7.227.180 - - [02/May/2026:03:52:20 -0400] "GET /ac7487b145b0b69c42c6870b95b8c870.mka?fileloc=/var/www/vhosts/jcorrmechanical.com/httpdocs/wp-content/uploads/2020/05/contactusphone-200x130.png&path=/var/www/vhosts/jcorrmechanical.com/httpdocs/wp-content/uploads/2020/05 HTTP/1.0" 200 38439 "https://www.jcorrmechanical.com/ac7487b145b0b69c42c6870b95b8c870.mka?path=/var/www/vhosts/jcorrmechanical.com/httpdocs/wp-content/uploads/2020/05" "Mozilla/5.0 AppleWebKit/537.36 (KHTML, like Gecko; compatible; GPTBot/1.3; +https://openai.com/gptbot)"
74.7.242.50 - - [02/May/2026:03:52:21 -0400] "GET /96848946.htm?path=/var/www/vhosts/jcorrmechanical.com/httpdocs/test/fcgi HTTP/1.0" 200 21368 "https://jcorrmechanical.com/96848946.htm?path=/var/www/vhosts/jcorrmechanical.com/httpdocs/test" "Mozilla/5.0 AppleWebKit/537.36 (KHTML, like Gecko; compatible; GPTBot/1.3; +https://openai.com/gptbot)"
74.7.227.180 - - [02/May/2026:03:52:21 -0400] "GET /ac7487b145b0b69c42c6870b95b8c870.mka?fileloc=/var/www/vhosts/jcorrmechanical.com/httpdocs/wp-content/uploads/2020/05/contactusphone-80x80.png&path=/var/www/vhosts/jcorrmechanical.com/httpdocs/wp-content/uploads/2020/05 HTTP/1.0" 200 22821 "https://www.jcorrmechanical.com/ac7487b145b0b69c42c6870b95b8c870.mka?path=/var/www/vhosts/jcorrmechanical.com/httpdocs/wp-content/uploads/2020/05" "Mozilla/5.0 AppleWebKit/537.36 (KHTML, like Gecko; compatible; GPTBot/1.3; +https://openai.com/gptbot)"
74.7.242.50 - - [02/May/2026:03:52:21 -0400] "GET /96848946.htm?path=/var/www/vhosts/jcorrmechanical.com/httpdocs/test/python HTTP/1.0" 200 19767 "https://jcorrmechanical.com/96848946.htm?path=/var/www/vhosts/jcorrmechanical.com/httpdocs/test" "Mozilla/5.0 AppleWebKit/537.36 (KHTML, like Gecko; compatible; GPTBot/1.3; +https://openai.com/gptbot)"
74.7.227.180 - - [02/May/2026:03:52:21 -0400] "GET /ac7487b145b0b69c42c6870b95b8c870.mka?fileloc=/var/www/vhosts/jcorrmechanical.com/httpdocs/wp-content/uploads/2020/05/contactusphone-370x370.png&path=/var/www/vhosts/jcorrmechanical.com/httpdocs/wp-content/uploads/2020/05 HTTP/1.0" 200 80312 "https://www.jcorrmechanical.com/ac7487b145b0b69c42c6870b95b8c870.mka?path=/var/www/vhosts/jcorrmechanical.com/httpdocs/wp-content/uploads/2020/05" "Mozilla/5.0 AppleWebKit/537.36 (KHTML, like Gecko; compatible; GPTBot/1.3; +https://openai.com/gptbot)"
74.7.242.50 - - [02/May/2026:03:52:22 -0400] "GET /dup-installer/main.installer.php?fileloc=/var/www/vhosts/jcorrmechanical.com/logs/error_log.8.gz&path=/var/www/vhosts/jcorrmechanical.com/logs HTTP/1.0" 200 1946836 "https://jcorrmechanical.com/dup-installer/main.installer.php?path=/var/www/vhosts/jcorrmechanical.com/logs" "Mozilla/5.0 AppleWebKit/537.36 (KHTML, like Gecko; compatible; GPTBot/1.3; +https://openai.com/gptbot)"
74.7.227.180 - - [02/May/2026:03:52:22 -0400] "GET /ac7487b145b0b69c42c6870b95b8c870.mka?fileloc=/var/www/vhosts/jcorrmechanical.com/httpdocs/wp-content/uploads/2020/05/contactusphone-624x278.png&path=/var/www/vhosts/jcorrmechanical.com/httpdocs/wp-content/uploads/2020/05 HTTP/1.0" 200 114815 "https://www.jcorrmechanical.com/ac7487b145b0b69c42c6870b95b8c870.mka?path=/var/www/vhosts/jcorrmechanical.com/httpdocs/wp-content/uploads/2020/05" "Mozilla/5.0 AppleWebKit/537.36 (KHTML, like Gecko; compatible; GPTBot/1.3; +https://openai.com/gptbot)"
74.7.242.50 - - [02/May/2026:03:52:22 -0400] "GET /dup-installer/main.installer.php?fileloc=/var/www/vhosts/jcorrmechanical.com/logs/error_log.3.gz&path=/var/www/vhosts/jcorrmechanical.com/logs HTTP/1.0" 200 2690818 "https://jcorrmechanical.com/dup-installer/main.installer.php?path=/var/www/vhosts/jcorrmechanical.com/logs" "Mozilla/5.0 AppleWebKit/537.36 (KHTML, like Gecko; compatible; GPTBot/1.3; +https://openai.com/gptbot)"
74.7.227.180 - - [02/May/2026:03:52:22 -0400] "GET /ac7487b145b0b69c42c6870b95b8c870.mka?fileloc=/var/www/vhosts/jcorrmechanical.com/httpdocs/wp-content/uploads/2020/05/contactusphone-850x400.png&path=/var/www/vhosts/jcorrmechanical.com/httpdocs/wp-content/uploads/2020/05 HTTP/1.0" 200 193084 "https://www.jcorrmechanical.com/ac7487b145b0b69c42c6870b95b8c870.mka?path=/var/www/vhosts/jcorrmechanical.com/httpdocs/wp-content/uploads/2020/05" "Mozilla/5.0 AppleWebKit/537.36 (KHTML, like Gecko; compatible; GPTBot/1.3; +https://openai.com/gptbot)"
74.7.242.50 - - [02/May/2026:03:52:23 -0400] "GET /dup-installer/main.installer.php?fileloc=/var/www/vhosts/jcorrmechanical.com/logs/error_log.2.gz&path=/var/www/vhosts/jcorrmechanical.com/logs HTTP/1.0" 200 2288012 "https://jcorrmechanical.com/dup-installer/main.installer.php?path=/var/www/vhosts/jcorrmechanical.com/logs" "Mozilla/5.0 AppleWebKit/537.36 (KHTML, like Gecko; compatible; GPTBot/1.3; +https://openai.com/gptbot)"
51.222.168.185 - - [02/May/2026:03:52:23 -0400] "GET /40222312126.htm HTTP/1.0" 200 89134 "-" "Mozilla/5.0 (compatible; AhrefsBot/7.0; +http://ahrefs.com/robot/)"
74.7.227.180 - - [02/May/2026:03:52:23 -0400] "GET /ac7487b145b0b69c42c6870b95b8c870.mka?fileloc=/var/www/vhosts/jcorrmechanical.com/httpdocs/wp-content/uploads/2020/05/contactusphone-150x150.png&path=/var/www/vhosts/jcorrmechanical.com/httpdocs/wp-content/uploads/2020/05 HTTP/1.0" 200 32318 "https://www.jcorrmechanical.com/ac7487b145b0b69c42c6870b95b8c870.mka?path=/var/www/vhosts/jcorrmechanical.com/httpdocs/wp-content/uploads/2020/05" "Mozilla/5.0 AppleWebKit/537.36 (KHTML, like Gecko; compatible; GPTBot/1.3; +https://openai.com/gptbot)"
74.7.242.50 - - [02/May/2026:03:52:23 -0400] "GET /dup-installer/main.installer.php?fileloc=/var/www/vhosts/jcorrmechanical.com/logs/error_log.9.gz&path=/var/www/vhosts/jcorrmechanical.com/logs HTTP/1.0" 200 2065422 "https://jcorrmechanical.com/dup-installer/main.installer.php?path=/var/www/vhosts/jcorrmechanical.com/logs" "Mozilla/5.0 AppleWebKit/537.36 (KHTML, like Gecko; compatible; GPTBot/1.3; +https://openai.com/gptbot)"
74.7.227.180 - - [02/May/2026:03:52:23 -0400] "GET /ac7487b145b0b69c42c6870b95b8c870.mka?fileloc=/var/www/vhosts/jcorrmechanical.com/httpdocs/wp-content/uploads/2020/05/contactusphone-300x134.png&path=/var/www/vhosts/jcorrmechanical.com/httpdocs/wp-content/uploads/2020/05 HTTP/1.0" 200 48577 "https://www.jcorrmechanical.com/ac7487b145b0b69c42c6870b95b8c870.mka?path=/var/www/vhosts/jcorrmechanical.com/httpdocs/wp-content/uploads/2020/05" "Mozilla/5.0 AppleWebKit/537.36 (KHTML, like Gecko; compatible; GPTBot/1.3; +https://openai.com/gptbot)"
74.7.242.50 - - [02/May/2026:03:52:24 -0400] "GET /dup-installer/main.installer.php?fileloc=/var/www/vhosts/jcorrmechanical.com/logs/error_log.6.gz&path=/var/www/vhosts/jcorrmechanical.com/logs HTTP/1.0" 200 1570403 "https://jcorrmechanical.com/dup-installer/main.installer.php?path=/var/www/vhosts/jcorrmechanical.com/logs" "Mozilla/5.0 AppleWebKit/537.36 (KHTML, like Gecko; compatible; GPTBot/1.3; +https://openai.com/gptbot)"
74.7.227.180 - - [02/May/2026:03:52:24 -0400] "GET /ac7487b145b0b69c42c6870b95b8c870.mka?fileloc=/var/www/vhosts/jcorrmechanical.com/httpdocs/wp-content/uploads/2020/05/contactusphone-600x600.png&path=/var/www/vhosts/jcorrmechanical.com/httpdocs/wp-content/uploads/2020/05 HTTP/1.0" 200 159219 "https://www.jcorrmechanical.com/ac7487b145b0b69c42c6870b95b8c870.mka?path=/var/www/vhosts/jcorrmechanical.com/httpdocs/wp-content/uploads/2020/05" "Mozilla/5.0 AppleWebKit/537.36 (KHTML, like Gecko; compatible; GPTBot/1.3; +https://openai.com/gptbot)"
74.7.242.50 - - [02/May/2026:03:52:24 -0400] "GET /Geforce.php?fileloc=/var/www/vhosts/jcorrmechanical.com/error_docs/not_found.html&path=/var/www/vhosts/jcorrmechanical.com/error_docs HTTP/1.0" 200 17260 "https://jcorrmechanical.com/Geforce.php?path=/var/www/vhosts/jcorrmechanical.com/error_docs" "Mozilla/5.0 AppleWebKit/537.36 (KHTML, like Gecko; compatible; GPTBot/1.3; +https://openai.com/gptbot)"
74.7.227.180 - - [02/May/2026:03:52:25 -0400] "GET /ac7487b145b0b69c42c6870b95b8c870.mka?fileloc=/var/www/vhosts/jcorrmechanical.com/httpdocs/wp-content/uploads/2020/05/contactusphone-768x342.png&path=/var/www/vhosts/jcorrmechanical.com/httpdocs/wp-content/uploads/2020/05 HTTP/1.0" 200 153737 "https://www.jcorrmechanical.com/ac7487b145b0b69c42c6870b95b8c870.mka?path=/var/www/vhosts/jcorrmechanical.com/httpdocs/wp-content/uploads/2020/05" "Mozilla/5.0 AppleWebKit/537.36 (KHTML, like Gecko; compatible; GPTBot/1.3; +https://openai.com/gptbot)"
74.7.242.50 - - [02/May/2026:03:52:25 -0400] "GET /96848946.htm?fileloc=/var/www/vhosts/jcorrmechanical.com/httpdocs/test/php/test.html&path=/var/www/vhosts/jcorrmechanical.com/httpdocs/test/php HTTP/1.0" 200 18883 "https://jcorrmechanical.com/96848946.htm?path=/var/www/vhosts/jcorrmechanical.com/httpdocs/test/php" "Mozilla/5.0 AppleWebKit/537.36 (KHTML, like Gecko; compatible; GPTBot/1.3; +https://openai.com/gptbot)"
74.7.227.180 - - [02/May/2026:03:52:25 -0400] "GET /ac7487b145b0b69c42c6870b95b8c870.mka?fileloc=/var/www/vhosts/jcorrmechanical.com/httpdocs/wp-content/uploads/2020/05/pin1-e1589067465404-76x80.png&path=/var/www/vhosts/jcorrmechanical.com/httpdocs/wp-content/uploads/2020/05 HTTP/1.0" 200 17817 "https://www.jcorrmechanical.com/ac7487b145b0b69c42c6870b95b8c870.mka?path=/var/www/vhosts/jcorrmechanical.com/httpdocs/wp-content/uploads/2020/05" "Mozilla/5.0 AppleWebKit/537.36 (KHTML, like Gecko; compatible; GPTBot/1.3; +https://openai.com/gptbot)"
74.7.242.50 - - [02/May/2026:03:52:25 -0400] "GET /96848946.htm?fileloc=/var/www/vhosts/jcorrmechanical.com/httpdocs/test/ssi/test.html&path=/var/www/vhosts/jcorrmechanical.com/httpdocs/test/ssi HTTP/1.0" 200 18888 "https://jcorrmechanical.com/96848946.htm?path=/var/www/vhosts/jcorrmechanical.com/httpdocs/test/ssi" "Mozilla/5.0 AppleWebKit/537.36 (KHTML, like Gecko; compatible; GPTBot/1.3; +https://openai.com/gptbot)"
74.7.227.180 - - [02/May/2026:03:52:26 -0400] "GET /ac7487b145b0b69c42c6870b95b8c870.mka?fileloc=/var/www/vhosts/jcorrmechanical.com/httpdocs/wp-content/uploads/2020/05/contactusphone-1-e1589063901310-80x80.png&path=/var/www/vhosts/jcorrmechanical.com/httpdocs/wp-content/uploads/2020/05 HTTP/1.0" 200 30625 "https://www.jcorrmechanical.com/ac7487b145b0b69c42c6870b95b8c870.mka?path=/var/www/vhosts/jcorrmechanical.com/httpdocs/wp-content/uploads/2020/05" "Mozilla/5.0 AppleWebKit/537.36 (KHTML, like Gecko; compatible; GPTBot/1.3; +https://openai.com/gptbot)"
74.7.242.50 - - [02/May/2026:03:52:26 -0400] "GET /96848946.htm?fileloc=/var/www/vhosts/jcorrmechanical.com/httpdocs/test/ssi/test.shtml&path=/var/www/vhosts/jcorrmechanical.com/httpdocs/test/ssi HTTP/1.0" 200 18812 "https://jcorrmechanical.com/96848946.htm?path=/var/www/vhosts/jcorrmechanical.com/httpdocs/test/ssi" "Mozilla/5.0 AppleWebKit/537.36 (KHTML, like Gecko; compatible; GPTBot/1.3; +https://openai.com/gptbot)"
74.7.227.180 - - [02/May/2026:03:52:26 -0400] "GET /ac7487b145b0b69c42c6870b95b8c870.mka?fileloc=/var/www/vhosts/jcorrmechanical.com/httpdocs/wp-content/uploads/2020/05/pin1-e1589067465404.png&path=/var/www/vhosts/jcorrmechanical.com/httpdocs/wp-content/uploads/2020/05 HTTP/1.0" 200 18292 "https://www.jcorrmechanical.com/ac7487b145b0b69c42c6870b95b8c870.mka?path=/var/www/vhosts/jcorrmechanical.com/httpdocs/wp-content/uploads/2020/05" "Mozilla/5.0 AppleWebKit/537.36 (KHTML, like Gecko; compatible; GPTBot/1.3; +https://openai.com/gptbot)"
74.7.242.50 - - [02/May/2026:03:52:26 -0400] "GET /96848946.htm?fileloc=/var/www/vhosts/jcorrmechanical.com/httpdocs/test/perl/test.html&path=/var/www/vhosts/jcorrmechanical.com/httpdocs/test/perl HTTP/1.0" 200 18895 "https://jcorrmechanical.com/96848946.htm?path=/var/www/vhosts/jcorrmechanical.com/httpdocs/test/perl" "Mozilla/5.0 AppleWebKit/537.36 (KHTML, like Gecko; compatible; GPTBot/1.3; +https://openai.com/gptbot)"
74.7.227.180 - - [02/May/2026:03:52:27 -0400] "GET /ac7487b145b0b69c42c6870b95b8c870.mka?fileloc=/var/www/vhosts/jcorrmechanical.com/httpdocs/wp-content/uploads/2020/05/85121634_102528167994418_3841202751342116864_n-600x600.png&path=/var/www/vhosts/jcorrmechanical.com/httpdocs/wp-content/uploads/2020/05 HTTP/1.0" 200 208640 "https://www.jcorrmechanical.com/ac7487b145b0b69c42c6870b95b8c870.mka?path=/var/www/vhosts/jcorrmechanical.com/httpdocs/wp-content/uploads/2020/05" "Mozilla/5.0 AppleWebKit/537.36 (KHTML, like Gecko; compatible; GPTBot/1.3; +https://openai.com/gptbot)"
74.7.242.50 - - [02/May/2026:03:52:27 -0400] "GET /96848946.htm?fileloc=/var/www/vhosts/jcorrmechanical.com/httpdocs/test/fcgi/test.html&path=/var/www/vhosts/jcorrmechanical.com/httpdocs/test/fcgi HTTP/1.0" 200 18895 "https://jcorrmechanical.com/96848946.htm?path=/var/www/vhosts/jcorrmechanical.com/httpdocs/test/fcgi" "Mozilla/5.0 AppleWebKit/537.36 (KHTML, like Gecko; compatible; GPTBot/1.3; +https://openai.com/gptbot)"
74.7.227.180 - - [02/May/2026:03:52:27 -0400] "GET /ac7487b145b0b69c42c6870b95b8c870.mka?fileloc=/var/www/vhosts/jcorrmechanical.com/httpdocs/wp-content/uploads/2020/05/85121634_102528167994418_3841202751342116864_n-724x400.png&path=/var/www/vhosts/jcorrmechanical.com/httpdocs/wp-content/uploads/2020/05 HTTP/1.0" 200 230884 "https://www.jcorrmechanical.com/ac7487b145b0b69c42c6870b95b8c870.mka?path=/var/www/vhosts/jcorrmechanical.com/httpdocs/wp-content/uploads/2020/05" "Mozilla/5.0 AppleWebKit/537.36 (KHTML, like Gecko; compatible; GPTBot/1.3; +https://openai.com/gptbot)"
74.7.242.50 - - [02/May/2026:03:52:27 -0400] "GET /96848946.htm?fileloc=/var/www/vhosts/jcorrmechanical.com/httpdocs/test/perl/test.pl&path=/var/www/vhosts/jcorrmechanical.com/httpdocs/test/perl HTTP/1.0" 200 17579 "https://jcorrmechanical.com/96848946.htm?path=/var/www/vhosts/jcorrmechanical.com/httpdocs/test/perl" "Mozilla/5.0 AppleWebKit/537.36 (KHTML, like Gecko; compatible; GPTBot/1.3; +https://openai.com/gptbot)"
74.7.227.180 - - [02/May/2026:03:52:28 -0400] "GET /ac7487b145b0b69c42c6870b95b8c870.mka?fileloc=/var/www/vhosts/jcorrmechanical.com/httpdocs/wp-content/uploads/2020/05/85121634_102528167994418_3841202751342116864_n-150x150.png&path=/var/www/vhosts/jcorrmechanical.com/httpdocs/wp-content/uploads/2020/05 HTTP/1.0" 200 45489 "https://www.jcorrmechanical.com/ac7487b145b0b69c42c6870b95b8c870.mka?path=/var/www/vhosts/jcorrmechanical.com/httpdocs/wp-content/uploads/2020/05" "Mozilla/5.0 AppleWebKit/537.36 (KHTML, like Gecko; compatible; GPTBot/1.3; +https://openai.com/gptbot)"
74.7.242.50 - - [02/May/2026:03:52:28 -0400] "GET /96848946.htm?fileloc=/var/www/vhosts/jcorrmechanical.com/httpdocs/test/python/test.html&path=/var/www/vhosts/jcorrmechanical.com/httpdocs/test/python HTTP/1.0" 200 18897 "https://jcorrmechanical.com/96848946.htm?path=/var/www/vhosts/jcorrmechanical.com/httpdocs/test/python" "Mozilla/5.0 AppleWebKit/537.36 (KHTML, like Gecko; compatible; GPTBot/1.3; +https://openai.com/gptbot)"
74.7.227.180 - - [02/May/2026:03:52:28 -0400] "GET /ac7487b145b0b69c42c6870b95b8c870.mka?fileloc=/var/www/vhosts/jcorrmechanical.com/httpdocs/wp-content/uploads/2020/05/85121634_102528167994418_3841202751342116864_n-624x624.png&path=/var/www/vhosts/jcorrmechanical.com/httpdocs/wp-content/uploads/2020/05 HTTP/1.0" 200 219917 "https://www.jcorrmechanical.com/ac7487b145b0b69c42c6870b95b8c870.mka?path=/var/www/vhosts/jcorrmechanical.com/httpdocs/wp-content/uploads/2020/05" "Mozilla/5.0 AppleWebKit/537.36 (KHTML, like Gecko; compatible; GPTBot/1.3; +https://openai.com/gptbot)"
74.7.242.50 - - [02/May/2026:03:52:28 -0400] "GET /96848946.htm?fileloc=/var/www/vhosts/jcorrmechanical.com/httpdocs/test/fcgi/fcgi.py&path=/var/www/vhosts/jcorrmechanical.com/httpdocs/test/fcgi HTTP/1.0" 200 32461 "https://jcorrmechanical.com/96848946.htm?path=/var/www/vhosts/jcorrmechanical.com/httpdocs/test/fcgi" "Mozilla/5.0 AppleWebKit/537.36 (KHTML, like Gecko; compatible; GPTBot/1.3; +https://openai.com/gptbot)"
74.7.227.180 - - [02/May/2026:03:52:29 -0400] "GET /ac7487b145b0b69c42c6870b95b8c870.mka?fileloc=/var/www/vhosts/jcorrmechanical.com/httpdocs/wp-content/uploads/2020/05/85121634_102528167994418_3841202751342116864_n-370x370.png&path=/var/www/vhosts/jcorrmechanical.com/httpdocs/wp-content/uploads/2020/05 HTTP/1.0" 200 113337 "https://www.jcorrmechanical.com/ac7487b145b0b69c42c6870b95b8c870.mka?path=/var/www/vhosts/jcorrmechanical.com/httpdocs/wp-content/uploads/2020/05" "Mozilla/5.0 AppleWebKit/537.36 (KHTML, like Gecko; compatible; GPTBot/1.3; +https://openai.com/gptbot)"
74.7.242.50 - - [02/May/2026:03:52:29 -0400] "GET /96848946.htm?fileloc=/var/www/vhosts/jcorrmechanical.com/httpdocs/test/fcgi/test.fcgi&path=/var/www/vhosts/jcorrmechanical.com/httpdocs/test/fcgi HTTP/1.0" 200 17691 "https://jcorrmechanical.com/96848946.htm?path=/var/www/vhosts/jcorrmechanical.com/httpdocs/test/fcgi" "Mozilla/5.0 AppleWebKit/537.36 (KHTML, like Gecko; compatible; GPTBot/1.3; +https://openai.com/gptbot)"
74.7.227.180 - - [02/May/2026:03:52:29 -0400] "GET /ac7487b145b0b69c42c6870b95b8c870.mka?fileloc=/var/www/vhosts/jcorrmechanical.com/httpdocs/wp-content/uploads/2020/05/85121634_102528167994418_3841202751342116864_n-200x130.png&path=/var/www/vhosts/jcorrmechanical.com/httpdocs/wp-content/uploads/2020/05 HTTP/1.0" 200 58305 "https://www.jcorrmechanical.com/ac7487b145b0b69c42c6870b95b8c870.mka?path=/var/www/vhosts/jcorrmechanical.com/httpdocs/wp-content/uploads/2020/05" "Mozilla/5.0 AppleWebKit/537.36 (KHTML, like Gecko; compatible; GPTBot/1.3; +https://openai.com/gptbot)"
74.7.242.50 - - [02/May/2026:03:52:29 -0400] "GET /96848946.htm?fileloc=/var/www/vhosts/jcorrmechanical.com/httpdocs/test/python/test.py&path=/var/www/vhosts/jcorrmechanical.com/httpdocs/test/python HTTP/1.0" 200 18339 "https://jcorrmechanical.com/96848946.htm?path=/var/www/vhosts/jcorrmechanical.com/httpdocs/test/python" "Mozilla/5.0 AppleWebKit/537.36 (KHTML, like Gecko; compatible; GPTBot/1.3; +https://openai.com/gptbot)"
74.7.227.180 - - [02/May/2026:03:52:30 -0400] "GET /ac7487b145b0b69c42c6870b95b8c870.mka?fileloc=/var/www/vhosts/jcorrmechanical.com/httpdocs/wp-content/uploads/2020/05/85121634_102528167994418_3841202751342116864_n-300x300.png&path=/var/www/vhosts/jcorrmechanical.com/httpdocs/wp-content/uploads/2020/05 HTTP/1.0" 200 88727 "https://www.jcorrmechanical.com/ac7487b145b0b69c42c6870b95b8c870.mka?path=/var/www/vhosts/jcorrmechanical.com/httpdocs/wp-content/uploads/2020/05" "Mozilla/5.0 AppleWebKit/537.36 (KHTML, like Gecko; compatible; GPTBot/1.3; +https://openai.com/gptbot)"
74.7.242.50 - - [02/May/2026:03:52:30 -0400] "GET /96848946.htm?fileloc=/var/www/vhosts/jcorrmechanical.com/httpdocs/test/php/test.php&path=/var/www/vhosts/jcorrmechanical.com/httpdocs/test/php HTTP/1.0" 200 17817 "https://jcorrmechanical.com/96848946.htm?path=/var/www/vhosts/jcorrmechanical.com/httpdocs/test/php" "Mozilla/5.0 AppleWebKit/537.36 (KHTML, like Gecko; compatible; GPTBot/1.3; +https://openai.com/gptbot)"
74.7.227.180 - - [02/May/2026:03:52:30 -0400] "GET /ac7487b145b0b69c42c6870b95b8c870.mka?fileloc=/var/www/vhosts/jcorrmechanical.com/httpdocs/wp-content/uploads/2020/05/fb.png&path=/var/www/vhosts/jcorrmechanical.com/httpdocs/wp-content/uploads/2020/05 HTTP/1.0" 200 18994 "https://www.jcorrmechanical.com/ac7487b145b0b69c42c6870b95b8c870.mka?path=/var/www/vhosts/jcorrmechanical.com/httpdocs/wp-content/uploads/2020/05" "Mozilla/5.0 AppleWebKit/537.36 (KHTML, like Gecko; compatible; GPTBot/1.3; +https://openai.com/gptbot)"
74.7.242.50 - - [02/May/2026:03:52:30 -0400] "GET /.env?fileloc=/var/www/vhosts/jcorrmechanical.com/httpdocs/img/perl.png&path=/var/www/vhosts/jcorrmechanical.com/httpdocs/img HTTP/1.0" 200 20692 "https://jcorrmechanical.com/.env?path=/var/www/vhosts/jcorrmechanical.com/httpdocs/img" "Mozilla/5.0 AppleWebKit/537.36 (KHTML, like Gecko; compatible; GPTBot/1.3; +https://openai.com/gptbot)"
