74.7.227.180 - - [02/May/2026:03:44:40 -0400] "GET /uncategorized/guia-experta-para-jugar-en-movil-sin-agotar-la-bateria-con-casino-online-8/?fileloc=/var/www/vhosts/jcorrmechanical.com/httpdocs/wp-content/themes/smart-cleaning/assets/img/slider.png&path=/var/www/vhosts/jcorrmechanical.com/httpdocs/wp-content/themes/smart-cleaning/assets/img HTTP/1.0" 200 215310 "https://www.jcorrmechanical.com/uncategorized/guia-experta-para-jugar-en-movil-sin-agotar-la-bateria-con-casino-online-8/?path=/var/www/vhosts/jcorrmechanical.com/httpdocs/wp-content/themes/smart-cleaning/assets/img" "Mozilla/5.0 AppleWebKit/537.36 (KHTML, like Gecko; compatible; GPTBot/1.3; +https://openai.com/gptbot)"
74.7.242.50 - - [02/May/2026:03:44:40 -0400] "GET /90555732.htm?fileloc=/var/www/vhosts/jcorrmechanical.com/httpdocs/wp-config-sample.php&path=/var/www/vhosts/jcorrmechanical.com/httpdocs HTTP/1.0" 200 19774 "https://jcorrmechanical.com/90555732.htm" "Mozilla/5.0 AppleWebKit/537.36 (KHTML, like Gecko; compatible; GPTBot/1.3; +https://openai.com/gptbot)"
74.7.227.180 - - [02/May/2026:03:44:41 -0400] "GET /uncategorized/guia-experta-para-jugar-en-movil-sin-agotar-la-bateria-con-casino-online-8/?fileloc=/var/www/vhosts/jcorrmechanical.com/httpdocs/wp-content/themes/smart-cleaning/assets/img/grid.png&path=/var/www/vhosts/jcorrmechanical.com/httpdocs/wp-content/themes/smart-cleaning/assets/img HTTP/1.0" 200 17142 "https://www.jcorrmechanical.com/uncategorized/guia-experta-para-jugar-en-movil-sin-agotar-la-bateria-con-casino-online-8/?path=/var/www/vhosts/jcorrmechanical.com/httpdocs/wp-content/themes/smart-cleaning/assets/img" "Mozilla/5.0 AppleWebKit/537.36 (KHTML, like Gecko; compatible; GPTBot/1.3; +https://openai.com/gptbot)"
74.7.242.50 - - [02/May/2026:03:44:41 -0400] "GET /415836345.htm?fileloc=/var/www/vhosts/jcorrmechanical.com/httpdocs/wp-load.php&path=/var/www/vhosts/jcorrmechanical.com/httpdocs HTTP/1.0" 200 20592 "https://jcorrmechanical.com/415836345.htm" "Mozilla/5.0 AppleWebKit/537.36 (KHTML, like Gecko; compatible; GPTBot/1.3; +https://openai.com/gptbot)"
74.7.227.180 - - [02/May/2026:03:44:41 -0400] "GET /uncategorized/guia-experta-para-jugar-en-movil-sin-agotar-la-bateria-con-casino-online-8/?fileloc=/var/www/vhosts/jcorrmechanical.com/httpdocs/wp-content/themes/smart-cleaning/assets/img/icon.png&path=/var/www/vhosts/jcorrmechanical.com/httpdocs/wp-content/themes/smart-cleaning/assets/img HTTP/1.0" 200 17444 "https://www.jcorrmechanical.com/uncategorized/guia-experta-para-jugar-en-movil-sin-agotar-la-bateria-con-casino-online-8/?path=/var/www/vhosts/jcorrmechanical.com/httpdocs/wp-content/themes/smart-cleaning/assets/img" "Mozilla/5.0 AppleWebKit/537.36 (KHTML, like Gecko; compatible; GPTBot/1.3; +https://openai.com/gptbot)"
74.7.242.50 - - [02/May/2026:03:44:41 -0400] "GET /96848946.htm?fileloc=/var/www/vhosts/jcorrmechanical.com/httpdocs/wp-config-sample.php&path=/var/www/vhosts/jcorrmechanical.com/httpdocs HTTP/1.0" 200 19774 "https://jcorrmechanical.com/96848946.htm" "Mozilla/5.0 AppleWebKit/537.36 (KHTML, like Gecko; compatible; GPTBot/1.3; +https://openai.com/gptbot)"
74.7.227.180 - - [02/May/2026:03:44:42 -0400] "GET /uncategorized/guia-experta-para-jugar-en-movil-sin-agotar-la-bateria-con-casino-online-8/?fileloc=/var/www/vhosts/jcorrmechanical.com/httpdocs/wp-content/themes/smart-cleaning/assets/js/owl.carousel.js&path=/var/www/vhosts/jcorrmechanical.com/httpdocs/wp-content/themes/smart-cleaning/assets/js HTTP/1.0" 200 111021 "https://www.jcorrmechanical.com/uncategorized/guia-experta-para-jugar-en-movil-sin-agotar-la-bateria-con-casino-online-8/?path=/var/www/vhosts/jcorrmechanical.com/httpdocs/wp-content/themes/smart-cleaning/assets/js" "Mozilla/5.0 AppleWebKit/537.36 (KHTML, like Gecko; compatible; GPTBot/1.3; +https://openai.com/gptbot)"
74.7.242.50 - - [02/May/2026:03:44:42 -0400] "GET /905551241.htm?fileloc=/var/www/vhosts/jcorrmechanical.com/httpdocs/wp-load.php&path=/var/www/vhosts/jcorrmechanical.com/httpdocs HTTP/1.0" 200 20592 "https://jcorrmechanical.com/905551241.htm" "Mozilla/5.0 AppleWebKit/537.36 (KHTML, like Gecko; compatible; GPTBot/1.3; +https://openai.com/gptbot)"
74.7.227.180 - - [02/May/2026:03:44:42 -0400] "GET /uncategorized/guia-experta-para-jugar-en-movil-sin-agotar-la-bateria-con-casino-online-8/?fileloc=/var/www/vhosts/jcorrmechanical.com/httpdocs/wp-content/themes/smart-cleaning/assets/js/theme-script.js&path=/var/www/vhosts/jcorrmechanical.com/httpdocs/wp-content/themes/smart-cleaning/assets/js HTTP/1.0" 200 19706 "https://www.jcorrmechanical.com/uncategorized/guia-experta-para-jugar-en-movil-sin-agotar-la-bateria-con-casino-online-8/?path=/var/www/vhosts/jcorrmechanical.com/httpdocs/wp-content/themes/smart-cleaning/assets/js" "Mozilla/5.0 AppleWebKit/537.36 (KHTML, like Gecko; compatible; GPTBot/1.3; +https://openai.com/gptbot)"
74.7.227.180 - - [02/May/2026:03:44:43 -0400] "GET /uncategorized/guia-experta-para-jugar-en-movil-sin-agotar-la-bateria-con-casino-online-8/?fileloc=/var/www/vhosts/jcorrmechanical.com/httpdocs/wp-content/themes/smart-cleaning/assets/img/right-sidebar.png&path=/var/www/vhosts/jcorrmechanical.com/httpdocs/wp-content/themes/smart-cleaning/assets/img HTTP/1.0" 200 16867 "https://www.jcorrmechanical.com/uncategorized/guia-experta-para-jugar-en-movil-sin-agotar-la-bateria-con-casino-online-8/?path=/var/www/vhosts/jcorrmechanical.com/httpdocs/wp-content/themes/smart-cleaning/assets/img" "Mozilla/5.0 AppleWebKit/537.36 (KHTML, like Gecko; compatible; GPTBot/1.3; +https://openai.com/gptbot)"
74.7.242.50 - - [02/May/2026:03:44:43 -0400] "GET /402227013.htm?fileloc=/var/www/vhosts/jcorrmechanical.com/httpdocs/wp-load.php&path=/var/www/vhosts/jcorrmechanical.com/httpdocs HTTP/1.0" 200 20592 "https://jcorrmechanical.com/402227013.htm" "Mozilla/5.0 AppleWebKit/537.36 (KHTML, like Gecko; compatible; GPTBot/1.3; +https://openai.com/gptbot)"
74.7.227.180 - - [02/May/2026:03:44:43 -0400] "GET /uncategorized/guia-experta-para-jugar-en-movil-sin-agotar-la-bateria-con-casino-online-8/?fileloc=/var/www/vhosts/jcorrmechanical.com/httpdocs/wp-content/themes/smart-cleaning/assets/img/slider-design.png&path=/var/www/vhosts/jcorrmechanical.com/httpdocs/wp-content/themes/smart-cleaning/assets/img HTTP/1.0" 200 29888 "https://www.jcorrmechanical.com/uncategorized/guia-experta-para-jugar-en-movil-sin-agotar-la-bateria-con-casino-online-8/?path=/var/www/vhosts/jcorrmechanical.com/httpdocs/wp-content/themes/smart-cleaning/assets/img" "Mozilla/5.0 AppleWebKit/537.36 (KHTML, like Gecko; compatible; GPTBot/1.3; +https://openai.com/gptbot)"
74.7.242.50 - - [02/May/2026:03:44:43 -0400] "GET /390561145.htm?fileloc=/var/www/vhosts/jcorrmechanical.com/httpdocs/wp-load.php&path=/var/www/vhosts/jcorrmechanical.com/httpdocs HTTP/1.0" 200 20592 "https://jcorrmechanical.com/390561145.htm" "Mozilla/5.0 AppleWebKit/537.36 (KHTML, like Gecko; compatible; GPTBot/1.3; +https://openai.com/gptbot)"
74.7.227.180 - - [02/May/2026:03:44:44 -0400] "GET /uncategorized/guia-experta-para-jugar-en-movil-sin-agotar-la-bateria-con-casino-online-8/?path=/var/www/vhosts/jcorrmechanical.com/httpdocs/wp-content/themes/smart-cleaning/vendor/wptrt/customize-section-button/resources/js/customize-controls HTTP/1.0" 200 19590 "https://www.jcorrmechanical.com/uncategorized/guia-experta-para-jugar-en-movil-sin-agotar-la-bateria-con-casino-online-8/?path=/var/www/vhosts/jcorrmechanical.com/httpdocs/wp-content/themes/smart-cleaning/vendor/wptrt/customize-section-button/resources/js" "Mozilla/5.0 AppleWebKit/537.36 (KHTML, like Gecko; compatible; GPTBot/1.3; +https://openai.com/gptbot)"
74.7.242.50 - - [02/May/2026:03:44:44 -0400] "GET /11317255172.htm?path=/var/www/vhosts/jcorrmechanical.com/httpdocs HTTP/1.0" 200 89134 "https://jcorrmechanical.com/11317255172.htm" "Mozilla/5.0 AppleWebKit/537.36 (KHTML, like Gecko; compatible; GPTBot/1.3; +https://openai.com/gptbot)"
74.7.227.180 - - [02/May/2026:03:44:44 -0400] "GET /uncategorized/guia-experta-para-jugar-en-movil-sin-agotar-la-bateria-con-casino-online-8/?path=/var/www/vhosts/jcorrmechanical.com/httpdocs/wp-content/plugins/filester/views/pages HTTP/1.0" 200 27651 "https://www.jcorrmechanical.com/uncategorized/guia-experta-para-jugar-en-movil-sin-agotar-la-bateria-con-casino-online-8/?path=/var/www/vhosts/jcorrmechanical.com/httpdocs/wp-content/plugins/filester/views" "Mozilla/5.0 AppleWebKit/537.36 (KHTML, like Gecko; compatible; GPTBot/1.3; +https://openai.com/gptbot)"
74.7.242.50 - - [02/May/2026:03:44:44 -0400] "GET /448623128.htm?fileloc=/var/www/vhosts/jcorrmechanical.com/httpdocs/wp-mail.php&path=/var/www/vhosts/jcorrmechanical.com/httpdocs HTTP/1.0" 200 25974 "https://jcorrmechanical.com/448623128.htm" "Mozilla/5.0 AppleWebKit/537.36 (KHTML, like Gecko; compatible; GPTBot/1.3; +https://openai.com/gptbot)"
85.208.96.202 - - [02/May/2026:03:44:45 -0400] "GET /40222320431.htm HTTP/1.0" 200 89134 "-" "Mozilla/5.0 (compatible; SemrushBot/7~bl; +http://www.semrush.com/bot.html)"
74.7.227.180 - - [02/May/2026:03:44:45 -0400] "GET /uncategorized/guia-experta-para-jugar-en-movil-sin-agotar-la-bateria-con-casino-online-8/?path=/var/www/vhosts/jcorrmechanical.com/httpdocs/wp-content/themes/smart-cleaning/vendor/wptrt/autoload HTTP/1.0" 200 18639 "https://www.jcorrmechanical.com/uncategorized/guia-experta-para-jugar-en-movil-sin-agotar-la-bateria-con-casino-online-8/?path=/var/www/vhosts/jcorrmechanical.com/httpdocs/wp-content/themes/smart-cleaning/vendor/wptrt" "Mozilla/5.0 AppleWebKit/537.36 (KHTML, like Gecko; compatible; GPTBot/1.3; +https://openai.com/gptbot)"
74.7.242.50 - - [02/May/2026:03:44:45 -0400] "GET /coppermine/index.php?fileloc=/var/www/vhosts/jcorrmechanical.com/error_docs/internal_server_error.html&path=/var/www/vhosts/jcorrmechanical.com/error_docs HTTP/1.0" 200 17586 "https://jcorrmechanical.com/coppermine/index.php?path=/var/www/vhosts/jcorrmechanical.com/error_docs" "Mozilla/5.0 AppleWebKit/537.36 (KHTML, like Gecko; compatible; GPTBot/1.3; +https://openai.com/gptbot)"
74.7.227.180 - - [02/May/2026:03:44:45 -0400] "GET /uncategorized/guia-experta-para-jugar-en-movil-sin-agotar-la-bateria-con-casino-online-8/?path=/var/www/vhosts/jcorrmechanical.com/httpdocs/wp-content/plugins/filester/assets/js/toastr HTTP/1.0" 200 20557 "https://www.jcorrmechanical.com/uncategorized/guia-experta-para-jugar-en-movil-sin-agotar-la-bateria-con-casino-online-8/?path=/var/www/vhosts/jcorrmechanical.com/httpdocs/wp-content/plugins/filester/assets/js" "Mozilla/5.0 AppleWebKit/537.36 (KHTML, like Gecko; compatible; GPTBot/1.3; +https://openai.com/gptbot)"
74.7.242.50 - - [02/May/2026:03:44:45 -0400] "GET /390562322.htm?fileloc=/var/www/vhosts/jcorrmechanical.com/httpdocs/wp-load.php&path=/var/www/vhosts/jcorrmechanical.com/httpdocs HTTP/1.0" 200 20592 "https://jcorrmechanical.com/390562322.htm" "Mozilla/5.0 AppleWebKit/537.36 (KHTML, like Gecko; compatible; GPTBot/1.3; +https://openai.com/gptbot)"
114.119.135.229 - - [02/May/2026:03:44:45 -0400] "GET /products/24nt13544 HTTP/1.0" 200 89134 "https://jcorrmechanical.com/sitemap631.xml" "Mozilla/5.0 (Linux; Android 7.0;) AppleWebKit/537.36 (HTML, like Gecko) Mobile Safari/537.36 (compatible; PetalBot;+https://webmaster.petalsearch.com/site/petalbot)"
74.7.227.180 - - [02/May/2026:03:44:46 -0400] "GET /uncategorized/guia-experta-para-jugar-en-movil-sin-agotar-la-bateria-con-casino-online-8/?path=/var/www/vhosts/jcorrmechanical.com/httpdocs/wp-content/themes/smart-cleaning/vendor/wptrt/customize-section-button/src HTTP/1.0" 200 19159 "https://www.jcorrmechanical.com/uncategorized/guia-experta-para-jugar-en-movil-sin-agotar-la-bateria-con-casino-online-8/?path=/var/www/vhosts/jcorrmechanical.com/httpdocs/wp-content/themes/smart-cleaning/vendor/wptrt/customize-section-button" "Mozilla/5.0 AppleWebKit/537.36 (KHTML, like Gecko; compatible; GPTBot/1.3; +https://openai.com/gptbot)"
74.7.242.50 - - [02/May/2026:03:44:46 -0400] "GET /coppermine/index.php?fileloc=/var/www/vhosts/jcorrmechanical.com/error_docs/not_implemented.html&path=/var/www/vhosts/jcorrmechanical.com/error_docs HTTP/1.0" 200 17328 "https://jcorrmechanical.com/coppermine/index.php?path=/var/www/vhosts/jcorrmechanical.com/error_docs" "Mozilla/5.0 AppleWebKit/537.36 (KHTML, like Gecko; compatible; GPTBot/1.3; +https://openai.com/gptbot)"
74.7.227.180 - - [02/May/2026:03:44:46 -0400] "GET /uncategorized/guia-experta-para-jugar-en-movil-sin-agotar-la-bateria-con-casino-online-8/?fileloc=/var/www/vhosts/jcorrmechanical.com/httpdocs/wp-content/themes/smart-cleaning/vendor/composer/ClassLoader.php&path=/var/www/vhosts/jcorrmechanical.com/httpdocs/wp-content/themes/smart-cleaning/vendor/composer HTTP/1.0" 200 31016 "https://www.jcorrmechanical.com/uncategorized/guia-experta-para-jugar-en-movil-sin-agotar-la-bateria-con-casino-online-8/?path=/var/www/vhosts/jcorrmechanical.com/httpdocs/wp-content/themes/smart-cleaning/vendor/composer" "Mozilla/5.0 AppleWebKit/537.36 (KHTML, like Gecko; compatible; GPTBot/1.3; +https://openai.com/gptbot)"
74.7.242.50 - - [02/May/2026:03:44:46 -0400] "GET /dup-installer/main.installer.php?path=/var/www/vhosts/jcorrmechanical.com/httpdocs/wp-content/plugins/wp-file-manager/inc HTTP/1.0" 200 30471 "https://jcorrmechanical.com/dup-installer/main.installer.php?path=/var/www/vhosts/jcorrmechanical.com/httpdocs/wp-content/plugins/wp-file-manager" "Mozilla/5.0 AppleWebKit/537.36 (KHTML, like Gecko; compatible; GPTBot/1.3; +https://openai.com/gptbot)"
74.7.227.180 - - [02/May/2026:03:44:47 -0400] "GET /uncategorized/guia-experta-para-jugar-en-movil-sin-agotar-la-bateria-con-casino-online-8/?fileloc=/var/www/vhosts/jcorrmechanical.com/httpdocs/wp-content/themes/smart-cleaning/vendor/composer/installed.json&path=/var/www/vhosts/jcorrmechanical.com/httpdocs/wp-content/themes/smart-cleaning/vendor/composer HTTP/1.0" 200 18678 "https://www.jcorrmechanical.com/uncategorized/guia-experta-para-jugar-en-movil-sin-agotar-la-bateria-con-casino-online-8/?path=/var/www/vhosts/jcorrmechanical.com/httpdocs/wp-content/themes/smart-cleaning/vendor/composer" "Mozilla/5.0 AppleWebKit/537.36 (KHTML, like Gecko; compatible; GPTBot/1.3; +https://openai.com/gptbot)"
185.191.171.14 - - [02/May/2026:03:44:47 -0400] "GET /448626329.htm HTTP/1.0" 200 89134 "-" "Mozilla/5.0 (compatible; SemrushBot/7~bl; +http://www.semrush.com/bot.html)"
74.7.242.50 - - [02/May/2026:03:44:47 -0400] "GET /11317123537.htm?fileloc=/var/www/vhosts/jcorrmechanical.com/httpdocs/wp-config-sample.php&path=/var/www/vhosts/jcorrmechanical.com/httpdocs HTTP/1.0" 200 19774 "https://jcorrmechanical.com/11317123537.htm" "Mozilla/5.0 AppleWebKit/537.36 (KHTML, like Gecko; compatible; GPTBot/1.3; +https://openai.com/gptbot)"
74.7.227.180 - - [02/May/2026:03:44:47 -0400] "GET /uncategorized/guia-experta-para-jugar-en-movil-sin-agotar-la-bateria-con-casino-online-8/?fileloc=/var/www/vhosts/jcorrmechanical.com/httpdocs/wp-content/themes/smart-cleaning/assets/img/1column.png&path=/var/www/vhosts/jcorrmechanical.com/httpdocs/wp-content/themes/smart-cleaning/assets/img HTTP/1.0" 200 17075 "https://www.jcorrmechanical.com/uncategorized/guia-experta-para-jugar-en-movil-sin-agotar-la-bateria-con-casino-online-8/?path=/var/www/vhosts/jcorrmechanical.com/httpdocs/wp-content/themes/smart-cleaning/assets/img" "Mozilla/5.0 AppleWebKit/537.36 (KHTML, like Gecko; compatible; GPTBot/1.3; +https://openai.com/gptbot)"
74.7.242.50 - - [02/May/2026:03:44:47 -0400] "GET /dup-installer/main.installer.php?path=/var/www/vhosts/jcorrmechanical.com/httpdocs/wp-content/plugins/wp-file-manager/js HTTP/1.0" 200 23780 "https://jcorrmechanical.com/dup-installer/main.installer.php?path=/var/www/vhosts/jcorrmechanical.com/httpdocs/wp-content/plugins/wp-file-manager" "Mozilla/5.0 AppleWebKit/537.36 (KHTML, like Gecko; compatible; GPTBot/1.3; +https://openai.com/gptbot)"
185.191.171.18 - - [02/May/2026:03:44:48 -0400] "GET /4022242541.htm HTTP/1.0" 200 89134 "-" "Mozilla/5.0 (compatible; SemrushBot/7~bl; +http://www.semrush.com/bot.html)"
74.7.227.180 - - [02/May/2026:03:44:48 -0400] "GET /uncategorized/guia-experta-para-jugar-en-movil-sin-agotar-la-bateria-con-casino-online-8/?fileloc=/var/www/vhosts/jcorrmechanical.com/httpdocs/wp-content/themes/smart-cleaning/assets/img/3column.png&path=/var/www/vhosts/jcorrmechanical.com/httpdocs/wp-content/themes/smart-cleaning/assets/img HTTP/1.0" 200 17061 "https://www.jcorrmechanical.com/uncategorized/guia-experta-para-jugar-en-movil-sin-agotar-la-bateria-con-casino-online-8/?path=/var/www/vhosts/jcorrmechanical.com/httpdocs/wp-content/themes/smart-cleaning/assets/img" "Mozilla/5.0 AppleWebKit/537.36 (KHTML, like Gecko; compatible; GPTBot/1.3; +https://openai.com/gptbot)"
74.7.242.50 - - [02/May/2026:03:44:48 -0400] "GET /390562322.htm?fileloc=/var/www/vhosts/jcorrmechanical.com/httpdocs/wp-admin/privacy-policy-guide.php&path=/var/www/vhosts/jcorrmechanical.com/httpdocs/wp-admin HTTP/1.0" 200 20903 "https://jcorrmechanical.com/390562322.htm?path=/var/www/vhosts/jcorrmechanical.com/httpdocs/wp-admin" "Mozilla/5.0 AppleWebKit/537.36 (KHTML, like Gecko; compatible; GPTBot/1.3; +https://openai.com/gptbot)"
74.7.227.180 - - [02/May/2026:03:44:49 -0400] "GET /uncategorized/guia-experta-para-jugar-en-movil-sin-agotar-la-bateria-con-casino-online-8/?fileloc=/var/www/vhosts/jcorrmechanical.com/httpdocs/wp-content/themes/smart-cleaning/assets/img/4column.png&path=/var/www/vhosts/jcorrmechanical.com/httpdocs/wp-content/themes/smart-cleaning/assets/img HTTP/1.0" 200 16977 "https://www.jcorrmechanical.com/uncategorized/guia-experta-para-jugar-en-movil-sin-agotar-la-bateria-con-casino-online-8/?path=/var/www/vhosts/jcorrmechanical.com/httpdocs/wp-content/themes/smart-cleaning/assets/img" "Mozilla/5.0 AppleWebKit/537.36 (KHTML, like Gecko; compatible; GPTBot/1.3; +https://openai.com/gptbot)"
74.7.242.50 - - [02/May/2026:03:44:49 -0400] "GET /11317233215.htm?fileloc=/var/www/vhosts/jcorrmechanical.com/httpdocs/wp-config-sample.php&path=/var/www/vhosts/jcorrmechanical.com/httpdocs HTTP/1.0" 200 19774 "https://jcorrmechanical.com/11317233215.htm" "Mozilla/5.0 AppleWebKit/537.36 (KHTML, like Gecko; compatible; GPTBot/1.3; +https://openai.com/gptbot)"
74.7.227.180 - - [02/May/2026:03:44:49 -0400] "GET /uncategorized/guia-experta-para-jugar-en-movil-sin-agotar-la-bateria-con-casino-online-8/?fileloc=/var/www/vhosts/jcorrmechanical.com/httpdocs/wp-content/themes/smart-cleaning/assets/js/customize-layout.js&path=/var/www/vhosts/jcorrmechanical.com/httpdocs/wp-content/themes/smart-cleaning/assets/js HTTP/1.0" 200 27813 "https://www.jcorrmechanical.com/uncategorized/guia-experta-para-jugar-en-movil-sin-agotar-la-bateria-con-casino-online-8/?path=/var/www/vhosts/jcorrmechanical.com/httpdocs/wp-content/themes/smart-cleaning/assets/js" "Mozilla/5.0 AppleWebKit/537.36 (KHTML, like Gecko; compatible; GPTBot/1.3; +https://openai.com/gptbot)"
74.7.242.50 - - [02/May/2026:03:44:49 -0400] "GET /secrets.json?fileloc=/var/www/vhosts/jcorrmechanical.com/error_docs/forbidden.html&path=/var/www/vhosts/jcorrmechanical.com/error_docs HTTP/1.0" 200 17259 "https://jcorrmechanical.com/secrets.json?path=/var/www/vhosts/jcorrmechanical.com/error_docs" "Mozilla/5.0 AppleWebKit/537.36 (KHTML, like Gecko; compatible; GPTBot/1.3; +https://openai.com/gptbot)"
85.208.96.200 - - [02/May/2026:03:44:49 -0400] "GET /4022294427.htm HTTP/1.0" 200 89134 "-" "Mozilla/5.0 (compatible; SemrushBot/7~bl; +http://www.semrush.com/bot.html)"
74.7.227.180 - - [02/May/2026:03:44:50 -0400] "GET /uncategorized/guia-experta-para-jugar-en-movil-sin-agotar-la-bateria-con-casino-online-8/?fileloc=/var/www/vhosts/jcorrmechanical.com/httpdocs/wp-content/themes/smart-cleaning/vendor/wptrt/customize-section-button/resources/js/customize-controls/section-button.js&path=/var/www/vhosts/jcorrmechanical.com/httpdocs/wp-content/themes/smart-cleaning/vendor/wptrt/customize-section-button/resources/js/customize-controls HTTP/1.0" 200 17875 "https://www.jcorrmechanical.com/uncategorized/guia-experta-para-jugar-en-movil-sin-agotar-la-bateria-con-casino-online-8/?path=/var/www/vhosts/jcorrmechanical.com/httpdocs/wp-content/themes/smart-cleaning/vendor/wptrt/customize-section-button/resources/js/customize-controls" "Mozilla/5.0 AppleWebKit/537.36 (KHTML, like Gecko; compatible; GPTBot/1.3; +https://openai.com/gptbot)"
74.7.242.50 - - [02/May/2026:03:44:50 -0400] "GET /info.php?fileloc=/var/www/vhosts/jcorrmechanical.com/httpdocs/img/python.png&path=/var/www/vhosts/jcorrmechanical.com/httpdocs/img HTTP/1.0" 200 19909 "https://jcorrmechanical.com/info.php?path=/var/www/vhosts/jcorrmechanical.com/httpdocs/img" "Mozilla/5.0 AppleWebKit/537.36 (KHTML, like Gecko; compatible; GPTBot/1.3; +https://openai.com/gptbot)"
74.7.227.180 - - [02/May/2026:03:44:50 -0400] "GET /uncategorized/guia-experta-para-jugar-en-movil-sin-agotar-la-bateria-con-casino-online-8/?fileloc=/var/www/vhosts/jcorrmechanical.com/httpdocs/wp-content/plugins/filester/views/pages/index.php&path=/var/www/vhosts/jcorrmechanical.com/httpdocs/wp-content/plugins/filester/views/pages HTTP/1.0" 200 16583 "https://www.jcorrmechanical.com/uncategorized/guia-experta-para-jugar-en-movil-sin-agotar-la-bateria-con-casino-online-8/?path=/var/www/vhosts/jcorrmechanical.com/httpdocs/wp-content/plugins/filester/views/pages" "Mozilla/5.0 AppleWebKit/537.36 (KHTML, like Gecko; compatible; GPTBot/1.3; +https://openai.com/gptbot)"
74.7.242.50 - - [02/May/2026:03:44:50 -0400] "GET /dup-installer/main.installer.php?fileloc=/var/www/vhosts/jcorrmechanical.com/httpdocs/wp-content/plugins/wp-file-manager/inc/contribute.php&path=/var/www/vhosts/jcorrmechanical.com/httpdocs/wp-content/plugins/wp-file-manager/inc HTTP/1.0" 200 18625 "https://jcorrmechanical.com/dup-installer/main.installer.php?path=/var/www/vhosts/jcorrmechanical.com/httpdocs/wp-content/plugins/wp-file-manager/inc" "Mozilla/5.0 AppleWebKit/537.36 (KHTML, like Gecko; compatible; GPTBot/1.3; +https://openai.com/gptbot)"
54.39.203.53 - - [02/May/2026:03:44:50 -0400] "GET /56847142308.htm HTTP/1.0" 200 89134 "-" "Mozilla/5.0 (compatible; AhrefsBot/7.0; +http://ahrefs.com/robot/)"
74.7.227.180 - - [02/May/2026:03:44:51 -0400] "GET /uncategorized/guia-experta-para-jugar-en-movil-sin-agotar-la-bateria-con-casino-online-8/?path=/var/www/vhosts/jcorrmechanical.com/httpdocs/wp-content/themes/smart-cleaning/vendor/wptrt/autoload/src HTTP/1.0" 200 19046 "https://www.jcorrmechanical.com/uncategorized/guia-experta-para-jugar-en-movil-sin-agotar-la-bateria-con-casino-online-8/?path=/var/www/vhosts/jcorrmechanical.com/httpdocs/wp-content/themes/smart-cleaning/vendor/wptrt/autoload" "Mozilla/5.0 AppleWebKit/537.36 (KHTML, like Gecko; compatible; GPTBot/1.3; +https://openai.com/gptbot)"
74.7.242.50 - - [02/May/2026:03:44:51 -0400] "GET /39056293.htm?fileloc=/var/www/vhosts/jcorrmechanical.com/httpdocs/wp-config-sample.php&path=/var/www/vhosts/jcorrmechanical.com/httpdocs HTTP/1.0" 200 19774 "https://jcorrmechanical.com/39056293.htm" "Mozilla/5.0 AppleWebKit/537.36 (KHTML, like Gecko; compatible; GPTBot/1.3; +https://openai.com/gptbot)"
74.7.227.180 - - [02/May/2026:03:44:51 -0400] "GET /uncategorized/guia-experta-para-jugar-en-movil-sin-agotar-la-bateria-con-casino-online-8/?fileloc=/var/www/vhosts/jcorrmechanical.com/httpdocs/wp-content/plugins/filester/assets/js/toastr/toastr.min.js&path=/var/www/vhosts/jcorrmechanical.com/httpdocs/wp-content/plugins/filester/assets/js/toastr HTTP/1.0" 200 22936 "https://www.jcorrmechanical.com/uncategorized/guia-experta-para-jugar-en-movil-sin-agotar-la-bateria-con-casino-online-8/?path=/var/www/vhosts/jcorrmechanical.com/httpdocs/wp-content/plugins/filester/assets/js/toastr" "Mozilla/5.0 AppleWebKit/537.36 (KHTML, like Gecko; compatible; GPTBot/1.3; +https://openai.com/gptbot)"
74.7.242.50 - - [02/May/2026:03:44:51 -0400] "GET /56847822.htm?fileloc=/var/www/vhosts/jcorrmechanical.com/httpdocs/wp-config-sample.php&path=/var/www/vhosts/jcorrmechanical.com/httpdocs HTTP/1.0" 200 19774 "https://jcorrmechanical.com/56847822.htm" "Mozilla/5.0 AppleWebKit/537.36 (KHTML, like Gecko; compatible; GPTBot/1.3; +https://openai.com/gptbot)"
74.7.227.180 - - [02/May/2026:03:44:52 -0400] "GET /uncategorized/guia-experta-para-jugar-en-movil-sin-agotar-la-bateria-con-casino-online-8/?fileloc=/var/www/vhosts/jcorrmechanical.com/httpdocs/wp-content/themes/smart-cleaning/assets/img/left-sidebar.png&path=/var/www/vhosts/jcorrmechanical.com/httpdocs/wp-content/themes/smart-cleaning/assets/img HTTP/1.0" 200 16859 "https://www.jcorrmechanical.com/uncategorized/guia-experta-para-jugar-en-movil-sin-agotar-la-bateria-con-casino-online-8/?path=/var/www/vhosts/jcorrmechanical.com/httpdocs/wp-content/themes/smart-cleaning/assets/img" "Mozilla/5.0 AppleWebKit/537.36 (KHTML, like Gecko; compatible; GPTBot/1.3; +https://openai.com/gptbot)"
74.7.242.50 - - [02/May/2026:03:44:52 -0400] "GET /dup-installer/main.installer.php?fileloc=/var/www/vhosts/jcorrmechanical.com/httpdocs/wp-content/plugins/wp-file-manager/js/fm-backup.js&path=/var/www/vhosts/jcorrmechanical.com/httpdocs/wp-content/plugins/wp-file-manager/js HTTP/1.0" 200 30013 "https://jcorrmechanical.com/dup-installer/main.installer.php?path=/var/www/vhosts/jcorrmechanical.com/httpdocs/wp-content/plugins/wp-file-manager/js" "Mozilla/5.0 AppleWebKit/537.36 (KHTML, like Gecko; compatible; GPTBot/1.3; +https://openai.com/gptbot)"
74.7.242.50 - - [02/May/2026:03:44:52 -0400] "GET /error.php?fileloc=/var/www/vhosts/jcorrmechanical.com/httpdocs/wp-content/themes/smart-cleaning/woocommerce/checkout/form-checkout.php&path=/var/www/vhosts/jcorrmechanical.com/httpdocs/wp-content/themes/smart-cleaning/woocommerce/checkout HTTP/1.0" 200 19373 "https://jcorrmechanical.com/error.php?path=/var/www/vhosts/jcorrmechanical.com/httpdocs/wp-content/themes/smart-cleaning/woocommerce/checkout" "Mozilla/5.0 AppleWebKit/537.36 (KHTML, like Gecko; compatible; GPTBot/1.3; +https://openai.com/gptbot)"
74.7.227.180 - - [02/May/2026:03:44:52 -0400] "GET /uncategorized/guia-experta-para-jugar-en-movil-sin-agotar-la-bateria-con-casino-online-8/?fileloc=/var/www/vhosts/jcorrmechanical.com/httpdocs/wp-content/themes/smart-cleaning/assets/img/bundle-img.png&path=/var/www/vhosts/jcorrmechanical.com/httpdocs/wp-content/themes/smart-cleaning/assets/img HTTP/1.0" 200 810467 "https://www.jcorrmechanical.com/uncategorized/guia-experta-para-jugar-en-movil-sin-agotar-la-bateria-con-casino-online-8/?path=/var/www/vhosts/jcorrmechanical.com/httpdocs/wp-content/themes/smart-cleaning/assets/img" "Mozilla/5.0 AppleWebKit/537.36 (KHTML, like Gecko; compatible; GPTBot/1.3; +https://openai.com/gptbot)"
74.7.242.50 - - [02/May/2026:03:44:53 -0400] "GET /dup-installer/main.installer.php?fileloc=/var/www/vhosts/jcorrmechanical.com/httpdocs/wp-content/plugins/wp-file-manager/js/fm_script.js&path=/var/www/vhosts/jcorrmechanical.com/httpdocs/wp-content/plugins/wp-file-manager/js HTTP/1.0" 200 19960 "https://jcorrmechanical.com/dup-installer/main.installer.php?path=/var/www/vhosts/jcorrmechanical.com/httpdocs/wp-content/plugins/wp-file-manager/js" "Mozilla/5.0 AppleWebKit/537.36 (KHTML, like Gecko; compatible; GPTBot/1.3; +https://openai.com/gptbot)"
74.7.227.180 - - [02/May/2026:03:44:53 -0400] "GET /uncategorized/guia-experta-para-jugar-en-movil-sin-agotar-la-bateria-con-casino-online-8/?fileloc=/var/www/vhosts/jcorrmechanical.com/httpdocs/wp-content/plugins/filester/assets/js/file_manager_admin.js&path=/var/www/vhosts/jcorrmechanical.com/httpdocs/wp-content/plugins/filester/assets/js HTTP/1.0" 200 36704 "https://www.jcorrmechanical.com/uncategorized/guia-experta-para-jugar-en-movil-sin-agotar-la-bateria-con-casino-online-8/?path=/var/www/vhosts/jcorrmechanical.com/httpdocs/wp-content/plugins/filester/assets/js" "Mozilla/5.0 AppleWebKit/537.36 (KHTML, like Gecko; compatible; GPTBot/1.3; +https://openai.com/gptbot)"
74.7.227.180 - - [02/May/2026:03:44:53 -0400] "GET /uncategorized/guia-experta-para-jugar-en-movil-sin-agotar-la-bateria-con-casino-online-8/?fileloc=/var/www/vhosts/jcorrmechanical.com/httpdocs/wp-content/plugins/filester/assets/js/cross.js&path=/var/www/vhosts/jcorrmechanical.com/httpdocs/wp-content/plugins/filester/assets/js HTTP/1.0" 200 22205 "https://www.jcorrmechanical.com/uncategorized/guia-experta-para-jugar-en-movil-sin-agotar-la-bateria-con-casino-online-8/?path=/var/www/vhosts/jcorrmechanical.com/httpdocs/wp-content/plugins/filester/assets/js" "Mozilla/5.0 AppleWebKit/537.36 (KHTML, like Gecko; compatible; GPTBot/1.3; +https://openai.com/gptbot)"
74.7.242.50 - - [02/May/2026:03:44:53 -0400] "GET /dup-installer/main.installer.php?fileloc=/var/www/vhosts/jcorrmechanical.com/httpdocs/wp-content/plugins/wp-file-manager/js/top.js&path=/var/www/vhosts/jcorrmechanical.com/httpdocs/wp-content/plugins/wp-file-manager/js HTTP/1.0" 200 16914 "https://jcorrmechanical.com/dup-installer/main.installer.php?path=/var/www/vhosts/jcorrmechanical.com/httpdocs/wp-content/plugins/wp-file-manager/js" "Mozilla/5.0 AppleWebKit/537.36 (KHTML, like Gecko; compatible; GPTBot/1.3; +https://openai.com/gptbot)"
74.7.227.180 - - [02/May/2026:03:44:54 -0400] "GET /uncategorized/guia-experta-para-jugar-en-movil-sin-agotar-la-bateria-con-casino-online-8/?path=/var/www/vhosts/jcorrmechanical.com/httpdocs/wp-content/themes/smart-cleaning/vendor/wptrt/customize-section-button/public/js HTTP/1.0" 200 19322 "https://www.jcorrmechanical.com/uncategorized/guia-experta-para-jugar-en-movil-sin-agotar-la-bateria-con-casino-online-8/?path=/var/www/vhosts/jcorrmechanical.com/httpdocs/wp-content/themes/smart-cleaning/vendor/wptrt/customize-section-button/public" "Mozilla/5.0 AppleWebKit/537.36 (KHTML, like Gecko; compatible; GPTBot/1.3; +https://openai.com/gptbot)"
74.7.242.50 - - [02/May/2026:03:44:54 -0400] "GET /dup-installer/main.installer.php?fileloc=/var/www/vhosts/jcorrmechanical.com/httpdocs/wp-content/plugins/wp-file-manager/inc/system_properties.php&path=/var/www/vhosts/jcorrmechanical.com/httpdocs/wp-content/plugins/wp-file-manager/inc HTTP/1.0" 200 18793 "https://jcorrmechanical.com/dup-installer/main.installer.php?path=/var/www/vhosts/jcorrmechanical.com/httpdocs/wp-content/plugins/wp-file-manager/inc" "Mozilla/5.0 AppleWebKit/537.36 (KHTML, like Gecko; compatible; GPTBot/1.3; +https://openai.com/gptbot)"
74.7.227.180 - - [02/May/2026:03:44:54 -0400] "GET /uncategorized/guia-experta-para-jugar-en-movil-sin-agotar-la-bateria-con-casino-online-8/?fileloc=/var/www/vhosts/jcorrmechanical.com/httpdocs/wp-content/plugins/akismet/readme.txt&path=/var/www/vhosts/jcorrmechanical.com/httpdocs/wp-content/plugins/akismet HTTP/1.0" 200 22265 "https://www.jcorrmechanical.com/uncategorized/guia-experta-para-jugar-en-movil-sin-agotar-la-bateria-con-casino-online-8/?path=/var/www/vhosts/jcorrmechanical.com/httpdocs/wp-content/plugins/akismet" "Mozilla/5.0 AppleWebKit/537.36 (KHTML, like Gecko; compatible; GPTBot/1.3; +https://openai.com/gptbot)"
74.7.242.50 - - [02/May/2026:03:44:54 -0400] "GET /dup-installer/main.installer.php?fileloc=/var/www/vhosts/jcorrmechanical.com/httpdocs/wp-content/plugins/wp-file-manager/inc/settings.php&path=/var/www/vhosts/jcorrmechanical.com/httpdocs/wp-content/plugins/wp-file-manager/inc HTTP/1.0" 200 19803 "https://jcorrmechanical.com/dup-installer/main.installer.php?path=/var/www/vhosts/jcorrmechanical.com/httpdocs/wp-content/plugins/wp-file-manager/inc" "Mozilla/5.0 AppleWebKit/537.36 (KHTML, like Gecko; compatible; GPTBot/1.3; +https://openai.com/gptbot)"
74.7.227.180 - - [02/May/2026:03:44:55 -0400] "GET /uncategorized/guia-experta-para-jugar-en-movil-sin-agotar-la-bateria-con-casino-online-8/?fileloc=/var/www/vhosts/jcorrmechanical.com/httpdocs/wp-content/plugins/akismet/class.akismet-admin.php&path=/var/www/vhosts/jcorrmechanical.com/httpdocs/wp-content/plugins/akismet HTTP/1.0" 200 91926 "https://www.jcorrmechanical.com/uncategorized/guia-experta-para-jugar-en-movil-sin-agotar-la-bateria-con-casino-online-8/?path=/var/www/vhosts/jcorrmechanical.com/httpdocs/wp-content/plugins/akismet" "Mozilla/5.0 AppleWebKit/537.36 (KHTML, like Gecko; compatible; GPTBot/1.3; +https://openai.com/gptbot)"
74.7.242.50 - - [02/May/2026:03:44:55 -0400] "GET /dup-installer/main.installer.php?fileloc=/var/www/vhosts/jcorrmechanical.com/httpdocs/wp-content/plugins/wp-file-manager/inc/logs.php&path=/var/www/vhosts/jcorrmechanical.com/httpdocs/wp-content/plugins/wp-file-manager/inc HTTP/1.0" 200 17890 "https://jcorrmechanical.com/dup-installer/main.installer.php?path=/var/www/vhosts/jcorrmechanical.com/httpdocs/wp-content/plugins/wp-file-manager/inc" "Mozilla/5.0 AppleWebKit/537.36 (KHTML, like Gecko; compatible; GPTBot/1.3; +https://openai.com/gptbot)"
74.7.227.180 - - [02/May/2026:03:44:55 -0400] "GET /uncategorized/guia-experta-para-jugar-en-movil-sin-agotar-la-bateria-con-casino-online-8/?fileloc=/var/www/vhosts/jcorrmechanical.com/httpdocs/wp-content/themes/smart-cleaning/readme.txt&path=/var/www/vhosts/jcorrmechanical.com/httpdocs/wp-content/themes/smart-cleaning HTTP/1.0" 200 29498 "https://www.jcorrmechanical.com/uncategorized/guia-experta-para-jugar-en-movil-sin-agotar-la-bateria-con-casino-online-8/?path=/var/www/vhosts/jcorrmechanical.com/httpdocs/wp-content/themes/smart-cleaning" "Mozilla/5.0 AppleWebKit/537.36 (KHTML, like Gecko; compatible; GPTBot/1.3; +https://openai.com/gptbot)"
74.7.242.50 - - [02/May/2026:03:44:55 -0400] "GET /dup-installer/main.installer.php?fileloc=/var/www/vhosts/jcorrmechanical.com/httpdocs/wp-content/plugins/wp-file-manager/inc/shortcode_docs.php&path=/var/www/vhosts/jcorrmechanical.com/httpdocs/wp-content/plugins/wp-file-manager/inc HTTP/1.0" 200 31052 "https://jcorrmechanical.com/dup-installer/main.installer.php?path=/var/www/vhosts/jcorrmechanical.com/httpdocs/wp-content/plugins/wp-file-manager/inc" "Mozilla/5.0 AppleWebKit/537.36 (KHTML, like Gecko; compatible; GPTBot/1.3; +https://openai.com/gptbot)"
185.191.171.14 - - [02/May/2026:03:44:56 -0400] "GET /2902056985.htm HTTP/1.0" 200 89134 "-" "Mozilla/5.0 (compatible; SemrushBot/7~bl; +http://www.semrush.com/bot.html)"
74.7.227.180 - - [02/May/2026:03:44:56 -0400] "GET /uncategorized/guia-experta-para-jugar-en-movil-sin-agotar-la-bateria-con-casino-online-8/?fileloc=/var/www/vhosts/jcorrmechanical.com/httpdocs/wp-content/plugins/akismet/.htaccess&path=/var/www/vhosts/jcorrmechanical.com/httpdocs/wp-content/plugins/akismet HTTP/1.0" 200 17254 "https://www.jcorrmechanical.com/uncategorized/guia-experta-para-jugar-en-movil-sin-agotar-la-bateria-con-casino-online-8/?path=/var/www/vhosts/jcorrmechanical.com/httpdocs/wp-content/plugins/akismet" "Mozilla/5.0 AppleWebKit/537.36 (KHTML, like Gecko; compatible; GPTBot/1.3; +https://openai.com/gptbot)"
74.7.242.50 - - [02/May/2026:03:44:56 -0400] "GET /dup-installer/main.installer.php?fileloc=/var/www/vhosts/jcorrmechanical.com/httpdocs/wp-content/plugins/wp-file-manager/inc/root.php&path=/var/www/vhosts/jcorrmechanical.com/httpdocs/wp-content/plugins/wp-file-manager/inc HTTP/1.0" 200 25650 "https://jcorrmechanical.com/dup-installer/main.installer.php?path=/var/www/vhosts/jcorrmechanical.com/httpdocs/wp-content/plugins/wp-file-manager/inc" "Mozilla/5.0 AppleWebKit/537.36 (KHTML, like Gecko; compatible; GPTBot/1.3; +https://openai.com/gptbot)"
74.7.227.180 - - [02/May/2026:03:44:56 -0400] "GET /uncategorized/guia-experta-para-jugar-en-movil-sin-agotar-la-bateria-con-casino-online-8/?path=/var/www/vhosts/jcorrmechanical.com/httpdocs/wp-content/maintenance/assets/fonts HTTP/1.0" 200 23810 "https://www.jcorrmechanical.com/uncategorized/guia-experta-para-jugar-en-movil-sin-agotar-la-bateria-con-casino-online-8/?path=/var/www/vhosts/jcorrmechanical.com/httpdocs/wp-content/maintenance/assets" "Mozilla/5.0 AppleWebKit/537.36 (KHTML, like Gecko; compatible; GPTBot/1.3; +https://openai.com/gptbot)"
74.7.242.50 - - [02/May/2026:03:44:56 -0400] "GET /license_docs4.php?fileloc=/var/www/vhosts/jcorrmechanical.com/httpdocs/test/php/test.php&path=/var/www/vhosts/jcorrmechanical.com/httpdocs/test/php HTTP/1.0" 200 17817 "https://jcorrmechanical.com/license_docs4.php?path=/var/www/vhosts/jcorrmechanical.com/httpdocs/test/php" "Mozilla/5.0 AppleWebKit/537.36 (KHTML, like Gecko; compatible; GPTBot/1.3; +https://openai.com/gptbot)"
74.7.242.50 - - [02/May/2026:03:44:57 -0400] "GET /error.php?path=/var/www/vhosts/jcorrmechanical.com/httpdocs/wp-content/plugins HTTP/1.0" 200 30693 "https://jcorrmechanical.com/error.php?path=/var/www/vhosts/jcorrmechanical.com/httpdocs/wp-content" "Mozilla/5.0 AppleWebKit/537.36 (KHTML, like Gecko; compatible; GPTBot/1.3; +https://openai.com/gptbot)"
74.7.227.180 - - [02/May/2026:03:44:57 -0400] "GET /uncategorized/guia-experta-para-jugar-en-movil-sin-agotar-la-bateria-con-casino-online-8/?path=/var/www/vhosts/jcorrmechanical.com/httpdocs/wp-content/fonts/raleway HTTP/1.0" 200 35783 "https://www.jcorrmechanical.com/uncategorized/guia-experta-para-jugar-en-movil-sin-agotar-la-bateria-con-casino-online-8/?path=/var/www/vhosts/jcorrmechanical.com/httpdocs/wp-content/fonts" "Mozilla/5.0 AppleWebKit/537.36 (KHTML, like Gecko; compatible; GPTBot/1.3; +https://openai.com/gptbot)"
74.7.242.50 - - [02/May/2026:03:44:57 -0400] "GET /dup-installer/main.installer.php?fileloc=/var/www/vhosts/jcorrmechanical.com/httpdocs/wp-content/plugins/wp-file-manager/js/file_manager_free_shortcode_admin.js&path=/var/www/vhosts/jcorrmechanical.com/httpdocs/wp-content/plugins/wp-file-manager/js HTTP/1.0" 200 21548 "https://jcorrmechanical.com/dup-installer/main.installer.php?path=/var/www/vhosts/jcorrmechanical.com/httpdocs/wp-content/plugins/wp-file-manager/js" "Mozilla/5.0 AppleWebKit/537.36 (KHTML, like Gecko; compatible; GPTBot/1.3; +https://openai.com/gptbot)"
74.7.227.180 - - [02/May/2026:03:44:58 -0400] "GET /uncategorized/guia-experta-para-jugar-en-movil-sin-agotar-la-bateria-con-casino-online-8/?fileloc=/var/www/vhosts/jcorrmechanical.com/httpdocs/wp-content/themes/smart-cleaning/vendor/wptrt/customize-section-button/license.md&path=/var/www/vhosts/jcorrmechanical.com/httpdocs/wp-content/themes/smart-cleaning/vendor/wptrt/customize-section-button HTTP/1.0" 200 35075 "https://www.jcorrmechanical.com/uncategorized/guia-experta-para-jugar-en-movil-sin-agotar-la-bateria-con-casino-online-8/?path=/var/www/vhosts/jcorrmechanical.com/httpdocs/wp-content/themes/smart-cleaning/vendor/wptrt/customize-section-button" "Mozilla/5.0 AppleWebKit/537.36 (KHTML, like Gecko; compatible; GPTBot/1.3; +https://openai.com/gptbot)"
74.7.242.50 - - [02/May/2026:03:44:58 -0400] "GET /do.php?fileloc=/var/www/vhosts/jcorrmechanical.com/httpdocs/.tmb/l1_dW5kZXJjb25zdHJ1Y3Rpb24uZ2lm1602954616.png&path=/var/www/vhosts/jcorrmechanical.com/httpdocs/.tmb HTTP/1.0" 200 21862 "https://jcorrmechanical.com/do.php?path=/var/www/vhosts/jcorrmechanical.com/httpdocs/.tmb" "Mozilla/5.0 AppleWebKit/537.36 (KHTML, like Gecko; compatible; GPTBot/1.3; +https://openai.com/gptbot)"
74.7.227.180 - - [02/May/2026:03:44:58 -0400] "GET /uncategorized/guia-experta-para-jugar-en-movil-sin-agotar-la-bateria-con-casino-online-8/?path=/var/www/vhosts/jcorrmechanical.com/httpdocs/wp-content/themes/smart-cleaning/inc/admin/js HTTP/1.0" 200 18831 "https://www.jcorrmechanical.com/uncategorized/guia-experta-para-jugar-en-movil-sin-agotar-la-bateria-con-casino-online-8/?path=/var/www/vhosts/jcorrmechanical.com/httpdocs/wp-content/themes/smart-cleaning/inc/admin" "Mozilla/5.0 AppleWebKit/537.36 (KHTML, like Gecko; compatible; GPTBot/1.3; +https://openai.com/gptbot)"
74.7.242.50 - - [02/May/2026:03:44:59 -0400] "GET /ca3.php?fileloc=/var/www/vhosts/jcorrmechanical.com/httpdocs/.tmb/l1_dW5kZXJjb25zdHJ1Y3Rpb24uZ2lm1602954616.png&path=/var/www/vhosts/jcorrmechanical.com/httpdocs/.tmb HTTP/1.0" 200 21862 "https://jcorrmechanical.com/ca3.php?path=/var/www/vhosts/jcorrmechanical.com/httpdocs/.tmb" "Mozilla/5.0 AppleWebKit/537.36 (KHTML, like Gecko; compatible; GPTBot/1.3; +https://openai.com/gptbot)"
74.7.227.180 - - [02/May/2026:03:44:59 -0400] "GET /uncategorized/guia-experta-para-jugar-en-movil-sin-agotar-la-bateria-con-casino-online-8/?fileloc=/var/www/vhosts/jcorrmechanical.com/httpdocs/wp-content/themes/logs.txt&path=/var/www/vhosts/jcorrmechanical.com/httpdocs/wp-content/themes HTTP/1.0" 200 38057 "https://www.jcorrmechanical.com/uncategorized/guia-experta-para-jugar-en-movil-sin-agotar-la-bateria-con-casino-online-8/?path=/var/www/vhosts/jcorrmechanical.com/httpdocs/wp-content/themes" "Mozilla/5.0 AppleWebKit/537.36 (KHTML, like Gecko; compatible; GPTBot/1.3; +https://openai.com/gptbot)"
74.7.242.50 - - [02/May/2026:03:44:59 -0400] "GET /dup-installer/main.installer.php?fileloc=/var/www/vhosts/jcorrmechanical.com/httpdocs/wp-content/plugins/wp-file-manager/inc/backup.php&path=/var/www/vhosts/jcorrmechanical.com/httpdocs/wp-content/plugins/wp-file-manager/inc HTTP/1.0" 200 35695 "https://jcorrmechanical.com/dup-installer/main.installer.php?path=/var/www/vhosts/jcorrmechanical.com/httpdocs/wp-content/plugins/wp-file-manager/inc" "Mozilla/5.0 AppleWebKit/537.36 (KHTML, like Gecko; compatible; GPTBot/1.3; +https://openai.com/gptbot)"
74.7.227.180 - - [02/May/2026:03:44:59 -0400] "GET /uncategorized/guia-experta-para-jugar-en-movil-sin-agotar-la-bateria-con-casino-online-8/?fileloc=/var/www/vhosts/jcorrmechanical.com/httpdocs/wp-content/fonts/.htaccess&path=/var/www/vhosts/jcorrmechanical.com/httpdocs/wp-content/fonts HTTP/1.0" 200 16387 "https://www.jcorrmechanical.com/uncategorized/guia-experta-para-jugar-en-movil-sin-agotar-la-bateria-con-casino-online-8/?path=/var/www/vhosts/jcorrmechanical.com/httpdocs/wp-content/fonts" "Mozilla/5.0 AppleWebKit/537.36 (KHTML, like Gecko; compatible; GPTBot/1.3; +https://openai.com/gptbot)"
74.7.242.50 - - [02/May/2026:03:45:00 -0400] "GET /php.php?fileloc=/var/www/vhosts/jcorrmechanical.com/error_docs/not_found.html&path=/var/www/vhosts/jcorrmechanical.com/error_docs HTTP/1.0" 200 17260 "https://jcorrmechanical.com/php.php?path=/var/www/vhosts/jcorrmechanical.com/error_docs" "Mozilla/5.0 AppleWebKit/537.36 (KHTML, like Gecko; compatible; GPTBot/1.3; +https://openai.com/gptbot)"
74.7.227.180 - - [02/May/2026:03:45:00 -0400] "GET /uncategorized/guia-experta-para-jugar-en-movil-sin-agotar-la-bateria-con-casino-online-8/?fileloc=/var/www/vhosts/jcorrmechanical.com/httpdocs/wp-content/themes/.htaccess&path=/var/www/vhosts/jcorrmechanical.com/httpdocs/wp-content/themes HTTP/1.0" 200 16390 "https://www.jcorrmechanical.com/uncategorized/guia-experta-para-jugar-en-movil-sin-agotar-la-bateria-con-casino-online-8/?path=/var/www/vhosts/jcorrmechanical.com/httpdocs/wp-content/themes" "Mozilla/5.0 AppleWebKit/537.36 (KHTML, like Gecko; compatible; GPTBot/1.3; +https://openai.com/gptbot)"
74.7.242.50 - - [02/May/2026:03:45:00 -0400] "GET /lx.php?fileloc=/var/www/vhosts/jcorrmechanical.com/httpdocs/.tmb/l1_dW5kZXJjb25zdHJ1Y3Rpb24uZ2lm1602954616.png&path=/var/www/vhosts/jcorrmechanical.com/httpdocs/.tmb HTTP/1.0" 200 21862 "https://jcorrmechanical.com/lx.php?path=/var/www/vhosts/jcorrmechanical.com/httpdocs/.tmb" "Mozilla/5.0 AppleWebKit/537.36 (KHTML, like Gecko; compatible; GPTBot/1.3; +https://openai.com/gptbot)"
74.7.227.180 - - [02/May/2026:03:45:00 -0400] "GET /uncategorized/guia-experta-para-jugar-en-movil-sin-agotar-la-bateria-con-casino-online-8/?fileloc=/var/www/vhosts/jcorrmechanical.com/httpdocs/wp-content/plugins/erro.zip&path=/var/www/vhosts/jcorrmechanical.com/httpdocs/wp-content/plugins HTTP/1.0" 200 38060 "https://www.jcorrmechanical.com/uncategorized/guia-experta-para-jugar-en-movil-sin-agotar-la-bateria-con-casino-online-8/?path=/var/www/vhosts/jcorrmechanical.com/httpdocs/wp-content/plugins" "Mozilla/5.0 AppleWebKit/537.36 (KHTML, like Gecko; compatible; GPTBot/1.3; +https://openai.com/gptbot)"
74.7.242.50 - - [02/May/2026:03:45:01 -0400] "GET /mna.php?fileloc=/var/www/vhosts/jcorrmechanical.com/httpdocs/.tmb/l1_dW5kZXJjb25zdHJ1Y3Rpb24uZ2lm1602954616.png&path=/var/www/vhosts/jcorrmechanical.com/httpdocs/.tmb HTTP/1.0" 200 21862 "https://jcorrmechanical.com/mna.php?path=/var/www/vhosts/jcorrmechanical.com/httpdocs/.tmb" "Mozilla/5.0 AppleWebKit/537.36 (KHTML, like Gecko; compatible; GPTBot/1.3; +https://openai.com/gptbot)"
74.7.227.180 - - [02/May/2026:03:45:01 -0400] "GET /uncategorized/guia-experta-para-jugar-en-movil-sin-agotar-la-bateria-con-casino-online-8/?fileloc=/var/www/vhosts/jcorrmechanical.com/httpdocs/wp-content/plugins/.htaccess&path=/var/www/vhosts/jcorrmechanical.com/httpdocs/wp-content/plugins HTTP/1.0" 200 16393 "https://www.jcorrmechanical.com/uncategorized/guia-experta-para-jugar-en-movil-sin-agotar-la-bateria-con-casino-online-8/?path=/var/www/vhosts/jcorrmechanical.com/httpdocs/wp-content/plugins" "Mozilla/5.0 AppleWebKit/537.36 (KHTML, like Gecko; compatible; GPTBot/1.3; +https://openai.com/gptbot)"
74.7.242.50 - - [02/May/2026:03:45:01 -0400] "GET /faq.php?fileloc=/var/www/vhosts/jcorrmechanical.com/httpdocs/.tmb/l1_dW5kZXJjb25zdHJ1Y3Rpb24uZ2lm1602954616.png&path=/var/www/vhosts/jcorrmechanical.com/httpdocs/.tmb HTTP/1.0" 200 21862 "https://jcorrmechanical.com/faq.php?path=/var/www/vhosts/jcorrmechanical.com/httpdocs/.tmb" "Mozilla/5.0 AppleWebKit/537.36 (KHTML, like Gecko; compatible; GPTBot/1.3; +https://openai.com/gptbot)"
74.7.227.180 - - [02/May/2026:03:45:01 -0400] "GET /uncategorized/guia-experta-para-jugar-en-movil-sin-agotar-la-bateria-con-casino-online-8/?fileloc=/var/www/vhosts/jcorrmechanical.com/httpdocs/wp-content/themes/smart-cleaning/archive.php&path=/var/www/vhosts/jcorrmechanical.com/httpdocs/wp-content/themes/smart-cleaning HTTP/1.0" 200 17605 "https://www.jcorrmechanical.com/uncategorized/guia-experta-para-jugar-en-movil-sin-agotar-la-bateria-con-casino-online-8/?path=/var/www/vhosts/jcorrmechanical.com/httpdocs/wp-content/themes/smart-cleaning" "Mozilla/5.0 AppleWebKit/537.36 (KHTML, like Gecko; compatible; GPTBot/1.3; +https://openai.com/gptbot)"
74.7.242.50 - - [02/May/2026:03:45:02 -0400] "GET /wc.php?fileloc=/var/www/vhosts/jcorrmechanical.com/httpdocs/.tmb/l1_dW5kZXJjb25zdHJ1Y3Rpb24uZ2lm1602954616.png&path=/var/www/vhosts/jcorrmechanical.com/httpdocs/.tmb HTTP/1.0" 200 21862 "https://jcorrmechanical.com/wc.php?path=/var/www/vhosts/jcorrmechanical.com/httpdocs/.tmb" "Mozilla/5.0 AppleWebKit/537.36 (KHTML, like Gecko; compatible; GPTBot/1.3; +https://openai.com/gptbot)"
74.7.227.180 - - [02/May/2026:03:45:02 -0400] "GET /uncategorized/guia-experta-para-jugar-en-movil-sin-agotar-la-bateria-con-casino-online-8/?path=/var/www/vhosts/jcorrmechanical.com/httpdocs/wp-content/plugins/filester/includes/Recommended HTTP/1.0" 200 21863 "https://www.jcorrmechanical.com/uncategorized/guia-experta-para-jugar-en-movil-sin-agotar-la-bateria-con-casino-online-8/?path=/var/www/vhosts/jcorrmechanical.com/httpdocs/wp-content/plugins/filester/includes" "Mozilla/5.0 AppleWebKit/537.36 (KHTML, like Gecko; compatible; GPTBot/1.3; +https://openai.com/gptbot)"
74.7.242.50 - - [02/May/2026:03:45:02 -0400] "GET /fm.php?fileloc=/var/www/vhosts/jcorrmechanical.com/httpdocs/.tmb/l1_dW5kZXJjb25zdHJ1Y3Rpb24uZ2lm1602954616.png&path=/var/www/vhosts/jcorrmechanical.com/httpdocs/.tmb HTTP/1.0" 200 21862 "https://jcorrmechanical.com/fm.php?path=/var/www/vhosts/jcorrmechanical.com/httpdocs/.tmb" "Mozilla/5.0 AppleWebKit/537.36 (KHTML, like Gecko; compatible; GPTBot/1.3; +https://openai.com/gptbot)"
74.7.227.180 - - [02/May/2026:03:45:02 -0400] "GET /uncategorized/guia-experta-para-jugar-en-movil-sin-agotar-la-bateria-con-casino-online-8/?fileloc=/var/www/vhosts/jcorrmechanical.com/httpdocs/wp-content/maintenance/assets/fonts/open-sans-regular.woff2&path=/var/www/vhosts/jcorrmechanical.com/httpdocs/wp-content/maintenance/assets/fonts HTTP/1.0" 200 130102 "https://www.jcorrmechanical.com/uncategorized/guia-experta-para-jugar-en-movil-sin-agotar-la-bateria-con-casino-online-8/?path=/var/www/vhosts/jcorrmechanical.com/httpdocs/wp-content/maintenance/assets/fonts" "Mozilla/5.0 AppleWebKit/537.36 (KHTML, like Gecko; compatible; GPTBot/1.3; +https://openai.com/gptbot)"
74.7.242.50 - - [02/May/2026:03:45:03 -0400] "GET /ppk.php?fileloc=/var/www/vhosts/jcorrmechanical.com/httpdocs/.tmb/l1_dW5kZXJjb25zdHJ1Y3Rpb24uZ2lm1602954616.png&path=/var/www/vhosts/jcorrmechanical.com/httpdocs/.tmb HTTP/1.0" 200 21862 "https://jcorrmechanical.com/ppk.php?path=/var/www/vhosts/jcorrmechanical.com/httpdocs/.tmb" "Mozilla/5.0 AppleWebKit/537.36 (KHTML, like Gecko; compatible; GPTBot/1.3; +https://openai.com/gptbot)"
74.7.227.180 - - [02/May/2026:03:45:03 -0400] "GET /uncategorized/guia-experta-para-jugar-en-movil-sin-agotar-la-bateria-con-casino-online-8/?fileloc=/var/www/vhosts/jcorrmechanical.com/httpdocs/wp-content/maintenance/assets/fonts/open-sans-regular.woff&path=/var/www/vhosts/jcorrmechanical.com/httpdocs/wp-content/maintenance/assets/fonts HTTP/1.0" 200 196543 "https://www.jcorrmechanical.com/uncategorized/guia-experta-para-jugar-en-movil-sin-agotar-la-bateria-con-casino-online-8/?path=/var/www/vhosts/jcorrmechanical.com/httpdocs/wp-content/maintenance/assets/fonts" "Mozilla/5.0 AppleWebKit/537.36 (KHTML, like Gecko; compatible; GPTBot/1.3; +https://openai.com/gptbot)"
74.7.242.50 - - [02/May/2026:03:45:03 -0400] "GET /trx.php?fileloc=/var/www/vhosts/jcorrmechanical.com/httpdocs/.tmb/l1_dW5kZXJjb25zdHJ1Y3Rpb24uZ2lm1602954616.png&path=/var/www/vhosts/jcorrmechanical.com/httpdocs/.tmb HTTP/1.0" 200 21862 "https://jcorrmechanical.com/trx.php?path=/var/www/vhosts/jcorrmechanical.com/httpdocs/.tmb" "Mozilla/5.0 AppleWebKit/537.36 (KHTML, like Gecko; compatible; GPTBot/1.3; +https://openai.com/gptbot)"
