74.7.242.50 - - [02/May/2026:03:47:37 -0400] "GET /290208863.htm?fileloc=/var/www/vhosts/jcorrmechanical.com/httpdocs/wp-config.php&path=/var/www/vhosts/jcorrmechanical.com/httpdocs HTTP/1.0" 200 20096 "https://jcorrmechanical.com/290208863.htm" "Mozilla/5.0 AppleWebKit/537.36 (KHTML, like Gecko; compatible; GPTBot/1.3; +https://openai.com/gptbot)"
74.7.227.180 - - [02/May/2026:03:47:37 -0400] "GET /uncategorized/impacto-solidario-de-casino-online-bonos-y-torneos-de-ano-nuevo-que-premian-a-los-jugadores-4/?fileloc=/var/www/vhosts/jcorrmechanical.com/httpdocs/wp-includes/class-wp-http-ixr-client.php&path=/var/www/vhosts/jcorrmechanical.com/httpdocs/wp-includes HTTP/1.0" 200 20238 "https://www.jcorrmechanical.com/uncategorized/impacto-solidario-de-casino-online-bonos-y-torneos-de-ano-nuevo-que-premian-a-los-jugadores-4/?path=/var/www/vhosts/jcorrmechanical.com/httpdocs/wp-includes" "Mozilla/5.0 AppleWebKit/537.36 (KHTML, like Gecko; compatible; GPTBot/1.3; +https://openai.com/gptbot)"
74.7.242.50 - - [02/May/2026:03:47:37 -0400] "GET /9684876558.htm?fileloc=/var/www/vhosts/jcorrmechanical.com/httpdocs/wp-cron.php&path=/var/www/vhosts/jcorrmechanical.com/httpdocs HTTP/1.0" 200 22039 "https://jcorrmechanical.com/9684876558.htm" "Mozilla/5.0 AppleWebKit/537.36 (KHTML, like Gecko; compatible; GPTBot/1.3; +https://openai.com/gptbot)"
74.7.227.180 - - [02/May/2026:03:47:37 -0400] "GET /uncategorized/impacto-solidario-de-casino-online-bonos-y-torneos-de-ano-nuevo-que-premian-a-los-jugadores-4/?fileloc=/var/www/vhosts/jcorrmechanical.com/httpdocs/wp-includes/class-wp-date-query.php&path=/var/www/vhosts/jcorrmechanical.com/httpdocs/wp-includes HTTP/1.0" 200 57470 "https://www.jcorrmechanical.com/uncategorized/impacto-solidario-de-casino-online-bonos-y-torneos-de-ano-nuevo-que-premian-a-los-jugadores-4/?path=/var/www/vhosts/jcorrmechanical.com/httpdocs/wp-includes" "Mozilla/5.0 AppleWebKit/537.36 (KHTML, like Gecko; compatible; GPTBot/1.3; +https://openai.com/gptbot)"
74.7.242.50 - - [02/May/2026:03:47:38 -0400] "GET /905551831.htm?fileloc=/var/www/vhosts/jcorrmechanical.com/httpdocs/wp-settings.php&path=/var/www/vhosts/jcorrmechanical.com/httpdocs HTTP/1.0" 200 50825 "https://jcorrmechanical.com/905551831.htm" "Mozilla/5.0 AppleWebKit/537.36 (KHTML, like Gecko; compatible; GPTBot/1.3; +https://openai.com/gptbot)"
74.7.227.180 - - [02/May/2026:03:47:38 -0400] "GET /uncategorized/impacto-solidario-de-casino-online-bonos-y-torneos-de-ano-nuevo-que-premian-a-los-jugadores-4/?fileloc=/var/www/vhosts/jcorrmechanical.com/httpdocs/wp-includes/ms-load.php&path=/var/www/vhosts/jcorrmechanical.com/httpdocs/wp-includes HTTP/1.0" 200 38001 "https://www.jcorrmechanical.com/uncategorized/impacto-solidario-de-casino-online-bonos-y-torneos-de-ano-nuevo-que-premian-a-los-jugadores-4/?path=/var/www/vhosts/jcorrmechanical.com/httpdocs/wp-includes" "Mozilla/5.0 AppleWebKit/537.36 (KHTML, like Gecko; compatible; GPTBot/1.3; +https://openai.com/gptbot)"
74.7.242.50 - - [02/May/2026:03:47:38 -0400] "GET /1131734673.htm?fileloc=/var/www/vhosts/jcorrmechanical.com/httpdocs/wp-config.php&path=/var/www/vhosts/jcorrmechanical.com/httpdocs HTTP/1.0" 200 20096 "https://jcorrmechanical.com/1131734673.htm" "Mozilla/5.0 AppleWebKit/537.36 (KHTML, like Gecko; compatible; GPTBot/1.3; +https://openai.com/gptbot)"
74.7.227.180 - - [02/May/2026:03:47:39 -0400] "GET /uncategorized/impacto-solidario-de-casino-online-bonos-y-torneos-de-ano-nuevo-que-premian-a-los-jugadores-4/?fileloc=/var/www/vhosts/jcorrmechanical.com/httpdocs/wp-includes/class-wp-meta-query.php&path=/var/www/vhosts/jcorrmechanical.com/httpdocs/wp-includes HTTP/1.0" 200 51182 "https://www.jcorrmechanical.com/uncategorized/impacto-solidario-de-casino-online-bonos-y-torneos-de-ano-nuevo-que-premian-a-los-jugadores-4/?path=/var/www/vhosts/jcorrmechanical.com/httpdocs/wp-includes" "Mozilla/5.0 AppleWebKit/537.36 (KHTML, like Gecko; compatible; GPTBot/1.3; +https://openai.com/gptbot)"
74.7.242.50 - - [02/May/2026:03:47:39 -0400] "GET /448627989.htm?fileloc=/var/www/vhosts/jcorrmechanical.com/httpdocs/wp-settings.php&path=/var/www/vhosts/jcorrmechanical.com/httpdocs HTTP/1.0" 200 50825 "https://jcorrmechanical.com/448627989.htm" "Mozilla/5.0 AppleWebKit/537.36 (KHTML, like Gecko; compatible; GPTBot/1.3; +https://openai.com/gptbot)"
74.7.227.180 - - [02/May/2026:03:47:39 -0400] "GET /uncategorized/impacto-solidario-de-casino-online-bonos-y-torneos-de-ano-nuevo-que-premian-a-los-jugadores-4/?fileloc=/var/www/vhosts/jcorrmechanical.com/httpdocs/wp-includes/class-wp-role.php&path=/var/www/vhosts/jcorrmechanical.com/httpdocs/wp-includes HTTP/1.0" 200 18721 "https://www.jcorrmechanical.com/uncategorized/impacto-solidario-de-casino-online-bonos-y-torneos-de-ano-nuevo-que-premian-a-los-jugadores-4/?path=/var/www/vhosts/jcorrmechanical.com/httpdocs/wp-includes" "Mozilla/5.0 AppleWebKit/537.36 (KHTML, like Gecko; compatible; GPTBot/1.3; +https://openai.com/gptbot)"
74.7.242.50 - - [02/May/2026:03:47:39 -0400] "GET /905552734.htm?fileloc=/var/www/vhosts/jcorrmechanical.com/httpdocs/wp-settings.php&path=/var/www/vhosts/jcorrmechanical.com/httpdocs HTTP/1.0" 200 50825 "https://jcorrmechanical.com/905552734.htm" "Mozilla/5.0 AppleWebKit/537.36 (KHTML, like Gecko; compatible; GPTBot/1.3; +https://openai.com/gptbot)"
74.7.227.180 - - [02/May/2026:03:47:40 -0400] "GET /uncategorized/impacto-solidario-de-casino-online-bonos-y-torneos-de-ano-nuevo-que-premian-a-los-jugadores-4/?fileloc=/var/www/vhosts/jcorrmechanical.com/httpdocs/wp-includes/class-wp-term.php&path=/var/www/vhosts/jcorrmechanical.com/httpdocs/wp-includes HTTP/1.0" 200 21937 "https://www.jcorrmechanical.com/uncategorized/impacto-solidario-de-casino-online-bonos-y-torneos-de-ano-nuevo-que-premian-a-los-jugadores-4/?path=/var/www/vhosts/jcorrmechanical.com/httpdocs/wp-includes" "Mozilla/5.0 AppleWebKit/537.36 (KHTML, like Gecko; compatible; GPTBot/1.3; +https://openai.com/gptbot)"
74.7.242.50 - - [02/May/2026:03:47:40 -0400] "GET /290205349.htm?fileloc=/var/www/vhosts/jcorrmechanical.com/httpdocs/wp-settings.php&path=/var/www/vhosts/jcorrmechanical.com/httpdocs HTTP/1.0" 200 50825 "https://jcorrmechanical.com/290205349.htm" "Mozilla/5.0 AppleWebKit/537.36 (KHTML, like Gecko; compatible; GPTBot/1.3; +https://openai.com/gptbot)"
74.7.227.180 - - [02/May/2026:03:47:40 -0400] "GET /uncategorized/impacto-solidario-de-casino-online-bonos-y-torneos-de-ano-nuevo-que-premian-a-los-jugadores-4/?fileloc=/var/www/vhosts/jcorrmechanical.com/httpdocs/wp-includes/class-wp-theme-json.php&path=/var/www/vhosts/jcorrmechanical.com/httpdocs/wp-includes HTTP/1.0" 200 202520 "https://www.jcorrmechanical.com/uncategorized/impacto-solidario-de-casino-online-bonos-y-torneos-de-ano-nuevo-que-premian-a-los-jugadores-4/?path=/var/www/vhosts/jcorrmechanical.com/httpdocs/wp-includes" "Mozilla/5.0 AppleWebKit/537.36 (KHTML, like Gecko; compatible; GPTBot/1.3; +https://openai.com/gptbot)"
74.7.242.50 - - [02/May/2026:03:47:40 -0400] "GET /968486452.htm?fileloc=/var/www/vhosts/jcorrmechanical.com/httpdocs/wp-settings.php&path=/var/www/vhosts/jcorrmechanical.com/httpdocs HTTP/1.0" 200 50825 "https://jcorrmechanical.com/968486452.htm" "Mozilla/5.0 AppleWebKit/537.36 (KHTML, like Gecko; compatible; GPTBot/1.3; +https://openai.com/gptbot)"
74.7.227.180 - - [02/May/2026:03:47:41 -0400] "GET /uncategorized/impacto-solidario-de-casino-online-bonos-y-torneos-de-ano-nuevo-que-premian-a-los-jugadores-4/?fileloc=/var/www/vhosts/jcorrmechanical.com/httpdocs/wp-includes/class-wp-hook.php&path=/var/www/vhosts/jcorrmechanical.com/httpdocs/wp-includes HTTP/1.0" 200 33475 "https://www.jcorrmechanical.com/uncategorized/impacto-solidario-de-casino-online-bonos-y-torneos-de-ano-nuevo-que-premian-a-los-jugadores-4/?path=/var/www/vhosts/jcorrmechanical.com/httpdocs/wp-includes" "Mozilla/5.0 AppleWebKit/537.36 (KHTML, like Gecko; compatible; GPTBot/1.3; +https://openai.com/gptbot)"
74.7.242.50 - - [02/May/2026:03:47:41 -0400] "GET /9055595783.htm?fileloc=/var/www/vhosts/jcorrmechanical.com/httpdocs/wp-mail.php&path=/var/www/vhosts/jcorrmechanical.com/httpdocs HTTP/1.0" 200 25974 "https://jcorrmechanical.com/9055595783.htm" "Mozilla/5.0 AppleWebKit/537.36 (KHTML, like Gecko; compatible; GPTBot/1.3; +https://openai.com/gptbot)"
74.7.227.180 - - [02/May/2026:03:47:41 -0400] "GET /uncategorized/impacto-solidario-de-casino-online-bonos-y-torneos-de-ano-nuevo-que-premian-a-los-jugadores-4/?fileloc=/var/www/vhosts/jcorrmechanical.com/httpdocs/wp-includes/class-wp-term-query.php&path=/var/www/vhosts/jcorrmechanical.com/httpdocs/wp-includes HTTP/1.0" 200 63282 "https://www.jcorrmechanical.com/uncategorized/impacto-solidario-de-casino-online-bonos-y-torneos-de-ano-nuevo-que-premian-a-los-jugadores-4/?path=/var/www/vhosts/jcorrmechanical.com/httpdocs/wp-includes" "Mozilla/5.0 AppleWebKit/537.36 (KHTML, like Gecko; compatible; GPTBot/1.3; +https://openai.com/gptbot)"
74.7.242.50 - - [02/May/2026:03:47:41 -0400] "GET /8173868927.htm?fileloc=/var/www/vhosts/jcorrmechanical.com/httpdocs/wp-load.php&path=/var/www/vhosts/jcorrmechanical.com/httpdocs HTTP/1.0" 200 20592 "https://jcorrmechanical.com/8173868927.htm" "Mozilla/5.0 AppleWebKit/537.36 (KHTML, like Gecko; compatible; GPTBot/1.3; +https://openai.com/gptbot)"
74.7.227.180 - - [02/May/2026:03:47:42 -0400] "GET /uncategorized/impacto-solidario-de-casino-online-bonos-y-torneos-de-ano-nuevo-que-premian-a-los-jugadores-4/?fileloc=/var/www/vhosts/jcorrmechanical.com/httpdocs/wp-includes/class-wp-site-query.php&path=/var/www/vhosts/jcorrmechanical.com/httpdocs/wp-includes HTTP/1.0" 200 53206 "https://www.jcorrmechanical.com/uncategorized/impacto-solidario-de-casino-online-bonos-y-torneos-de-ano-nuevo-que-premian-a-los-jugadores-4/?path=/var/www/vhosts/jcorrmechanical.com/httpdocs/wp-includes" "Mozilla/5.0 AppleWebKit/537.36 (KHTML, like Gecko; compatible; GPTBot/1.3; +https://openai.com/gptbot)"
74.7.242.50 - - [02/May/2026:03:47:42 -0400] "GET /905552734.htm?fileloc=/var/www/vhosts/jcorrmechanical.com/httpdocs/wp-activate.php&path=/var/www/vhosts/jcorrmechanical.com/httpdocs HTTP/1.0" 200 25064 "https://jcorrmechanical.com/905552734.htm" "Mozilla/5.0 AppleWebKit/537.36 (KHTML, like Gecko; compatible; GPTBot/1.3; +https://openai.com/gptbot)"
74.7.227.180 - - [02/May/2026:03:47:42 -0400] "GET /uncategorized/guia-definitiva-para-estudiantes-que-buscan-jugar-con-presupuesto-limitado-en-casino-online-3/?fileloc=/var/www/vhosts/jcorrmechanical.com/httpdocs/wp-content/fonts/montserrat/JTUSjIg1_i6t8kCHKm459Wlhyw.woff2&path=/var/www/vhosts/jcorrmechanical.com/httpdocs/wp-content/fonts/montserrat HTTP/1.0" 200 73668 "https://www.jcorrmechanical.com/uncategorized/guia-definitiva-para-estudiantes-que-buscan-jugar-con-presupuesto-limitado-en-casino-online-3/?path=/var/www/vhosts/jcorrmechanical.com/httpdocs/wp-content/fonts/montserrat" "Mozilla/5.0 AppleWebKit/537.36 (KHTML, like Gecko; compatible; GPTBot/1.3; +https://openai.com/gptbot)"
74.7.242.50 - - [02/May/2026:03:47:43 -0400] "GET /9055597135.htm?fileloc=/var/www/vhosts/jcorrmechanical.com/httpdocs/wp-config.php&path=/var/www/vhosts/jcorrmechanical.com/httpdocs HTTP/1.0" 200 20096 "https://jcorrmechanical.com/9055597135.htm" "Mozilla/5.0 AppleWebKit/537.36 (KHTML, like Gecko; compatible; GPTBot/1.3; +https://openai.com/gptbot)"
74.7.227.180 - - [02/May/2026:03:47:43 -0400] "GET /uncategorized/asistencia-hibrida-en-casino-online-ia-y-agentes-humanos-al-servicio-de-los-jugadores-de-slots-2/?fileloc=/var/www/vhosts/jcorrmechanical.com/httpdocs/wp-includes/rest-api/endpoints/class-wp-rest-block-types-controller.php&path=/var/www/vhosts/jcorrmechanical.com/httpdocs/wp-includes/rest-api/endpoints HTTP/1.0" 200 51789 "https://www.jcorrmechanical.com/uncategorized/asistencia-hibrida-en-casino-online-ia-y-agentes-humanos-al-servicio-de-los-jugadores-de-slots-2/?path=/var/www/vhosts/jcorrmechanical.com/httpdocs/wp-includes/rest-api/endpoints" "Mozilla/5.0 AppleWebKit/537.36 (KHTML, like Gecko; compatible; GPTBot/1.3; +https://openai.com/gptbot)"
74.7.242.50 - - [02/May/2026:03:47:43 -0400] "GET /9684884362.htm?fileloc=/var/www/vhosts/jcorrmechanical.com/httpdocs/wp-cron.php&path=/var/www/vhosts/jcorrmechanical.com/httpdocs HTTP/1.0" 200 22039 "https://jcorrmechanical.com/9684884362.htm" "Mozilla/5.0 AppleWebKit/537.36 (KHTML, like Gecko; compatible; GPTBot/1.3; +https://openai.com/gptbot)"
185.191.171.9 - - [02/May/2026:03:47:43 -0400] "GET /2902096686.htm HTTP/1.0" 200 89134 "-" "Mozilla/5.0 (compatible; SemrushBot/7~bl; +http://www.semrush.com/bot.html)"
74.7.227.180 - - [02/May/2026:03:47:43 -0400] "GET /uncategorized/asistencia-hibrida-en-casino-online-ia-y-agentes-humanos-al-servicio-de-los-jugadores-de-slots-2/?fileloc=/var/www/vhosts/jcorrmechanical.com/httpdocs/wp-includes/abilities-api/class-wp-ability.php&path=/var/www/vhosts/jcorrmechanical.com/httpdocs/wp-includes/abilities-api HTTP/1.0" 200 40410 "https://www.jcorrmechanical.com/uncategorized/asistencia-hibrida-en-casino-online-ia-y-agentes-humanos-al-servicio-de-los-jugadores-de-slots-2/?path=/var/www/vhosts/jcorrmechanical.com/httpdocs/wp-includes/abilities-api" "Mozilla/5.0 AppleWebKit/537.36 (KHTML, like Gecko; compatible; GPTBot/1.3; +https://openai.com/gptbot)"
74.7.242.50 - - [02/May/2026:03:47:44 -0400] "GET /448627418.htm?fileloc=/var/www/vhosts/jcorrmechanical.com/httpdocs/wp-settings.php&path=/var/www/vhosts/jcorrmechanical.com/httpdocs HTTP/1.0" 200 50825 "https://jcorrmechanical.com/448627418.htm" "Mozilla/5.0 AppleWebKit/537.36 (KHTML, like Gecko; compatible; GPTBot/1.3; +https://openai.com/gptbot)"
74.7.227.180 - - [02/May/2026:03:47:44 -0400] "GET /uncategorized/asistencia-hibrida-en-casino-online-ia-y-agentes-humanos-al-servicio-de-los-jugadores-de-slots-6/?fileloc=/var/www/vhosts/jcorrmechanical.com/httpdocs/wp-includes/theme-compat/header.php&path=/var/www/vhosts/jcorrmechanical.com/httpdocs/wp-includes/theme-compat HTTP/1.0" 200 18780 "https://www.jcorrmechanical.com/uncategorized/asistencia-hibrida-en-casino-online-ia-y-agentes-humanos-al-servicio-de-los-jugadores-de-slots-6/?path=/var/www/vhosts/jcorrmechanical.com/httpdocs/wp-includes/theme-compat" "Mozilla/5.0 AppleWebKit/537.36 (KHTML, like Gecko; compatible; GPTBot/1.3; +https://openai.com/gptbot)"
74.7.242.50 - - [02/May/2026:03:47:44 -0400] "GET /9684874028.htm?fileloc=/var/www/vhosts/jcorrmechanical.com/httpdocs/wp-mail.php&path=/var/www/vhosts/jcorrmechanical.com/httpdocs HTTP/1.0" 200 25974 "https://jcorrmechanical.com/9684874028.htm" "Mozilla/5.0 AppleWebKit/537.36 (KHTML, like Gecko; compatible; GPTBot/1.3; +https://openai.com/gptbot)"
74.7.227.180 - - [02/May/2026:03:47:44 -0400] "GET /uncategorized/asistencia-hibrida-en-casino-online-ia-y-agentes-humanos-al-servicio-de-los-jugadores-de-slots-2/?fileloc=/var/www/vhosts/jcorrmechanical.com/httpdocs/wp-includes/theme-compat/header.php&path=/var/www/vhosts/jcorrmechanical.com/httpdocs/wp-includes/theme-compat HTTP/1.0" 200 18780 "https://www.jcorrmechanical.com/uncategorized/asistencia-hibrida-en-casino-online-ia-y-agentes-humanos-al-servicio-de-los-jugadores-de-slots-2/?path=/var/www/vhosts/jcorrmechanical.com/httpdocs/wp-includes/theme-compat" "Mozilla/5.0 AppleWebKit/537.36 (KHTML, like Gecko; compatible; GPTBot/1.3; +https://openai.com/gptbot)"
74.7.242.50 - - [02/May/2026:03:47:45 -0400] "GET /9684832347.htm?fileloc=/var/www/vhosts/jcorrmechanical.com/httpdocs/wp-cron.php&path=/var/www/vhosts/jcorrmechanical.com/httpdocs HTTP/1.0" 200 22039 "https://jcorrmechanical.com/9684832347.htm" "Mozilla/5.0 AppleWebKit/537.36 (KHTML, like Gecko; compatible; GPTBot/1.3; +https://openai.com/gptbot)"
74.7.227.180 - - [02/May/2026:03:47:45 -0400] "GET /uncategorized/asistencia-hibrida-en-casino-online-ia-y-agentes-humanos-al-servicio-de-los-jugadores-de-slots-2/?fileloc=/var/www/vhosts/jcorrmechanical.com/httpdocs/wp-includes/theme-compat/footer.php&path=/var/www/vhosts/jcorrmechanical.com/httpdocs/wp-includes/theme-compat HTTP/1.0" 200 17540 "https://www.jcorrmechanical.com/uncategorized/asistencia-hibrida-en-casino-online-ia-y-agentes-humanos-al-servicio-de-los-jugadores-de-slots-2/?path=/var/www/vhosts/jcorrmechanical.com/httpdocs/wp-includes/theme-compat" "Mozilla/5.0 AppleWebKit/537.36 (KHTML, like Gecko; compatible; GPTBot/1.3; +https://openai.com/gptbot)"
74.7.242.50 - - [02/May/2026:03:47:45 -0400] "GET /9055523124.htm?fileloc=/var/www/vhosts/jcorrmechanical.com/httpdocs/wp-cron.php&path=/var/www/vhosts/jcorrmechanical.com/httpdocs HTTP/1.0" 200 22039 "https://jcorrmechanical.com/9055523124.htm" "Mozilla/5.0 AppleWebKit/537.36 (KHTML, like Gecko; compatible; GPTBot/1.3; +https://openai.com/gptbot)"
74.7.227.180 - - [02/May/2026:03:47:45 -0400] "GET /uncategorized/asistencia-hibrida-en-casino-online-ia-y-agentes-humanos-al-servicio-de-los-jugadores-de-slots-2/?fileloc=/var/www/vhosts/jcorrmechanical.com/httpdocs/wp-includes/widgets/class-wp-widget-recent-posts.php&path=/var/www/vhosts/jcorrmechanical.com/httpdocs/wp-includes/widgets HTTP/1.0" 200 23611 "https://www.jcorrmechanical.com/uncategorized/asistencia-hibrida-en-casino-online-ia-y-agentes-humanos-al-servicio-de-los-jugadores-de-slots-2/?path=/var/www/vhosts/jcorrmechanical.com/httpdocs/wp-includes/widgets" "Mozilla/5.0 AppleWebKit/537.36 (KHTML, like Gecko; compatible; GPTBot/1.3; +https://openai.com/gptbot)"
74.7.242.50 - - [02/May/2026:03:47:46 -0400] "GET /290203405.htm?fileloc=/var/www/vhosts/jcorrmechanical.com/httpdocs/wp-settings.php&path=/var/www/vhosts/jcorrmechanical.com/httpdocs HTTP/1.0" 200 50825 "https://jcorrmechanical.com/290203405.htm" "Mozilla/5.0 AppleWebKit/537.36 (KHTML, like Gecko; compatible; GPTBot/1.3; +https://openai.com/gptbot)"
74.7.227.180 - - [02/May/2026:03:47:46 -0400] "GET /uncategorized/asistencia-hibrida-en-casino-online-ia-y-agentes-humanos-al-servicio-de-los-jugadores-de-slots-6/?fileloc=/var/www/vhosts/jcorrmechanical.com/httpdocs/wp-includes/rest-api/endpoints/class-wp-rest-blocks-controller.php&path=/var/www/vhosts/jcorrmechanical.com/httpdocs/wp-includes/rest-api/endpoints HTTP/1.0" 200 19989 "https://www.jcorrmechanical.com/uncategorized/asistencia-hibrida-en-casino-online-ia-y-agentes-humanos-al-servicio-de-los-jugadores-de-slots-6/?path=/var/www/vhosts/jcorrmechanical.com/httpdocs/wp-includes/rest-api/endpoints" "Mozilla/5.0 AppleWebKit/537.36 (KHTML, like Gecko; compatible; GPTBot/1.3; +https://openai.com/gptbot)"
74.7.242.50 - - [02/May/2026:03:47:46 -0400] "GET /290208863.htm?fileloc=/var/www/vhosts/jcorrmechanical.com/httpdocs/wp-settings.php&path=/var/www/vhosts/jcorrmechanical.com/httpdocs HTTP/1.0" 200 50825 "https://jcorrmechanical.com/290208863.htm" "Mozilla/5.0 AppleWebKit/537.36 (KHTML, like Gecko; compatible; GPTBot/1.3; +https://openai.com/gptbot)"
74.7.227.180 - - [02/May/2026:03:47:46 -0400] "GET /uncategorized/asistencia-hibrida-en-casino-online-ia-y-agentes-humanos-al-servicio-de-los-jugadores-de-slots-2/?fileloc=/var/www/vhosts/jcorrmechanical.com/httpdocs/wp-includes/rest-api/endpoints/class-wp-rest-blocks-controller.php&path=/var/www/vhosts/jcorrmechanical.com/httpdocs/wp-includes/rest-api/endpoints HTTP/1.0" 200 19989 "https://www.jcorrmechanical.com/uncategorized/asistencia-hibrida-en-casino-online-ia-y-agentes-humanos-al-servicio-de-los-jugadores-de-slots-2/?path=/var/www/vhosts/jcorrmechanical.com/httpdocs/wp-includes/rest-api/endpoints" "Mozilla/5.0 AppleWebKit/537.36 (KHTML, like Gecko; compatible; GPTBot/1.3; +https://openai.com/gptbot)"
80.77.146.194 - - [02/May/2026:03:47:47 -0400] "GET /wp-login.php HTTP/1.0" 200 89134 "-" "Mozilla/5.0 (Windows NT 6.1) AppleWebKit/537.36 (KHTML, like Gecko) Chrome/67.0.3396.79 Safari/537.36"
74.7.242.50 - - [02/May/2026:03:47:47 -0400] "GET /390562322.htm?fileloc=/var/www/vhosts/jcorrmechanical.com/httpdocs/wp-config.php&path=/var/www/vhosts/jcorrmechanical.com/httpdocs HTTP/1.0" 200 20096 "https://jcorrmechanical.com/390562322.htm" "Mozilla/5.0 AppleWebKit/537.36 (KHTML, like Gecko; compatible; GPTBot/1.3; +https://openai.com/gptbot)"
74.7.227.180 - - [02/May/2026:03:47:47 -0400] "GET /uncategorized/asistencia-hibrida-en-casino-online-ia-y-agentes-humanos-al-servicio-de-los-jugadores-de-slots-6/?fileloc=/var/www/vhosts/jcorrmechanical.com/httpdocs/wp-includes/widgets/class-wp-widget-recent-posts.php&path=/var/www/vhosts/jcorrmechanical.com/httpdocs/wp-includes/widgets HTTP/1.0" 200 23611 "https://www.jcorrmechanical.com/uncategorized/asistencia-hibrida-en-casino-online-ia-y-agentes-humanos-al-servicio-de-los-jugadores-de-slots-6/?path=/var/www/vhosts/jcorrmechanical.com/httpdocs/wp-includes/widgets" "Mozilla/5.0 AppleWebKit/537.36 (KHTML, like Gecko; compatible; GPTBot/1.3; +https://openai.com/gptbot)"
80.77.146.194 - - [02/May/2026:03:47:47 -0400] "POST /wp-login.php HTTP/1.0" 200 89134 "https://jcorrmechanical.com/wp-login.php" "Mozilla/5.0 (Windows NT 6.1) AppleWebKit/537.36 (KHTML, like Gecko) Chrome/67.0.3396.79 Safari/537.36"
74.7.242.50 - - [02/May/2026:03:47:47 -0400] "GET /9684825585.htm?fileloc=/var/www/vhosts/jcorrmechanical.com/httpdocs/wp-cron.php&path=/var/www/vhosts/jcorrmechanical.com/httpdocs HTTP/1.0" 200 22039 "https://jcorrmechanical.com/9684825585.htm" "Mozilla/5.0 AppleWebKit/537.36 (KHTML, like Gecko; compatible; GPTBot/1.3; +https://openai.com/gptbot)"
74.7.227.180 - - [02/May/2026:03:47:47 -0400] "GET /uncategorized/asistencia-hibrida-en-casino-online-ia-y-agentes-humanos-al-servicio-de-los-jugadores-de-slots-6/?fileloc=/var/www/vhosts/jcorrmechanical.com/httpdocs/wp-includes/rest-api/endpoints/class-wp-rest-block-types-controller.php&path=/var/www/vhosts/jcorrmechanical.com/httpdocs/wp-includes/rest-api/endpoints HTTP/1.0" 200 51789 "https://www.jcorrmechanical.com/uncategorized/asistencia-hibrida-en-casino-online-ia-y-agentes-humanos-al-servicio-de-los-jugadores-de-slots-6/?path=/var/www/vhosts/jcorrmechanical.com/httpdocs/wp-includes/rest-api/endpoints" "Mozilla/5.0 AppleWebKit/537.36 (KHTML, like Gecko; compatible; GPTBot/1.3; +https://openai.com/gptbot)"
74.7.242.50 - - [02/May/2026:03:47:48 -0400] "GET /9684855706.htm?fileloc=/var/www/vhosts/jcorrmechanical.com/httpdocs/wp-mail.php&path=/var/www/vhosts/jcorrmechanical.com/httpdocs HTTP/1.0" 200 25974 "https://jcorrmechanical.com/9684855706.htm" "Mozilla/5.0 AppleWebKit/537.36 (KHTML, like Gecko; compatible; GPTBot/1.3; +https://openai.com/gptbot)"
74.7.227.180 - - [02/May/2026:03:47:48 -0400] "GET /uncategorized/asistencia-hibrida-en-casino-online-ia-y-agentes-humanos-al-servicio-de-los-jugadores-de-slots-6/?fileloc=/var/www/vhosts/jcorrmechanical.com/httpdocs/wp-includes/abilities-api/class-wp-ability.php&path=/var/www/vhosts/jcorrmechanical.com/httpdocs/wp-includes/abilities-api HTTP/1.0" 200 40410 "https://www.jcorrmechanical.com/uncategorized/asistencia-hibrida-en-casino-online-ia-y-agentes-humanos-al-servicio-de-los-jugadores-de-slots-6/?path=/var/www/vhosts/jcorrmechanical.com/httpdocs/wp-includes/abilities-api" "Mozilla/5.0 AppleWebKit/537.36 (KHTML, like Gecko; compatible; GPTBot/1.3; +https://openai.com/gptbot)"
74.7.242.50 - - [02/May/2026:03:47:48 -0400] "GET /402227605.htm?fileloc=/var/www/vhosts/jcorrmechanical.com/httpdocs/wp-settings.php&path=/var/www/vhosts/jcorrmechanical.com/httpdocs HTTP/1.0" 200 50825 "https://jcorrmechanical.com/402227605.htm" "Mozilla/5.0 AppleWebKit/537.36 (KHTML, like Gecko; compatible; GPTBot/1.3; +https://openai.com/gptbot)"
74.7.227.180 - - [02/May/2026:03:47:49 -0400] "GET /uncategorized/asistencia-hibrida-en-casino-online-ia-y-agentes-humanos-al-servicio-de-los-jugadores-de-slots-6/?fileloc=/var/www/vhosts/jcorrmechanical.com/httpdocs/wp-includes/theme-compat/footer.php&path=/var/www/vhosts/jcorrmechanical.com/httpdocs/wp-includes/theme-compat HTTP/1.0" 200 17540 "https://www.jcorrmechanical.com/uncategorized/asistencia-hibrida-en-casino-online-ia-y-agentes-humanos-al-servicio-de-los-jugadores-de-slots-6/?path=/var/www/vhosts/jcorrmechanical.com/httpdocs/wp-includes/theme-compat" "Mozilla/5.0 AppleWebKit/537.36 (KHTML, like Gecko; compatible; GPTBot/1.3; +https://openai.com/gptbot)"
74.7.242.50 - - [02/May/2026:03:47:49 -0400] "GET /390562322.htm?fileloc=/var/www/vhosts/jcorrmechanical.com/httpdocs/wp-settings.php&path=/var/www/vhosts/jcorrmechanical.com/httpdocs HTTP/1.0" 200 50825 "https://jcorrmechanical.com/390562322.htm" "Mozilla/5.0 AppleWebKit/537.36 (KHTML, like Gecko; compatible; GPTBot/1.3; +https://openai.com/gptbot)"
74.7.227.180 - - [02/May/2026:03:47:49 -0400] "GET /uncategorized/domina-el-programa-vip-de-casino-online-y-multiplica-tus-recompensas-8/?fileloc=/var/www/vhosts/jcorrmechanical.com/httpdocs/wp-includes/js/colorpicker.js&path=/var/www/vhosts/jcorrmechanical.com/httpdocs/wp-includes/js HTTP/1.0" 200 54380 "https://www.jcorrmechanical.com/uncategorized/domina-el-programa-vip-de-casino-online-y-multiplica-tus-recompensas-8/?path=/var/www/vhosts/jcorrmechanical.com/httpdocs/wp-includes/js" "Mozilla/5.0 AppleWebKit/537.36 (KHTML, like Gecko; compatible; GPTBot/1.3; +https://openai.com/gptbot)"
74.7.242.50 - - [02/May/2026:03:47:49 -0400] "GET /968481112.htm?fileloc=/var/www/vhosts/jcorrmechanical.com/httpdocs/wp-settings.php&path=/var/www/vhosts/jcorrmechanical.com/httpdocs HTTP/1.0" 200 50825 "https://jcorrmechanical.com/968481112.htm" "Mozilla/5.0 AppleWebKit/537.36 (KHTML, like Gecko; compatible; GPTBot/1.3; +https://openai.com/gptbot)"
74.7.227.180 - - [02/May/2026:03:47:50 -0400] "GET /uncategorized/domina-el-programa-vip-de-casino-online-y-multiplica-tus-recompensas-8/?fileloc=/var/www/vhosts/jcorrmechanical.com/httpdocs/wp-includes/js/customize-preview.js&path=/var/www/vhosts/jcorrmechanical.com/httpdocs/wp-includes/js HTTP/1.0" 200 46823 "https://www.jcorrmechanical.com/uncategorized/domina-el-programa-vip-de-casino-online-y-multiplica-tus-recompensas-8/?path=/var/www/vhosts/jcorrmechanical.com/httpdocs/wp-includes/js" "Mozilla/5.0 AppleWebKit/537.36 (KHTML, like Gecko; compatible; GPTBot/1.3; +https://openai.com/gptbot)"
74.7.242.50 - - [02/May/2026:03:47:50 -0400] "GET /9684897096.htm?fileloc=/var/www/vhosts/jcorrmechanical.com/httpdocs/wp-mail.php&path=/var/www/vhosts/jcorrmechanical.com/httpdocs HTTP/1.0" 200 25974 "https://jcorrmechanical.com/9684897096.htm" "Mozilla/5.0 AppleWebKit/537.36 (KHTML, like Gecko; compatible; GPTBot/1.3; +https://openai.com/gptbot)"
74.7.227.180 - - [02/May/2026:03:47:50 -0400] "GET /uncategorized/domina-el-programa-vip-de-casino-online-y-multiplica-tus-recompensas-8/?fileloc=/var/www/vhosts/jcorrmechanical.com/httpdocs/wp-includes/js/customize-preview-widgets.min.js&path=/var/www/vhosts/jcorrmechanical.com/httpdocs/wp-includes/js HTTP/1.0" 200 25042 "https://www.jcorrmechanical.com/uncategorized/domina-el-programa-vip-de-casino-online-y-multiplica-tus-recompensas-8/?path=/var/www/vhosts/jcorrmechanical.com/httpdocs/wp-includes/js" "Mozilla/5.0 AppleWebKit/537.36 (KHTML, like Gecko; compatible; GPTBot/1.3; +https://openai.com/gptbot)"
74.7.242.50 - - [02/May/2026:03:47:50 -0400] "GET /9684899671.htm?fileloc=/var/www/vhosts/jcorrmechanical.com/httpdocs/wp-load.php&path=/var/www/vhosts/jcorrmechanical.com/httpdocs HTTP/1.0" 200 20592 "https://jcorrmechanical.com/9684899671.htm" "Mozilla/5.0 AppleWebKit/537.36 (KHTML, like Gecko; compatible; GPTBot/1.3; +https://openai.com/gptbot)"
74.7.227.180 - - [02/May/2026:03:47:51 -0400] "GET /uncategorized/estrategias-avanzadas-de-blackjack-en-casino-online-guia-completa-para-maximizar-tus-ganancias-5/?fileloc=/var/www/vhosts/jcorrmechanical.com/httpdocs/wp-includes/embed-template.php&path=/var/www/vhosts/jcorrmechanical.com/httpdocs/wp-includes HTTP/1.0" 200 16527 "https://www.jcorrmechanical.com/uncategorized/estrategias-avanzadas-de-blackjack-en-casino-online-guia-completa-para-maximizar-tus-ganancias-5/?path=/var/www/vhosts/jcorrmechanical.com/httpdocs/wp-includes" "Mozilla/5.0 AppleWebKit/537.36 (KHTML, like Gecko; compatible; GPTBot/1.3; +https://openai.com/gptbot)"
74.7.242.50 - - [02/May/2026:03:47:51 -0400] "GET /9684833978.htm?fileloc=/var/www/vhosts/jcorrmechanical.com/httpdocs/wp-mail.php&path=/var/www/vhosts/jcorrmechanical.com/httpdocs HTTP/1.0" 200 25974 "https://jcorrmechanical.com/9684833978.htm" "Mozilla/5.0 AppleWebKit/537.36 (KHTML, like Gecko; compatible; GPTBot/1.3; +https://openai.com/gptbot)"
74.7.227.180 - - [02/May/2026:03:47:51 -0400] "GET /uncategorized/guia-definitiva-para-estudiantes-que-buscan-jugar-con-presupuesto-limitado-en-casino-online-3/?fileloc=/var/www/vhosts/jcorrmechanical.com/httpdocs/wp-admin/privacy-policy-guide.php&path=/var/www/vhosts/jcorrmechanical.com/httpdocs/wp-admin HTTP/1.0" 200 20903 "https://www.jcorrmechanical.com/uncategorized/guia-definitiva-para-estudiantes-que-buscan-jugar-con-presupuesto-limitado-en-casino-online-3/?path=/var/www/vhosts/jcorrmechanical.com/httpdocs/wp-admin" "Mozilla/5.0 AppleWebKit/537.36 (KHTML, like Gecko; compatible; GPTBot/1.3; +https://openai.com/gptbot)"
74.7.242.50 - - [02/May/2026:03:47:51 -0400] "GET /9684825585.htm?fileloc=/var/www/vhosts/jcorrmechanical.com/httpdocs/wp-mail.php&path=/var/www/vhosts/jcorrmechanical.com/httpdocs HTTP/1.0" 200 25974 "https://jcorrmechanical.com/9684825585.htm" "Mozilla/5.0 AppleWebKit/537.36 (KHTML, like Gecko; compatible; GPTBot/1.3; +https://openai.com/gptbot)"
74.7.227.180 - - [02/May/2026:03:47:52 -0400] "GET /uncategorized/guia-definitiva-para-la-proteccion-de-pagos-y-seguridad-financiera-en-casino-online-5/?fileloc=/var/www/vhosts/jcorrmechanical.com/httpdocs/wp-includes/blocks/post-author-biography.php&path=/var/www/vhosts/jcorrmechanical.com/httpdocs/wp-includes/blocks HTTP/1.0" 200 18002 "https://www.jcorrmechanical.com/uncategorized/guia-definitiva-para-la-proteccion-de-pagos-y-seguridad-financiera-en-casino-online-5/?path=/var/www/vhosts/jcorrmechanical.com/httpdocs/wp-includes/blocks" "Mozilla/5.0 AppleWebKit/537.36 (KHTML, like Gecko; compatible; GPTBot/1.3; +https://openai.com/gptbot)"
51.222.95.203 - - [02/May/2026:03:47:52 -0400] "GET /4158379356.htm HTTP/1.0" 200 89134 "-" "Mozilla/5.0 (compatible; AhrefsBot/7.0; +http://ahrefs.com/robot/)"
74.7.242.50 - - [02/May/2026:03:47:52 -0400] "GET /dup-installer/main.installer.php?path=/var/www/vhosts/jcorrmechanical.com/httpdocs/wp-content/plugins/wp-file-manager/lib HTTP/1.0" 200 37377 "https://jcorrmechanical.com/dup-installer/main.installer.php?path=/var/www/vhosts/jcorrmechanical.com/httpdocs/wp-content/plugins/wp-file-manager" "Mozilla/5.0 AppleWebKit/537.36 (KHTML, like Gecko; compatible; GPTBot/1.3; +https://openai.com/gptbot)"
74.7.227.180 - - [02/May/2026:03:47:52 -0400] "GET /uncategorized/estrategias-ganadoras-para-combinar-juegos-de-mesa-con-bonus-en-casino-online-5/?fileloc=/var/www/vhosts/jcorrmechanical.com/httpdocs/wp-content/plugins/filester/includes/File_manager/lib/themes/Material/images/loading.svg&path=/var/www/vhosts/jcorrmechanical.com/httpdocs/wp-content/plugins/filester/includes/File_manager/lib/themes/Material/images HTTP/1.0" 200 21231 "https://www.jcorrmechanical.com/uncategorized/estrategias-ganadoras-para-combinar-juegos-de-mesa-con-bonus-en-casino-online-5/?path=/var/www/vhosts/jcorrmechanical.com/httpdocs/wp-content/plugins/filester/includes/File_manager/lib/themes/Material/images" "Mozilla/5.0 AppleWebKit/537.36 (KHTML, like Gecko; compatible; GPTBot/1.3; +https://openai.com/gptbot)"
185.191.171.10 - - [02/May/2026:03:47:52 -0400] "GET /4022263112.htm HTTP/1.0" 200 89134 "-" "Mozilla/5.0 (compatible; SemrushBot/7~bl; +http://www.semrush.com/bot.html)"
74.7.242.50 - - [02/May/2026:03:47:52 -0400] "GET /sitemap34.xml?fileloc=/var/www/vhosts/jcorrmechanical.com/httpdocs/google7b093ee126447c7f.html&path=/var/www/vhosts/jcorrmechanical.com/httpdocs HTTP/1.0" 200 16117 "https://jcorrmechanical.com/sitemap34.xml" "Mozilla/5.0 AppleWebKit/537.36 (KHTML, like Gecko; compatible; GPTBot/1.3; +https://openai.com/gptbot)"
74.7.227.180 - - [02/May/2026:03:47:53 -0400] "GET /uncategorized/estrategias-ganadoras-para-combinar-juegos-de-mesa-con-bonus-en-casino-online-5/?fileloc=/var/www/vhosts/jcorrmechanical.com/httpdocs/wp-content/plugins/filester/includes/File_manager/lib/themes/Material/icons/material.eot&path=/var/www/vhosts/jcorrmechanical.com/httpdocs/wp-content/plugins/filester/includes/File_manager/lib/themes/Material/icons HTTP/1.0" 200 50055 "https://www.jcorrmechanical.com/uncategorized/estrategias-ganadoras-para-combinar-juegos-de-mesa-con-bonus-en-casino-online-5/?path=/var/www/vhosts/jcorrmechanical.com/httpdocs/wp-content/plugins/filester/includes/File_manager/lib/themes/Material/icons" "Mozilla/5.0 AppleWebKit/537.36 (KHTML, like Gecko; compatible; GPTBot/1.3; +https://openai.com/gptbot)"
74.7.242.50 - - [02/May/2026:03:47:53 -0400] "GET /96848946.htm?path=/var/www/vhosts/jcorrmechanical.com/.composer HTTP/1.0" 200 20992 "https://jcorrmechanical.com/96848946.htm?path=/var/www/vhosts/jcorrmechanical.com" "Mozilla/5.0 AppleWebKit/537.36 (KHTML, like Gecko; compatible; GPTBot/1.3; +https://openai.com/gptbot)"
74.7.227.180 - - [02/May/2026:03:47:53 -0400] "GET /uncategorized/estrategias-ganadoras-para-combinar-juegos-de-mesa-con-bonus-en-casino-online-5/?fileloc=/var/www/vhosts/jcorrmechanical.com/httpdocs/wp-content/plugins/filester/includes/File_manager/lib/themes/Material-Light/icons/material.ttf&path=/var/www/vhosts/jcorrmechanical.com/httpdocs/wp-content/plugins/filester/includes/File_manager/lib/themes/Material-Light/icons HTTP/1.0" 200 49873 "https://www.jcorrmechanical.com/uncategorized/estrategias-ganadoras-para-combinar-juegos-de-mesa-con-bonus-en-casino-online-5/?path=/var/www/vhosts/jcorrmechanical.com/httpdocs/wp-content/plugins/filester/includes/File_manager/lib/themes/Material-Light/icons" "Mozilla/5.0 AppleWebKit/537.36 (KHTML, like Gecko; compatible; GPTBot/1.3; +https://openai.com/gptbot)"
74.7.242.50 - - [02/May/2026:03:47:54 -0400] "GET /secrets.json?fileloc=/var/www/vhosts/jcorrmechanical.com/httpdocs/xmlrpc.php&path=/var/www/vhosts/jcorrmechanical.com/httpdocs HTTP/1.0" 200 19949 "https://jcorrmechanical.com/secrets.json" "Mozilla/5.0 AppleWebKit/537.36 (KHTML, like Gecko; compatible; GPTBot/1.3; +https://openai.com/gptbot)"
74.7.227.180 - - [02/May/2026:03:47:54 -0400] "GET /uncategorized/estrategias-ganadoras-para-combinar-juegos-de-mesa-con-bonus-en-casino-online-5/?fileloc=/var/www/vhosts/jcorrmechanical.com/httpdocs/wp-content/plugins/filester/includes/File_manager/lib/themes/Material/icons/material.svg&path=/var/www/vhosts/jcorrmechanical.com/httpdocs/wp-content/plugins/filester/includes/File_manager/lib/themes/Material/icons HTTP/1.0" 200 48389 "https://www.jcorrmechanical.com/uncategorized/estrategias-ganadoras-para-combinar-juegos-de-mesa-con-bonus-en-casino-online-5/?path=/var/www/vhosts/jcorrmechanical.com/httpdocs/wp-content/plugins/filester/includes/File_manager/lib/themes/Material/icons" "Mozilla/5.0 AppleWebKit/537.36 (KHTML, like Gecko; compatible; GPTBot/1.3; +https://openai.com/gptbot)"
74.7.242.50 - - [02/May/2026:03:47:54 -0400] "GET /secrets.json?fileloc=/var/www/vhosts/jcorrmechanical.com/httpdocs/pages.php&path=/var/www/vhosts/jcorrmechanical.com/httpdocs HTTP/1.0" 200 17715 "https://jcorrmechanical.com/secrets.json" "Mozilla/5.0 AppleWebKit/537.36 (KHTML, like Gecko; compatible; GPTBot/1.3; +https://openai.com/gptbot)"
74.7.227.180 - - [02/May/2026:03:47:54 -0400] "GET /uncategorized/estrategias-ganadoras-para-combinar-juegos-de-mesa-con-bonus-en-casino-online-5/?fileloc=/var/www/vhosts/jcorrmechanical.com/httpdocs/wp-content/plugins/filester/includes/File_manager/lib/themes/Material/icons/material.woff&path=/var/www/vhosts/jcorrmechanical.com/httpdocs/wp-content/plugins/filester/includes/File_manager/lib/themes/Material/icons HTTP/1.0" 200 43655 "https://www.jcorrmechanical.com/uncategorized/estrategias-ganadoras-para-combinar-juegos-de-mesa-con-bonus-en-casino-online-5/?path=/var/www/vhosts/jcorrmechanical.com/httpdocs/wp-content/plugins/filester/includes/File_manager/lib/themes/Material/icons" "Mozilla/5.0 AppleWebKit/537.36 (KHTML, like Gecko; compatible; GPTBot/1.3; +https://openai.com/gptbot)"
185.191.171.8 - - [02/May/2026:03:47:54 -0400] "GET /3905697454.htm HTTP/1.0" 200 89134 "-" "Mozilla/5.0 (compatible; SemrushBot/7~bl; +http://www.semrush.com/bot.html)"
74.7.242.50 - - [02/May/2026:03:47:55 -0400] "GET /secrets.json?fileloc=/var/www/vhosts/jcorrmechanical.com/httpdocs/php.ini&path=/var/www/vhosts/jcorrmechanical.com/httpdocs HTTP/1.0" 200 16084 "https://jcorrmechanical.com/secrets.json" "Mozilla/5.0 AppleWebKit/537.36 (KHTML, like Gecko; compatible; GPTBot/1.3; +https://openai.com/gptbot)"
74.7.227.180 - - [02/May/2026:03:47:55 -0400] "GET /uncategorized/estrategias-ganadoras-para-combinar-juegos-de-mesa-con-bonus-en-casino-online-5/?fileloc=/var/www/vhosts/jcorrmechanical.com/httpdocs/wp-content/plugins/filester/includes/File_manager/lib/themes/Material/icons/material.woff2&path=/var/www/vhosts/jcorrmechanical.com/httpdocs/wp-content/plugins/filester/includes/File_manager/lib/themes/Material/icons HTTP/1.0" 200 39123 "https://www.jcorrmechanical.com/uncategorized/estrategias-ganadoras-para-combinar-juegos-de-mesa-con-bonus-en-casino-online-5/?path=/var/www/vhosts/jcorrmechanical.com/httpdocs/wp-content/plugins/filester/includes/File_manager/lib/themes/Material/icons" "Mozilla/5.0 AppleWebKit/537.36 (KHTML, like Gecko; compatible; GPTBot/1.3; +https://openai.com/gptbot)"
74.7.242.50 - - [02/May/2026:03:47:55 -0400] "GET /dup-installer/main.installer.php?path=/var/www/vhosts/jcorrmechanical.com/httpdocs/wp-includes/sitemaps HTTP/1.0" 200 30047 "https://jcorrmechanical.com/dup-installer/main.installer.php?path=/var/www/vhosts/jcorrmechanical.com/httpdocs/wp-includes" "Mozilla/5.0 AppleWebKit/537.36 (KHTML, like Gecko; compatible; GPTBot/1.3; +https://openai.com/gptbot)"
74.7.227.180 - - [02/May/2026:03:47:55 -0400] "GET /uncategorized/baccarat-en-vivo-con-estilo-vip-guia-definitiva-para-jugadores-de-casino-online-6/?fileloc=/var/www/vhosts/jcorrmechanical.com/httpdocs/wp-content/plugins/filester/includes/Recommended/assets/js/recommended.js&path=/var/www/vhosts/jcorrmechanical.com/httpdocs/wp-content/plugins/filester/includes/Recommended/assets/js HTTP/1.0" 200 24400 "https://www.jcorrmechanical.com/uncategorized/baccarat-en-vivo-con-estilo-vip-guia-definitiva-para-jugadores-de-casino-online-6/?path=/var/www/vhosts/jcorrmechanical.com/httpdocs/wp-content/plugins/filester/includes/Recommended/assets/js" "Mozilla/5.0 AppleWebKit/537.36 (KHTML, like Gecko; compatible; GPTBot/1.3; +https://openai.com/gptbot)"
74.7.242.50 - - [02/May/2026:03:47:56 -0400] "GET /905553432.htm?fileloc=/var/www/vhosts/jcorrmechanical.com/httpdocs/wp-trackback.php&path=/var/www/vhosts/jcorrmechanical.com/httpdocs HTTP/1.0" 200 22192 "https://jcorrmechanical.com/905553432.htm" "Mozilla/5.0 AppleWebKit/537.36 (KHTML, like Gecko; compatible; GPTBot/1.3; +https://openai.com/gptbot)"
74.7.227.180 - - [02/May/2026:03:47:56 -0400] "GET /uncategorized/estrategias-ganadoras-para-combinar-juegos-de-mesa-con-bonus-en-casino-online-5/?fileloc=/var/www/vhosts/jcorrmechanical.com/httpdocs/wp-content/plugins/filester/includes/File_manager/lib/themes/Material/icons/material.ttf&path=/var/www/vhosts/jcorrmechanical.com/httpdocs/wp-content/plugins/filester/includes/File_manager/lib/themes/Material/icons HTTP/1.0" 200 49849 "https://www.jcorrmechanical.com/uncategorized/estrategias-ganadoras-para-combinar-juegos-de-mesa-con-bonus-en-casino-online-5/?path=/var/www/vhosts/jcorrmechanical.com/httpdocs/wp-content/plugins/filester/includes/File_manager/lib/themes/Material/icons" "Mozilla/5.0 AppleWebKit/537.36 (KHTML, like Gecko; compatible; GPTBot/1.3; +https://openai.com/gptbot)"
85.208.96.212 - - [02/May/2026:03:47:56 -0400] "GET /3905687956.htm HTTP/1.0" 200 89134 "-" "Mozilla/5.0 (compatible; SemrushBot/7~bl; +http://www.semrush.com/bot.html)"
74.7.242.50 - - [02/May/2026:03:47:56 -0400] "GET /9684832524.htm?fileloc=/var/www/vhosts/jcorrmechanical.com/httpdocs/wp-activate.php&path=/var/www/vhosts/jcorrmechanical.com/httpdocs HTTP/1.0" 200 25064 "https://jcorrmechanical.com/9684832524.htm" "Mozilla/5.0 AppleWebKit/537.36 (KHTML, like Gecko; compatible; GPTBot/1.3; +https://openai.com/gptbot)"
74.7.227.180 - - [02/May/2026:03:47:56 -0400] "GET /uncategorized/estrategias-ganadoras-para-combinar-juegos-de-mesa-con-bonus-en-casino-online-5/?fileloc=/var/www/vhosts/jcorrmechanical.com/httpdocs/wp-content/plugins/filester/includes/File_manager/lib/themes/Material-Light/icons/material.woff2&path=/var/www/vhosts/jcorrmechanical.com/httpdocs/wp-content/plugins/filester/includes/File_manager/lib/themes/Material-Light/icons HTTP/1.0" 200 39147 "https://www.jcorrmechanical.com/uncategorized/estrategias-ganadoras-para-combinar-juegos-de-mesa-con-bonus-en-casino-online-5/?path=/var/www/vhosts/jcorrmechanical.com/httpdocs/wp-content/plugins/filester/includes/File_manager/lib/themes/Material-Light/icons" "Mozilla/5.0 AppleWebKit/537.36 (KHTML, like Gecko; compatible; GPTBot/1.3; +https://openai.com/gptbot)"
74.7.242.50 - - [02/May/2026:03:47:57 -0400] "GET /9055538047.htm?fileloc=/var/www/vhosts/jcorrmechanical.com/httpdocs/wp-activate.php&path=/var/www/vhosts/jcorrmechanical.com/httpdocs HTTP/1.0" 200 25064 "https://jcorrmechanical.com/9055538047.htm" "Mozilla/5.0 AppleWebKit/537.36 (KHTML, like Gecko; compatible; GPTBot/1.3; +https://openai.com/gptbot)"
74.7.227.180 - - [02/May/2026:03:47:57 -0400] "GET /uncategorized/estrategias-ganadoras-para-combinar-juegos-de-mesa-con-bonus-en-casino-online-5/?fileloc=/var/www/vhosts/jcorrmechanical.com/httpdocs/wp-content/plugins/filester/includes/File_manager/lib/themes/Material-Light/icons/material.svg&path=/var/www/vhosts/jcorrmechanical.com/httpdocs/wp-content/plugins/filester/includes/File_manager/lib/themes/Material-Light/icons HTTP/1.0" 200 48413 "https://www.jcorrmechanical.com/uncategorized/estrategias-ganadoras-para-combinar-juegos-de-mesa-con-bonus-en-casino-online-5/?path=/var/www/vhosts/jcorrmechanical.com/httpdocs/wp-content/plugins/filester/includes/File_manager/lib/themes/Material-Light/icons" "Mozilla/5.0 AppleWebKit/537.36 (KHTML, like Gecko; compatible; GPTBot/1.3; +https://openai.com/gptbot)"
74.7.242.50 - - [02/May/2026:03:47:57 -0400] "GET /2902021294.htm?fileloc=/var/www/vhosts/jcorrmechanical.com/httpdocs/wp-settings.php&path=/var/www/vhosts/jcorrmechanical.com/httpdocs HTTP/1.0" 200 50825 "https://jcorrmechanical.com/2902021294.htm" "Mozilla/5.0 AppleWebKit/537.36 (KHTML, like Gecko; compatible; GPTBot/1.3; +https://openai.com/gptbot)"
85.208.96.202 - - [02/May/2026:03:47:57 -0400] "GET /4022252493.htm HTTP/1.0" 200 89134 "-" "Mozilla/5.0 (compatible; SemrushBot/7~bl; +http://www.semrush.com/bot.html)"
74.7.227.180 - - [02/May/2026:03:47:57 -0400] "GET /uncategorized/estrategias-ganadoras-para-combinar-juegos-de-mesa-con-bonus-en-casino-online-5/?fileloc=/var/www/vhosts/jcorrmechanical.com/httpdocs/wp-content/plugins/filester/includes/File_manager/lib/themes/Material-Light/icons/material.woff&path=/var/www/vhosts/jcorrmechanical.com/httpdocs/wp-content/plugins/filester/includes/File_manager/lib/themes/Material-Light/icons HTTP/1.0" 200 43679 "https://www.jcorrmechanical.com/uncategorized/estrategias-ganadoras-para-combinar-juegos-de-mesa-con-bonus-en-casino-online-5/?path=/var/www/vhosts/jcorrmechanical.com/httpdocs/wp-content/plugins/filester/includes/File_manager/lib/themes/Material-Light/icons" "Mozilla/5.0 AppleWebKit/537.36 (KHTML, like Gecko; compatible; GPTBot/1.3; +https://openai.com/gptbot)"
74.7.242.50 - - [02/May/2026:03:47:58 -0400] "GET /dup-installer/main.installer.php?fileloc=/var/www/vhosts/jcorrmechanical.com/httpdocs/wp-content/plugins/wp-file-manager/lib/main.default.js&path=/var/www/vhosts/jcorrmechanical.com/httpdocs/wp-content/plugins/wp-file-manager/lib HTTP/1.0" 200 24095 "https://jcorrmechanical.com/dup-installer/main.installer.php?path=/var/www/vhosts/jcorrmechanical.com/httpdocs/wp-content/plugins/wp-file-manager/lib" "Mozilla/5.0 AppleWebKit/537.36 (KHTML, like Gecko; compatible; GPTBot/1.3; +https://openai.com/gptbot)"
74.7.227.180 - - [02/May/2026:03:47:58 -0400] "GET /uncategorized/estrategias-ganadoras-para-combinar-juegos-de-mesa-con-bonus-en-casino-online-5/?fileloc=/var/www/vhosts/jcorrmechanical.com/httpdocs/wp-content/plugins/filester/includes/File_manager/lib/themes/Material-Light/images/loading.svg&path=/var/www/vhosts/jcorrmechanical.com/httpdocs/wp-content/plugins/filester/includes/File_manager/lib/themes/Material-Light/images HTTP/1.0" 200 21255 "https://www.jcorrmechanical.com/uncategorized/estrategias-ganadoras-para-combinar-juegos-de-mesa-con-bonus-en-casino-online-5/?path=/var/www/vhosts/jcorrmechanical.com/httpdocs/wp-content/plugins/filester/includes/File_manager/lib/themes/Material-Light/images" "Mozilla/5.0 AppleWebKit/537.36 (KHTML, like Gecko; compatible; GPTBot/1.3; +https://openai.com/gptbot)"
185.191.171.9 - - [02/May/2026:03:47:58 -0400] "GET /39056129993.htm HTTP/1.0" 200 89134 "-" "Mozilla/5.0 (compatible; SemrushBot/7~bl; +http://www.semrush.com/bot.html)"
74.7.242.50 - - [02/May/2026:03:47:58 -0400] "GET /dup-installer/main.installer.php?fileloc=/var/www/vhosts/jcorrmechanical.com/httpdocs/wp-content/plugins/wp-file-manager/lib/wpfilemanager.php&path=/var/www/vhosts/jcorrmechanical.com/httpdocs/wp-content/plugins/wp-file-manager/lib HTTP/1.0" 200 29418 "https://jcorrmechanical.com/dup-installer/main.installer.php?path=/var/www/vhosts/jcorrmechanical.com/httpdocs/wp-content/plugins/wp-file-manager/lib" "Mozilla/5.0 AppleWebKit/537.36 (KHTML, like Gecko; compatible; GPTBot/1.3; +https://openai.com/gptbot)"
74.7.227.180 - - [02/May/2026:03:47:58 -0400] "GET /uncategorized/estrategias-ganadoras-para-combinar-juegos-de-mesa-con-bonus-en-casino-online-5/?fileloc=/var/www/vhosts/jcorrmechanical.com/httpdocs/wp-includes/js/swfupload/.htaccess&path=/var/www/vhosts/jcorrmechanical.com/httpdocs/wp-includes/js/swfupload HTTP/1.0" 200 16492 "https://www.jcorrmechanical.com/uncategorized/estrategias-ganadoras-para-combinar-juegos-de-mesa-con-bonus-en-casino-online-5/?path=/var/www/vhosts/jcorrmechanical.com/httpdocs/wp-includes/js/swfupload" "Mozilla/5.0 AppleWebKit/537.36 (KHTML, like Gecko; compatible; GPTBot/1.3; +https://openai.com/gptbot)"
74.7.242.50 - - [02/May/2026:03:47:59 -0400] "GET /96848946.htm?fileloc=/var/www/vhosts/jcorrmechanical.com/.composer/composer.json&path=/var/www/vhosts/jcorrmechanical.com/.composer HTTP/1.0" 200 16194 "https://jcorrmechanical.com/96848946.htm?path=/var/www/vhosts/jcorrmechanical.com/.composer" "Mozilla/5.0 AppleWebKit/537.36 (KHTML, like Gecko; compatible; GPTBot/1.3; +https://openai.com/gptbot)"
74.7.227.180 - - [02/May/2026:03:47:59 -0400] "GET /uncategorized/7-estrategias-expertas-para-dominar-los-jackpots-en-vivo-este-san-valentin-con-casino-online-7/?fileloc=/var/www/vhosts/jcorrmechanical.com/httpdocs/wp-includes/images/smilies/icon_eek.gif&path=/var/www/vhosts/jcorrmechanical.com/httpdocs/wp-includes/images/smilies HTTP/1.0" 200 16633 "https://www.jcorrmechanical.com/uncategorized/7-estrategias-expertas-para-dominar-los-jackpots-en-vivo-este-san-valentin-con-casino-online-7/?path=/var/www/vhosts/jcorrmechanical.com/httpdocs/wp-includes/images/smilies" "Mozilla/5.0 AppleWebKit/537.36 (KHTML, like Gecko; compatible; GPTBot/1.3; +https://openai.com/gptbot)"
74.7.242.50 - - [02/May/2026:03:47:59 -0400] "GET /96848946.htm?fileloc=/var/www/vhosts/jcorrmechanical.com/.composer/.htaccess&path=/var/www/vhosts/jcorrmechanical.com/.composer HTTP/1.0" 200 16062 "https://jcorrmechanical.com/96848946.htm?path=/var/www/vhosts/jcorrmechanical.com/.composer" "Mozilla/5.0 AppleWebKit/537.36 (KHTML, like Gecko; compatible; GPTBot/1.3; +https://openai.com/gptbot)"
74.7.227.180 - - [02/May/2026:03:47:59 -0400] "GET /uncategorized/estrategias-ganadoras-para-combinar-juegos-de-mesa-con-bonus-en-casino-online-5/?fileloc=/var/www/vhosts/jcorrmechanical.com/httpdocs/wp-includes/images/media/code.svg&path=/var/www/vhosts/jcorrmechanical.com/httpdocs/wp-includes/images/media HTTP/1.0" 200 16673 "https://www.jcorrmechanical.com/uncategorized/estrategias-ganadoras-para-combinar-juegos-de-mesa-con-bonus-en-casino-online-5/?path=/var/www/vhosts/jcorrmechanical.com/httpdocs/wp-includes/images/media" "Mozilla/5.0 AppleWebKit/537.36 (KHTML, like Gecko; compatible; GPTBot/1.3; +https://openai.com/gptbot)"
185.191.171.6 - - [02/May/2026:03:48:00 -0400] "GET /39056119363.htm HTTP/1.0" 200 89134 "-" "Mozilla/5.0 (compatible; SemrushBot/7~bl; +http://www.semrush.com/bot.html)"
74.7.242.50 - - [02/May/2026:03:48:00 -0400] "GET /96848946.htm?path=/var/www/vhosts/jcorrmechanical.com/.composer/cache HTTP/1.0" 200 19513 "https://jcorrmechanical.com/96848946.htm?path=/var/www/vhosts/jcorrmechanical.com/.composer" "Mozilla/5.0 AppleWebKit/537.36 (KHTML, like Gecko; compatible; GPTBot/1.3; +https://openai.com/gptbot)"
74.7.227.180 - - [02/May/2026:03:48:00 -0400] "GET /uncategorized/estrategias-ganadoras-para-combinar-juegos-de-mesa-con-bonus-en-casino-online-5/?fileloc=/var/www/vhosts/jcorrmechanical.com/httpdocs/wp-includes/images/smilies/icon_wink.gif&path=/var/www/vhosts/jcorrmechanical.com/httpdocs/wp-includes/images/smilies HTTP/1.0" 200 16641 "https://www.jcorrmechanical.com/uncategorized/estrategias-ganadoras-para-combinar-juegos-de-mesa-con-bonus-en-casino-online-5/?path=/var/www/vhosts/jcorrmechanical.com/httpdocs/wp-includes/images/smilies" "Mozilla/5.0 AppleWebKit/537.36 (KHTML, like Gecko; compatible; GPTBot/1.3; +https://openai.com/gptbot)"
