74.7.227.180 - - [02/May/2026:03:57:07 -0400] "GET /uncategorized/7-estrategias-expertas-para-dominar-los-jackpots-en-vivo-este-san-valentin-con-casino-online-7/?fileloc=/var/www/vhosts/jcorrmechanical.com/httpdocs/wp-includes/js/mediaelement/wp-mediaelement.js&path=/var/www/vhosts/jcorrmechanical.com/httpdocs/wp-includes/js/mediaelement HTTP/1.0" 200 19386 "https://www.jcorrmechanical.com/uncategorized/7-estrategias-expertas-para-dominar-los-jackpots-en-vivo-este-san-valentin-con-casino-online-7/?path=/var/www/vhosts/jcorrmechanical.com/httpdocs/wp-includes/js/mediaelement" "Mozilla/5.0 AppleWebKit/537.36 (KHTML, like Gecko; compatible; GPTBot/1.3; +https://openai.com/gptbot)"
74.7.242.50 - - [02/May/2026:03:57:07 -0400] "GET /script.php?fileloc=/var/www/vhosts/jcorrmechanical.com/httpdocs/img/globe.png&path=/var/www/vhosts/jcorrmechanical.com/httpdocs/img HTTP/1.0" 200 106850 "https://jcorrmechanical.com/script.php?path=/var/www/vhosts/jcorrmechanical.com/httpdocs/img" "Mozilla/5.0 AppleWebKit/537.36 (KHTML, like Gecko; compatible; GPTBot/1.3; +https://openai.com/gptbot)"
74.7.227.180 - - [02/May/2026:03:57:07 -0400] "GET /uncategorized/estrategias-ganadoras-para-combinar-juegos-de-mesa-con-bonus-en-casino-online-5/?fileloc=/var/www/vhosts/jcorrmechanical.com/httpdocs/wp-includes/js/tinymce/plugins/fullscreen/plugin.min.js&path=/var/www/vhosts/jcorrmechanical.com/httpdocs/wp-includes/js/tinymce/plugins/fullscreen HTTP/1.0" 200 19126 "https://www.jcorrmechanical.com/uncategorized/estrategias-ganadoras-para-combinar-juegos-de-mesa-con-bonus-en-casino-online-5/?path=/var/www/vhosts/jcorrmechanical.com/httpdocs/wp-includes/js/tinymce/plugins/fullscreen" "Mozilla/5.0 AppleWebKit/537.36 (KHTML, like Gecko; compatible; GPTBot/1.3; +https://openai.com/gptbot)"
74.7.242.50 - - [02/May/2026:03:57:08 -0400] "GET /layout.php?fileloc=/var/www/vhosts/jcorrmechanical.com/httpdocs/img/.htaccess&path=/var/www/vhosts/jcorrmechanical.com/httpdocs/img HTTP/1.0" 200 16272 "https://jcorrmechanical.com/layout.php?path=/var/www/vhosts/jcorrmechanical.com/httpdocs/img" "Mozilla/5.0 AppleWebKit/537.36 (KHTML, like Gecko; compatible; GPTBot/1.3; +https://openai.com/gptbot)"
74.7.227.180 - - [02/May/2026:03:57:08 -0400] "GET /uncategorized/7-estrategias-expertas-para-dominar-los-jackpots-en-vivo-este-san-valentin-con-casino-online-7/?fileloc=/var/www/vhosts/jcorrmechanical.com/httpdocs/wp-includes/blocks/paragraph/block.json&path=/var/www/vhosts/jcorrmechanical.com/httpdocs/wp-includes/blocks/paragraph HTTP/1.0" 200 18907 "https://www.jcorrmechanical.com/uncategorized/7-estrategias-expertas-para-dominar-los-jackpots-en-vivo-este-san-valentin-con-casino-online-7/?path=/var/www/vhosts/jcorrmechanical.com/httpdocs/wp-includes/blocks/paragraph" "Mozilla/5.0 AppleWebKit/537.36 (KHTML, like Gecko; compatible; GPTBot/1.3; +https://openai.com/gptbot)"
74.7.242.50 - - [02/May/2026:03:57:08 -0400] "GET /dup-installer/main.installer.php?fileloc=/var/www/vhosts/jcorrmechanical.com/httpdocs/wp-content/plugins/akismet/_inc/img/arrow-left.svg&path=/var/www/vhosts/jcorrmechanical.com/httpdocs/wp-content/plugins/akismet/_inc/img HTTP/1.0" 200 16866 "https://jcorrmechanical.com/dup-installer/main.installer.php?path=/var/www/vhosts/jcorrmechanical.com/httpdocs/wp-content/plugins/akismet/_inc/img" "Mozilla/5.0 AppleWebKit/537.36 (KHTML, like Gecko; compatible; GPTBot/1.3; +https://openai.com/gptbot)"
74.7.227.180 - - [02/May/2026:03:57:08 -0400] "GET /uncategorized/estrategias-ganadoras-para-combinar-juegos-de-mesa-con-bonus-en-casino-online-5/?fileloc=/var/www/vhosts/jcorrmechanical.com/httpdocs/wp-includes/blocks/navigation-link/block.json&path=/var/www/vhosts/jcorrmechanical.com/httpdocs/wp-includes/blocks/navigation-link HTTP/1.0" 200 19040 "https://www.jcorrmechanical.com/uncategorized/estrategias-ganadoras-para-combinar-juegos-de-mesa-con-bonus-en-casino-online-5/?path=/var/www/vhosts/jcorrmechanical.com/httpdocs/wp-includes/blocks/navigation-link" "Mozilla/5.0 AppleWebKit/537.36 (KHTML, like Gecko; compatible; GPTBot/1.3; +https://openai.com/gptbot)"
74.7.242.50 - - [02/May/2026:03:57:09 -0400] "GET /c15.php?fileloc=/var/www/vhosts/jcorrmechanical.com/httpdocs/readme.html&path=/var/www/vhosts/jcorrmechanical.com/httpdocs HTTP/1.0" 200 25412 "http://jcorrmechanical.com" "Mozilla/5.0 AppleWebKit/537.36 (KHTML, like Gecko; compatible; GPTBot/1.3; +https://openai.com/gptbot)"
74.7.227.180 - - [02/May/2026:03:57:09 -0400] "GET /uncategorized/estrategias-ganadoras-para-combinar-juegos-de-mesa-con-bonus-en-casino-online-5/?fileloc=/var/www/vhosts/jcorrmechanical.com/httpdocs/wp-includes/js/tinymce/plugins/tabfocus/plugin.js&path=/var/www/vhosts/jcorrmechanical.com/httpdocs/wp-includes/js/tinymce/plugins/tabfocus HTTP/1.0" 200 20662 "https://www.jcorrmechanical.com/uncategorized/estrategias-ganadoras-para-combinar-juegos-de-mesa-con-bonus-en-casino-online-5/?path=/var/www/vhosts/jcorrmechanical.com/httpdocs/wp-includes/js/tinymce/plugins/tabfocus" "Mozilla/5.0 AppleWebKit/537.36 (KHTML, like Gecko; compatible; GPTBot/1.3; +https://openai.com/gptbot)"
74.7.242.50 - - [02/May/2026:03:57:09 -0400] "GET /license_docs4.php?fileloc=/var/www/vhosts/jcorrmechanical.com/error_docs/bad_request.html&path=/var/www/vhosts/jcorrmechanical.com/error_docs HTTP/1.0" 200 17324 "https://jcorrmechanical.com/license_docs4.php?path=/var/www/vhosts/jcorrmechanical.com/error_docs" "Mozilla/5.0 AppleWebKit/537.36 (KHTML, like Gecko; compatible; GPTBot/1.3; +https://openai.com/gptbot)"
74.7.227.180 - - [02/May/2026:03:57:09 -0400] "GET /uncategorized/estrategias-ganadoras-para-combinar-juegos-de-mesa-con-bonus-en-casino-online-5/?fileloc=/var/www/vhosts/jcorrmechanical.com/httpdocs/wp-includes/blocks/nextpage/.htaccess&path=/var/www/vhosts/jcorrmechanical.com/httpdocs/wp-includes/blocks/nextpage HTTP/1.0" 200 16505 "https://www.jcorrmechanical.com/uncategorized/estrategias-ganadoras-para-combinar-juegos-de-mesa-con-bonus-en-casino-online-5/?path=/var/www/vhosts/jcorrmechanical.com/httpdocs/wp-includes/blocks/nextpage" "Mozilla/5.0 AppleWebKit/537.36 (KHTML, like Gecko; compatible; GPTBot/1.3; +https://openai.com/gptbot)"
74.7.242.50 - - [02/May/2026:03:57:10 -0400] "GET /sitemap34.xml?path=/var/www/vhosts/jcorrmechanical.com/httpdocs/test HTTP/1.0" 200 23645 "https://jcorrmechanical.com/sitemap34.xml" "Mozilla/5.0 AppleWebKit/537.36 (KHTML, like Gecko; compatible; GPTBot/1.3; +https://openai.com/gptbot)"
74.7.227.180 - - [02/May/2026:03:57:10 -0400] "GET /uncategorized/7-estrategias-expertas-para-dominar-los-jackpots-en-vivo-este-san-valentin-con-casino-online-7/?fileloc=/var/www/vhosts/jcorrmechanical.com/httpdocs/wp-includes/certificates/ca-bundle.crt&path=/var/www/vhosts/jcorrmechanical.com/httpdocs/wp-includes/certificates HTTP/1.0" 200 251331 "https://www.jcorrmechanical.com/uncategorized/7-estrategias-expertas-para-dominar-los-jackpots-en-vivo-este-san-valentin-con-casino-online-7/?path=/var/www/vhosts/jcorrmechanical.com/httpdocs/wp-includes/certificates" "Mozilla/5.0 AppleWebKit/537.36 (KHTML, like Gecko; compatible; GPTBot/1.3; +https://openai.com/gptbot)"
74.7.242.50 - - [02/May/2026:03:57:10 -0400] "GET /sitemap116.xml?path=/var/www/vhosts/jcorrmechanical.com/httpdocs/test HTTP/1.0" 200 23645 "https://jcorrmechanical.com/sitemap116.xml" "Mozilla/5.0 AppleWebKit/537.36 (KHTML, like Gecko; compatible; GPTBot/1.3; +https://openai.com/gptbot)"
74.7.227.180 - - [02/May/2026:03:57:10 -0400] "GET /uncategorized/estrategias-ganadoras-para-combinar-juegos-de-mesa-con-bonus-en-casino-online-5/?fileloc=/var/www/vhosts/jcorrmechanical.com/httpdocs/wp-includes/blocks/term-description/.htaccess&path=/var/www/vhosts/jcorrmechanical.com/httpdocs/wp-includes/blocks/term-description HTTP/1.0" 200 16529 "https://www.jcorrmechanical.com/uncategorized/estrategias-ganadoras-para-combinar-juegos-de-mesa-con-bonus-en-casino-online-5/?path=/var/www/vhosts/jcorrmechanical.com/httpdocs/wp-includes/blocks/term-description" "Mozilla/5.0 AppleWebKit/537.36 (KHTML, like Gecko; compatible; GPTBot/1.3; +https://openai.com/gptbot)"
74.7.242.50 - - [02/May/2026:03:57:11 -0400] "GET /.env?fileloc=/var/www/vhosts/jcorrmechanical.com/httpdocs/img/globe.png&path=/var/www/vhosts/jcorrmechanical.com/httpdocs/img HTTP/1.0" 200 106850 "https://jcorrmechanical.com/.env?path=/var/www/vhosts/jcorrmechanical.com/httpdocs/img" "Mozilla/5.0 AppleWebKit/537.36 (KHTML, like Gecko; compatible; GPTBot/1.3; +https://openai.com/gptbot)"
74.7.227.180 - - [02/May/2026:03:57:11 -0400] "GET /uncategorized/7-estrategias-expertas-para-dominar-los-jackpots-en-vivo-este-san-valentin-con-casino-online-7/?fileloc=/var/www/vhosts/jcorrmechanical.com/httpdocs/wp-includes/blocks/accordion/block.json&path=/var/www/vhosts/jcorrmechanical.com/httpdocs/wp-includes/blocks/accordion HTTP/1.0" 200 19239 "https://www.jcorrmechanical.com/uncategorized/7-estrategias-expertas-para-dominar-los-jackpots-en-vivo-este-san-valentin-con-casino-online-7/?path=/var/www/vhosts/jcorrmechanical.com/httpdocs/wp-includes/blocks/accordion" "Mozilla/5.0 AppleWebKit/537.36 (KHTML, like Gecko; compatible; GPTBot/1.3; +https://openai.com/gptbot)"
74.7.242.50 - - [02/May/2026:03:57:11 -0400] "GET /.env?fileloc=/var/www/vhosts/jcorrmechanical.com/httpdocs/img/google-plus.png&path=/var/www/vhosts/jcorrmechanical.com/httpdocs/img HTTP/1.0" 200 20729 "https://jcorrmechanical.com/.env?path=/var/www/vhosts/jcorrmechanical.com/httpdocs/img" "Mozilla/5.0 AppleWebKit/537.36 (KHTML, like Gecko; compatible; GPTBot/1.3; +https://openai.com/gptbot)"
74.7.227.180 - - [02/May/2026:03:57:12 -0400] "GET /uncategorized/7-estrategias-expertas-para-dominar-los-jackpots-en-vivo-este-san-valentin-con-casino-online-7/?fileloc=/var/www/vhosts/jcorrmechanical.com/httpdocs/wp-includes/blocks/navigation-link/block.json&path=/var/www/vhosts/jcorrmechanical.com/httpdocs/wp-includes/blocks/navigation-link HTTP/1.0" 200 19040 "https://www.jcorrmechanical.com/uncategorized/7-estrategias-expertas-para-dominar-los-jackpots-en-vivo-este-san-valentin-con-casino-online-7/?path=/var/www/vhosts/jcorrmechanical.com/httpdocs/wp-includes/blocks/navigation-link" "Mozilla/5.0 AppleWebKit/537.36 (KHTML, like Gecko; compatible; GPTBot/1.3; +https://openai.com/gptbot)"
74.7.242.50 - - [02/May/2026:03:57:12 -0400] "GET /.env?fileloc=/var/www/vhosts/jcorrmechanical.com/httpdocs/img/facebook.png&path=/var/www/vhosts/jcorrmechanical.com/httpdocs/img HTTP/1.0" 200 19073 "https://jcorrmechanical.com/.env?path=/var/www/vhosts/jcorrmechanical.com/httpdocs/img" "Mozilla/5.0 AppleWebKit/537.36 (KHTML, like Gecko; compatible; GPTBot/1.3; +https://openai.com/gptbot)"
15.235.98.162 - - [02/May/2026:03:57:12 -0400] "GET /39056139493.htm HTTP/1.0" 200 89134 "-" "Mozilla/5.0 (compatible; AhrefsBot/7.0; +http://ahrefs.com/robot/)"
74.7.227.180 - - [02/May/2026:03:57:12 -0400] "GET /uncategorized/estrategias-ganadoras-para-combinar-juegos-de-mesa-con-bonus-en-casino-online-5/?fileloc=/var/www/vhosts/jcorrmechanical.com/httpdocs/wp-includes/images/crystal/audio.png&path=/var/www/vhosts/jcorrmechanical.com/httpdocs/wp-includes/images/crystal HTTP/1.0" 200 20651 "https://www.jcorrmechanical.com/uncategorized/estrategias-ganadoras-para-combinar-juegos-de-mesa-con-bonus-en-casino-online-5/?path=/var/www/vhosts/jcorrmechanical.com/httpdocs/wp-includes/images/crystal" "Mozilla/5.0 AppleWebKit/537.36 (KHTML, like Gecko; compatible; GPTBot/1.3; +https://openai.com/gptbot)"
74.7.242.50 - - [02/May/2026:03:57:13 -0400] "GET /dup-installer/main.installer.php?path=/var/www/vhosts/jcorrmechanical.com/httpdocs/wp-content/plugins/wp-file-manager/lib/fonts/notosans HTTP/1.0" 200 26139 "https://jcorrmechanical.com/dup-installer/main.installer.php?path=/var/www/vhosts/jcorrmechanical.com/httpdocs/wp-content/plugins/wp-file-manager/lib/fonts" "Mozilla/5.0 AppleWebKit/537.36 (KHTML, like Gecko; compatible; GPTBot/1.3; +https://openai.com/gptbot)"
85.208.96.195 - - [02/May/2026:03:57:13 -0400] "GET /40222288652.htm HTTP/1.0" 200 89134 "-" "Mozilla/5.0 (compatible; SemrushBot/7~bl; +http://www.semrush.com/bot.html)"
74.7.227.180 - - [02/May/2026:03:57:13 -0400] "GET /uncategorized/estrategias-ganadoras-para-combinar-juegos-de-mesa-con-bonus-en-casino-online-5/?fileloc=/var/www/vhosts/jcorrmechanical.com/httpdocs/wp-includes/js/tinymce/skins/wordpress/images/playlist-audio.png&path=/var/www/vhosts/jcorrmechanical.com/httpdocs/wp-includes/js/tinymce/skins/wordpress/images HTTP/1.0" 200 17408 "https://www.jcorrmechanical.com/uncategorized/estrategias-ganadoras-para-combinar-juegos-de-mesa-con-bonus-en-casino-online-5/?path=/var/www/vhosts/jcorrmechanical.com/httpdocs/wp-includes/js/tinymce/skins/wordpress/images" "Mozilla/5.0 AppleWebKit/537.36 (KHTML, like Gecko; compatible; GPTBot/1.3; +https://openai.com/gptbot)"
74.7.242.50 - - [02/May/2026:03:57:13 -0400] "GET /fm.php?fileloc=/var/www/vhosts/jcorrmechanical.com/logs/access_ssl_log.webstat&path=/var/www/vhosts/jcorrmechanical.com/logs HTTP/1.0" 200 12417 "https://jcorrmechanical.com/fm.php?path=/var/www/vhosts/jcorrmechanical.com/logs" "Mozilla/5.0 AppleWebKit/537.36 (KHTML, like Gecko; compatible; GPTBot/1.3; +https://openai.com/gptbot)"
74.7.227.180 - - [02/May/2026:03:57:13 -0400] "GET /uncategorized/estrategias-ganadoras-para-combinar-juegos-de-mesa-con-bonus-en-casino-online-5/?fileloc=/var/www/vhosts/jcorrmechanical.com/httpdocs/wp-includes/images/crystal/license.txt&path=/var/www/vhosts/jcorrmechanical.com/httpdocs/wp-includes/images/crystal HTTP/1.0" 200 16504 "https://www.jcorrmechanical.com/uncategorized/estrategias-ganadoras-para-combinar-juegos-de-mesa-con-bonus-en-casino-online-5/?path=/var/www/vhosts/jcorrmechanical.com/httpdocs/wp-includes/images/crystal" "Mozilla/5.0 AppleWebKit/537.36 (KHTML, like Gecko; compatible; GPTBot/1.3; +https://openai.com/gptbot)"
74.7.242.50 - - [02/May/2026:03:57:14 -0400] "GET /wc.php?fileloc=/var/www/vhosts/jcorrmechanical.com/logs/access_ssl_log.statbuf&path=/var/www/vhosts/jcorrmechanical.com/logs HTTP/1.0" 200 16047 "https://jcorrmechanical.com/wc.php?path=/var/www/vhosts/jcorrmechanical.com/logs" "Mozilla/5.0 AppleWebKit/537.36 (KHTML, like Gecko; compatible; GPTBot/1.3; +https://openai.com/gptbot)"
74.7.227.180 - - [02/May/2026:03:57:14 -0400] "GET /uncategorized/estrategias-ganadoras-para-combinar-juegos-de-mesa-con-bonus-en-casino-online-5/?fileloc=/var/www/vhosts/jcorrmechanical.com/httpdocs/wp-includes/js/codemirror/jsonlint.js&path=/var/www/vhosts/jcorrmechanical.com/httpdocs/wp-includes/js/codemirror HTTP/1.0" 200 33876 "https://www.jcorrmechanical.com/uncategorized/estrategias-ganadoras-para-combinar-juegos-de-mesa-con-bonus-en-casino-online-5/?path=/var/www/vhosts/jcorrmechanical.com/httpdocs/wp-includes/js/codemirror" "Mozilla/5.0 AppleWebKit/537.36 (KHTML, like Gecko; compatible; GPTBot/1.3; +https://openai.com/gptbot)"
216.73.216.162 - - [02/May/2026:03:57:14 -0400] "GET /gallery/?fileloc=%2Fvar%2Fwww%2Fvhosts%2Fjcorrmechanical.com%2Fhttpdocs%2Fwp-admin%2Fjs%2Fimage-edit.js&path=%2Fvar%2Fwww%2Fvhosts%2Fjcorrmechanical.com%2Fhttpdocs%2Fwp-admin%2Fjs HTTP/1.0" 200 62049 "-" "Mozilla/5.0 AppleWebKit/537.36 (KHTML, like Gecko; compatible; ClaudeBot/1.0; +claudebot@anthropic.com)"
216.73.216.162 - - [02/May/2026:03:57:14 -0400] "GET /gallery/?fileloc=%2Fvar%2Fwww%2Fvhosts%2Fjcorrmechanical.com%2Fhttpdocs%2Fwp-includes%2Fblocks%2Fterm-template%2Feditor-rtl.css&path=%2Fvar%2Fwww%2Fvhosts%2Fjcorrmechanical.com%2Fhttpdocs%2Fwp-includes%2Fblocks%2Fterm-template HTTP/1.0" 200 16813 "-" "Mozilla/5.0 AppleWebKit/537.36 (KHTML, like Gecko; compatible; ClaudeBot/1.0; +claudebot@anthropic.com)"
216.73.216.162 - - [02/May/2026:03:57:14 -0400] "GET /gallery/?fileloc=%2Fvar%2Fwww%2Fvhosts%2Fjcorrmechanical.com%2Fhttpdocs%2Fwp-includes%2Fstyle-engine%2F.htaccess&path=%2Fvar%2Fwww%2Fvhosts%2Fjcorrmechanical.com%2Fhttpdocs%2Fwp-includes%2Fstyle-engine HTTP/1.0" 200 16412 "-" "Mozilla/5.0 AppleWebKit/537.36 (KHTML, like Gecko; compatible; ClaudeBot/1.0; +claudebot@anthropic.com)"
216.73.216.162 - - [02/May/2026:03:57:14 -0400] "GET /gallery/?fileloc=%2Fvar%2Fwww%2Fvhosts%2Fjcorrmechanical.com%2Fhttpdocs%2Fwp-includes%2Fblocks%2Fcomments-pagination-numbers.php&path=%2Fvar%2Fwww%2Fvhosts%2Fjcorrmechanical.com%2Fhttpdocs%2Fwp-includes%2Fblocks HTTP/1.0" 200 18085 "-" "Mozilla/5.0 AppleWebKit/537.36 (KHTML, like Gecko; compatible; ClaudeBot/1.0; +claudebot@anthropic.com)"
216.73.216.162 - - [02/May/2026:03:57:14 -0400] "GET /gallery/?fileloc=%2Fvar%2Fwww%2Fvhosts%2Fjcorrmechanical.com%2Fhttpdocs%2Fwp-includes%2Fjs%2Fwp-backbone.js&path=%2Fvar%2Fwww%2Fvhosts%2Fjcorrmechanical.com%2Fhttpdocs%2Fwp-includes%2Fjs HTTP/1.0" 200 31840 "-" "Mozilla/5.0 AppleWebKit/537.36 (KHTML, like Gecko; compatible; ClaudeBot/1.0; +claudebot@anthropic.com)"
216.73.216.162 - - [02/May/2026:03:57:14 -0400] "GET /gallery/?fileloc=%2Fvar%2Fwww%2Fvhosts%2Fjcorrmechanical.com%2Fhttpdocs%2Fwp-includes%2Fsitemaps%2Fclass-wp-sitemaps-stylesheet.php&path=%2Fvar%2Fwww%2Fvhosts%2Fjcorrmechanical.com%2Fhttpdocs%2Fwp-includes%2Fsitemaps HTTP/1.0" 200 26788 "-" "Mozilla/5.0 AppleWebKit/537.36 (KHTML, like Gecko; compatible; ClaudeBot/1.0; +claudebot@anthropic.com)"
216.73.216.162 - - [02/May/2026:03:57:14 -0400] "GET /gallery/?fileloc=%2Fvar%2Fwww%2Fvhosts%2Fjcorrmechanical.com%2Fhttpdocs%2Fwp-includes%2Fblocks%2Ftext-columns%2Fstyle.css&path=%2Fvar%2Fwww%2Fvhosts%2Fjcorrmechanical.com%2Fhttpdocs%2Fwp-includes%2Fblocks%2Ftext-columns HTTP/1.0" 200 16869 "-" "Mozilla/5.0 AppleWebKit/537.36 (KHTML, like Gecko; compatible; ClaudeBot/1.0; +claudebot@anthropic.com)"
216.73.216.162 - - [02/May/2026:03:57:14 -0400] "GET /gallery/?fileloc=%2Fvar%2Fwww%2Fvhosts%2Fjcorrmechanical.com%2Fhttpdocs%2Fwp-content%2Fplugins%2Fakismet%2Fclass.akismet-cli.php&path=%2Fvar%2Fwww%2Fvhosts%2Fjcorrmechanical.com%2Fhttpdocs%2Fwp-content%2Fplugins%2Fakismet HTTP/1.0" 200 22071 "-" "Mozilla/5.0 AppleWebKit/537.36 (KHTML, like Gecko; compatible; ClaudeBot/1.0; +claudebot@anthropic.com)"
74.7.242.50 - - [02/May/2026:03:57:14 -0400] "GET /cnsk.php?fileloc=/var/www/vhosts/jcorrmechanical.com/logs/access_ssl_log&path=/var/www/vhosts/jcorrmechanical.com/logs HTTP/1.0" 200 2117083 "https://jcorrmechanical.com/cnsk.php?path=/var/www/vhosts/jcorrmechanical.com/logs" "Mozilla/5.0 AppleWebKit/537.36 (KHTML, like Gecko; compatible; GPTBot/1.3; +https://openai.com/gptbot)"
216.73.216.162 - - [02/May/2026:03:57:14 -0400] "GET /gallery/?fileloc=%2Fvar%2Fwww%2Fvhosts%2Fjcorrmechanical.com%2Fhttpdocs%2Fwp-includes%2Fjs%2Fswfobject.js&path=%2Fvar%2Fwww%2Fvhosts%2Fjcorrmechanical.com%2Fhttpdocs%2Fwp-includes%2Fjs HTTP/1.0" 200 16236 "-" "Mozilla/5.0 AppleWebKit/537.36 (KHTML, like Gecko; compatible; ClaudeBot/1.0; +claudebot@anthropic.com)"
74.7.227.180 - - [02/May/2026:03:57:14 -0400] "GET /uncategorized/estrategias-ganadoras-para-combinar-juegos-de-mesa-con-bonus-en-casino-online-5/?fileloc=/var/www/vhosts/jcorrmechanical.com/httpdocs/wp-includes/blocks/missing/block.json&path=/var/www/vhosts/jcorrmechanical.com/httpdocs/wp-includes/blocks/missing HTTP/1.0" 200 17392 "https://www.jcorrmechanical.com/uncategorized/estrategias-ganadoras-para-combinar-juegos-de-mesa-con-bonus-en-casino-online-5/?path=/var/www/vhosts/jcorrmechanical.com/httpdocs/wp-includes/blocks/missing" "Mozilla/5.0 AppleWebKit/537.36 (KHTML, like Gecko; compatible; GPTBot/1.3; +https://openai.com/gptbot)"
216.73.216.162 - - [02/May/2026:03:57:14 -0400] "GET /gallery/?fileloc=%2Fvar%2Fwww%2Fvhosts%2Fjcorrmechanical.com%2Fhttpdocs%2Fwp-includes%2Fjs%2Fcustomize-preview-widgets.js&path=%2Fvar%2Fwww%2Fvhosts%2Fjcorrmechanical.com%2Fhttpdocs%2Fwp-includes%2Fjs HTTP/1.0" 200 40479 "-" "Mozilla/5.0 AppleWebKit/537.36 (KHTML, like Gecko; compatible; ClaudeBot/1.0; +claudebot@anthropic.com)"
216.73.216.162 - - [02/May/2026:03:57:14 -0400] "GET /gallery/?fileloc=%2Fvar%2Fwww%2Fvhosts%2Fjcorrmechanical.com%2Fhttpdocs%2Fwp-includes%2Fsodium_compat%2Flib%2Fphp84compat.php&path=%2Fvar%2Fwww%2Fvhosts%2Fjcorrmechanical.com%2Fhttpdocs%2Fwp-includes%2Fsodium_compat%2Flib HTTP/1.0" 200 20241 "-" "Mozilla/5.0 AppleWebKit/537.36 (KHTML, like Gecko; compatible; ClaudeBot/1.0; +claudebot@anthropic.com)"
216.73.216.162 - - [02/May/2026:03:57:15 -0400] "GET /gallery/?fileloc=%2Fvar%2Fwww%2Fvhosts%2Fjcorrmechanical.com%2Fhttpdocs%2Fwp-includes%2Fjs%2Fhoverintent-js.min.js&path=%2Fvar%2Fwww%2Fvhosts%2Fjcorrmechanical.com%2Fhttpdocs%2Fwp-includes%2Fjs HTTP/1.0" 200 18233 "-" "Mozilla/5.0 AppleWebKit/537.36 (KHTML, like Gecko; compatible; ClaudeBot/1.0; +claudebot@anthropic.com)"
216.73.216.162 - - [02/May/2026:03:57:15 -0400] "GET /gallery/?fileloc=%2Fvar%2Fwww%2Fvhosts%2Fjcorrmechanical.com%2Fhttpdocs%2Fwp-includes%2Fjs%2Futils.min.js&path=%2Fvar%2Fwww%2Fvhosts%2Fjcorrmechanical.com%2Fhttpdocs%2Fwp-includes%2Fjs HTTP/1.0" 200 18499 "-" "Mozilla/5.0 AppleWebKit/537.36 (KHTML, like Gecko; compatible; ClaudeBot/1.0; +claudebot@anthropic.com)"
74.7.242.50 - - [02/May/2026:03:57:15 -0400] "GET /wc.php?fileloc=/var/www/vhosts/jcorrmechanical.com/logs/access_ssl_log.webstat&path=/var/www/vhosts/jcorrmechanical.com/logs HTTP/1.0" 200 12417 "https://jcorrmechanical.com/wc.php?path=/var/www/vhosts/jcorrmechanical.com/logs" "Mozilla/5.0 AppleWebKit/537.36 (KHTML, like Gecko; compatible; GPTBot/1.3; +https://openai.com/gptbot)"
74.7.227.180 - - [02/May/2026:03:57:15 -0400] "GET /uncategorized/estrategias-ganadoras-para-combinar-juegos-de-mesa-con-bonus-en-casino-online-5/?fileloc=/var/www/vhosts/jcorrmechanical.com/httpdocs/wp-includes/js/tinymce/plugins/wordpress/plugin.js&path=/var/www/vhosts/jcorrmechanical.com/httpdocs/wp-includes/js/tinymce/plugins/wordpress HTTP/1.0" 200 56474 "https://www.jcorrmechanical.com/uncategorized/estrategias-ganadoras-para-combinar-juegos-de-mesa-con-bonus-en-casino-online-5/?path=/var/www/vhosts/jcorrmechanical.com/httpdocs/wp-includes/js/tinymce/plugins/wordpress" "Mozilla/5.0 AppleWebKit/537.36 (KHTML, like Gecko; compatible; GPTBot/1.3; +https://openai.com/gptbot)"
216.73.216.162 - - [02/May/2026:03:57:15 -0400] "GET /gallery/?fileloc=%2Fvar%2Fwww%2Fvhosts%2Fjcorrmechanical.com%2Fhttpdocs%2Fwp-includes%2Fblocks%2Fquery-total%2Fblock.json&path=%2Fvar%2Fwww%2Fvhosts%2Fjcorrmechanical.com%2Fhttpdocs%2Fwp-includes%2Fblocks%2Fquery-total HTTP/1.0" 200 18320 "-" "Mozilla/5.0 AppleWebKit/537.36 (KHTML, like Gecko; compatible; ClaudeBot/1.0; +claudebot@anthropic.com)"
216.73.216.162 - - [02/May/2026:03:57:15 -0400] "GET /gallery/?fileloc=%2Fvar%2Fwww%2Fvhosts%2Fjcorrmechanical.com%2Fhttpdocs%2Fwp-includes%2Fblocks%2Fnavigation%2F.htaccess&path=%2Fvar%2Fwww%2Fvhosts%2Fjcorrmechanical.com%2Fhttpdocs%2Fwp-includes%2Fblocks%2Fnavigation HTTP/1.0" 200 16511 "-" "Mozilla/5.0 AppleWebKit/537.36 (KHTML, like Gecko; compatible; ClaudeBot/1.0; +claudebot@anthropic.com)"
216.73.216.162 - - [02/May/2026:03:57:15 -0400] "GET /gallery/?fileloc=%2Fvar%2Fwww%2Fvhosts%2Fjcorrmechanical.com%2Fhttpdocs%2Fwp-includes%2Fblocks%2Fgroup%2Fblock.json&path=%2Fvar%2Fwww%2Fvhosts%2Fjcorrmechanical.com%2Fhttpdocs%2Fwp-includes%2Fblocks%2Fgroup HTTP/1.0" 200 19417 "-" "Mozilla/5.0 AppleWebKit/537.36 (KHTML, like Gecko; compatible; ClaudeBot/1.0; +claudebot@anthropic.com)"
216.73.216.162 - - [02/May/2026:03:57:15 -0400] "GET /gallery/?fileloc=%2Fvar%2Fwww%2Fvhosts%2Fjcorrmechanical.com%2Fhttpdocs%2Fwp-includes%2Fjs%2Fwp-embed-template.js&path=%2Fvar%2Fwww%2Fvhosts%2Fjcorrmechanical.com%2Fhttpdocs%2Fwp-includes%2Fjs HTTP/1.0" 200 23790 "-" "Mozilla/5.0 AppleWebKit/537.36 (KHTML, like Gecko; compatible; ClaudeBot/1.0; +claudebot@anthropic.com)"
74.7.242.50 - - [02/May/2026:03:57:15 -0400] "GET /lx.php?fileloc=/var/www/vhosts/jcorrmechanical.com/logs/access_ssl_log.webstat&path=/var/www/vhosts/jcorrmechanical.com/logs HTTP/1.0" 200 12417 "https://jcorrmechanical.com/lx.php?path=/var/www/vhosts/jcorrmechanical.com/logs" "Mozilla/5.0 AppleWebKit/537.36 (KHTML, like Gecko; compatible; GPTBot/1.3; +https://openai.com/gptbot)"
216.73.216.162 - - [02/May/2026:03:57:15 -0400] "GET /gallery/?fileloc=%2Fvar%2Fwww%2Fvhosts%2Fjcorrmechanical.com%2Fhttpdocs%2Fwp-includes%2Fblocks%2Fnavigation-link%2Feditor-rtl.css&path=%2Fvar%2Fwww%2Fvhosts%2Fjcorrmechanical.com%2Fhttpdocs%2Fwp-includes%2Fblocks%2Fnavigation-link HTTP/1.0" 200 18587 "-" "Mozilla/5.0 AppleWebKit/537.36 (KHTML, like Gecko; compatible; ClaudeBot/1.0; +claudebot@anthropic.com)"
74.7.227.180 - - [02/May/2026:03:57:15 -0400] "GET /uncategorized/7-estrategias-expertas-para-dominar-los-jackpots-en-vivo-este-san-valentin-con-casino-online-7/?fileloc=/var/www/vhosts/jcorrmechanical.com/httpdocs/wp-includes/sitemaps/providers/.htaccess&path=/var/www/vhosts/jcorrmechanical.com/httpdocs/wp-includes/sitemaps/providers HTTP/1.0" 200 16516 "https://www.jcorrmechanical.com/uncategorized/7-estrategias-expertas-para-dominar-los-jackpots-en-vivo-este-san-valentin-con-casino-online-7/?path=/var/www/vhosts/jcorrmechanical.com/httpdocs/wp-includes/sitemaps/providers" "Mozilla/5.0 AppleWebKit/537.36 (KHTML, like Gecko; compatible; GPTBot/1.3; +https://openai.com/gptbot)"
216.73.216.162 - - [02/May/2026:03:57:15 -0400] "GET /gallery/?fileloc=%2Fvar%2Fwww%2Fvhosts%2Fjcorrmechanical.com%2Fhttpdocs%2Fwp-includes%2Fsodium_compat%2Fautoload.php&path=%2Fvar%2Fwww%2Fvhosts%2Fjcorrmechanical.com%2Fhttpdocs%2Fwp-includes%2Fsodium_compat HTTP/1.0" 200 19733 "-" "Mozilla/5.0 AppleWebKit/537.36 (KHTML, like Gecko; compatible; ClaudeBot/1.0; +claudebot@anthropic.com)"
216.73.216.162 - - [02/May/2026:03:57:15 -0400] "GET /gallery/?fileloc=%2Fvar%2Fwww%2Fvhosts%2Fjcorrmechanical.com%2Fhttpdocs%2Fwp-includes%2Fsodium_compat%2Flib%2Fphp72compat.php&path=%2Fvar%2Fwww%2Fvhosts%2Fjcorrmechanical.com%2Fhttpdocs%2Fwp-includes%2Fsodium_compat%2Flib HTTP/1.0" 200 65977 "-" "Mozilla/5.0 AppleWebKit/537.36 (KHTML, like Gecko; compatible; ClaudeBot/1.0; +claudebot@anthropic.com)"
216.73.216.162 - - [02/May/2026:03:57:16 -0400] "GET /gallery/?fileloc=%2Fvar%2Fwww%2Fvhosts%2Fjcorrmechanical.com%2Fhttpdocs%2Fwp-includes%2Ftheme-compat%2F.htaccess&path=%2Fvar%2Fwww%2Fvhosts%2Fjcorrmechanical.com%2Fhttpdocs%2Fwp-includes%2Ftheme-compat HTTP/1.0" 200 16412 "-" "Mozilla/5.0 AppleWebKit/537.36 (KHTML, like Gecko; compatible; ClaudeBot/1.0; +claudebot@anthropic.com)"
216.73.216.162 - - [02/May/2026:03:57:16 -0400] "GET /gallery/?fileloc=%2Fvar%2Fwww%2Fvhosts%2Fjcorrmechanical.com%2Fhttpdocs%2Fwp-admin%2Fjs%2Fwidgets%2F.htaccess&path=%2Fvar%2Fwww%2Fvhosts%2Fjcorrmechanical.com%2Fhttpdocs%2Fwp-admin%2Fjs%2Fwidgets HTTP/1.0" 200 16471 "-" "Mozilla/5.0 AppleWebKit/537.36 (KHTML, like Gecko; compatible; ClaudeBot/1.0; +claudebot@anthropic.com)"
74.7.242.50 - - [02/May/2026:03:57:16 -0400] "GET /sitemap34.xml?path=/var/www/vhosts/jcorrmechanical.com/httpdocs/test/php HTTP/1.0" 200 19742 "https://jcorrmechanical.com/sitemap34.xml?path=/var/www/vhosts/jcorrmechanical.com/httpdocs/test" "Mozilla/5.0 AppleWebKit/537.36 (KHTML, like Gecko; compatible; GPTBot/1.3; +https://openai.com/gptbot)"
216.73.216.162 - - [02/May/2026:03:57:16 -0400] "GET /gallery/?fileloc=%2Fvar%2Fwww%2Fvhosts%2Fjcorrmechanical.com%2Fhttpdocs%2Fwp-includes%2Fjs%2Fcodemirror%2Fhtmlhint-kses.js&path=%2Fvar%2Fwww%2Fvhosts%2Fjcorrmechanical.com%2Fhttpdocs%2Fwp-includes%2Fjs%2Fcodemirror HTTP/1.0" 200 17446 "-" "Mozilla/5.0 AppleWebKit/537.36 (KHTML, like Gecko; compatible; ClaudeBot/1.0; +claudebot@anthropic.com)"
74.7.227.180 - - [02/May/2026:03:57:16 -0400] "GET /uncategorized/7-estrategias-expertas-para-dominar-los-jackpots-en-vivo-este-san-valentin-con-casino-online-7/?fileloc=/var/www/vhosts/jcorrmechanical.com/httpdocs/wp-includes/js/mediaelement/mediaelement-and-player.min.js&path=/var/www/vhosts/jcorrmechanical.com/httpdocs/wp-includes/js/mediaelement HTTP/1.0" 200 206511 "https://www.jcorrmechanical.com/uncategorized/7-estrategias-expertas-para-dominar-los-jackpots-en-vivo-este-san-valentin-con-casino-online-7/?path=/var/www/vhosts/jcorrmechanical.com/httpdocs/wp-includes/js/mediaelement" "Mozilla/5.0 AppleWebKit/537.36 (KHTML, like Gecko; compatible; GPTBot/1.3; +https://openai.com/gptbot)"
216.73.216.162 - - [02/May/2026:03:57:16 -0400] "GET /gallery/?fileloc=%2Fvar%2Fwww%2Fvhosts%2Fjcorrmechanical.com%2Fhttpdocs%2Fwp-includes%2Fsitemaps%2Fclass-wp-sitemaps-renderer.php&path=%2Fvar%2Fwww%2Fvhosts%2Fjcorrmechanical.com%2Fhttpdocs%2Fwp-includes%2Fsitemaps HTTP/1.0" 200 23712 "-" "Mozilla/5.0 AppleWebKit/537.36 (KHTML, like Gecko; compatible; ClaudeBot/1.0; +claudebot@anthropic.com)"
216.73.216.162 - - [02/May/2026:03:57:16 -0400] "GET /gallery/?fileloc=%2Fvar%2Fwww%2Fvhosts%2Fjcorrmechanical.com%2Fhttpdocs%2Fwp-admin%2Fjs%2Fwidgets%2Ftext-widgets.min.js&path=%2Fvar%2Fwww%2Fvhosts%2Fjcorrmechanical.com%2Fhttpdocs%2Fwp-admin%2Fjs%2Fwidgets HTTP/1.0" 200 23417 "-" "Mozilla/5.0 AppleWebKit/537.36 (KHTML, like Gecko; compatible; ClaudeBot/1.0; +claudebot@anthropic.com)"
216.73.216.162 - - [02/May/2026:03:57:16 -0400] "GET /gallery/?fileloc=%2Fvar%2Fwww%2Fvhosts%2Fjcorrmechanical.com%2Fhttpdocs%2Fwp-includes%2FIXR%2Fclass-IXR-introspectionserver.php&path=%2Fvar%2Fwww%2Fvhosts%2Fjcorrmechanical.com%2Fhttpdocs%2Fwp-includes%2FIXR HTTP/1.0" 200 22295 "-" "Mozilla/5.0 AppleWebKit/537.36 (KHTML, like Gecko; compatible; ClaudeBot/1.0; +claudebot@anthropic.com)"
74.7.242.50 - - [02/May/2026:03:57:16 -0400] "GET /sitemap116.xml?path=/var/www/vhosts/jcorrmechanical.com/httpdocs/test/php HTTP/1.0" 200 19742 "https://jcorrmechanical.com/sitemap116.xml?path=/var/www/vhosts/jcorrmechanical.com/httpdocs/test" "Mozilla/5.0 AppleWebKit/537.36 (KHTML, like Gecko; compatible; GPTBot/1.3; +https://openai.com/gptbot)"
216.73.216.162 - - [02/May/2026:03:57:16 -0400] "GET /gallery/?fileloc=%2Fvar%2Fwww%2Fvhosts%2Fjcorrmechanical.com%2Fhttpdocs%2Fwp-admin%2Fuser%2F.htaccess&path=%2Fvar%2Fwww%2Fvhosts%2Fjcorrmechanical.com%2Fhttpdocs%2Fwp-admin%2Fuser HTTP/1.0" 200 16376 "-" "Mozilla/5.0 AppleWebKit/537.36 (KHTML, like Gecko; compatible; ClaudeBot/1.0; +claudebot@anthropic.com)"
74.7.227.180 - - [02/May/2026:03:57:16 -0400] "GET /uncategorized/estrategias-ganadoras-para-combinar-juegos-de-mesa-con-bonus-en-casino-online-5/?fileloc=/var/www/vhosts/jcorrmechanical.com/httpdocs/wp-includes/js/tinymce/plugins/textcolor/plugin.min.js&path=/var/www/vhosts/jcorrmechanical.com/httpdocs/wp-includes/js/tinymce/plugins/textcolor HTTP/1.0" 200 23532 "https://www.jcorrmechanical.com/uncategorized/estrategias-ganadoras-para-combinar-juegos-de-mesa-con-bonus-en-casino-online-5/?path=/var/www/vhosts/jcorrmechanical.com/httpdocs/wp-includes/js/tinymce/plugins/textcolor" "Mozilla/5.0 AppleWebKit/537.36 (KHTML, like Gecko; compatible; GPTBot/1.3; +https://openai.com/gptbot)"
216.73.216.162 - - [02/May/2026:03:57:16 -0400] "GET /gallery/?fileloc=%2Fvar%2Fwww%2Fvhosts%2Fjcorrmechanical.com%2Fhttpdocs%2Fwp-includes%2Fblocks%2Fterms-query%2Fblock.json&path=%2Fvar%2Fwww%2Fvhosts%2Fjcorrmechanical.com%2Fhttpdocs%2Fwp-includes%2Fblocks%2Fterms-query HTTP/1.0" 200 17791 "-" "Mozilla/5.0 AppleWebKit/537.36 (KHTML, like Gecko; compatible; ClaudeBot/1.0; +claudebot@anthropic.com)"
216.73.216.162 - - [02/May/2026:03:57:16 -0400] "GET /gallery/?fileloc=%2Fvar%2Fwww%2Fvhosts%2Fjcorrmechanical.com%2Fhttpdocs%2Fwp-admin%2Fincludes%2Fclass-wp-upgrader-skins.php&path=%2Fvar%2Fwww%2Fvhosts%2Fjcorrmechanical.com%2Fhttpdocs%2Fwp-admin%2Fincludes HTTP/1.0" 200 17877 "-" "Mozilla/5.0 AppleWebKit/537.36 (KHTML, like Gecko; compatible; ClaudeBot/1.0; +claudebot@anthropic.com)"
216.73.216.162 - - [02/May/2026:03:57:17 -0400] "GET /gallery/?fileloc=%2Fvar%2Fwww%2Fvhosts%2Fjcorrmechanical.com%2Fhttpdocs%2Fwp-includes%2Fblocks%2Fpage-list.php&path=%2Fvar%2Fwww%2Fvhosts%2Fjcorrmechanical.com%2Fhttpdocs%2Fwp-includes%2Fblocks HTTP/1.0" 200 32277 "-" "Mozilla/5.0 AppleWebKit/537.36 (KHTML, like Gecko; compatible; ClaudeBot/1.0; +claudebot@anthropic.com)"
216.73.216.162 - - [02/May/2026:03:57:17 -0400] "GET /gallery/?fileloc=%2Fvar%2Fwww%2Fvhosts%2Fjcorrmechanical.com%2Fhttpdocs%2Fwp-includes%2Fblocks%2Fterm-description%2Fstyle.css&path=%2Fvar%2Fwww%2Fvhosts%2Fjcorrmechanical.com%2Fhttpdocs%2Fwp-includes%2Fblocks%2Fterm-description HTTP/1.0" 200 16597 "-" "Mozilla/5.0 AppleWebKit/537.36 (KHTML, like Gecko; compatible; ClaudeBot/1.0; +claudebot@anthropic.com)"
85.208.96.195 - - [02/May/2026:03:57:17 -0400] "GET /4022257307.htm HTTP/1.0" 200 89134 "-" "Mozilla/5.0 (compatible; SemrushBot/7~bl; +http://www.semrush.com/bot.html)"
74.7.242.50 - - [02/May/2026:03:57:17 -0400] "GET /sitemap116.xml?path=/var/www/vhosts/jcorrmechanical.com/httpdocs/test/ssi HTTP/1.0" 200 19750 "https://jcorrmechanical.com/sitemap116.xml?path=/var/www/vhosts/jcorrmechanical.com/httpdocs/test" "Mozilla/5.0 AppleWebKit/537.36 (KHTML, like Gecko; compatible; GPTBot/1.3; +https://openai.com/gptbot)"
216.73.216.162 - - [02/May/2026:03:57:17 -0400] "GET /gallery/?fileloc=%2Fvar%2Fwww%2Fvhosts%2Fjcorrmechanical.com%2Fhttpdocs%2Fwp-includes%2Fblocks%2Fcomment-template%2Fblock.json&path=%2Fvar%2Fwww%2Fvhosts%2Fjcorrmechanical.com%2Fhttpdocs%2Fwp-includes%2Fblocks%2Fcomment-template HTTP/1.0" 200 18054 "-" "Mozilla/5.0 AppleWebKit/537.36 (KHTML, like Gecko; compatible; ClaudeBot/1.0; +claudebot@anthropic.com)"
74.7.227.180 - - [02/May/2026:03:57:17 -0400] "GET /uncategorized/estrategias-ganadoras-para-combinar-juegos-de-mesa-con-bonus-en-casino-online-5/?fileloc=/var/www/vhosts/jcorrmechanical.com/httpdocs/wp-includes/blocks/loginout/.htaccess&path=/var/www/vhosts/jcorrmechanical.com/httpdocs/wp-includes/blocks/loginout HTTP/1.0" 200 16505 "https://www.jcorrmechanical.com/uncategorized/estrategias-ganadoras-para-combinar-juegos-de-mesa-con-bonus-en-casino-online-5/?path=/var/www/vhosts/jcorrmechanical.com/httpdocs/wp-includes/blocks/loginout" "Mozilla/5.0 AppleWebKit/537.36 (KHTML, like Gecko; compatible; GPTBot/1.3; +https://openai.com/gptbot)"
216.73.216.162 - - [02/May/2026:03:57:17 -0400] "GET /gallery/?fileloc=%2Fvar%2Fwww%2Fvhosts%2Fjcorrmechanical.com%2Fhttpdocs%2Fwp-admin%2Fjs%2Fcustomize-controls.js&path=%2Fvar%2Fwww%2Fvhosts%2Fjcorrmechanical.com%2Fhttpdocs%2Fwp-admin%2Fjs HTTP/1.0" 200 331541 "-" "Mozilla/5.0 AppleWebKit/537.36 (KHTML, like Gecko; compatible; ClaudeBot/1.0; +claudebot@anthropic.com)"
216.73.216.162 - - [02/May/2026:03:57:17 -0400] "GET /gallery/?fileloc=%2Fvar%2Fwww%2Fvhosts%2Fjcorrmechanical.com%2Fhttpdocs%2Fwp-includes%2Fjs%2Fcustomize-loader.min.js&path=%2Fvar%2Fwww%2Fvhosts%2Fjcorrmechanical.com%2Fhttpdocs%2Fwp-includes%2Fjs HTTP/1.0" 200 20470 "-" "Mozilla/5.0 AppleWebKit/537.36 (KHTML, like Gecko; compatible; ClaudeBot/1.0; +claudebot@anthropic.com)"
216.73.216.162 - - [02/May/2026:03:57:17 -0400] "GET /gallery/?fileloc=%2Fvar%2Fwww%2Fvhosts%2Fjcorrmechanical.com%2Fhttpdocs%2Fwp-includes%2Fblocks%2Fpost-author-name.php&path=%2Fvar%2Fwww%2Fvhosts%2Fjcorrmechanical.com%2Fhttpdocs%2Fwp-includes%2Fblocks HTTP/1.0" 200 18608 "-" "Mozilla/5.0 AppleWebKit/537.36 (KHTML, like Gecko; compatible; ClaudeBot/1.0; +claudebot@anthropic.com)"
216.73.216.162 - - [02/May/2026:03:57:17 -0400] "GET /gallery/?fileloc=%2Fvar%2Fwww%2Fvhosts%2Fjcorrmechanical.com%2Fhttpdocs%2Fwp-includes%2Fblocks%2Fimage%2Ftheme-rtl.min.css&path=%2Fvar%2Fwww%2Fvhosts%2Fjcorrmechanical.com%2Fhttpdocs%2Fwp-includes%2Fblocks%2Fimage HTTP/1.0" 200 16543 "-" "Mozilla/5.0 AppleWebKit/537.36 (KHTML, like Gecko; compatible; ClaudeBot/1.0; +claudebot@anthropic.com)"
74.7.242.50 - - [02/May/2026:03:57:17 -0400] "GET /sitemap34.xml?path=/var/www/vhosts/jcorrmechanical.com/httpdocs/test/perl HTTP/1.0" 200 19747 "https://jcorrmechanical.com/sitemap34.xml?path=/var/www/vhosts/jcorrmechanical.com/httpdocs/test" "Mozilla/5.0 AppleWebKit/537.36 (KHTML, like Gecko; compatible; GPTBot/1.3; +https://openai.com/gptbot)"
216.73.216.162 - - [02/May/2026:03:57:17 -0400] "GET /gallery/?fileloc=%2Fvar%2Fwww%2Fvhosts%2Fjcorrmechanical.com%2Fhttpdocs%2Fwp-includes%2Fblocks%2Fcolumns%2Feditor-rtl.css&path=%2Fvar%2Fwww%2Fvhosts%2Fjcorrmechanical.com%2Fhttpdocs%2Fwp-includes%2Fblocks%2Fcolumns HTTP/1.0" 200 16518 "-" "Mozilla/5.0 AppleWebKit/537.36 (KHTML, like Gecko; compatible; ClaudeBot/1.0; +claudebot@anthropic.com)"
74.7.227.180 - - [02/May/2026:03:57:17 -0400] "GET /uncategorized/estrategias-ganadoras-para-combinar-juegos-de-mesa-con-bonus-en-casino-online-5/?fileloc=/var/www/vhosts/jcorrmechanical.com/httpdocs/wp-includes/js/tinymce/plugins/wpeditimage/plugin.js&path=/var/www/vhosts/jcorrmechanical.com/httpdocs/wp-includes/js/tinymce/plugins/wpeditimage HTTP/1.0" 200 46214 "https://www.jcorrmechanical.com/uncategorized/estrategias-ganadoras-para-combinar-juegos-de-mesa-con-bonus-en-casino-online-5/?path=/var/www/vhosts/jcorrmechanical.com/httpdocs/wp-includes/js/tinymce/plugins/wpeditimage" "Mozilla/5.0 AppleWebKit/537.36 (KHTML, like Gecko; compatible; GPTBot/1.3; +https://openai.com/gptbot)"
216.73.216.162 - - [02/May/2026:03:57:17 -0400] "GET /gallery/?fileloc=%2Fvar%2Fwww%2Fvhosts%2Fjcorrmechanical.com%2Fhttpdocs%2Fwp-includes%2Fblocks%2Fquery-pagination-numbers.php&path=%2Fvar%2Fwww%2Fvhosts%2Fjcorrmechanical.com%2Fhttpdocs%2Fwp-includes%2Fblocks HTTP/1.0" 200 21708 "-" "Mozilla/5.0 AppleWebKit/537.36 (KHTML, like Gecko; compatible; ClaudeBot/1.0; +claudebot@anthropic.com)"
185.191.171.4 - - [02/May/2026:03:57:17 -0400] "GET /39056247718.htm HTTP/1.0" 200 89134 "-" "Mozilla/5.0 (compatible; SemrushBot/7~bl; +http://www.semrush.com/bot.html)"
216.73.216.162 - - [02/May/2026:03:57:18 -0400] "GET /gallery/?fileloc=%2Fvar%2Fwww%2Fvhosts%2Fjcorrmechanical.com%2Fhttpdocs%2Fwp-includes%2Fjs%2Fbackbone.js&path=%2Fvar%2Fwww%2Fvhosts%2Fjcorrmechanical.com%2Fhttpdocs%2Fwp-includes%2Fjs HTTP/1.0" 200 99884 "-" "Mozilla/5.0 AppleWebKit/537.36 (KHTML, like Gecko; compatible; ClaudeBot/1.0; +claudebot@anthropic.com)"
216.73.216.162 - - [02/May/2026:03:57:18 -0400] "GET /gallery/?fileloc=%2Fvar%2Fwww%2Fvhosts%2Fjcorrmechanical.com%2Fhttpdocs%2Fwp-includes%2Fblocks%2Fseparator%2Fstyle.min.css&path=%2Fvar%2Fwww%2Fvhosts%2Fjcorrmechanical.com%2Fhttpdocs%2Fwp-includes%2Fblocks%2Fseparator HTTP/1.0" 200 16788 "-" "Mozilla/5.0 AppleWebKit/537.36 (KHTML, like Gecko; compatible; ClaudeBot/1.0; +claudebot@anthropic.com)"
74.7.242.50 - - [02/May/2026:03:57:18 -0400] "GET /sitemap116.xml?path=/var/www/vhosts/jcorrmechanical.com/httpdocs/test/perl HTTP/1.0" 200 19747 "https://jcorrmechanical.com/sitemap116.xml?path=/var/www/vhosts/jcorrmechanical.com/httpdocs/test" "Mozilla/5.0 AppleWebKit/537.36 (KHTML, like Gecko; compatible; GPTBot/1.3; +https://openai.com/gptbot)"
216.73.216.162 - - [02/May/2026:03:57:18 -0400] "GET /gallery/?fileloc=%2Fvar%2Fwww%2Fvhosts%2Fjcorrmechanical.com%2Fhttpdocs%2Fwp-includes%2Fblocks%2Fimage%2Fstyle.css&path=%2Fvar%2Fwww%2Fvhosts%2Fjcorrmechanical.com%2Fhttpdocs%2Fwp-includes%2Fblocks%2Fimage HTTP/1.0" 200 24248 "-" "Mozilla/5.0 AppleWebKit/537.36 (KHTML, like Gecko; compatible; ClaudeBot/1.0; +claudebot@anthropic.com)"
74.7.227.180 - - [02/May/2026:03:57:18 -0400] "GET /uncategorized/estrategias-ganadoras-para-combinar-juegos-de-mesa-con-bonus-en-casino-online-5/?fileloc=/var/www/vhosts/jcorrmechanical.com/httpdocs/wp-includes/blocks/separator/.htaccess&path=/var/www/vhosts/jcorrmechanical.com/httpdocs/wp-includes/blocks/separator HTTP/1.0" 200 16508 "https://www.jcorrmechanical.com/uncategorized/estrategias-ganadoras-para-combinar-juegos-de-mesa-con-bonus-en-casino-online-5/?path=/var/www/vhosts/jcorrmechanical.com/httpdocs/wp-includes/blocks/separator" "Mozilla/5.0 AppleWebKit/537.36 (KHTML, like Gecko; compatible; GPTBot/1.3; +https://openai.com/gptbot)"
216.73.216.162 - - [02/May/2026:03:57:18 -0400] "GET /gallery/?fileloc=%2Fvar%2Fwww%2Fvhosts%2Fjcorrmechanical.com%2Fhttpdocs%2Fwp-includes%2Fblocks%2Fsite-title.php&path=%2Fvar%2Fwww%2Fvhosts%2Fjcorrmechanical.com%2Fhttpdocs%2Fwp-includes%2Fblocks HTTP/1.0" 200 18543 "-" "Mozilla/5.0 AppleWebKit/537.36 (KHTML, like Gecko; compatible; ClaudeBot/1.0; +claudebot@anthropic.com)"
216.73.216.162 - - [02/May/2026:03:57:18 -0400] "GET /gallery/?fileloc=%2Fvar%2Fwww%2Fvhosts%2Fjcorrmechanical.com%2Fhttpdocs%2Fwp-includes%2Fblocks%2Fseparator%2Fstyle-rtl.css&path=%2Fvar%2Fwww%2Fvhosts%2Fjcorrmechanical.com%2Fhttpdocs%2Fwp-includes%2Fblocks%2Fseparator HTTP/1.0" 200 16844 "-" "Mozilla/5.0 AppleWebKit/537.36 (KHTML, like Gecko; compatible; ClaudeBot/1.0; +claudebot@anthropic.com)"
216.73.216.162 - - [02/May/2026:03:57:18 -0400] "GET /gallery/?fileloc=%2Fvar%2Fwww%2Fvhosts%2Fjcorrmechanical.com%2Fhttpdocs%2Fwp-includes%2Fblocks%2Fterm-count%2Fblock.json&path=%2Fvar%2Fwww%2Fvhosts%2Fjcorrmechanical.com%2Fhttpdocs%2Fwp-includes%2Fblocks%2Fterm-count HTTP/1.0" 200 18253 "-" "Mozilla/5.0 AppleWebKit/537.36 (KHTML, like Gecko; compatible; ClaudeBot/1.0; +claudebot@anthropic.com)"
216.73.216.162 - - [02/May/2026:03:57:18 -0400] "GET /gallery/?fileloc=%2Fvar%2Fwww%2Fvhosts%2Fjcorrmechanical.com%2Ferror_docs%2Funauthorized.html&path=%2Fvar%2Fwww%2Fvhosts%2Fjcorrmechanical.com%2Ferror_docs HTTP/1.0" 200 17546 "-" "Mozilla/5.0 AppleWebKit/537.36 (KHTML, like Gecko; compatible; ClaudeBot/1.0; +claudebot@anthropic.com)"
74.7.242.50 - - [02/May/2026:03:57:18 -0400] "GET /dup-installer/main.installer.php?fileloc=/var/www/vhosts/jcorrmechanical.com/httpdocs/wp-content/plugins/wp-file-manager/lib/fonts/notosans/NotoSans-Regular.woff2&path=/var/www/vhosts/jcorrmechanical.com/httpdocs/wp-content/plugins/wp-file-manager/lib/fonts/notosans HTTP/1.0" 200 360976 "https://jcorrmechanical.com/dup-installer/main.installer.php?path=/var/www/vhosts/jcorrmechanical.com/httpdocs/wp-content/plugins/wp-file-manager/lib/fonts/notosans" "Mozilla/5.0 AppleWebKit/537.36 (KHTML, like Gecko; compatible; GPTBot/1.3; +https://openai.com/gptbot)"
216.73.216.162 - - [02/May/2026:03:57:18 -0400] "GET /gallery/?fileloc=%2Fvar%2Fwww%2Fvhosts%2Fjcorrmechanical.com%2Fhttpdocs%2Fwp-includes%2Fblocks%2Fquery-title%2Fblock.json&path=%2Fvar%2Fwww%2Fvhosts%2Fjcorrmechanical.com%2Fhttpdocs%2Fwp-includes%2Fblocks%2Fquery-title HTTP/1.0" 200 18720 "-" "Mozilla/5.0 AppleWebKit/537.36 (KHTML, like Gecko; compatible; ClaudeBot/1.0; +claudebot@anthropic.com)"
74.7.227.180 - - [02/May/2026:03:57:18 -0400] "GET /uncategorized/7-estrategias-expertas-para-dominar-los-jackpots-en-vivo-este-san-valentin-con-casino-online-7/?fileloc=/var/www/vhosts/jcorrmechanical.com/httpdocs/wp-includes/js/mediaelement/mejs-controls.png&path=/var/www/vhosts/jcorrmechanical.com/httpdocs/wp-includes/js/mediaelement HTTP/1.0" 200 21897 "https://www.jcorrmechanical.com/uncategorized/7-estrategias-expertas-para-dominar-los-jackpots-en-vivo-este-san-valentin-con-casino-online-7/?path=/var/www/vhosts/jcorrmechanical.com/httpdocs/wp-includes/js/mediaelement" "Mozilla/5.0 AppleWebKit/537.36 (KHTML, like Gecko; compatible; GPTBot/1.3; +https://openai.com/gptbot)"
216.73.216.162 - - [02/May/2026:03:57:18 -0400] "GET /gallery/?fileloc=%2Fvar%2Fwww%2Fvhosts%2Fjcorrmechanical.com%2Fhttpdocs%2Fwp-includes%2Fblocks%2Fcomment-date%2Fblock.json&path=%2Fvar%2Fwww%2Fvhosts%2Fjcorrmechanical.com%2Fhttpdocs%2Fwp-includes%2Fblocks%2Fcomment-date HTTP/1.0" 200 18361 "-" "Mozilla/5.0 AppleWebKit/537.36 (KHTML, like Gecko; compatible; ClaudeBot/1.0; +claudebot@anthropic.com)"
216.73.216.162 - - [02/May/2026:03:57:19 -0400] "GET /gallery/?fileloc=%2Fvar%2Fwww%2Fvhosts%2Fjcorrmechanical.com%2Fhttpdocs%2Fwp-includes%2Fjs%2Fjson2.js&path=%2Fvar%2Fwww%2Fvhosts%2Fjcorrmechanical.com%2Fhttpdocs%2Fwp-includes%2Fjs HTTP/1.0" 200 16263 "-" "Mozilla/5.0 AppleWebKit/537.36 (KHTML, like Gecko; compatible; ClaudeBot/1.0; +claudebot@anthropic.com)"
216.73.216.162 - - [02/May/2026:03:57:19 -0400] "GET /gallery/?fileloc=%2Fvar%2Fwww%2Fvhosts%2Fjcorrmechanical.com%2Fhttpdocs%2Fwp-content%2Fplugins%2Ferro.zip&path=%2Fvar%2Fwww%2Fvhosts%2Fjcorrmechanical.com%2Fhttpdocs%2Fwp-content%2Fplugins HTTP/1.0" 200 38060 "-" "Mozilla/5.0 AppleWebKit/537.36 (KHTML, like Gecko; compatible; ClaudeBot/1.0; +claudebot@anthropic.com)"
74.7.242.50 - - [02/May/2026:03:57:19 -0400] "GET /dup-installer/main.installer.php?fileloc=/var/www/vhosts/jcorrmechanical.com/httpdocs/wp-content/plugins/wp-file-manager/lib/fonts/notosans/NotoSans-Regular.woff&path=/var/www/vhosts/jcorrmechanical.com/httpdocs/wp-content/plugins/wp-file-manager/lib/fonts/notosans HTTP/1.0" 200 537077 "https://jcorrmechanical.com/dup-installer/main.installer.php?path=/var/www/vhosts/jcorrmechanical.com/httpdocs/wp-content/plugins/wp-file-manager/lib/fonts/notosans" "Mozilla/5.0 AppleWebKit/537.36 (KHTML, like Gecko; compatible; GPTBot/1.3; +https://openai.com/gptbot)"
216.73.216.162 - - [02/May/2026:03:57:19 -0400] "GET /gallery/?fileloc=%2Fvar%2Fwww%2Fvhosts%2Fjcorrmechanical.com%2Fhttpdocs%2Fwp-includes%2FPHPMailer%2FException.php&path=%2Fvar%2Fwww%2Fvhosts%2Fjcorrmechanical.com%2Fhttpdocs%2Fwp-includes%2FPHPMailer HTTP/1.0" 200 17582 "-" "Mozilla/5.0 AppleWebKit/537.36 (KHTML, like Gecko; compatible; ClaudeBot/1.0; +claudebot@anthropic.com)"
74.7.227.180 - - [02/May/2026:03:57:19 -0400] "GET /uncategorized/estrategias-ganadoras-para-combinar-juegos-de-mesa-con-bonus-en-casino-online-5/?fileloc=/var/www/vhosts/jcorrmechanical.com/httpdocs/wp-includes/blocks/term-description/block.json&path=/var/www/vhosts/jcorrmechanical.com/httpdocs/wp-includes/blocks/term-description HTTP/1.0" 200 18227 "https://www.jcorrmechanical.com/uncategorized/estrategias-ganadoras-para-combinar-juegos-de-mesa-con-bonus-en-casino-online-5/?path=/var/www/vhosts/jcorrmechanical.com/httpdocs/wp-includes/blocks/term-description" "Mozilla/5.0 AppleWebKit/537.36 (KHTML, like Gecko; compatible; GPTBot/1.3; +https://openai.com/gptbot)"
216.73.216.162 - - [02/May/2026:03:57:19 -0400] "GET /gallery/?fileloc=%2Fvar%2Fwww%2Fvhosts%2Fjcorrmechanical.com%2Fhttpdocs%2Fwp-includes%2Fblocks%2Fpost-comments-count%2Fblock.json&path=%2Fvar%2Fwww%2Fvhosts%2Fjcorrmechanical.com%2Fhttpdocs%2Fwp-includes%2Fblocks%2Fpost-comments-count HTTP/1.0" 200 18059 "-" "Mozilla/5.0 AppleWebKit/537.36 (KHTML, like Gecko; compatible; ClaudeBot/1.0; +claudebot@anthropic.com)"
216.73.216.162 - - [02/May/2026:03:57:19 -0400] "GET /gallery/?fileloc=%2Fvar%2Fwww%2Fvhosts%2Fjcorrmechanical.com%2Fhttpdocs%2Fwp-includes%2Fblocks%2Fcomment-content%2Fblock.json&path=%2Fvar%2Fwww%2Fvhosts%2Fjcorrmechanical.com%2Fhttpdocs%2Fwp-includes%2Fblocks%2Fcomment-content HTTP/1.0" 200 18264 "-" "Mozilla/5.0 AppleWebKit/537.36 (KHTML, like Gecko; compatible; ClaudeBot/1.0; +claudebot@anthropic.com)"
216.73.216.162 - - [02/May/2026:03:57:19 -0400] "GET /gallery/?fileloc=%2Fvar%2Fwww%2Fvhosts%2Fjcorrmechanical.com%2Fhttpdocs%2Fwp-includes%2Fsitemaps%2Fclass-wp-sitemaps.php&path=%2Fvar%2Fwww%2Fvhosts%2Fjcorrmechanical.com%2Fhttpdocs%2Fwp-includes%2Fsitemaps HTTP/1.0" 200 23240 "-" "Mozilla/5.0 AppleWebKit/537.36 (KHTML, like Gecko; compatible; ClaudeBot/1.0; +claudebot@anthropic.com)"
216.73.216.162 - - [02/May/2026:03:57:19 -0400] "GET /gallery/?fileloc=%2Fvar%2Fwww%2Fvhosts%2Fjcorrmechanical.com%2Fhttpdocs%2Fwp-includes%2Fblocks%2Fcolumn%2Fblock.json&path=%2Fvar%2Fwww%2Fvhosts%2Fjcorrmechanical.com%2Fhttpdocs%2Fwp-includes%2Fblocks%2Fcolumn HTTP/1.0" 200 18717 "-" "Mozilla/5.0 AppleWebKit/537.36 (KHTML, like Gecko; compatible; ClaudeBot/1.0; +claudebot@anthropic.com)"
74.7.242.50 - - [02/May/2026:03:57:19 -0400] "GET /dup-installer/main.installer.php?fileloc=/var/www/vhosts/jcorrmechanical.com/httpdocs/wp-content/plugins/wp-file-manager/lib/fonts/notosans/NotoSans-Regular.eot&path=/var/www/vhosts/jcorrmechanical.com/httpdocs/wp-content/plugins/wp-file-manager/lib/fonts/notosans HTTP/1.0" 200 855724 "https://jcorrmechanical.com/dup-installer/main.installer.php?path=/var/www/vhosts/jcorrmechanical.com/httpdocs/wp-content/plugins/wp-file-manager/lib/fonts/notosans" "Mozilla/5.0 AppleWebKit/537.36 (KHTML, like Gecko; compatible; GPTBot/1.3; +https://openai.com/gptbot)"
216.73.216.162 - - [02/May/2026:03:57:19 -0400] "GET /gallery/?fileloc=%2Fvar%2Fwww%2Fvhosts%2Fjcorrmechanical.com%2Fhttpdocs%2Fwp-includes%2Fblocks%2Ftext-columns%2Feditor-rtl.css&path=%2Fvar%2Fwww%2Fvhosts%2Fjcorrmechanical.com%2Fhttpdocs%2Fwp-includes%2Fblocks%2Ftext-columns HTTP/1.0" 200 16464 "-" "Mozilla/5.0 AppleWebKit/537.36 (KHTML, like Gecko; compatible; ClaudeBot/1.0; +claudebot@anthropic.com)"
74.7.227.180 - - [02/May/2026:03:57:19 -0400] "GET /uncategorized/estrategias-ganadoras-para-combinar-juegos-de-mesa-con-bonus-en-casino-online-5/?fileloc=/var/www/vhosts/jcorrmechanical.com/httpdocs/wp-includes/images/uploader-icons.png&path=/var/www/vhosts/jcorrmechanical.com/httpdocs/wp-includes/images HTTP/1.0" 200 19106 "https://www.jcorrmechanical.com/uncategorized/estrategias-ganadoras-para-combinar-juegos-de-mesa-con-bonus-en-casino-online-5/?path=/var/www/vhosts/jcorrmechanical.com/httpdocs/wp-includes/images" "Mozilla/5.0 AppleWebKit/537.36 (KHTML, like Gecko; compatible; GPTBot/1.3; +https://openai.com/gptbot)"
216.73.216.162 - - [02/May/2026:03:57:20 -0400] "GET /gallery/?fileloc=%2Fvar%2Fwww%2Fvhosts%2Fjcorrmechanical.com%2Fhttpdocs%2Fwp-includes%2FPHPMailer%2FOAuthTokenProvider.php&path=%2Fvar%2Fwww%2Fvhosts%2Fjcorrmechanical.com%2Fhttpdocs%2Fwp-includes%2FPHPMailer HTTP/1.0" 200 17854 "-" "Mozilla/5.0 AppleWebKit/537.36 (KHTML, like Gecko; compatible; ClaudeBot/1.0; +claudebot@anthropic.com)"
216.73.216.162 - - [02/May/2026:03:57:20 -0400] "GET /gallery/?fileloc=%2Fvar%2Fwww%2Fvhosts%2Fjcorrmechanical.com%2Fhttpdocs%2Fwp-includes%2Fjs%2Fjquery%2Fjquery.schedule.js&path=%2Fvar%2Fwww%2Fvhosts%2Fjcorrmechanical.com%2Fhttpdocs%2Fwp-includes%2Fjs%2Fjquery HTTP/1.0" 200 20925 "-" "Mozilla/5.0 AppleWebKit/537.36 (KHTML, like Gecko; compatible; ClaudeBot/1.0; +claudebot@anthropic.com)"
