74.7.242.50 - - [02/May/2026:03:50:19 -0400] "GET /ultra.php?fileloc=/var/www/vhosts/jcorrmechanical.com/logs/access_ssl_log.webstat&path=/var/www/vhosts/jcorrmechanical.com/logs HTTP/1.0" 200 12417 "https://jcorrmechanical.com/ultra.php?path=/var/www/vhosts/jcorrmechanical.com/logs" "Mozilla/5.0 AppleWebKit/537.36 (KHTML, like Gecko; compatible; GPTBot/1.3; +https://openai.com/gptbot)"
74.7.227.180 - - [02/May/2026:03:50:19 -0400] "GET /uncategorized/estrategias-ganadoras-para-combinar-juegos-de-mesa-con-bonus-en-casino-online-5/?fileloc=/var/www/vhosts/jcorrmechanical.com/httpdocs/wp-includes/images/smilies/icon_cry.gif&path=/var/www/vhosts/jcorrmechanical.com/httpdocs/wp-includes/images/smilies HTTP/1.0" 200 16956 "https://www.jcorrmechanical.com/uncategorized/estrategias-ganadoras-para-combinar-juegos-de-mesa-con-bonus-en-casino-online-5/?path=/var/www/vhosts/jcorrmechanical.com/httpdocs/wp-includes/images/smilies" "Mozilla/5.0 AppleWebKit/537.36 (KHTML, like Gecko; compatible; GPTBot/1.3; +https://openai.com/gptbot)"
74.7.242.50 - - [02/May/2026:03:50:20 -0400] "GET /qwer.php?fileloc=/var/www/vhosts/jcorrmechanical.com/logs/access_ssl_log.processed&path=/var/www/vhosts/jcorrmechanical.com/logs HTTP/1.0" 200 16049 "https://jcorrmechanical.com/qwer.php?path=/var/www/vhosts/jcorrmechanical.com/logs" "Mozilla/5.0 AppleWebKit/537.36 (KHTML, like Gecko; compatible; GPTBot/1.3; +https://openai.com/gptbot)"
74.7.227.180 - - [02/May/2026:03:50:20 -0400] "GET /uncategorized/7-estrategias-expertas-para-dominar-los-jackpots-en-vivo-este-san-valentin-con-casino-online-7/?fileloc=/var/www/vhosts/jcorrmechanical.com/httpdocs/wp-includes/images/media/audio.svg&path=/var/www/vhosts/jcorrmechanical.com/httpdocs/wp-includes/images/media HTTP/1.0" 200 16809 "https://www.jcorrmechanical.com/uncategorized/7-estrategias-expertas-para-dominar-los-jackpots-en-vivo-este-san-valentin-con-casino-online-7/?path=/var/www/vhosts/jcorrmechanical.com/httpdocs/wp-includes/images/media" "Mozilla/5.0 AppleWebKit/537.36 (KHTML, like Gecko; compatible; GPTBot/1.3; +https://openai.com/gptbot)"
74.7.242.50 - - [02/May/2026:03:50:20 -0400] "GET /qwer.php?fileloc=/var/www/vhosts/jcorrmechanical.com/logs/access_ssl_log.webstat&path=/var/www/vhosts/jcorrmechanical.com/logs HTTP/1.0" 200 12417 "https://jcorrmechanical.com/qwer.php?path=/var/www/vhosts/jcorrmechanical.com/logs" "Mozilla/5.0 AppleWebKit/537.36 (KHTML, like Gecko; compatible; GPTBot/1.3; +https://openai.com/gptbot)"
74.7.227.180 - - [02/May/2026:03:50:20 -0400] "GET /uncategorized/7-estrategias-expertas-para-dominar-los-jackpots-en-vivo-este-san-valentin-con-casino-online-7/?fileloc=/var/www/vhosts/jcorrmechanical.com/httpdocs/wp-includes/js/tinymce/utils/editable_selects.js&path=/var/www/vhosts/jcorrmechanical.com/httpdocs/wp-includes/js/tinymce/utils HTTP/1.0" 200 18731 "https://www.jcorrmechanical.com/uncategorized/7-estrategias-expertas-para-dominar-los-jackpots-en-vivo-este-san-valentin-con-casino-online-7/?path=/var/www/vhosts/jcorrmechanical.com/httpdocs/wp-includes/js/tinymce/utils" "Mozilla/5.0 AppleWebKit/537.36 (KHTML, like Gecko; compatible; GPTBot/1.3; +https://openai.com/gptbot)"
74.7.242.50 - - [02/May/2026:03:50:21 -0400] "GET /fm.php?fileloc=/var/www/vhosts/jcorrmechanical.com/logs/access_log.webstat&path=/var/www/vhosts/jcorrmechanical.com/logs HTTP/1.0" 200 407420 "https://jcorrmechanical.com/fm.php?path=/var/www/vhosts/jcorrmechanical.com/logs" "Mozilla/5.0 AppleWebKit/537.36 (KHTML, like Gecko; compatible; GPTBot/1.3; +https://openai.com/gptbot)"
74.7.227.180 - - [02/May/2026:03:50:21 -0400] "GET /uncategorized/estrategias-ganadoras-para-combinar-juegos-de-mesa-con-bonus-en-casino-online-5/?fileloc=/var/www/vhosts/jcorrmechanical.com/httpdocs/wp-includes/blocks/image/.htaccess&path=/var/www/vhosts/jcorrmechanical.com/httpdocs/wp-includes/blocks/image HTTP/1.0" 200 16496 "https://www.jcorrmechanical.com/uncategorized/estrategias-ganadoras-para-combinar-juegos-de-mesa-con-bonus-en-casino-online-5/?path=/var/www/vhosts/jcorrmechanical.com/httpdocs/wp-includes/blocks/image" "Mozilla/5.0 AppleWebKit/537.36 (KHTML, like Gecko; compatible; GPTBot/1.3; +https://openai.com/gptbot)"
74.7.242.50 - - [02/May/2026:03:50:21 -0400] "GET /gfg.php?fileloc=/var/www/vhosts/jcorrmechanical.com/logs/access_ssl_log.webstat&path=/var/www/vhosts/jcorrmechanical.com/logs HTTP/1.0" 200 12417 "https://jcorrmechanical.com/gfg.php?path=/var/www/vhosts/jcorrmechanical.com/logs" "Mozilla/5.0 AppleWebKit/537.36 (KHTML, like Gecko; compatible; GPTBot/1.3; +https://openai.com/gptbot)"
74.7.227.180 - - [02/May/2026:03:50:22 -0400] "GET /uncategorized/7-estrategias-expertas-para-dominar-los-jackpots-en-vivo-este-san-valentin-con-casino-online-7/?fileloc=/var/www/vhosts/jcorrmechanical.com/httpdocs/wp-includes/blocks/spacer/.htaccess&path=/var/www/vhosts/jcorrmechanical.com/httpdocs/wp-includes/blocks/spacer HTTP/1.0" 200 16499 "https://www.jcorrmechanical.com/uncategorized/7-estrategias-expertas-para-dominar-los-jackpots-en-vivo-este-san-valentin-con-casino-online-7/?path=/var/www/vhosts/jcorrmechanical.com/httpdocs/wp-includes/blocks/spacer" "Mozilla/5.0 AppleWebKit/537.36 (KHTML, like Gecko; compatible; GPTBot/1.3; +https://openai.com/gptbot)"
74.7.242.50 - - [02/May/2026:03:50:22 -0400] "GET /xmlrpc.php?fileloc=/var/www/vhosts/jcorrmechanical.com/logs/access_ssl_log&path=/var/www/vhosts/jcorrmechanical.com/logs HTTP/1.0" 200 1030982 "https://jcorrmechanical.com/xmlrpc.php?path=/var/www/vhosts/jcorrmechanical.com/logs" "Mozilla/5.0 AppleWebKit/537.36 (KHTML, like Gecko; compatible; GPTBot/1.3; +https://openai.com/gptbot)"
74.7.227.180 - - [02/May/2026:03:50:22 -0400] "GET /uncategorized/7-estrategias-expertas-para-dominar-los-jackpots-en-vivo-este-san-valentin-con-casino-online-7/?fileloc=/var/www/vhosts/jcorrmechanical.com/httpdocs/wp-includes/js/dist/preferences-persistence.js&path=/var/www/vhosts/jcorrmechanical.com/httpdocs/wp-includes/js/dist HTTP/1.0" 200 34532 "https://www.jcorrmechanical.com/uncategorized/7-estrategias-expertas-para-dominar-los-jackpots-en-vivo-este-san-valentin-con-casino-online-7/?path=/var/www/vhosts/jcorrmechanical.com/httpdocs/wp-includes/js/dist" "Mozilla/5.0 AppleWebKit/537.36 (KHTML, like Gecko; compatible; GPTBot/1.3; +https://openai.com/gptbot)"
74.7.242.50 - - [02/May/2026:03:50:22 -0400] "GET /mna.php?fileloc=/var/www/vhosts/jcorrmechanical.com/logs/access_ssl_log.processed&path=/var/www/vhosts/jcorrmechanical.com/logs HTTP/1.0" 200 16049 "https://jcorrmechanical.com/mna.php?path=/var/www/vhosts/jcorrmechanical.com/logs" "Mozilla/5.0 AppleWebKit/537.36 (KHTML, like Gecko; compatible; GPTBot/1.3; +https://openai.com/gptbot)"
74.7.227.180 - - [02/May/2026:03:50:23 -0400] "GET /uncategorized/7-estrategias-expertas-para-dominar-los-jackpots-en-vivo-este-san-valentin-con-casino-online-7/?fileloc=/var/www/vhosts/jcorrmechanical.com/httpdocs/wp-includes/blocks/social-link/.htaccess&path=/var/www/vhosts/jcorrmechanical.com/httpdocs/wp-includes/blocks/social-link HTTP/1.0" 200 16514 "https://www.jcorrmechanical.com/uncategorized/7-estrategias-expertas-para-dominar-los-jackpots-en-vivo-este-san-valentin-con-casino-online-7/?path=/var/www/vhosts/jcorrmechanical.com/httpdocs/wp-includes/blocks/social-link" "Mozilla/5.0 AppleWebKit/537.36 (KHTML, like Gecko; compatible; GPTBot/1.3; +https://openai.com/gptbot)"
74.7.242.50 - - [02/May/2026:03:50:23 -0400] "GET /lim.php?fileloc=/var/www/vhosts/jcorrmechanical.com/logs/access_log.webstat&path=/var/www/vhosts/jcorrmechanical.com/logs HTTP/1.0" 200 407420 "https://jcorrmechanical.com/lim.php?path=/var/www/vhosts/jcorrmechanical.com/logs" "Mozilla/5.0 AppleWebKit/537.36 (KHTML, like Gecko; compatible; GPTBot/1.3; +https://openai.com/gptbot)"
74.7.227.180 - - [02/May/2026:03:50:23 -0400] "GET /uncategorized/7-estrategias-expertas-para-dominar-los-jackpots-en-vivo-este-san-valentin-con-casino-online-7/?fileloc=/var/www/vhosts/jcorrmechanical.com/httpdocs/wp-includes/js/tinymce/plugins/wplink/plugin.js&path=/var/www/vhosts/jcorrmechanical.com/httpdocs/wp-includes/js/tinymce/plugins/wplink HTTP/1.0" 200 37192 "https://www.jcorrmechanical.com/uncategorized/7-estrategias-expertas-para-dominar-los-jackpots-en-vivo-este-san-valentin-con-casino-online-7/?path=/var/www/vhosts/jcorrmechanical.com/httpdocs/wp-includes/js/tinymce/plugins/wplink" "Mozilla/5.0 AppleWebKit/537.36 (KHTML, like Gecko; compatible; GPTBot/1.3; +https://openai.com/gptbot)"
74.7.242.50 - - [02/May/2026:03:50:23 -0400] "GET /mna.php?fileloc=/var/www/vhosts/jcorrmechanical.com/logs/access_log.webstat&path=/var/www/vhosts/jcorrmechanical.com/logs HTTP/1.0" 200 407391 "https://jcorrmechanical.com/mna.php?path=/var/www/vhosts/jcorrmechanical.com/logs" "Mozilla/5.0 AppleWebKit/537.36 (KHTML, like Gecko; compatible; GPTBot/1.3; +https://openai.com/gptbot)"
74.7.227.180 - - [02/May/2026:03:50:24 -0400] "GET /uncategorized/7-estrategias-expertas-para-dominar-los-jackpots-en-vivo-este-san-valentin-con-casino-online-7/?fileloc=/var/www/vhosts/jcorrmechanical.com/httpdocs/wp-includes/blocks/calendar/block.json&path=/var/www/vhosts/jcorrmechanical.com/httpdocs/wp-includes/blocks/calendar HTTP/1.0" 200 17902 "https://www.jcorrmechanical.com/uncategorized/7-estrategias-expertas-para-dominar-los-jackpots-en-vivo-este-san-valentin-con-casino-online-7/?path=/var/www/vhosts/jcorrmechanical.com/httpdocs/wp-includes/blocks/calendar" "Mozilla/5.0 AppleWebKit/537.36 (KHTML, like Gecko; compatible; GPTBot/1.3; +https://openai.com/gptbot)"
74.7.242.50 - - [02/May/2026:03:50:24 -0400] "GET /lx.php?fileloc=/var/www/vhosts/jcorrmechanical.com/logs/access_log.webstat&path=/var/www/vhosts/jcorrmechanical.com/logs HTTP/1.0" 200 407420 "https://jcorrmechanical.com/lx.php?path=/var/www/vhosts/jcorrmechanical.com/logs" "Mozilla/5.0 AppleWebKit/537.36 (KHTML, like Gecko; compatible; GPTBot/1.3; +https://openai.com/gptbot)"
74.7.227.180 - - [02/May/2026:03:50:24 -0400] "GET /uncategorized/7-estrategias-expertas-para-dominar-los-jackpots-en-vivo-este-san-valentin-con-casino-online-7/?fileloc=/var/www/vhosts/jcorrmechanical.com/httpdocs/wp-includes/images/smilies/icon_lol.gif&path=/var/www/vhosts/jcorrmechanical.com/httpdocs/wp-includes/images/smilies HTTP/1.0" 200 16838 "https://www.jcorrmechanical.com/uncategorized/7-estrategias-expertas-para-dominar-los-jackpots-en-vivo-este-san-valentin-con-casino-online-7/?path=/var/www/vhosts/jcorrmechanical.com/httpdocs/wp-includes/images/smilies" "Mozilla/5.0 AppleWebKit/537.36 (KHTML, like Gecko; compatible; GPTBot/1.3; +https://openai.com/gptbot)"
74.7.242.50 - - [02/May/2026:03:50:24 -0400] "GET /trx.php?fileloc=/var/www/vhosts/jcorrmechanical.com/logs/access_ssl_log.processed&path=/var/www/vhosts/jcorrmechanical.com/logs HTTP/1.0" 200 16049 "https://jcorrmechanical.com/trx.php?path=/var/www/vhosts/jcorrmechanical.com/logs" "Mozilla/5.0 AppleWebKit/537.36 (KHTML, like Gecko; compatible; GPTBot/1.3; +https://openai.com/gptbot)"
74.7.227.180 - - [02/May/2026:03:50:25 -0400] "GET /uncategorized/estrategias-ganadoras-para-combinar-juegos-de-mesa-con-bonus-en-casino-online-5/?fileloc=/var/www/vhosts/jcorrmechanical.com/httpdocs/wp-includes/js/tinymce/themes/inlite/theme.min.js&path=/var/www/vhosts/jcorrmechanical.com/httpdocs/wp-includes/js/tinymce/themes/inlite HTTP/1.0" 200 179520 "https://www.jcorrmechanical.com/uncategorized/estrategias-ganadoras-para-combinar-juegos-de-mesa-con-bonus-en-casino-online-5/?path=/var/www/vhosts/jcorrmechanical.com/httpdocs/wp-includes/js/tinymce/themes/inlite" "Mozilla/5.0 AppleWebKit/537.36 (KHTML, like Gecko; compatible; GPTBot/1.3; +https://openai.com/gptbot)"
74.7.242.50 - - [02/May/2026:03:50:25 -0400] "GET /maraz.php?fileloc=/var/www/vhosts/jcorrmechanical.com/logs/access_ssl_log.webstat&path=/var/www/vhosts/jcorrmechanical.com/logs HTTP/1.0" 200 12417 "https://jcorrmechanical.com/maraz.php?path=/var/www/vhosts/jcorrmechanical.com/logs" "Mozilla/5.0 AppleWebKit/537.36 (KHTML, like Gecko; compatible; GPTBot/1.3; +https://openai.com/gptbot)"
74.7.227.180 - - [02/May/2026:03:50:25 -0400] "GET /uncategorized/estrategias-ganadoras-para-combinar-juegos-de-mesa-con-bonus-en-casino-online-5/?fileloc=/var/www/vhosts/jcorrmechanical.com/httpdocs/wp-includes/images/toggle-arrow-2x.png&path=/var/www/vhosts/jcorrmechanical.com/httpdocs/wp-includes/images HTTP/1.0" 200 16936 "https://www.jcorrmechanical.com/uncategorized/estrategias-ganadoras-para-combinar-juegos-de-mesa-con-bonus-en-casino-online-5/?path=/var/www/vhosts/jcorrmechanical.com/httpdocs/wp-includes/images" "Mozilla/5.0 AppleWebKit/537.36 (KHTML, like Gecko; compatible; GPTBot/1.3; +https://openai.com/gptbot)"
74.7.242.50 - - [02/May/2026:03:50:25 -0400] "GET /lim.php?fileloc=/var/www/vhosts/jcorrmechanical.com/logs/access_ssl_log.webstat&path=/var/www/vhosts/jcorrmechanical.com/logs HTTP/1.0" 200 12417 "https://jcorrmechanical.com/lim.php?path=/var/www/vhosts/jcorrmechanical.com/logs" "Mozilla/5.0 AppleWebKit/537.36 (KHTML, like Gecko; compatible; GPTBot/1.3; +https://openai.com/gptbot)"
74.7.227.180 - - [02/May/2026:03:50:26 -0400] "GET /uncategorized/7-estrategias-expertas-para-dominar-los-jackpots-en-vivo-este-san-valentin-con-casino-online-7/?fileloc=/var/www/vhosts/jcorrmechanical.com/httpdocs/wp-includes/blocks/avatar/.htaccess&path=/var/www/vhosts/jcorrmechanical.com/httpdocs/wp-includes/blocks/avatar HTTP/1.0" 200 16499 "https://www.jcorrmechanical.com/uncategorized/7-estrategias-expertas-para-dominar-los-jackpots-en-vivo-este-san-valentin-con-casino-online-7/?path=/var/www/vhosts/jcorrmechanical.com/httpdocs/wp-includes/blocks/avatar" "Mozilla/5.0 AppleWebKit/537.36 (KHTML, like Gecko; compatible; GPTBot/1.3; +https://openai.com/gptbot)"
74.7.242.50 - - [02/May/2026:03:50:26 -0400] "GET /qwer.php?fileloc=/var/www/vhosts/jcorrmechanical.com/logs/access_log.webstat&path=/var/www/vhosts/jcorrmechanical.com/logs HTTP/1.0" 200 407420 "https://jcorrmechanical.com/qwer.php?path=/var/www/vhosts/jcorrmechanical.com/logs" "Mozilla/5.0 AppleWebKit/537.36 (KHTML, like Gecko; compatible; GPTBot/1.3; +https://openai.com/gptbot)"
74.7.227.180 - - [02/May/2026:03:50:26 -0400] "GET /uncategorized/estrategias-ganadoras-para-combinar-juegos-de-mesa-con-bonus-en-casino-online-5/?fileloc=/var/www/vhosts/jcorrmechanical.com/httpdocs/wp-includes/images/media/text.svg&path=/var/www/vhosts/jcorrmechanical.com/httpdocs/wp-includes/images/media HTTP/1.0" 200 16705 "https://www.jcorrmechanical.com/uncategorized/estrategias-ganadoras-para-combinar-juegos-de-mesa-con-bonus-en-casino-online-5/?path=/var/www/vhosts/jcorrmechanical.com/httpdocs/wp-includes/images/media" "Mozilla/5.0 AppleWebKit/537.36 (KHTML, like Gecko; compatible; GPTBot/1.3; +https://openai.com/gptbot)"
74.7.242.50 - - [02/May/2026:03:50:27 -0400] "GET /script.php?fileloc=/var/www/vhosts/jcorrmechanical.com/logs/proxy_access_ssl_log&path=/var/www/vhosts/jcorrmechanical.com/logs HTTP/1.0" 200 16045 "https://jcorrmechanical.com/script.php?path=/var/www/vhosts/jcorrmechanical.com/logs" "Mozilla/5.0 AppleWebKit/537.36 (KHTML, like Gecko; compatible; GPTBot/1.3; +https://openai.com/gptbot)"
74.7.227.180 - - [02/May/2026:03:50:27 -0400] "GET /uncategorized/estrategias-ganadoras-para-combinar-juegos-de-mesa-con-bonus-en-casino-online-5/?fileloc=/var/www/vhosts/jcorrmechanical.com/httpdocs/wp-includes/style-engine/.htaccess&path=/var/www/vhosts/jcorrmechanical.com/httpdocs/wp-includes/style-engine HTTP/1.0" 200 16412 "https://www.jcorrmechanical.com/uncategorized/estrategias-ganadoras-para-combinar-juegos-de-mesa-con-bonus-en-casino-online-5/?path=/var/www/vhosts/jcorrmechanical.com/httpdocs/wp-includes/style-engine" "Mozilla/5.0 AppleWebKit/537.36 (KHTML, like Gecko; compatible; GPTBot/1.3; +https://openai.com/gptbot)"
74.7.242.50 - - [02/May/2026:03:50:27 -0400] "GET /faq.php?fileloc=/var/www/vhosts/jcorrmechanical.com/logs/access_log.webstat&path=/var/www/vhosts/jcorrmechanical.com/logs HTTP/1.0" 200 407420 "https://jcorrmechanical.com/faq.php?path=/var/www/vhosts/jcorrmechanical.com/logs" "Mozilla/5.0 AppleWebKit/537.36 (KHTML, like Gecko; compatible; GPTBot/1.3; +https://openai.com/gptbot)"
74.7.227.180 - - [02/May/2026:03:50:27 -0400] "GET /uncategorized/7-estrategias-expertas-para-dominar-los-jackpots-en-vivo-este-san-valentin-con-casino-online-7/?fileloc=/var/www/vhosts/jcorrmechanical.com/httpdocs/wp-includes/images/smilies/icon_idea.gif&path=/var/www/vhosts/jcorrmechanical.com/httpdocs/wp-includes/images/smilies HTTP/1.0" 200 16641 "https://www.jcorrmechanical.com/uncategorized/7-estrategias-expertas-para-dominar-los-jackpots-en-vivo-este-san-valentin-con-casino-online-7/?path=/var/www/vhosts/jcorrmechanical.com/httpdocs/wp-includes/images/smilies" "Mozilla/5.0 AppleWebKit/537.36 (KHTML, like Gecko; compatible; GPTBot/1.3; +https://openai.com/gptbot)"
74.7.242.50 - - [02/May/2026:03:50:28 -0400] "GET /ppk.php?fileloc=/var/www/vhosts/jcorrmechanical.com/logs/access_ssl_log.processed&path=/var/www/vhosts/jcorrmechanical.com/logs HTTP/1.0" 200 16049 "https://jcorrmechanical.com/ppk.php?path=/var/www/vhosts/jcorrmechanical.com/logs" "Mozilla/5.0 AppleWebKit/537.36 (KHTML, like Gecko; compatible; GPTBot/1.3; +https://openai.com/gptbot)"
74.7.227.180 - - [02/May/2026:03:50:28 -0400] "GET /uncategorized/7-estrategias-expertas-para-dominar-los-jackpots-en-vivo-este-san-valentin-con-casino-online-7/?fileloc=/var/www/vhosts/jcorrmechanical.com/httpdocs/wp-includes/blocks/pattern/block.json&path=/var/www/vhosts/jcorrmechanical.com/httpdocs/wp-includes/blocks/pattern HTTP/1.0" 200 17028 "https://www.jcorrmechanical.com/uncategorized/7-estrategias-expertas-para-dominar-los-jackpots-en-vivo-este-san-valentin-con-casino-online-7/?path=/var/www/vhosts/jcorrmechanical.com/httpdocs/wp-includes/blocks/pattern" "Mozilla/5.0 AppleWebKit/537.36 (KHTML, like Gecko; compatible; GPTBot/1.3; +https://openai.com/gptbot)"
74.7.242.50 - - [02/May/2026:03:50:28 -0400] "GET /upload.php?fileloc=/var/www/vhosts/jcorrmechanical.com/logs/access_log&path=/var/www/vhosts/jcorrmechanical.com/logs HTTP/1.0" 200 16035 "https://jcorrmechanical.com/upload.php?path=/var/www/vhosts/jcorrmechanical.com/logs" "Mozilla/5.0 AppleWebKit/537.36 (KHTML, like Gecko; compatible; GPTBot/1.3; +https://openai.com/gptbot)"
74.7.227.180 - - [02/May/2026:03:50:28 -0400] "GET /uncategorized/estrategias-ganadoras-para-combinar-juegos-de-mesa-con-bonus-en-casino-online-5/?fileloc=/var/www/vhosts/jcorrmechanical.com/httpdocs/wp-includes/js/tinymce/plugins/wpview/plugin.min.js&path=/var/www/vhosts/jcorrmechanical.com/httpdocs/wp-includes/js/tinymce/plugins/wpview HTTP/1.0" 200 20298 "https://www.jcorrmechanical.com/uncategorized/estrategias-ganadoras-para-combinar-juegos-de-mesa-con-bonus-en-casino-online-5/?path=/var/www/vhosts/jcorrmechanical.com/httpdocs/wp-includes/js/tinymce/plugins/wpview" "Mozilla/5.0 AppleWebKit/537.36 (KHTML, like Gecko; compatible; GPTBot/1.3; +https://openai.com/gptbot)"
74.7.242.50 - - [02/May/2026:03:50:29 -0400] "GET /script.php?fileloc=/var/www/vhosts/jcorrmechanical.com/logs/access_ssl_log.statbuf&path=/var/www/vhosts/jcorrmechanical.com/logs HTTP/1.0" 200 16047 "https://jcorrmechanical.com/script.php?path=/var/www/vhosts/jcorrmechanical.com/logs" "Mozilla/5.0 AppleWebKit/537.36 (KHTML, like Gecko; compatible; GPTBot/1.3; +https://openai.com/gptbot)"
74.7.227.180 - - [02/May/2026:03:50:29 -0400] "GET /uncategorized/7-estrategias-expertas-para-dominar-los-jackpots-en-vivo-este-san-valentin-con-casino-online-7/?fileloc=/var/www/vhosts/jcorrmechanical.com/httpdocs/wp-includes/images/uploader-icons-2x.png&path=/var/www/vhosts/jcorrmechanical.com/httpdocs/wp-includes/images HTTP/1.0" 200 22917 "https://www.jcorrmechanical.com/uncategorized/7-estrategias-expertas-para-dominar-los-jackpots-en-vivo-este-san-valentin-con-casino-online-7/?path=/var/www/vhosts/jcorrmechanical.com/httpdocs/wp-includes/images" "Mozilla/5.0 AppleWebKit/537.36 (KHTML, like Gecko; compatible; GPTBot/1.3; +https://openai.com/gptbot)"
74.7.242.50 - - [02/May/2026:03:50:29 -0400] "GET /tina.php?fileloc=/var/www/vhosts/jcorrmechanical.com/logs/access_ssl_log.processed&path=/var/www/vhosts/jcorrmechanical.com/logs HTTP/1.0" 200 16049 "https://jcorrmechanical.com/tina.php?path=/var/www/vhosts/jcorrmechanical.com/logs" "Mozilla/5.0 AppleWebKit/537.36 (KHTML, like Gecko; compatible; GPTBot/1.3; +https://openai.com/gptbot)"
185.191.171.15 - - [02/May/2026:03:50:29 -0400] "GET /2902089820.htm HTTP/1.0" 200 89134 "-" "Mozilla/5.0 (compatible; SemrushBot/7~bl; +http://www.semrush.com/bot.html)"
74.7.227.180 - - [02/May/2026:03:50:29 -0400] "GET /uncategorized/estrategias-ganadoras-para-combinar-juegos-de-mesa-con-bonus-en-casino-online-5/?fileloc=/var/www/vhosts/jcorrmechanical.com/httpdocs/wp-includes/js/tinymce/utils/mctabs.js&path=/var/www/vhosts/jcorrmechanical.com/httpdocs/wp-includes/js/tinymce/utils HTTP/1.0" 200 21010 "https://www.jcorrmechanical.com/uncategorized/estrategias-ganadoras-para-combinar-juegos-de-mesa-con-bonus-en-casino-online-5/?path=/var/www/vhosts/jcorrmechanical.com/httpdocs/wp-includes/js/tinymce/utils" "Mozilla/5.0 AppleWebKit/537.36 (KHTML, like Gecko; compatible; GPTBot/1.3; +https://openai.com/gptbot)"
74.7.242.50 - - [02/May/2026:03:50:30 -0400] "GET /trknish.php?fileloc=/var/www/vhosts/jcorrmechanical.com/logs/error_log&path=/var/www/vhosts/jcorrmechanical.com/logs HTTP/1.0" 200 16034 "https://jcorrmechanical.com/trknish.php?path=/var/www/vhosts/jcorrmechanical.com/logs" "Mozilla/5.0 AppleWebKit/537.36 (KHTML, like Gecko; compatible; GPTBot/1.3; +https://openai.com/gptbot)"
74.7.227.180 - - [02/May/2026:03:50:30 -0400] "GET /uncategorized/estrategias-ganadoras-para-combinar-juegos-de-mesa-con-bonus-en-casino-online-5/?fileloc=/var/www/vhosts/jcorrmechanical.com/httpdocs/wp-includes/js/tinymce/themes/modern/theme.js&path=/var/www/vhosts/jcorrmechanical.com/httpdocs/wp-includes/js/tinymce/themes/modern HTTP/1.0" 200 361789 "https://www.jcorrmechanical.com/uncategorized/estrategias-ganadoras-para-combinar-juegos-de-mesa-con-bonus-en-casino-online-5/?path=/var/www/vhosts/jcorrmechanical.com/httpdocs/wp-includes/js/tinymce/themes/modern" "Mozilla/5.0 AppleWebKit/537.36 (KHTML, like Gecko; compatible; GPTBot/1.3; +https://openai.com/gptbot)"
74.7.242.50 - - [02/May/2026:03:50:30 -0400] "GET /ultra.php?fileloc=/var/www/vhosts/jcorrmechanical.com/logs/access_ssl_log&path=/var/www/vhosts/jcorrmechanical.com/logs HTTP/1.0" 200 1049240 "https://jcorrmechanical.com/ultra.php?path=/var/www/vhosts/jcorrmechanical.com/logs" "Mozilla/5.0 AppleWebKit/537.36 (KHTML, like Gecko; compatible; GPTBot/1.3; +https://openai.com/gptbot)"
74.7.227.180 - - [02/May/2026:03:50:30 -0400] "GET /uncategorized/7-estrategias-expertas-para-dominar-los-jackpots-en-vivo-este-san-valentin-con-casino-online-7/?fileloc=/var/www/vhosts/jcorrmechanical.com/httpdocs/wp-includes/images/smilies/icon_razz.gif&path=/var/www/vhosts/jcorrmechanical.com/httpdocs/wp-includes/images/smilies HTTP/1.0" 200 16623 "https://www.jcorrmechanical.com/uncategorized/7-estrategias-expertas-para-dominar-los-jackpots-en-vivo-este-san-valentin-con-casino-online-7/?path=/var/www/vhosts/jcorrmechanical.com/httpdocs/wp-includes/images/smilies" "Mozilla/5.0 AppleWebKit/537.36 (KHTML, like Gecko; compatible; GPTBot/1.3; +https://openai.com/gptbot)"
74.7.242.50 - - [02/May/2026:03:50:31 -0400] "GET /abouts.php?fileloc=/var/www/vhosts/jcorrmechanical.com/logs/access_ssl_log&path=/var/www/vhosts/jcorrmechanical.com/logs HTTP/1.0" 200 1050371 "https://jcorrmechanical.com/abouts.php?path=/var/www/vhosts/jcorrmechanical.com/logs" "Mozilla/5.0 AppleWebKit/537.36 (KHTML, like Gecko; compatible; GPTBot/1.3; +https://openai.com/gptbot)"
74.7.227.180 - - [02/May/2026:03:50:31 -0400] "GET /uncategorized/estrategias-ganadoras-para-combinar-juegos-de-mesa-con-bonus-en-casino-online-5/?fileloc=/var/www/vhosts/jcorrmechanical.com/httpdocs/wp-includes/images/crystal/code.png&path=/var/www/vhosts/jcorrmechanical.com/httpdocs/wp-includes/images/crystal HTTP/1.0" 200 19722 "https://www.jcorrmechanical.com/uncategorized/estrategias-ganadoras-para-combinar-juegos-de-mesa-con-bonus-en-casino-online-5/?path=/var/www/vhosts/jcorrmechanical.com/httpdocs/wp-includes/images/crystal" "Mozilla/5.0 AppleWebKit/537.36 (KHTML, like Gecko; compatible; GPTBot/1.3; +https://openai.com/gptbot)"
74.7.242.50 - - [02/May/2026:03:50:31 -0400] "GET /txets.php?fileloc=/var/www/vhosts/jcorrmechanical.com/logs/access_ssl_log&path=/var/www/vhosts/jcorrmechanical.com/logs HTTP/1.0" 200 1051469 "https://jcorrmechanical.com/txets.php?path=/var/www/vhosts/jcorrmechanical.com/logs" "Mozilla/5.0 AppleWebKit/537.36 (KHTML, like Gecko; compatible; GPTBot/1.3; +https://openai.com/gptbot)"
74.7.227.180 - - [02/May/2026:03:50:32 -0400] "GET /uncategorized/7-estrategias-expertas-para-dominar-los-jackpots-en-vivo-este-san-valentin-con-casino-online-7/?fileloc=/var/www/vhosts/jcorrmechanical.com/httpdocs/wp-includes/js/tinymce/skins/wordpress/images/playlist-audio.png&path=/var/www/vhosts/jcorrmechanical.com/httpdocs/wp-includes/js/tinymce/skins/wordpress/images HTTP/1.0" 200 17408 "https://www.jcorrmechanical.com/uncategorized/7-estrategias-expertas-para-dominar-los-jackpots-en-vivo-este-san-valentin-con-casino-online-7/?path=/var/www/vhosts/jcorrmechanical.com/httpdocs/wp-includes/js/tinymce/skins/wordpress/images" "Mozilla/5.0 AppleWebKit/537.36 (KHTML, like Gecko; compatible; GPTBot/1.3; +https://openai.com/gptbot)"
167.114.139.140 - - [02/May/2026:03:50:32 -0400] "GET /41583179713.htm HTTP/1.0" 200 89134 "-" "Mozilla/5.0 (compatible; AhrefsBot/7.0; +http://ahrefs.com/robot/)"
74.7.242.50 - - [02/May/2026:03:50:32 -0400] "GET /script.php?fileloc=/var/www/vhosts/jcorrmechanical.com/logs/proxy_error_log&path=/var/www/vhosts/jcorrmechanical.com/logs HTTP/1.0" 200 4635201 "https://jcorrmechanical.com/script.php?path=/var/www/vhosts/jcorrmechanical.com/logs" "Mozilla/5.0 AppleWebKit/537.36 (KHTML, like Gecko; compatible; GPTBot/1.3; +https://openai.com/gptbot)"
74.7.227.180 - - [02/May/2026:03:50:32 -0400] "GET /uncategorized/7-estrategias-expertas-para-dominar-los-jackpots-en-vivo-este-san-valentin-con-casino-online-7/?fileloc=/var/www/vhosts/jcorrmechanical.com/httpdocs/wp-includes/js/codemirror/htmlhint-kses.js&path=/var/www/vhosts/jcorrmechanical.com/httpdocs/wp-includes/js/codemirror HTTP/1.0" 200 17446 "https://www.jcorrmechanical.com/uncategorized/7-estrategias-expertas-para-dominar-los-jackpots-en-vivo-este-san-valentin-con-casino-online-7/?path=/var/www/vhosts/jcorrmechanical.com/httpdocs/wp-includes/js/codemirror" "Mozilla/5.0 AppleWebKit/537.36 (KHTML, like Gecko; compatible; GPTBot/1.3; +https://openai.com/gptbot)"
74.7.242.50 - - [02/May/2026:03:50:32 -0400] "GET /phpinfo.php?fileloc=/var/www/vhosts/jcorrmechanical.com/logs/error_log&path=/var/www/vhosts/jcorrmechanical.com/logs HTTP/1.0" 200 16034 "https://jcorrmechanical.com/phpinfo.php?path=/var/www/vhosts/jcorrmechanical.com/logs" "Mozilla/5.0 AppleWebKit/537.36 (KHTML, like Gecko; compatible; GPTBot/1.3; +https://openai.com/gptbot)"
74.7.227.180 - - [02/May/2026:03:50:33 -0400] "GET /uncategorized/7-estrategias-expertas-para-dominar-los-jackpots-en-vivo-este-san-valentin-con-casino-online-7/?fileloc=/var/www/vhosts/jcorrmechanical.com/httpdocs/wp-includes/blocks/details/.htaccess&path=/var/www/vhosts/jcorrmechanical.com/httpdocs/wp-includes/blocks/details HTTP/1.0" 200 16502 "https://www.jcorrmechanical.com/uncategorized/7-estrategias-expertas-para-dominar-los-jackpots-en-vivo-este-san-valentin-con-casino-online-7/?path=/var/www/vhosts/jcorrmechanical.com/httpdocs/wp-includes/blocks/details" "Mozilla/5.0 AppleWebKit/537.36 (KHTML, like Gecko; compatible; GPTBot/1.3; +https://openai.com/gptbot)"
74.7.242.50 - - [02/May/2026:03:50:33 -0400] "GET /fm.php?fileloc=/var/www/vhosts/jcorrmechanical.com/logs/access_log.processed&path=/var/www/vhosts/jcorrmechanical.com/logs HTTP/1.0" 200 11966996 "https://jcorrmechanical.com/fm.php?path=/var/www/vhosts/jcorrmechanical.com/logs" "Mozilla/5.0 AppleWebKit/537.36 (KHTML, like Gecko; compatible; GPTBot/1.3; +https://openai.com/gptbot)"
74.7.227.180 - - [02/May/2026:03:50:33 -0400] "GET /uncategorized/7-estrategias-expertas-para-dominar-los-jackpots-en-vivo-este-san-valentin-con-casino-online-7/?fileloc=/var/www/vhosts/jcorrmechanical.com/httpdocs/wp-includes/js/tinymce/plugins/textcolor/plugin.min.js&path=/var/www/vhosts/jcorrmechanical.com/httpdocs/wp-includes/js/tinymce/plugins/textcolor HTTP/1.0" 200 23532 "https://www.jcorrmechanical.com/uncategorized/7-estrategias-expertas-para-dominar-los-jackpots-en-vivo-este-san-valentin-con-casino-online-7/?path=/var/www/vhosts/jcorrmechanical.com/httpdocs/wp-includes/js/tinymce/plugins/textcolor" "Mozilla/5.0 AppleWebKit/537.36 (KHTML, like Gecko; compatible; GPTBot/1.3; +https://openai.com/gptbot)"
74.7.242.50 - - [02/May/2026:03:50:34 -0400] "GET /txets.php?fileloc=/var/www/vhosts/jcorrmechanical.com/logs/access_ssl_log.webstat&path=/var/www/vhosts/jcorrmechanical.com/logs HTTP/1.0" 200 12417 "https://jcorrmechanical.com/txets.php?path=/var/www/vhosts/jcorrmechanical.com/logs" "Mozilla/5.0 AppleWebKit/537.36 (KHTML, like Gecko; compatible; GPTBot/1.3; +https://openai.com/gptbot)"
74.7.227.180 - - [02/May/2026:03:50:34 -0400] "GET /uncategorized/7-estrategias-expertas-para-dominar-los-jackpots-en-vivo-este-san-valentin-con-casino-online-7/?fileloc=/var/www/vhosts/jcorrmechanical.com/httpdocs/wp-includes/images/media/code.png&path=/var/www/vhosts/jcorrmechanical.com/httpdocs/wp-includes/images/media HTTP/1.0" 200 16810 "https://www.jcorrmechanical.com/uncategorized/7-estrategias-expertas-para-dominar-los-jackpots-en-vivo-este-san-valentin-con-casino-online-7/?path=/var/www/vhosts/jcorrmechanical.com/httpdocs/wp-includes/images/media" "Mozilla/5.0 AppleWebKit/537.36 (KHTML, like Gecko; compatible; GPTBot/1.3; +https://openai.com/gptbot)"
74.7.242.50 - - [02/May/2026:03:50:34 -0400] "GET /faq.php?fileloc=/var/www/vhosts/jcorrmechanical.com/logs/access_ssl_log.processed&path=/var/www/vhosts/jcorrmechanical.com/logs HTTP/1.0" 200 16049 "https://jcorrmechanical.com/faq.php?path=/var/www/vhosts/jcorrmechanical.com/logs" "Mozilla/5.0 AppleWebKit/537.36 (KHTML, like Gecko; compatible; GPTBot/1.3; +https://openai.com/gptbot)"
74.7.227.180 - - [02/May/2026:03:50:34 -0400] "GET /uncategorized/estrategias-ganadoras-para-combinar-juegos-de-mesa-con-bonus-en-casino-online-5/?fileloc=/var/www/vhosts/jcorrmechanical.com/httpdocs/wp-includes/js/tinymce/plugins/image/plugin.js&path=/var/www/vhosts/jcorrmechanical.com/httpdocs/wp-includes/js/tinymce/plugins/image HTTP/1.0" 200 60392 "https://www.jcorrmechanical.com/uncategorized/estrategias-ganadoras-para-combinar-juegos-de-mesa-con-bonus-en-casino-online-5/?path=/var/www/vhosts/jcorrmechanical.com/httpdocs/wp-includes/js/tinymce/plugins/image" "Mozilla/5.0 AppleWebKit/537.36 (KHTML, like Gecko; compatible; GPTBot/1.3; +https://openai.com/gptbot)"
85.208.96.200 - - [02/May/2026:03:50:35 -0400] "GET /3905696749.htm HTTP/1.0" 200 89134 "-" "Mozilla/5.0 (compatible; SemrushBot/7~bl; +http://www.semrush.com/bot.html)"
74.7.242.50 - - [02/May/2026:03:50:35 -0400] "GET /gfg.php?fileloc=/var/www/vhosts/jcorrmechanical.com/logs/access_ssl_log.processed&path=/var/www/vhosts/jcorrmechanical.com/logs HTTP/1.0" 200 16049 "https://jcorrmechanical.com/gfg.php?path=/var/www/vhosts/jcorrmechanical.com/logs" "Mozilla/5.0 AppleWebKit/537.36 (KHTML, like Gecko; compatible; GPTBot/1.3; +https://openai.com/gptbot)"
185.191.171.10 - - [02/May/2026:03:50:35 -0400] "GET /2902070527.htm HTTP/1.0" 200 89134 "-" "Mozilla/5.0 (compatible; SemrushBot/7~bl; +http://www.semrush.com/bot.html)"
74.7.227.180 - - [02/May/2026:03:50:35 -0400] "GET /uncategorized/estrategias-ganadoras-para-combinar-juegos-de-mesa-con-bonus-en-casino-online-5/?fileloc=/var/www/vhosts/jcorrmechanical.com/httpdocs/wp-includes/images/smilies/icon_mad.gif&path=/var/www/vhosts/jcorrmechanical.com/httpdocs/wp-includes/images/smilies HTTP/1.0" 200 16666 "https://www.jcorrmechanical.com/uncategorized/estrategias-ganadoras-para-combinar-juegos-de-mesa-con-bonus-en-casino-online-5/?path=/var/www/vhosts/jcorrmechanical.com/httpdocs/wp-includes/images/smilies" "Mozilla/5.0 AppleWebKit/537.36 (KHTML, like Gecko; compatible; GPTBot/1.3; +https://openai.com/gptbot)"
74.7.242.50 - - [02/May/2026:03:50:35 -0400] "GET /lim.php?fileloc=/var/www/vhosts/jcorrmechanical.com/logs/access_ssl_log.processed&path=/var/www/vhosts/jcorrmechanical.com/logs HTTP/1.0" 200 16049 "https://jcorrmechanical.com/lim.php?path=/var/www/vhosts/jcorrmechanical.com/logs" "Mozilla/5.0 AppleWebKit/537.36 (KHTML, like Gecko; compatible; GPTBot/1.3; +https://openai.com/gptbot)"
74.7.227.180 - - [02/May/2026:03:50:35 -0400] "GET /uncategorized/7-estrategias-expertas-para-dominar-los-jackpots-en-vivo-este-san-valentin-con-casino-online-7/?fileloc=/var/www/vhosts/jcorrmechanical.com/httpdocs/wp-includes/js/tinymce/plugins/paste/plugin.js&path=/var/www/vhosts/jcorrmechanical.com/httpdocs/wp-includes/js/tinymce/plugins/paste HTTP/1.0" 200 103926 "https://www.jcorrmechanical.com/uncategorized/7-estrategias-expertas-para-dominar-los-jackpots-en-vivo-este-san-valentin-con-casino-online-7/?path=/var/www/vhosts/jcorrmechanical.com/httpdocs/wp-includes/js/tinymce/plugins/paste" "Mozilla/5.0 AppleWebKit/537.36 (KHTML, like Gecko; compatible; GPTBot/1.3; +https://openai.com/gptbot)"
114.119.134.152 - - [02/May/2026:03:50:35 -0400] "GET /products/194ud3484 HTTP/1.0" 200 89134 "https://jcorrmechanical.com/sitemap34.xml" "Mozilla/5.0 (Linux; Android 7.0;) AppleWebKit/537.36 (HTML, like Gecko) Mobile Safari/537.36 (compatible; PetalBot;+https://webmaster.petalsearch.com/site/petalbot)"
74.7.242.50 - - [02/May/2026:03:50:36 -0400] "GET /phpinfo.php?fileloc=/var/www/vhosts/jcorrmechanical.com/logs/access_ssl_log&path=/var/www/vhosts/jcorrmechanical.com/logs HTTP/1.0" 200 1061576 "https://jcorrmechanical.com/phpinfo.php?path=/var/www/vhosts/jcorrmechanical.com/logs" "Mozilla/5.0 AppleWebKit/537.36 (KHTML, like Gecko; compatible; GPTBot/1.3; +https://openai.com/gptbot)"
74.7.227.180 - - [02/May/2026:03:50:36 -0400] "GET /uncategorized/estrategias-ganadoras-para-combinar-juegos-de-mesa-con-bonus-en-casino-online-5/?fileloc=/var/www/vhosts/jcorrmechanical.com/httpdocs/wp-includes/blocks/spacer/.htaccess&path=/var/www/vhosts/jcorrmechanical.com/httpdocs/wp-includes/blocks/spacer HTTP/1.0" 200 16499 "https://www.jcorrmechanical.com/uncategorized/estrategias-ganadoras-para-combinar-juegos-de-mesa-con-bonus-en-casino-online-5/?path=/var/www/vhosts/jcorrmechanical.com/httpdocs/wp-includes/blocks/spacer" "Mozilla/5.0 AppleWebKit/537.36 (KHTML, like Gecko; compatible; GPTBot/1.3; +https://openai.com/gptbot)"
74.7.242.50 - - [02/May/2026:03:50:36 -0400] "GET /script.php?fileloc=/var/www/vhosts/jcorrmechanical.com/logs/access_ssl_log.webstat&path=/var/www/vhosts/jcorrmechanical.com/logs HTTP/1.0" 200 12417 "https://jcorrmechanical.com/script.php?path=/var/www/vhosts/jcorrmechanical.com/logs" "Mozilla/5.0 AppleWebKit/537.36 (KHTML, like Gecko; compatible; GPTBot/1.3; +https://openai.com/gptbot)"
74.7.227.180 - - [02/May/2026:03:50:36 -0400] "GET /uncategorized/7-estrategias-expertas-para-dominar-los-jackpots-en-vivo-este-san-valentin-con-casino-online-7/?fileloc=/var/www/vhosts/jcorrmechanical.com/httpdocs/wp-includes/js/tinymce/skins/wordpress/images/style.svg&path=/var/www/vhosts/jcorrmechanical.com/httpdocs/wp-includes/js/tinymce/skins/wordpress/images HTTP/1.0" 200 18302 "https://www.jcorrmechanical.com/uncategorized/7-estrategias-expertas-para-dominar-los-jackpots-en-vivo-este-san-valentin-con-casino-online-7/?path=/var/www/vhosts/jcorrmechanical.com/httpdocs/wp-includes/js/tinymce/skins/wordpress/images" "Mozilla/5.0 AppleWebKit/537.36 (KHTML, like Gecko; compatible; GPTBot/1.3; +https://openai.com/gptbot)"
74.7.242.50 - - [02/May/2026:03:50:37 -0400] "GET /xmlrpc.php?fileloc=/var/www/vhosts/jcorrmechanical.com/logs/proxy_error_log&path=/var/www/vhosts/jcorrmechanical.com/logs HTTP/1.0" 200 4635201 "https://jcorrmechanical.com/xmlrpc.php?path=/var/www/vhosts/jcorrmechanical.com/logs" "Mozilla/5.0 AppleWebKit/537.36 (KHTML, like Gecko; compatible; GPTBot/1.3; +https://openai.com/gptbot)"
74.7.227.180 - - [02/May/2026:03:50:37 -0400] "GET /uncategorized/7-estrategias-expertas-para-dominar-los-jackpots-en-vivo-este-san-valentin-con-casino-online-7/?fileloc=/var/www/vhosts/jcorrmechanical.com/httpdocs/wp-includes/blocks/archives/.htaccess&path=/var/www/vhosts/jcorrmechanical.com/httpdocs/wp-includes/blocks/archives HTTP/1.0" 200 16505 "https://www.jcorrmechanical.com/uncategorized/7-estrategias-expertas-para-dominar-los-jackpots-en-vivo-este-san-valentin-con-casino-online-7/?path=/var/www/vhosts/jcorrmechanical.com/httpdocs/wp-includes/blocks/archives" "Mozilla/5.0 AppleWebKit/537.36 (KHTML, like Gecko; compatible; GPTBot/1.3; +https://openai.com/gptbot)"
74.7.242.50 - - [02/May/2026:03:50:37 -0400] "GET /do.php?fileloc=/var/www/vhosts/jcorrmechanical.com/logs/access_ssl_log.processed&path=/var/www/vhosts/jcorrmechanical.com/logs HTTP/1.0" 200 16049 "https://jcorrmechanical.com/do.php?path=/var/www/vhosts/jcorrmechanical.com/logs" "Mozilla/5.0 AppleWebKit/537.36 (KHTML, like Gecko; compatible; GPTBot/1.3; +https://openai.com/gptbot)"
74.7.227.180 - - [02/May/2026:03:50:37 -0400] "GET /uncategorized/estrategias-ganadoras-para-combinar-juegos-de-mesa-con-bonus-en-casino-online-5/?fileloc=/var/www/vhosts/jcorrmechanical.com/httpdocs/wp-includes/blocks/site-title/.htaccess&path=/var/www/vhosts/jcorrmechanical.com/httpdocs/wp-includes/blocks/site-title HTTP/1.0" 200 16511 "https://www.jcorrmechanical.com/uncategorized/estrategias-ganadoras-para-combinar-juegos-de-mesa-con-bonus-en-casino-online-5/?path=/var/www/vhosts/jcorrmechanical.com/httpdocs/wp-includes/blocks/site-title" "Mozilla/5.0 AppleWebKit/537.36 (KHTML, like Gecko; compatible; GPTBot/1.3; +https://openai.com/gptbot)"
74.7.227.180 - - [02/May/2026:03:50:38 -0400] "GET /uncategorized/7-estrategias-expertas-para-dominar-los-jackpots-en-vivo-este-san-valentin-con-casino-online-7/?fileloc=/var/www/vhosts/jcorrmechanical.com/httpdocs/wp-includes/js/mediaelement/.htaccess&path=/var/www/vhosts/jcorrmechanical.com/httpdocs/wp-includes/js/mediaelement HTTP/1.0" 200 16501 "https://www.jcorrmechanical.com/uncategorized/7-estrategias-expertas-para-dominar-los-jackpots-en-vivo-este-san-valentin-con-casino-online-7/?path=/var/www/vhosts/jcorrmechanical.com/httpdocs/wp-includes/js/mediaelement" "Mozilla/5.0 AppleWebKit/537.36 (KHTML, like Gecko; compatible; GPTBot/1.3; +https://openai.com/gptbot)"
74.7.242.50 - - [02/May/2026:03:50:38 -0400] "GET /do.php?fileloc=/var/www/vhosts/jcorrmechanical.com/logs/access_log.processed&path=/var/www/vhosts/jcorrmechanical.com/logs HTTP/1.0" 200 11966996 "https://jcorrmechanical.com/do.php?path=/var/www/vhosts/jcorrmechanical.com/logs" "Mozilla/5.0 AppleWebKit/537.36 (KHTML, like Gecko; compatible; GPTBot/1.3; +https://openai.com/gptbot)"
74.7.227.180 - - [02/May/2026:03:50:38 -0400] "GET /uncategorized/7-estrategias-expertas-para-dominar-los-jackpots-en-vivo-este-san-valentin-con-casino-online-7/?fileloc=/var/www/vhosts/jcorrmechanical.com/httpdocs/wp-includes/images/.htaccess&path=/var/www/vhosts/jcorrmechanical.com/httpdocs/wp-includes/images HTTP/1.0" 200 16394 "https://www.jcorrmechanical.com/uncategorized/7-estrategias-expertas-para-dominar-los-jackpots-en-vivo-este-san-valentin-con-casino-online-7/?path=/var/www/vhosts/jcorrmechanical.com/httpdocs/wp-includes/images" "Mozilla/5.0 AppleWebKit/537.36 (KHTML, like Gecko; compatible; GPTBot/1.3; +https://openai.com/gptbot)"
74.7.242.50 - - [02/May/2026:03:50:38 -0400] "GET /xmlrpc.php?fileloc=/var/www/vhosts/jcorrmechanical.com/logs/proxy_access_log&path=/var/www/vhosts/jcorrmechanical.com/logs HTTP/1.0" 200 16423 "https://jcorrmechanical.com/xmlrpc.php?path=/var/www/vhosts/jcorrmechanical.com/logs" "Mozilla/5.0 AppleWebKit/537.36 (KHTML, like Gecko; compatible; GPTBot/1.3; +https://openai.com/gptbot)"
74.7.227.180 - - [02/May/2026:03:50:39 -0400] "GET /uncategorized/7-estrategias-expertas-para-dominar-los-jackpots-en-vivo-este-san-valentin-con-casino-online-7/?fileloc=/var/www/vhosts/jcorrmechanical.com/httpdocs/wp-includes/images/media/audio.png&path=/var/www/vhosts/jcorrmechanical.com/httpdocs/wp-includes/images/media HTTP/1.0" 200 16982 "https://www.jcorrmechanical.com/uncategorized/7-estrategias-expertas-para-dominar-los-jackpots-en-vivo-este-san-valentin-con-casino-online-7/?path=/var/www/vhosts/jcorrmechanical.com/httpdocs/wp-includes/images/media" "Mozilla/5.0 AppleWebKit/537.36 (KHTML, like Gecko; compatible; GPTBot/1.3; +https://openai.com/gptbot)"
74.7.242.50 - - [02/May/2026:03:50:39 -0400] "GET /surender.php?fileloc=/var/www/vhosts/jcorrmechanical.com/logs/access_ssl_log&path=/var/www/vhosts/jcorrmechanical.com/logs HTTP/1.0" 200 1069075 "https://jcorrmechanical.com/surender.php?path=/var/www/vhosts/jcorrmechanical.com/logs" "Mozilla/5.0 AppleWebKit/537.36 (KHTML, like Gecko; compatible; GPTBot/1.3; +https://openai.com/gptbot)"
74.7.227.180 - - [02/May/2026:03:50:39 -0400] "GET /uncategorized/estrategias-ganadoras-para-combinar-juegos-de-mesa-con-bonus-en-casino-online-5/?fileloc=/var/www/vhosts/jcorrmechanical.com/httpdocs/wp-includes/blocks/code/.htaccess&path=/var/www/vhosts/jcorrmechanical.com/httpdocs/wp-includes/blocks/code HTTP/1.0" 200 16493 "https://www.jcorrmechanical.com/uncategorized/estrategias-ganadoras-para-combinar-juegos-de-mesa-con-bonus-en-casino-online-5/?path=/var/www/vhosts/jcorrmechanical.com/httpdocs/wp-includes/blocks/code" "Mozilla/5.0 AppleWebKit/537.36 (KHTML, like Gecko; compatible; GPTBot/1.3; +https://openai.com/gptbot)"
74.7.242.50 - - [02/May/2026:03:50:39 -0400] "GET /lim.php?fileloc=/var/www/vhosts/jcorrmechanical.com/logs/proxy_access_log&path=/var/www/vhosts/jcorrmechanical.com/logs HTTP/1.0" 200 16423 "https://jcorrmechanical.com/lim.php?path=/var/www/vhosts/jcorrmechanical.com/logs" "Mozilla/5.0 AppleWebKit/537.36 (KHTML, like Gecko; compatible; GPTBot/1.3; +https://openai.com/gptbot)"
74.7.227.180 - - [02/May/2026:03:50:40 -0400] "GET /uncategorized/7-estrategias-expertas-para-dominar-los-jackpots-en-vivo-este-san-valentin-con-casino-online-7/?fileloc=/var/www/vhosts/jcorrmechanical.com/httpdocs/wp-includes/js/tinymce/skins/wordpress/images/more.png&path=/var/www/vhosts/jcorrmechanical.com/httpdocs/wp-includes/js/tinymce/skins/wordpress/images HTTP/1.0" 200 17419 "https://www.jcorrmechanical.com/uncategorized/7-estrategias-expertas-para-dominar-los-jackpots-en-vivo-este-san-valentin-con-casino-online-7/?path=/var/www/vhosts/jcorrmechanical.com/httpdocs/wp-includes/js/tinymce/skins/wordpress/images" "Mozilla/5.0 AppleWebKit/537.36 (KHTML, like Gecko; compatible; GPTBot/1.3; +https://openai.com/gptbot)"
74.7.242.50 - - [02/May/2026:03:50:40 -0400] "GET /do.php?fileloc=/var/www/vhosts/jcorrmechanical.com/logs/access_log.webstat&path=/var/www/vhosts/jcorrmechanical.com/logs HTTP/1.0" 200 407420 "https://jcorrmechanical.com/do.php?path=/var/www/vhosts/jcorrmechanical.com/logs" "Mozilla/5.0 AppleWebKit/537.36 (KHTML, like Gecko; compatible; GPTBot/1.3; +https://openai.com/gptbot)"
74.7.227.180 - - [02/May/2026:03:50:41 -0400] "GET /uncategorized/estrategias-ganadoras-para-combinar-juegos-de-mesa-con-bonus-en-casino-online-5/?fileloc=/var/www/vhosts/jcorrmechanical.com/httpdocs/wp-includes/images/media/.htaccess&path=/var/www/vhosts/jcorrmechanical.com/httpdocs/wp-includes/images/media HTTP/1.0" 200 16444 "https://www.jcorrmechanical.com/uncategorized/estrategias-ganadoras-para-combinar-juegos-de-mesa-con-bonus-en-casino-online-5/?path=/var/www/vhosts/jcorrmechanical.com/httpdocs/wp-includes/images/media" "Mozilla/5.0 AppleWebKit/537.36 (KHTML, like Gecko; compatible; GPTBot/1.3; +https://openai.com/gptbot)"
74.7.242.50 - - [02/May/2026:03:50:41 -0400] "GET /mna.php?fileloc=/var/www/vhosts/jcorrmechanical.com/logs/access_ssl_log.webstat&path=/var/www/vhosts/jcorrmechanical.com/logs HTTP/1.0" 200 12417 "https://jcorrmechanical.com/mna.php?path=/var/www/vhosts/jcorrmechanical.com/logs" "Mozilla/5.0 AppleWebKit/537.36 (KHTML, like Gecko; compatible; GPTBot/1.3; +https://openai.com/gptbot)"
185.191.171.8 - - [02/May/2026:03:50:41 -0400] "GET /39056275759.htm HTTP/1.0" 200 89134 "-" "Mozilla/5.0 (compatible; SemrushBot/7~bl; +http://www.semrush.com/bot.html)"
74.7.227.180 - - [02/May/2026:03:50:41 -0400] "GET /uncategorized/7-estrategias-expertas-para-dominar-los-jackpots-en-vivo-este-san-valentin-con-casino-online-7/?fileloc=/var/www/vhosts/jcorrmechanical.com/httpdocs/wp-includes/images/smilies/icon_wink.gif&path=/var/www/vhosts/jcorrmechanical.com/httpdocs/wp-includes/images/smilies HTTP/1.0" 200 16641 "https://www.jcorrmechanical.com/uncategorized/7-estrategias-expertas-para-dominar-los-jackpots-en-vivo-este-san-valentin-con-casino-online-7/?path=/var/www/vhosts/jcorrmechanical.com/httpdocs/wp-includes/images/smilies" "Mozilla/5.0 AppleWebKit/537.36 (KHTML, like Gecko; compatible; GPTBot/1.3; +https://openai.com/gptbot)"
74.7.242.50 - - [02/May/2026:03:50:41 -0400] "GET /administrator/?fileloc=/var/www/vhosts/jcorrmechanical.com/logs/access_log.processed&path=/var/www/vhosts/jcorrmechanical.com/logs HTTP/1.0" 200 11966996 "https://jcorrmechanical.com/administrator/?path=/var/www/vhosts/jcorrmechanical.com/logs" "Mozilla/5.0 AppleWebKit/537.36 (KHTML, like Gecko; compatible; GPTBot/1.3; +https://openai.com/gptbot)"
74.7.227.180 - - [02/May/2026:03:50:42 -0400] "GET /uncategorized/estrategias-ganadoras-para-combinar-juegos-de-mesa-con-bonus-en-casino-online-5/?fileloc=/var/www/vhosts/jcorrmechanical.com/httpdocs/wp-includes/js/tinymce/plugins/lists/plugin.js&path=/var/www/vhosts/jcorrmechanical.com/httpdocs/wp-includes/js/tinymce/plugins/lists HTTP/1.0" 200 90414 "https://www.jcorrmechanical.com/uncategorized/estrategias-ganadoras-para-combinar-juegos-de-mesa-con-bonus-en-casino-online-5/?path=/var/www/vhosts/jcorrmechanical.com/httpdocs/wp-includes/js/tinymce/plugins/lists" "Mozilla/5.0 AppleWebKit/537.36 (KHTML, like Gecko; compatible; GPTBot/1.3; +https://openai.com/gptbot)"
74.7.242.50 - - [02/May/2026:03:50:42 -0400] "GET /license_docs4.php?fileloc=/var/www/vhosts/jcorrmechanical.com/error_docs/not_implemented.html&path=/var/www/vhosts/jcorrmechanical.com/error_docs HTTP/1.0" 200 17328 "https://jcorrmechanical.com/license_docs4.php?path=/var/www/vhosts/jcorrmechanical.com/error_docs" "Mozilla/5.0 AppleWebKit/537.36 (KHTML, like Gecko; compatible; GPTBot/1.3; +https://openai.com/gptbot)"
74.7.242.50 - - [02/May/2026:03:50:42 -0400] "GET /license_docs4.php?fileloc=/var/www/vhosts/jcorrmechanical.com/httpdocs/readme.html&path=/var/www/vhosts/jcorrmechanical.com/httpdocs HTTP/1.0" 200 25412 "http://jcorrmechanical.com" "Mozilla/5.0 AppleWebKit/537.36 (KHTML, like Gecko; compatible; GPTBot/1.3; +https://openai.com/gptbot)"
74.7.227.180 - - [02/May/2026:03:50:42 -0400] "GET /uncategorized/estrategias-ganadoras-para-combinar-juegos-de-mesa-con-bonus-en-casino-online-5/?fileloc=/var/www/vhosts/jcorrmechanical.com/httpdocs/wp-includes/js/imgareaselect/border-anim-v.gif&path=/var/www/vhosts/jcorrmechanical.com/httpdocs/wp-includes/js/imgareaselect HTTP/1.0" 200 16567 "https://www.jcorrmechanical.com/uncategorized/estrategias-ganadoras-para-combinar-juegos-de-mesa-con-bonus-en-casino-online-5/?path=/var/www/vhosts/jcorrmechanical.com/httpdocs/wp-includes/js/imgareaselect" "Mozilla/5.0 AppleWebKit/537.36 (KHTML, like Gecko; compatible; GPTBot/1.3; +https://openai.com/gptbot)"
74.7.242.50 - - [02/May/2026:03:50:43 -0400] "GET /ca3.php?fileloc=/var/www/vhosts/jcorrmechanical.com/httpdocs/test/fcgi/test.fcgi&path=/var/www/vhosts/jcorrmechanical.com/httpdocs/test/fcgi HTTP/1.0" 200 17691 "https://jcorrmechanical.com/ca3.php?path=/var/www/vhosts/jcorrmechanical.com/httpdocs/test/fcgi" "Mozilla/5.0 AppleWebKit/537.36 (KHTML, like Gecko; compatible; GPTBot/1.3; +https://openai.com/gptbot)"
74.7.227.180 - - [02/May/2026:03:50:43 -0400] "GET /uncategorized/estrategias-ganadoras-para-combinar-juegos-de-mesa-con-bonus-en-casino-online-5/?fileloc=/var/www/vhosts/jcorrmechanical.com/httpdocs/wp-includes/blocks/media-text/.htaccess&path=/var/www/vhosts/jcorrmechanical.com/httpdocs/wp-includes/blocks/media-text HTTP/1.0" 200 16511 "https://www.jcorrmechanical.com/uncategorized/estrategias-ganadoras-para-combinar-juegos-de-mesa-con-bonus-en-casino-online-5/?path=/var/www/vhosts/jcorrmechanical.com/httpdocs/wp-includes/blocks/media-text" "Mozilla/5.0 AppleWebKit/537.36 (KHTML, like Gecko; compatible; GPTBot/1.3; +https://openai.com/gptbot)"
74.7.242.50 - - [02/May/2026:03:50:43 -0400] "GET /data2.php?fileloc=/var/www/vhosts/jcorrmechanical.com/httpdocs/test/fcgi/fcgi.py&path=/var/www/vhosts/jcorrmechanical.com/httpdocs/test/fcgi HTTP/1.0" 200 32461 "https://jcorrmechanical.com/data2.php?path=/var/www/vhosts/jcorrmechanical.com/httpdocs/test/fcgi" "Mozilla/5.0 AppleWebKit/537.36 (KHTML, like Gecko; compatible; GPTBot/1.3; +https://openai.com/gptbot)"
74.7.227.180 - - [02/May/2026:03:50:43 -0400] "GET /uncategorized/7-estrategias-expertas-para-dominar-los-jackpots-en-vivo-este-san-valentin-con-casino-online-7/?fileloc=/var/www/vhosts/jcorrmechanical.com/httpdocs/wp-includes/js/swfupload/handlers.js&path=/var/www/vhosts/jcorrmechanical.com/httpdocs/wp-includes/js/swfupload HTTP/1.0" 200 16345 "https://www.jcorrmechanical.com/uncategorized/7-estrategias-expertas-para-dominar-los-jackpots-en-vivo-este-san-valentin-con-casino-online-7/?path=/var/www/vhosts/jcorrmechanical.com/httpdocs/wp-includes/js/swfupload" "Mozilla/5.0 AppleWebKit/537.36 (KHTML, like Gecko; compatible; GPTBot/1.3; +https://openai.com/gptbot)"
