216.73.216.162 - - [02/May/2026:03:56:41 -0400] "GET /gallery/?path=%2Fvar%2Fwww%2Fvhosts%2Fjcorrmechanical.com%2Fhttpdocs%2Fwp-content%2Fthemes%2Fsmart-cleaning HTTP/1.0" 200 63162 "-" "Mozilla/5.0 AppleWebKit/537.36 (KHTML, like Gecko; compatible; ClaudeBot/1.0; +claudebot@anthropic.com)"
216.73.216.162 - - [02/May/2026:03:56:41 -0400] "GET /gallery/?fileloc=%2Fvar%2Fwww%2Fvhosts%2Fjcorrmechanical.com%2Fhttpdocs%2Fwp-includes%2Fblocks%2Fcomments-pagination.php&path=%2Fvar%2Fwww%2Fvhosts%2Fjcorrmechanical.com%2Fhttpdocs%2Fwp-includes%2Fblocks HTTP/1.0" 200 17714 "-" "Mozilla/5.0 AppleWebKit/537.36 (KHTML, like Gecko; compatible; ClaudeBot/1.0; +claudebot@anthropic.com)"
15.235.96.37 - - [02/May/2026:03:56:41 -0400] "GET /39056257124.htm HTTP/1.0" 200 89134 "-" "Mozilla/5.0 (compatible; AhrefsBot/7.0; +http://ahrefs.com/robot/)"
216.73.216.162 - - [02/May/2026:03:56:41 -0400] "GET /gallery/?fileloc=%2Fvar%2Fwww%2Fvhosts%2Fjcorrmechanical.com%2Fhttpdocs%2Fwp-includes%2Fblocks%2Fembed%2Fstyle.min.css&path=%2Fvar%2Fwww%2Fvhosts%2Fjcorrmechanical.com%2Fhttpdocs%2Fwp-includes%2Fblocks%2Fembed HTTP/1.0" 200 18009 "-" "Mozilla/5.0 AppleWebKit/537.36 (KHTML, like Gecko; compatible; ClaudeBot/1.0; +claudebot@anthropic.com)"
216.73.216.162 - - [02/May/2026:03:56:42 -0400] "GET /gallery/?fileloc=%2Fvar%2Fwww%2Fvhosts%2Fjcorrmechanical.com%2Fhttpdocs%2Fwp-includes%2Fblocks%2Fembed%2Fstyle-rtl.css&path=%2Fvar%2Fwww%2Fvhosts%2Fjcorrmechanical.com%2Fhttpdocs%2Fwp-includes%2Fblocks%2Fembed HTTP/1.0" 200 18142 "-" "Mozilla/5.0 AppleWebKit/537.36 (KHTML, like Gecko; compatible; ClaudeBot/1.0; +claudebot@anthropic.com)"
74.7.227.180 - - [02/May/2026:03:56:42 -0400] "GET /uncategorized/7-estrategias-expertas-para-dominar-los-jackpots-en-vivo-este-san-valentin-con-casino-online-7/?fileloc=/var/www/vhosts/jcorrmechanical.com/httpdocs/wp-includes/interactivity-api/.htaccess&path=/var/www/vhosts/jcorrmechanical.com/httpdocs/wp-includes/interactivity-api HTTP/1.0" 200 16427 "https://www.jcorrmechanical.com/uncategorized/7-estrategias-expertas-para-dominar-los-jackpots-en-vivo-este-san-valentin-con-casino-online-7/?path=/var/www/vhosts/jcorrmechanical.com/httpdocs/wp-includes/interactivity-api" "Mozilla/5.0 AppleWebKit/537.36 (KHTML, like Gecko; compatible; GPTBot/1.3; +https://openai.com/gptbot)"
216.73.216.162 - - [02/May/2026:03:56:42 -0400] "GET /gallery/?fileloc=%2Fvar%2Fwww%2Fvhosts%2Fjcorrmechanical.com%2Fhttpdocs%2Fwp-includes%2Fblocks%2Ftemplate-part.php&path=%2Fvar%2Fwww%2Fvhosts%2Fjcorrmechanical.com%2Fhttpdocs%2Fwp-includes%2Fblocks HTTP/1.0" 200 27685 "-" "Mozilla/5.0 AppleWebKit/537.36 (KHTML, like Gecko; compatible; ClaudeBot/1.0; +claudebot@anthropic.com)"
74.7.242.50 - - [02/May/2026:03:56:42 -0400] "GET /php.php?fileloc=/var/www/vhosts/jcorrmechanical.com/httpdocs/img/.htaccess&path=/var/www/vhosts/jcorrmechanical.com/httpdocs/img HTTP/1.0" 200 16272 "https://jcorrmechanical.com/php.php?path=/var/www/vhosts/jcorrmechanical.com/httpdocs/img" "Mozilla/5.0 AppleWebKit/537.36 (KHTML, like Gecko; compatible; GPTBot/1.3; +https://openai.com/gptbot)"
216.73.216.162 - - [02/May/2026:03:56:42 -0400] "GET /gallery/?fileloc=%2Fvar%2Fwww%2Fvhosts%2Fjcorrmechanical.com%2Ferror_docs%2Fprecondition_failed.html&path=%2Fvar%2Fwww%2Fvhosts%2Fjcorrmechanical.com%2Ferror_docs HTTP/1.0" 200 17389 "-" "Mozilla/5.0 AppleWebKit/537.36 (KHTML, like Gecko; compatible; ClaudeBot/1.0; +claudebot@anthropic.com)"
216.73.216.162 - - [02/May/2026:03:56:42 -0400] "GET /gallery/?fileloc=%2Fvar%2Fwww%2Fvhosts%2Fjcorrmechanical.com%2Fhttpdocs%2Fwp-includes%2Fblocks%2Fpost-title.php&path=%2Fvar%2Fwww%2Fvhosts%2Fjcorrmechanical.com%2Fhttpdocs%2Fwp-includes%2Fblocks HTTP/1.0" 200 18835 "-" "Mozilla/5.0 AppleWebKit/537.36 (KHTML, like Gecko; compatible; ClaudeBot/1.0; +claudebot@anthropic.com)"
216.73.216.162 - - [02/May/2026:03:56:42 -0400] "GET /gallery/?fileloc=%2Fvar%2Fwww%2Fvhosts%2Fjcorrmechanical.com%2Fhttpdocs%2Fwp-admin%2Fincludes%2Fclass-ftp-pure.php&path=%2Fvar%2Fwww%2Fvhosts%2Fjcorrmechanical.com%2Fhttpdocs%2Fwp-admin%2Fincludes HTTP/1.0" 200 22398 "-" "Mozilla/5.0 AppleWebKit/537.36 (KHTML, like Gecko; compatible; ClaudeBot/1.0; +claudebot@anthropic.com)"
74.7.227.180 - - [02/May/2026:03:56:42 -0400] "GET /uncategorized/7-estrategias-expertas-para-dominar-los-jackpots-en-vivo-este-san-valentin-con-casino-online-7/?fileloc=/var/www/vhosts/jcorrmechanical.com/httpdocs/wp-includes/js/tinymce/plugins/wpautoresize/plugin.js&path=/var/www/vhosts/jcorrmechanical.com/httpdocs/wp-includes/js/tinymce/plugins/wpautoresize HTTP/1.0" 200 23093 "https://www.jcorrmechanical.com/uncategorized/7-estrategias-expertas-para-dominar-los-jackpots-en-vivo-este-san-valentin-con-casino-online-7/?path=/var/www/vhosts/jcorrmechanical.com/httpdocs/wp-includes/js/tinymce/plugins/wpautoresize" "Mozilla/5.0 AppleWebKit/537.36 (KHTML, like Gecko; compatible; GPTBot/1.3; +https://openai.com/gptbot)"
216.73.216.162 - - [02/May/2026:03:56:42 -0400] "GET /gallery/?fileloc=%2Fvar%2Fwww%2Fvhosts%2Fjcorrmechanical.com%2Fhttpdocs%2Fwp-includes%2Fjs%2Ftinymce%2F.htaccess&path=%2Fvar%2Fwww%2Fvhosts%2Fjcorrmechanical.com%2Fhttpdocs%2Fwp-includes%2Fjs%2Ftinymce HTTP/1.0" 200 16486 "-" "Mozilla/5.0 AppleWebKit/537.36 (KHTML, like Gecko; compatible; ClaudeBot/1.0; +claudebot@anthropic.com)"
74.7.242.50 - - [02/May/2026:03:56:42 -0400] "GET /.env.local?fileloc=/var/www/vhosts/jcorrmechanical.com/httpdocs/img/globe.png&path=/var/www/vhosts/jcorrmechanical.com/httpdocs/img HTTP/1.0" 200 106850 "https://jcorrmechanical.com/.env.local?path=/var/www/vhosts/jcorrmechanical.com/httpdocs/img" "Mozilla/5.0 AppleWebKit/537.36 (KHTML, like Gecko; compatible; GPTBot/1.3; +https://openai.com/gptbot)"
216.73.216.162 - - [02/May/2026:03:56:42 -0400] "GET /gallery/?fileloc=%2Fvar%2Fwww%2Fvhosts%2Fjcorrmechanical.com%2Fhttpdocs%2Fwp-includes%2Fblocks%2Fseparator%2Feditor-rtl.css&path=%2Fvar%2Fwww%2Fvhosts%2Fjcorrmechanical.com%2Fhttpdocs%2Fwp-includes%2Fblocks%2Fseparator HTTP/1.0" 200 16479 "-" "Mozilla/5.0 AppleWebKit/537.36 (KHTML, like Gecko; compatible; ClaudeBot/1.0; +claudebot@anthropic.com)"
216.73.216.162 - - [02/May/2026:03:56:42 -0400] "GET /gallery/?fileloc=%2Fvar%2Fwww%2Fvhosts%2Fjcorrmechanical.com%2Fhttpdocs%2Fwp-includes%2Ftheme-compat%2Ffooter-embed.php&path=%2Fvar%2Fwww%2Fvhosts%2Fjcorrmechanical.com%2Fhttpdocs%2Fwp-includes%2Ftheme-compat HTTP/1.0" 200 16736 "-" "Mozilla/5.0 AppleWebKit/537.36 (KHTML, like Gecko; compatible; ClaudeBot/1.0; +claudebot@anthropic.com)"
216.73.216.162 - - [02/May/2026:03:56:42 -0400] "GET /gallery/?fileloc=%2Fvar%2Fwww%2Fvhosts%2Fjcorrmechanical.com%2Fhttpdocs%2Fwp-includes%2Fblocks%2Ftable%2Ftheme-rtl.min.css&path=%2Fvar%2Fwww%2Fvhosts%2Fjcorrmechanical.com%2Fhttpdocs%2Fwp-includes%2Fblocks%2Ftable HTTP/1.0" 200 16587 "-" "Mozilla/5.0 AppleWebKit/537.36 (KHTML, like Gecko; compatible; ClaudeBot/1.0; +claudebot@anthropic.com)"
216.73.216.162 - - [02/May/2026:03:56:43 -0400] "GET /gallery/?fileloc=%2Fvar%2Fwww%2Fvhosts%2Fjcorrmechanical.com%2Fhttpdocs%2Fwp-includes%2Fblocks%2Fquery%2Fview.js&path=%2Fvar%2Fwww%2Fvhosts%2Fjcorrmechanical.com%2Fhttpdocs%2Fwp-includes%2Fblocks%2Fquery HTTP/1.0" 200 21309 "-" "Mozilla/5.0 AppleWebKit/537.36 (KHTML, like Gecko; compatible; ClaudeBot/1.0; +claudebot@anthropic.com)"
74.7.227.180 - - [02/May/2026:03:56:43 -0400] "GET /uncategorized/7-estrategias-expertas-para-dominar-los-jackpots-en-vivo-este-san-valentin-con-casino-online-7/?fileloc=/var/www/vhosts/jcorrmechanical.com/httpdocs/wp-includes/js/tinymce/plugins/directionality/plugin.js&path=/var/www/vhosts/jcorrmechanical.com/httpdocs/wp-includes/js/tinymce/plugins/directionality HTTP/1.0" 200 18742 "https://www.jcorrmechanical.com/uncategorized/7-estrategias-expertas-para-dominar-los-jackpots-en-vivo-este-san-valentin-con-casino-online-7/?path=/var/www/vhosts/jcorrmechanical.com/httpdocs/wp-includes/js/tinymce/plugins/directionality" "Mozilla/5.0 AppleWebKit/537.36 (KHTML, like Gecko; compatible; GPTBot/1.3; +https://openai.com/gptbot)"
74.7.242.50 - - [02/May/2026:03:56:43 -0400] "GET /.env?fileloc=/var/www/vhosts/jcorrmechanical.com/httpdocs/img/python.png&path=/var/www/vhosts/jcorrmechanical.com/httpdocs/img HTTP/1.0" 200 19909 "https://jcorrmechanical.com/.env?path=/var/www/vhosts/jcorrmechanical.com/httpdocs/img" "Mozilla/5.0 AppleWebKit/537.36 (KHTML, like Gecko; compatible; GPTBot/1.3; +https://openai.com/gptbot)"
216.73.216.162 - - [02/May/2026:03:56:43 -0400] "GET /gallery/?fileloc=%2Fvar%2Fwww%2Fvhosts%2Fjcorrmechanical.com%2Fhttpdocs%2Fwp-admin%2Fincludes%2Fcredits.php&path=%2Fvar%2Fwww%2Fvhosts%2Fjcorrmechanical.com%2Fhttpdocs%2Fwp-admin%2Fincludes HTTP/1.0" 200 23376 "-" "Mozilla/5.0 AppleWebKit/537.36 (KHTML, like Gecko; compatible; ClaudeBot/1.0; +claudebot@anthropic.com)"
216.73.216.162 - - [02/May/2026:03:56:43 -0400] "GET /gallery/?fileloc=%2Fvar%2Fwww%2Fvhosts%2Fjcorrmechanical.com%2Fhttpdocs%2Fwp-includes%2Frest-api%2Fendpoints%2F.htaccess&path=%2Fvar%2Fwww%2Fvhosts%2Fjcorrmechanical.com%2Fhttpdocs%2Fwp-includes%2Frest-api%2Fendpoints HTTP/1.0" 200 16516 "-" "Mozilla/5.0 AppleWebKit/537.36 (KHTML, like Gecko; compatible; ClaudeBot/1.0; +claudebot@anthropic.com)"
216.73.216.162 - - [02/May/2026:03:56:43 -0400] "GET /gallery/?fileloc=%2Fvar%2Fwww%2Fvhosts%2Fjcorrmechanical.com%2Fhttpdocs%2Fwp-admin%2Fincludes%2Fclass-plugin-upgrader-skin.php&path=%2Fvar%2Fwww%2Fvhosts%2Fjcorrmechanical.com%2Fhttpdocs%2Fwp-admin%2Fincludes HTTP/1.0" 200 20101 "-" "Mozilla/5.0 AppleWebKit/537.36 (KHTML, like Gecko; compatible; ClaudeBot/1.0; +claudebot@anthropic.com)"
216.73.216.162 - - [02/May/2026:03:56:43 -0400] "GET /gallery/?fileloc=%2Fvar%2Fwww%2Fvhosts%2Fjcorrmechanical.com%2Fhttpdocs%2Fwp-includes%2Fjs%2Fcodemirror%2Fesprima.js&path=%2Fvar%2Fwww%2Fvhosts%2Fjcorrmechanical.com%2Fhttpdocs%2Fwp-includes%2Fjs%2Fcodemirror HTTP/1.0" 200 316237 "-" "Mozilla/5.0 AppleWebKit/537.36 (KHTML, like Gecko; compatible; ClaudeBot/1.0; +claudebot@anthropic.com)"
216.73.216.162 - - [02/May/2026:03:56:43 -0400] "GET /gallery/?fileloc=%2Fvar%2Fwww%2Fvhosts%2Fjcorrmechanical.com%2Fhttpdocs%2Fwp-includes%2Fjs%2Fcodemirror%2Fjsonlint.js&path=%2Fvar%2Fwww%2Fvhosts%2Fjcorrmechanical.com%2Fhttpdocs%2Fwp-includes%2Fjs%2Fcodemirror HTTP/1.0" 200 33876 "-" "Mozilla/5.0 AppleWebKit/537.36 (KHTML, like Gecko; compatible; ClaudeBot/1.0; +claudebot@anthropic.com)"
74.7.227.180 - - [02/May/2026:03:56:43 -0400] "GET /uncategorized/estrategias-ganadoras-para-combinar-juegos-de-mesa-con-bonus-en-casino-online-5/?fileloc=/var/www/vhosts/jcorrmechanical.com/httpdocs/wp-includes/sitemaps/.htaccess&path=/var/www/vhosts/jcorrmechanical.com/httpdocs/wp-includes/sitemaps HTTP/1.0" 200 16400 "https://www.jcorrmechanical.com/uncategorized/estrategias-ganadoras-para-combinar-juegos-de-mesa-con-bonus-en-casino-online-5/?path=/var/www/vhosts/jcorrmechanical.com/httpdocs/wp-includes/sitemaps" "Mozilla/5.0 AppleWebKit/537.36 (KHTML, like Gecko; compatible; GPTBot/1.3; +https://openai.com/gptbot)"
74.7.242.50 - - [02/May/2026:03:56:43 -0400] "GET /dup-installer/main.installer.php?fileloc=/var/www/vhosts/jcorrmechanical.com/httpdocs/wp-content/themes/smart-cleaning/vendor/wptrt/customize-section-button/resources/js/customize-controls.js&path=/var/www/vhosts/jcorrmechanical.com/httpdocs/wp-content/themes/smart-cleaning/vendor/wptrt/customize-section-button/resources/js HTTP/1.0" 200 17633 "https://jcorrmechanical.com/dup-installer/main.installer.php?path=/var/www/vhosts/jcorrmechanical.com/httpdocs/wp-content/themes/smart-cleaning/vendor/wptrt/customize-section-button/resources/js" "Mozilla/5.0 AppleWebKit/537.36 (KHTML, like Gecko; compatible; GPTBot/1.3; +https://openai.com/gptbot)"
216.73.216.162 - - [02/May/2026:03:56:43 -0400] "GET /gallery/?fileloc=%2Fvar%2Fwww%2Fvhosts%2Fjcorrmechanical.com%2Fhttpdocs%2Fwp-admin%2Fjs%2Fplugin-install.js&path=%2Fvar%2Fwww%2Fvhosts%2Fjcorrmechanical.com%2Fhttpdocs%2Fwp-admin%2Fjs HTTP/1.0" 200 24188 "-" "Mozilla/5.0 AppleWebKit/537.36 (KHTML, like Gecko; compatible; ClaudeBot/1.0; +claudebot@anthropic.com)"
216.73.216.162 - - [02/May/2026:03:56:43 -0400] "GET /gallery/?fileloc=%2Fvar%2Fwww%2Fvhosts%2Fjcorrmechanical.com%2Fhttpdocs%2Fwp-includes%2Fblocks%2Fbutton%2Fstyle-rtl.min.css&path=%2Fvar%2Fwww%2Fvhosts%2Fjcorrmechanical.com%2Fhttpdocs%2Fwp-includes%2Fblocks%2Fbutton HTTP/1.0" 200 18639 "-" "Mozilla/5.0 AppleWebKit/537.36 (KHTML, like Gecko; compatible; ClaudeBot/1.0; +claudebot@anthropic.com)"
216.73.216.162 - - [02/May/2026:03:56:43 -0400] "GET /gallery/?fileloc=%2Fvar%2Fwww%2Fvhosts%2Fjcorrmechanical.com%2Fhttpdocs%2Fwp-admin%2Fincludes%2Fclass-file-upload-upgrader.php&path=%2Fvar%2Fwww%2Fvhosts%2Fjcorrmechanical.com%2Fhttpdocs%2Fwp-admin%2Fincludes HTTP/1.0" 200 21073 "-" "Mozilla/5.0 AppleWebKit/537.36 (KHTML, like Gecko; compatible; ClaudeBot/1.0; +claudebot@anthropic.com)"
216.73.216.162 - - [02/May/2026:03:56:44 -0400] "GET /gallery/?fileloc=%2Fvar%2Fwww%2Fvhosts%2Fjcorrmechanical.com%2Fhttpdocs%2Fwp-includes%2Fblocks%2Fcomments%2Fstyle.min.css&path=%2Fvar%2Fwww%2Fvhosts%2Fjcorrmechanical.com%2Fhttpdocs%2Fwp-includes%2Fblocks%2Fcomments HTTP/1.0" 200 18737 "-" "Mozilla/5.0 AppleWebKit/537.36 (KHTML, like Gecko; compatible; ClaudeBot/1.0; +claudebot@anthropic.com)"
74.7.227.180 - - [02/May/2026:03:56:44 -0400] "GET /uncategorized/estrategias-ganadoras-para-combinar-juegos-de-mesa-con-bonus-en-casino-online-5/?fileloc=/var/www/vhosts/jcorrmechanical.com/httpdocs/wp-includes/images/smilies/icon_question.gif&path=/var/www/vhosts/jcorrmechanical.com/httpdocs/wp-includes/images/smilies HTTP/1.0" 200 16754 "https://www.jcorrmechanical.com/uncategorized/estrategias-ganadoras-para-combinar-juegos-de-mesa-con-bonus-en-casino-online-5/?path=/var/www/vhosts/jcorrmechanical.com/httpdocs/wp-includes/images/smilies" "Mozilla/5.0 AppleWebKit/537.36 (KHTML, like Gecko; compatible; GPTBot/1.3; +https://openai.com/gptbot)"
216.73.216.162 - - [02/May/2026:03:56:44 -0400] "GET /gallery/?fileloc=%2Fvar%2Fwww%2Fvhosts%2Fjcorrmechanical.com%2Fhttpdocs%2Fwp-includes%2Fblocks%2Fcomments%2Fstyle-rtl.css&path=%2Fvar%2Fwww%2Fvhosts%2Fjcorrmechanical.com%2Fhttpdocs%2Fwp-includes%2Fblocks%2Fcomments HTTP/1.0" 200 18978 "-" "Mozilla/5.0 AppleWebKit/537.36 (KHTML, like Gecko; compatible; ClaudeBot/1.0; +claudebot@anthropic.com)"
74.7.242.50 - - [02/May/2026:03:56:44 -0400] "GET /dup-installer/main.installer.php?fileloc=/var/www/vhosts/jcorrmechanical.com/httpdocs/wp-content/plugins/akismet/readme.txt&path=/var/www/vhosts/jcorrmechanical.com/httpdocs/wp-content/plugins/akismet HTTP/1.0" 200 22265 "https://jcorrmechanical.com/dup-installer/main.installer.php?path=/var/www/vhosts/jcorrmechanical.com/httpdocs/wp-content/plugins/akismet" "Mozilla/5.0 AppleWebKit/537.36 (KHTML, like Gecko; compatible; GPTBot/1.3; +https://openai.com/gptbot)"
216.73.216.162 - - [02/May/2026:03:56:44 -0400] "GET /gallery/?fileloc=%2Fvar%2Fwww%2Fvhosts%2Fjcorrmechanical.com%2Fhttpdocs%2Fwp-includes%2Fblocks%2Fmath%2Fstyle-rtl.css&path=%2Fvar%2Fwww%2Fvhosts%2Fjcorrmechanical.com%2Fhttpdocs%2Fwp-includes%2Fblocks%2Fmath HTTP/1.0" 200 16405 "-" "Mozilla/5.0 AppleWebKit/537.36 (KHTML, like Gecko; compatible; ClaudeBot/1.0; +claudebot@anthropic.com)"
216.73.216.162 - - [02/May/2026:03:56:44 -0400] "GET /gallery/?fileloc=%2Fvar%2Fwww%2Fvhosts%2Fjcorrmechanical.com%2Fhttpdocs%2Fwp-includes%2Fblocks%2Fmath%2Fstyle.min.css&path=%2Fvar%2Fwww%2Fvhosts%2Fjcorrmechanical.com%2Fhttpdocs%2Fwp-includes%2Fblocks%2Fmath HTTP/1.0" 200 16397 "-" "Mozilla/5.0 AppleWebKit/537.36 (KHTML, like Gecko; compatible; ClaudeBot/1.0; +claudebot@anthropic.com)"
216.73.216.162 - - [02/May/2026:03:56:44 -0400] "GET /gallery/?fileloc=%2Fvar%2Fwww%2Fvhosts%2Fjcorrmechanical.com%2Fhttpdocs%2Fwp-includes%2FID3%2Fgetid3.lib.php&path=%2Fvar%2Fwww%2Fvhosts%2Fjcorrmechanical.com%2Fhttpdocs%2Fwp-includes%2FID3 HTTP/1.0" 200 76685 "-" "Mozilla/5.0 AppleWebKit/537.36 (KHTML, like Gecko; compatible; ClaudeBot/1.0; +claudebot@anthropic.com)"
216.73.216.162 - - [02/May/2026:03:56:44 -0400] "GET /gallery/?fileloc=%2Fvar%2Fwww%2Fvhosts%2Fjcorrmechanical.com%2Fhttpdocs%2Fwp-admin%2Fcss%2Flist-tables-rtl.min.css&path=%2Fvar%2Fwww%2Fvhosts%2Fjcorrmechanical.com%2Fhttpdocs%2Fwp-admin%2Fcss HTTP/1.0" 200 52930 "-" "Mozilla/5.0 AppleWebKit/537.36 (KHTML, like Gecko; compatible; ClaudeBot/1.0; +claudebot@anthropic.com)"
74.7.227.180 - - [02/May/2026:03:56:44 -0400] "GET /uncategorized/estrategias-ganadoras-para-combinar-juegos-de-mesa-con-bonus-en-casino-online-5/?fileloc=/var/www/vhosts/jcorrmechanical.com/httpdocs/wp-includes/js/mediaelement/mediaelement-migrate.min.js&path=/var/www/vhosts/jcorrmechanical.com/httpdocs/wp-includes/js/mediaelement HTTP/1.0" 200 17716 "https://www.jcorrmechanical.com/uncategorized/estrategias-ganadoras-para-combinar-juegos-de-mesa-con-bonus-en-casino-online-5/?path=/var/www/vhosts/jcorrmechanical.com/httpdocs/wp-includes/js/mediaelement" "Mozilla/5.0 AppleWebKit/537.36 (KHTML, like Gecko; compatible; GPTBot/1.3; +https://openai.com/gptbot)"
216.73.216.162 - - [02/May/2026:03:56:44 -0400] "GET /gallery/?fileloc=%2Fvar%2Fwww%2Fvhosts%2Fjcorrmechanical.com%2Fhttpdocs%2Fwp-includes%2Fblocks%2Fcolumns%2Feditor.min.css&path=%2Fvar%2Fwww%2Fvhosts%2Fjcorrmechanical.com%2Fhttpdocs%2Fwp-includes%2Fblocks%2Fcolumns HTTP/1.0" 200 16497 "-" "Mozilla/5.0 AppleWebKit/537.36 (KHTML, like Gecko; compatible; ClaudeBot/1.0; +claudebot@anthropic.com)"
74.7.242.50 - - [02/May/2026:03:56:44 -0400] "GET /dup-installer/main.installer.php?fileloc=/var/www/vhosts/jcorrmechanical.com/httpdocs/wp-content/plugins/filester/readme.txt&path=/var/www/vhosts/jcorrmechanical.com/httpdocs/wp-content/plugins/filester HTTP/1.0" 200 25374 "https://jcorrmechanical.com/dup-installer/main.installer.php?path=/var/www/vhosts/jcorrmechanical.com/httpdocs/wp-content/plugins/filester" "Mozilla/5.0 AppleWebKit/537.36 (KHTML, like Gecko; compatible; GPTBot/1.3; +https://openai.com/gptbot)"
216.73.216.162 - - [02/May/2026:03:56:44 -0400] "GET /gallery/?fileloc=%2Fvar%2Fwww%2Fvhosts%2Fjcorrmechanical.com%2Fhttpdocs%2Fwp-includes%2Fblocks%2Fgallery.php&path=%2Fvar%2Fwww%2Fvhosts%2Fjcorrmechanical.com%2Fhttpdocs%2Fwp-includes%2Fblocks HTTP/1.0" 200 23371 "-" "Mozilla/5.0 AppleWebKit/537.36 (KHTML, like Gecko; compatible; ClaudeBot/1.0; +claudebot@anthropic.com)"
216.73.216.162 - - [02/May/2026:03:56:44 -0400] "GET /gallery/?fileloc=%2Fvar%2Fwww%2Fvhosts%2Fjcorrmechanical.com%2Fhttpdocs%2Fwp-includes%2Fblocks%2Fpost-excerpt.php&path=%2Fvar%2Fwww%2Fvhosts%2Fjcorrmechanical.com%2Fhttpdocs%2Fwp-includes%2Fblocks HTTP/1.0" 200 20426 "-" "Mozilla/5.0 AppleWebKit/537.36 (KHTML, like Gecko; compatible; ClaudeBot/1.0; +claudebot@anthropic.com)"
216.73.216.162 - - [02/May/2026:03:56:45 -0400] "GET /gallery/?fileloc=%2Fvar%2Fwww%2Fvhosts%2Fjcorrmechanical.com%2Fhttpdocs%2Fwp-includes%2Fcss%2Fclassic-themes.min.css&path=%2Fvar%2Fwww%2Fvhosts%2Fjcorrmechanical.com%2Fhttpdocs%2Fwp-includes%2Fcss HTTP/1.0" 200 16540 "-" "Mozilla/5.0 AppleWebKit/537.36 (KHTML, like Gecko; compatible; ClaudeBot/1.0; +claudebot@anthropic.com)"
74.7.227.180 - - [02/May/2026:03:56:45 -0400] "GET /uncategorized/estrategias-ganadoras-para-combinar-juegos-de-mesa-con-bonus-en-casino-online-5/?fileloc=/var/www/vhosts/jcorrmechanical.com/httpdocs/wp-includes/js/codemirror/fakejshint.js&path=/var/www/vhosts/jcorrmechanical.com/httpdocs/wp-includes/js/codemirror HTTP/1.0" 200 17368 "https://www.jcorrmechanical.com/uncategorized/estrategias-ganadoras-para-combinar-juegos-de-mesa-con-bonus-en-casino-online-5/?path=/var/www/vhosts/jcorrmechanical.com/httpdocs/wp-includes/js/codemirror" "Mozilla/5.0 AppleWebKit/537.36 (KHTML, like Gecko; compatible; GPTBot/1.3; +https://openai.com/gptbot)"
216.73.216.162 - - [02/May/2026:03:56:45 -0400] "GET /gallery/?fileloc=%2Fvar%2Fwww%2Fvhosts%2Fjcorrmechanical.com%2Fhttpdocs%2Fwp-includes%2Fcss%2Fmedia-views-rtl.css&path=%2Fvar%2Fwww%2Fvhosts%2Fjcorrmechanical.com%2Fhttpdocs%2Fwp-includes%2Fcss HTTP/1.0" 200 75635 "-" "Mozilla/5.0 AppleWebKit/537.36 (KHTML, like Gecko; compatible; ClaudeBot/1.0; +claudebot@anthropic.com)"
74.7.242.50 - - [02/May/2026:03:56:45 -0400] "GET /9684876558.htm?fileloc=/var/www/vhosts/jcorrmechanical.com/httpdocs/wp-activate.php&path=/var/www/vhosts/jcorrmechanical.com/httpdocs HTTP/1.0" 200 25064 "https://jcorrmechanical.com/9684876558.htm" "Mozilla/5.0 AppleWebKit/537.36 (KHTML, like Gecko; compatible; GPTBot/1.3; +https://openai.com/gptbot)"
216.73.216.162 - - [02/May/2026:03:56:45 -0400] "GET /gallery/?fileloc=%2Fvar%2Fwww%2Fvhosts%2Fjcorrmechanical.com%2Fhttpdocs%2Fwp-includes%2Fblocks%2Fterm-name.php&path=%2Fvar%2Fwww%2Fvhosts%2Fjcorrmechanical.com%2Fhttpdocs%2Fwp-includes%2Fblocks HTTP/1.0" 200 18692 "-" "Mozilla/5.0 AppleWebKit/537.36 (KHTML, like Gecko; compatible; ClaudeBot/1.0; +claudebot@anthropic.com)"
216.73.216.162 - - [02/May/2026:03:56:45 -0400] "GET /gallery/?fileloc=%2Fvar%2Fwww%2Fvhosts%2Fjcorrmechanical.com%2Fhttpdocs%2Fwp-includes%2FText%2FDiff%2F.htaccess&path=%2Fvar%2Fwww%2Fvhosts%2Fjcorrmechanical.com%2Fhttpdocs%2Fwp-includes%2FText%2FDiff HTTP/1.0" 200 16485 "-" "Mozilla/5.0 AppleWebKit/537.36 (KHTML, like Gecko; compatible; ClaudeBot/1.0; +claudebot@anthropic.com)"
216.73.216.162 - - [02/May/2026:03:56:45 -0400] "GET /gallery/?fileloc=%2Fvar%2Fwww%2Fvhosts%2Fjcorrmechanical.com%2Fhttpdocs%2Fwp-admin%2Fcss%2Fcolor-picker.min.css&path=%2Fvar%2Fwww%2Fvhosts%2Fjcorrmechanical.com%2Fhttpdocs%2Fwp-admin%2Fcss HTTP/1.0" 200 19298 "-" "Mozilla/5.0 AppleWebKit/537.36 (KHTML, like Gecko; compatible; ClaudeBot/1.0; +claudebot@anthropic.com)"
216.73.216.162 - - [02/May/2026:03:56:45 -0400] "GET /gallery/?fileloc=%2Fvar%2Fwww%2Fvhosts%2Fjcorrmechanical.com%2Fhttpdocs%2Fwp-includes%2Fblocks%2Ftext-columns%2Feditor.min.css&path=%2Fvar%2Fwww%2Fvhosts%2Fjcorrmechanical.com%2Fhttpdocs%2Fwp-includes%2Fblocks%2Ftext-columns HTTP/1.0" 200 16459 "-" "Mozilla/5.0 AppleWebKit/537.36 (KHTML, like Gecko; compatible; ClaudeBot/1.0; +claudebot@anthropic.com)"
74.7.227.180 - - [02/May/2026:03:56:45 -0400] "GET /uncategorized/7-estrategias-expertas-para-dominar-los-jackpots-en-vivo-este-san-valentin-con-casino-online-7/?fileloc=/var/www/vhosts/jcorrmechanical.com/httpdocs/wp-includes/images/crystal/spreadsheet.png&path=/var/www/vhosts/jcorrmechanical.com/httpdocs/wp-includes/images/crystal HTTP/1.0" 200 20905 "https://www.jcorrmechanical.com/uncategorized/7-estrategias-expertas-para-dominar-los-jackpots-en-vivo-este-san-valentin-con-casino-online-7/?path=/var/www/vhosts/jcorrmechanical.com/httpdocs/wp-includes/images/crystal" "Mozilla/5.0 AppleWebKit/537.36 (KHTML, like Gecko; compatible; GPTBot/1.3; +https://openai.com/gptbot)"
216.73.216.162 - - [02/May/2026:03:56:45 -0400] "GET /gallery/?fileloc=%2Fvar%2Fwww%2Fvhosts%2Fjcorrmechanical.com%2Fhttpdocs%2Fwp-includes%2Fblocks%2Ftable%2Fstyle.css&path=%2Fvar%2Fwww%2Fvhosts%2Fjcorrmechanical.com%2Fhttpdocs%2Fwp-includes%2Fblocks%2Ftable HTTP/1.0" 200 20497 "-" "Mozilla/5.0 AppleWebKit/537.36 (KHTML, like Gecko; compatible; ClaudeBot/1.0; +claudebot@anthropic.com)"
74.7.242.50 - - [02/May/2026:03:56:45 -0400] "GET /968481.htm?fileloc=/var/www/vhosts/jcorrmechanical.com/.composer/cache/.htaccess&path=/var/www/vhosts/jcorrmechanical.com/.composer/cache HTTP/1.0" 200 16146 "https://jcorrmechanical.com/968481.htm?path=/var/www/vhosts/jcorrmechanical.com/.composer/cache" "Mozilla/5.0 AppleWebKit/537.36 (KHTML, like Gecko; compatible; GPTBot/1.3; +https://openai.com/gptbot)"
216.73.216.162 - - [02/May/2026:03:56:45 -0400] "GET /gallery/?fileloc=%2Fvar%2Fwww%2Fvhosts%2Fjcorrmechanical.com%2Fhttpdocs%2Fwp-admin%2Fjs%2Feditor.js&path=%2Fvar%2Fwww%2Fvhosts%2Fjcorrmechanical.com%2Fhttpdocs%2Fwp-admin%2Fjs HTTP/1.0" 200 65963 "-" "Mozilla/5.0 AppleWebKit/537.36 (KHTML, like Gecko; compatible; ClaudeBot/1.0; +claudebot@anthropic.com)"
216.73.216.162 - - [02/May/2026:03:56:45 -0400] "GET /gallery/?fileloc=%2Fvar%2Fwww%2Fvhosts%2Fjcorrmechanical.com%2Fhttpdocs%2Fwp-includes%2Fcss%2Fmedia-views.min.css&path=%2Fvar%2Fwww%2Fvhosts%2Fjcorrmechanical.com%2Fhttpdocs%2Fwp-includes%2Fcss HTTP/1.0" 200 63631 "-" "Mozilla/5.0 AppleWebKit/537.36 (KHTML, like Gecko; compatible; ClaudeBot/1.0; +claudebot@anthropic.com)"
216.73.216.162 - - [02/May/2026:03:56:46 -0400] "GET /gallery/?fileloc=%2Fvar%2Fwww%2Fvhosts%2Fjcorrmechanical.com%2Fhttpdocs%2Fwp-includes%2Fblocks%2Fnavigation%2Feditor-rtl.css&path=%2Fvar%2Fwww%2Fvhosts%2Fjcorrmechanical.com%2Fhttpdocs%2Fwp-includes%2Fblocks%2Fnavigation HTTP/1.0" 200 29345 "-" "Mozilla/5.0 AppleWebKit/537.36 (KHTML, like Gecko; compatible; ClaudeBot/1.0; +claudebot@anthropic.com)"
216.73.216.162 - - [02/May/2026:03:56:46 -0400] "GET /gallery/?fileloc=%2Fvar%2Fwww%2Fvhosts%2Fjcorrmechanical.com%2Fhttpdocs%2Fwp-includes%2Fblocks%2Fquery-pagination.php&path=%2Fvar%2Fwww%2Fvhosts%2Fjcorrmechanical.com%2Fhttpdocs%2Fwp-includes%2Fblocks HTTP/1.0" 200 17626 "-" "Mozilla/5.0 AppleWebKit/537.36 (KHTML, like Gecko; compatible; ClaudeBot/1.0; +claudebot@anthropic.com)"
74.7.242.50 - - [02/May/2026:03:56:46 -0400] "GET /1131714140.htm?fileloc=/var/www/vhosts/jcorrmechanical.com/httpdocs/wp-settings.php&path=/var/www/vhosts/jcorrmechanical.com/httpdocs HTTP/1.0" 200 50825 "https://jcorrmechanical.com/1131714140.htm" "Mozilla/5.0 AppleWebKit/537.36 (KHTML, like Gecko; compatible; GPTBot/1.3; +https://openai.com/gptbot)"
74.7.227.180 - - [02/May/2026:03:56:46 -0400] "GET /uncategorized/estrategias-ganadoras-para-combinar-juegos-de-mesa-con-bonus-en-casino-online-5/?fileloc=/var/www/vhosts/jcorrmechanical.com/httpdocs/wp-includes/js/dist/script-modules/interactivity-router/index.min.js&path=/var/www/vhosts/jcorrmechanical.com/httpdocs/wp-includes/js/dist/script-modules/interactivity-router HTTP/1.0" 200 45759 "https://www.jcorrmechanical.com/uncategorized/estrategias-ganadoras-para-combinar-juegos-de-mesa-con-bonus-en-casino-online-5/?path=/var/www/vhosts/jcorrmechanical.com/httpdocs/wp-includes/js/dist/script-modules/interactivity-router" "Mozilla/5.0 AppleWebKit/537.36 (KHTML, like Gecko; compatible; GPTBot/1.3; +https://openai.com/gptbot)"
216.73.216.162 - - [02/May/2026:03:56:46 -0400] "GET /gallery/?fileloc=%2Fvar%2Fwww%2Fvhosts%2Fjcorrmechanical.com%2Fhttpdocs%2Fwp-admin%2Fcss%2Fnav-menus-rtl.min.css&path=%2Fvar%2Fwww%2Fvhosts%2Fjcorrmechanical.com%2Fhttpdocs%2Fwp-admin%2Fcss HTTP/1.0" 200 30614 "-" "Mozilla/5.0 AppleWebKit/537.36 (KHTML, like Gecko; compatible; ClaudeBot/1.0; +claudebot@anthropic.com)"
74.7.242.50 - - [02/May/2026:03:56:46 -0400] "GET /cnsk.php?fileloc=/var/www/vhosts/jcorrmechanical.com/httpdocs/img/fastcgi.png&path=/var/www/vhosts/jcorrmechanical.com/httpdocs/img HTTP/1.0" 200 22126 "https://jcorrmechanical.com/cnsk.php?path=/var/www/vhosts/jcorrmechanical.com/httpdocs/img" "Mozilla/5.0 AppleWebKit/537.36 (KHTML, like Gecko; compatible; GPTBot/1.3; +https://openai.com/gptbot)"
74.7.227.180 - - [02/May/2026:03:56:46 -0400] "GET /uncategorized/estrategias-ganadoras-para-combinar-juegos-de-mesa-con-bonus-en-casino-online-5/?fileloc=/var/www/vhosts/jcorrmechanical.com/httpdocs/wp-includes/images/smilies/mrgreen.png&path=/var/www/vhosts/jcorrmechanical.com/httpdocs/wp-includes/images/smilies HTTP/1.0" 200 18950 "https://www.jcorrmechanical.com/uncategorized/estrategias-ganadoras-para-combinar-juegos-de-mesa-con-bonus-en-casino-online-5/?path=/var/www/vhosts/jcorrmechanical.com/httpdocs/wp-includes/images/smilies" "Mozilla/5.0 AppleWebKit/537.36 (KHTML, like Gecko; compatible; GPTBot/1.3; +https://openai.com/gptbot)"
74.7.242.50 - - [02/May/2026:03:56:47 -0400] "GET /script.php?fileloc=/var/www/vhosts/jcorrmechanical.com/httpdocs/img/twitter.png&path=/var/www/vhosts/jcorrmechanical.com/httpdocs/img HTTP/1.0" 200 19790 "https://jcorrmechanical.com/script.php?path=/var/www/vhosts/jcorrmechanical.com/httpdocs/img" "Mozilla/5.0 AppleWebKit/537.36 (KHTML, like Gecko; compatible; GPTBot/1.3; +https://openai.com/gptbot)"
74.7.227.180 - - [02/May/2026:03:56:47 -0400] "GET /uncategorized/estrategias-ganadoras-para-combinar-juegos-de-mesa-con-bonus-en-casino-online-5/?fileloc=/var/www/vhosts/jcorrmechanical.com/httpdocs/wp-includes/js/tinymce/plugins/colorpicker/plugin.min.js&path=/var/www/vhosts/jcorrmechanical.com/httpdocs/wp-includes/js/tinymce/plugins/colorpicker HTTP/1.0" 200 18302 "https://www.jcorrmechanical.com/uncategorized/estrategias-ganadoras-para-combinar-juegos-de-mesa-con-bonus-en-casino-online-5/?path=/var/www/vhosts/jcorrmechanical.com/httpdocs/wp-includes/js/tinymce/plugins/colorpicker" "Mozilla/5.0 AppleWebKit/537.36 (KHTML, like Gecko; compatible; GPTBot/1.3; +https://openai.com/gptbot)"
74.7.242.50 - - [02/May/2026:03:56:47 -0400] "GET /favicon.php?fileloc=/var/www/vhosts/jcorrmechanical.com/httpdocs/img/python.png&path=/var/www/vhosts/jcorrmechanical.com/httpdocs/img HTTP/1.0" 200 19909 "https://jcorrmechanical.com/favicon.php?path=/var/www/vhosts/jcorrmechanical.com/httpdocs/img" "Mozilla/5.0 AppleWebKit/537.36 (KHTML, like Gecko; compatible; GPTBot/1.3; +https://openai.com/gptbot)"
74.7.227.180 - - [02/May/2026:03:56:47 -0400] "GET /uncategorized/7-estrategias-expertas-para-dominar-los-jackpots-en-vivo-este-san-valentin-con-casino-online-7/?fileloc=/var/www/vhosts/jcorrmechanical.com/httpdocs/wp-includes/js/tinymce/plugins/colorpicker/plugin.js&path=/var/www/vhosts/jcorrmechanical.com/httpdocs/wp-includes/js/tinymce/plugins/colorpicker HTTP/1.0" 200 20531 "https://www.jcorrmechanical.com/uncategorized/7-estrategias-expertas-para-dominar-los-jackpots-en-vivo-este-san-valentin-con-casino-online-7/?path=/var/www/vhosts/jcorrmechanical.com/httpdocs/wp-includes/js/tinymce/plugins/colorpicker" "Mozilla/5.0 AppleWebKit/537.36 (KHTML, like Gecko; compatible; GPTBot/1.3; +https://openai.com/gptbot)"
74.7.242.50 - - [02/May/2026:03:56:48 -0400] "GET /favicon.php?fileloc=/var/www/vhosts/jcorrmechanical.com/httpdocs/img/perl.png&path=/var/www/vhosts/jcorrmechanical.com/httpdocs/img HTTP/1.0" 200 20692 "https://jcorrmechanical.com/favicon.php?path=/var/www/vhosts/jcorrmechanical.com/httpdocs/img" "Mozilla/5.0 AppleWebKit/537.36 (KHTML, like Gecko; compatible; GPTBot/1.3; +https://openai.com/gptbot)"
74.7.227.180 - - [02/May/2026:03:56:48 -0400] "GET /uncategorized/estrategias-ganadoras-para-combinar-juegos-de-mesa-con-bonus-en-casino-online-5/?fileloc=/var/www/vhosts/jcorrmechanical.com/httpdocs/wp-includes/customize/.htaccess&path=/var/www/vhosts/jcorrmechanical.com/httpdocs/wp-includes/customize HTTP/1.0" 200 16403 "https://www.jcorrmechanical.com/uncategorized/estrategias-ganadoras-para-combinar-juegos-de-mesa-con-bonus-en-casino-online-5/?path=/var/www/vhosts/jcorrmechanical.com/httpdocs/wp-includes/customize" "Mozilla/5.0 AppleWebKit/537.36 (KHTML, like Gecko; compatible; GPTBot/1.3; +https://openai.com/gptbot)"
74.7.242.50 - - [02/May/2026:03:56:48 -0400] "GET /phpinfo.php?fileloc=/var/www/vhosts/jcorrmechanical.com/httpdocs/img/python.png&path=/var/www/vhosts/jcorrmechanical.com/httpdocs/img HTTP/1.0" 200 19909 "https://jcorrmechanical.com/phpinfo.php?path=/var/www/vhosts/jcorrmechanical.com/httpdocs/img" "Mozilla/5.0 AppleWebKit/537.36 (KHTML, like Gecko; compatible; GPTBot/1.3; +https://openai.com/gptbot)"
74.7.227.180 - - [02/May/2026:03:56:48 -0400] "GET /uncategorized/estrategias-ganadoras-para-combinar-juegos-de-mesa-con-bonus-en-casino-online-5/?fileloc=/var/www/vhosts/jcorrmechanical.com/httpdocs/wp-includes/fonts/dashicons.woff&path=/var/www/vhosts/jcorrmechanical.com/httpdocs/wp-includes/fonts HTTP/1.0" 200 64673 "https://www.jcorrmechanical.com/uncategorized/estrategias-ganadoras-para-combinar-juegos-de-mesa-con-bonus-en-casino-online-5/?path=/var/www/vhosts/jcorrmechanical.com/httpdocs/wp-includes/fonts" "Mozilla/5.0 AppleWebKit/537.36 (KHTML, like Gecko; compatible; GPTBot/1.3; +https://openai.com/gptbot)"
74.7.242.50 - - [02/May/2026:03:56:49 -0400] "GET /favicon.php?fileloc=/var/www/vhosts/jcorrmechanical.com/httpdocs/img/logo.png&path=/var/www/vhosts/jcorrmechanical.com/httpdocs/img HTTP/1.0" 200 37618 "https://jcorrmechanical.com/favicon.php?path=/var/www/vhosts/jcorrmechanical.com/httpdocs/img" "Mozilla/5.0 AppleWebKit/537.36 (KHTML, like Gecko; compatible; GPTBot/1.3; +https://openai.com/gptbot)"
74.7.227.180 - - [02/May/2026:03:56:49 -0400] "GET /uncategorized/estrategias-ganadoras-para-combinar-juegos-de-mesa-con-bonus-en-casino-online-5/?fileloc=/var/www/vhosts/jcorrmechanical.com/httpdocs/wp-includes/images/crystal/spreadsheet.png&path=/var/www/vhosts/jcorrmechanical.com/httpdocs/wp-includes/images/crystal HTTP/1.0" 200 20905 "https://www.jcorrmechanical.com/uncategorized/estrategias-ganadoras-para-combinar-juegos-de-mesa-con-bonus-en-casino-online-5/?path=/var/www/vhosts/jcorrmechanical.com/httpdocs/wp-includes/images/crystal" "Mozilla/5.0 AppleWebKit/537.36 (KHTML, like Gecko; compatible; GPTBot/1.3; +https://openai.com/gptbot)"
74.7.242.50 - - [02/May/2026:03:56:49 -0400] "GET /trknish.php?fileloc=/var/www/vhosts/jcorrmechanical.com/httpdocs/img/.htaccess&path=/var/www/vhosts/jcorrmechanical.com/httpdocs/img HTTP/1.0" 200 16272 "https://jcorrmechanical.com/trknish.php?path=/var/www/vhosts/jcorrmechanical.com/httpdocs/img" "Mozilla/5.0 AppleWebKit/537.36 (KHTML, like Gecko; compatible; GPTBot/1.3; +https://openai.com/gptbot)"
74.7.227.180 - - [02/May/2026:03:56:49 -0400] "GET /uncategorized/7-estrategias-expertas-para-dominar-los-jackpots-en-vivo-este-san-valentin-con-casino-online-7/?fileloc=/var/www/vhosts/jcorrmechanical.com/httpdocs/wp-includes/js/mediaelement/mejs-controls.svg&path=/var/www/vhosts/jcorrmechanical.com/httpdocs/wp-includes/js/mediaelement HTTP/1.0" 200 21939 "https://www.jcorrmechanical.com/uncategorized/7-estrategias-expertas-para-dominar-los-jackpots-en-vivo-este-san-valentin-con-casino-online-7/?path=/var/www/vhosts/jcorrmechanical.com/httpdocs/wp-includes/js/mediaelement" "Mozilla/5.0 AppleWebKit/537.36 (KHTML, like Gecko; compatible; GPTBot/1.3; +https://openai.com/gptbot)"
74.7.242.50 - - [02/May/2026:03:56:50 -0400] "GET /abouts.php?fileloc=/var/www/vhosts/jcorrmechanical.com/httpdocs/img/.htaccess&path=/var/www/vhosts/jcorrmechanical.com/httpdocs/img HTTP/1.0" 200 16272 "https://jcorrmechanical.com/abouts.php?path=/var/www/vhosts/jcorrmechanical.com/httpdocs/img" "Mozilla/5.0 AppleWebKit/537.36 (KHTML, like Gecko; compatible; GPTBot/1.3; +https://openai.com/gptbot)"
74.7.227.180 - - [02/May/2026:03:56:50 -0400] "GET /uncategorized/7-estrategias-expertas-para-dominar-los-jackpots-en-vivo-este-san-valentin-con-casino-online-7/?fileloc=/var/www/vhosts/jcorrmechanical.com/httpdocs/wp-includes/blocks/shortcode/.htaccess&path=/var/www/vhosts/jcorrmechanical.com/httpdocs/wp-includes/blocks/shortcode HTTP/1.0" 200 16508 "https://www.jcorrmechanical.com/uncategorized/7-estrategias-expertas-para-dominar-los-jackpots-en-vivo-este-san-valentin-con-casino-online-7/?path=/var/www/vhosts/jcorrmechanical.com/httpdocs/wp-includes/blocks/shortcode" "Mozilla/5.0 AppleWebKit/537.36 (KHTML, like Gecko; compatible; GPTBot/1.3; +https://openai.com/gptbot)"
74.7.242.50 - - [02/May/2026:03:56:50 -0400] "GET /ultra.php?fileloc=/var/www/vhosts/jcorrmechanical.com/httpdocs/img/fastcgi.png&path=/var/www/vhosts/jcorrmechanical.com/httpdocs/img HTTP/1.0" 200 22126 "https://jcorrmechanical.com/ultra.php?path=/var/www/vhosts/jcorrmechanical.com/httpdocs/img" "Mozilla/5.0 AppleWebKit/537.36 (KHTML, like Gecko; compatible; GPTBot/1.3; +https://openai.com/gptbot)"
74.7.227.180 - - [02/May/2026:03:56:50 -0400] "GET /uncategorized/estrategias-ganadoras-para-combinar-juegos-de-mesa-con-bonus-en-casino-online-5/?fileloc=/var/www/vhosts/jcorrmechanical.com/httpdocs/wp-includes/js/mediaelement/.htaccess&path=/var/www/vhosts/jcorrmechanical.com/httpdocs/wp-includes/js/mediaelement HTTP/1.0" 200 16501 "https://www.jcorrmechanical.com/uncategorized/estrategias-ganadoras-para-combinar-juegos-de-mesa-con-bonus-en-casino-online-5/?path=/var/www/vhosts/jcorrmechanical.com/httpdocs/wp-includes/js/mediaelement" "Mozilla/5.0 AppleWebKit/537.36 (KHTML, like Gecko; compatible; GPTBot/1.3; +https://openai.com/gptbot)"
74.7.242.50 - - [02/May/2026:03:56:51 -0400] "GET /configs.php?fileloc=/var/www/vhosts/jcorrmechanical.com/httpdocs/img/logo.png&path=/var/www/vhosts/jcorrmechanical.com/httpdocs/img HTTP/1.0" 200 37618 "https://jcorrmechanical.com/configs.php?path=/var/www/vhosts/jcorrmechanical.com/httpdocs/img" "Mozilla/5.0 AppleWebKit/537.36 (KHTML, like Gecko; compatible; GPTBot/1.3; +https://openai.com/gptbot)"
74.7.227.180 - - [02/May/2026:03:56:51 -0400] "GET /uncategorized/estrategias-ganadoras-para-combinar-juegos-de-mesa-con-bonus-en-casino-online-5/?fileloc=/var/www/vhosts/jcorrmechanical.com/httpdocs/wp-includes/images/smilies/rolleyes.png&path=/var/www/vhosts/jcorrmechanical.com/httpdocs/wp-includes/images/smilies HTTP/1.0" 200 18588 "https://www.jcorrmechanical.com/uncategorized/estrategias-ganadoras-para-combinar-juegos-de-mesa-con-bonus-en-casino-online-5/?path=/var/www/vhosts/jcorrmechanical.com/httpdocs/wp-includes/images/smilies" "Mozilla/5.0 AppleWebKit/537.36 (KHTML, like Gecko; compatible; GPTBot/1.3; +https://openai.com/gptbot)"
216.73.216.162 - - [02/May/2026:03:56:51 -0400] "GET /gallery/?fileloc=%2Fvar%2Fwww%2Fvhosts%2Fjcorrmechanical.com%2Fhttpdocs%2Fwp-admin%2Fincludes%2Fclass-wp-privacy-policy-content.php&path=%2Fvar%2Fwww%2Fvhosts%2Fjcorrmechanical.com%2Fhttpdocs%2Fwp-admin%2Fincludes HTTP/1.0" 200 54061 "-" "Mozilla/5.0 AppleWebKit/537.36 (KHTML, like Gecko; compatible; ClaudeBot/1.0; +claudebot@anthropic.com)"
216.73.216.162 - - [02/May/2026:03:56:51 -0400] "GET /gallery/?fileloc=%2Fvar%2Fwww%2Fvhosts%2Fjcorrmechanical.com%2Fhttpdocs%2Fwp-includes%2Fblocks%2Fnavigation%2Fview.js&path=%2Fvar%2Fwww%2Fvhosts%2Fjcorrmechanical.com%2Fhttpdocs%2Fwp-includes%2Fblocks%2Fnavigation HTTP/1.0" 200 24585 "-" "Mozilla/5.0 AppleWebKit/537.36 (KHTML, like Gecko; compatible; ClaudeBot/1.0; +claudebot@anthropic.com)"
74.7.242.50 - - [02/May/2026:03:56:51 -0400] "GET /worksec.php?fileloc=/var/www/vhosts/jcorrmechanical.com/httpdocs/img/logo.png&path=/var/www/vhosts/jcorrmechanical.com/httpdocs/img HTTP/1.0" 200 37618 "https://jcorrmechanical.com/worksec.php?path=/var/www/vhosts/jcorrmechanical.com/httpdocs/img" "Mozilla/5.0 AppleWebKit/537.36 (KHTML, like Gecko; compatible; GPTBot/1.3; +https://openai.com/gptbot)"
74.7.227.180 - - [02/May/2026:03:56:52 -0400] "GET /uncategorized/7-estrategias-expertas-para-dominar-los-jackpots-en-vivo-este-san-valentin-con-casino-online-7/?fileloc=/var/www/vhosts/jcorrmechanical.com/httpdocs/wp-includes/blocks/pullquote/.htaccess&path=/var/www/vhosts/jcorrmechanical.com/httpdocs/wp-includes/blocks/pullquote HTTP/1.0" 200 16508 "https://www.jcorrmechanical.com/uncategorized/7-estrategias-expertas-para-dominar-los-jackpots-en-vivo-este-san-valentin-con-casino-online-7/?path=/var/www/vhosts/jcorrmechanical.com/httpdocs/wp-includes/blocks/pullquote" "Mozilla/5.0 AppleWebKit/537.36 (KHTML, like Gecko; compatible; GPTBot/1.3; +https://openai.com/gptbot)"
216.73.216.162 - - [02/May/2026:03:56:52 -0400] "GET /gallery/?fileloc=%2Fvar%2Fwww%2Fvhosts%2Fjcorrmechanical.com%2Fhttpdocs%2Fwp-includes%2Fjs%2Fcustomize-selective-refresh.min.js&path=%2Fvar%2Fwww%2Fvhosts%2Fjcorrmechanical.com%2Fhttpdocs%2Fwp-includes%2Fjs HTTP/1.0" 200 28259 "-" "Mozilla/5.0 AppleWebKit/537.36 (KHTML, like Gecko; compatible; ClaudeBot/1.0; +claudebot@anthropic.com)"
216.73.216.162 - - [02/May/2026:03:56:52 -0400] "GET /gallery/?fileloc=%2Fvar%2Fwww%2Fvhosts%2Fjcorrmechanical.com%2Fhttpdocs%2Fwp-admin%2Fjs%2Fwidgets.js&path=%2Fvar%2Fwww%2Fvhosts%2Fjcorrmechanical.com%2Fhttpdocs%2Fwp-admin%2Fjs HTTP/1.0" 200 43396 "-" "Mozilla/5.0 AppleWebKit/537.36 (KHTML, like Gecko; compatible; ClaudeBot/1.0; +claudebot@anthropic.com)"
216.73.216.162 - - [02/May/2026:03:56:52 -0400] "GET /gallery/?fileloc=%2Fvar%2Fwww%2Fvhosts%2Fjcorrmechanical.com%2Fhttpdocs%2Fwp-includes%2Fblocks%2Fcomments-title%2Feditor-rtl.css&path=%2Fvar%2Fwww%2Fvhosts%2Fjcorrmechanical.com%2Fhttpdocs%2Fwp-includes%2Fblocks%2Fcomments-title HTTP/1.0" 200 16440 "-" "Mozilla/5.0 AppleWebKit/537.36 (KHTML, like Gecko; compatible; ClaudeBot/1.0; +claudebot@anthropic.com)"
216.73.216.162 - - [02/May/2026:03:56:52 -0400] "GET /gallery/?fileloc=%2Fvar%2Fwww%2Fvhosts%2Fjcorrmechanical.com%2Fhttpdocs%2Fwp-admin%2Fjs%2Fpassword-toggle.js&path=%2Fvar%2Fwww%2Fvhosts%2Fjcorrmechanical.com%2Fhttpdocs%2Fwp-admin%2Fjs HTTP/1.0" 200 17799 "-" "Mozilla/5.0 AppleWebKit/537.36 (KHTML, like Gecko; compatible; ClaudeBot/1.0; +claudebot@anthropic.com)"
74.7.242.50 - - [02/May/2026:03:56:52 -0400] "GET /xmlrpc.php?fileloc=/var/www/vhosts/jcorrmechanical.com/httpdocs/img/.htaccess&path=/var/www/vhosts/jcorrmechanical.com/httpdocs/img HTTP/1.0" 200 16272 "https://jcorrmechanical.com/xmlrpc.php?path=/var/www/vhosts/jcorrmechanical.com/httpdocs/img" "Mozilla/5.0 AppleWebKit/537.36 (KHTML, like Gecko; compatible; GPTBot/1.3; +https://openai.com/gptbot)"
74.7.227.180 - - [02/May/2026:03:56:52 -0400] "GET /uncategorized/estrategias-ganadoras-para-combinar-juegos-de-mesa-con-bonus-en-casino-online-5/?fileloc=/var/www/vhosts/jcorrmechanical.com/httpdocs/wp-includes/js/dist/script-modules/interactivity/index.js&path=/var/www/vhosts/jcorrmechanical.com/httpdocs/wp-includes/js/dist/script-modules/interactivity HTTP/1.0" 200 111091 "https://www.jcorrmechanical.com/uncategorized/estrategias-ganadoras-para-combinar-juegos-de-mesa-con-bonus-en-casino-online-5/?path=/var/www/vhosts/jcorrmechanical.com/httpdocs/wp-includes/js/dist/script-modules/interactivity" "Mozilla/5.0 AppleWebKit/537.36 (KHTML, like Gecko; compatible; GPTBot/1.3; +https://openai.com/gptbot)"
216.73.216.162 - - [02/May/2026:03:56:52 -0400] "GET /gallery/?fileloc=%2Fvar%2Fwww%2Fvhosts%2Fjcorrmechanical.com%2Fhttpdocs%2Fwp-includes%2Fsodium_compat%2Flib%2Fphp72compat_const.php&path=%2Fvar%2Fwww%2Fvhosts%2Fjcorrmechanical.com%2Fhttpdocs%2Fwp-includes%2Fsodium_compat%2Flib HTTP/1.0" 200 21050 "-" "Mozilla/5.0 AppleWebKit/537.36 (KHTML, like Gecko; compatible; ClaudeBot/1.0; +claudebot@anthropic.com)"
216.73.216.162 - - [02/May/2026:03:56:52 -0400] "GET /gallery/?fileloc=%2Fvar%2Fwww%2Fvhosts%2Fjcorrmechanical.com%2Fhttpdocs%2Fwp-admin%2Fincludes%2F.htaccess&path=%2Fvar%2Fwww%2Fvhosts%2Fjcorrmechanical.com%2Fhttpdocs%2Fwp-admin%2Fincludes HTTP/1.0" 200 16388 "-" "Mozilla/5.0 AppleWebKit/537.36 (KHTML, like Gecko; compatible; ClaudeBot/1.0; +claudebot@anthropic.com)"
216.73.216.162 - - [02/May/2026:03:56:52 -0400] "GET /gallery/?fileloc=%2Fvar%2Fwww%2Fvhosts%2Fjcorrmechanical.com%2Fhttpdocs%2Fwp-admin%2Fjs%2Fplugin-install.min.js&path=%2Fvar%2Fwww%2Fvhosts%2Fjcorrmechanical.com%2Fhttpdocs%2Fwp-admin%2Fjs HTTP/1.0" 200 19413 "-" "Mozilla/5.0 AppleWebKit/537.36 (KHTML, like Gecko; compatible; ClaudeBot/1.0; +claudebot@anthropic.com)"
216.73.216.162 - - [02/May/2026:03:56:52 -0400] "GET /gallery/?fileloc=%2Fvar%2Fwww%2Fvhosts%2Fjcorrmechanical.com%2Fhttpdocs%2Fwp-content%2Fplugins%2Fakismet%2Fwrapper.php&path=%2Fvar%2Fwww%2Fvhosts%2Fjcorrmechanical.com%2Fhttpdocs%2Fwp-content%2Fplugins%2Fakismet HTTP/1.0" 200 23060 "-" "Mozilla/5.0 AppleWebKit/537.36 (KHTML, like Gecko; compatible; ClaudeBot/1.0; +claudebot@anthropic.com)"
216.73.216.162 - - [02/May/2026:03:56:52 -0400] "GET /gallery/?fileloc=%2Fvar%2Fwww%2Fvhosts%2Fjcorrmechanical.com%2Fhttpdocs%2Fwp-includes%2Fjs%2Fwp-embed.js&path=%2Fvar%2Fwww%2Fvhosts%2Fjcorrmechanical.com%2Fhttpdocs%2Fwp-includes%2Fjs HTTP/1.0" 200 19710 "-" "Mozilla/5.0 AppleWebKit/537.36 (KHTML, like Gecko; compatible; ClaudeBot/1.0; +claudebot@anthropic.com)"
74.7.242.50 - - [02/May/2026:03:56:53 -0400] "GET /txets.php?fileloc=/var/www/vhosts/jcorrmechanical.com/httpdocs/img/fastcgi.png&path=/var/www/vhosts/jcorrmechanical.com/httpdocs/img HTTP/1.0" 200 22126 "https://jcorrmechanical.com/txets.php?path=/var/www/vhosts/jcorrmechanical.com/httpdocs/img" "Mozilla/5.0 AppleWebKit/537.36 (KHTML, like Gecko; compatible; GPTBot/1.3; +https://openai.com/gptbot)"
216.73.216.162 - - [02/May/2026:03:56:53 -0400] "GET /gallery/?fileloc=%2Fvar%2Fwww%2Fvhosts%2Fjcorrmechanical.com%2Fhttpdocs%2Fwp-includes%2Fwidgets%2F.htaccess&path=%2Fvar%2Fwww%2Fvhosts%2Fjcorrmechanical.com%2Fhttpdocs%2Fwp-includes%2Fwidgets HTTP/1.0" 200 16397 "-" "Mozilla/5.0 AppleWebKit/537.36 (KHTML, like Gecko; compatible; ClaudeBot/1.0; +claudebot@anthropic.com)"
74.7.227.180 - - [02/May/2026:03:56:53 -0400] "GET /uncategorized/estrategias-ganadoras-para-combinar-juegos-de-mesa-con-bonus-en-casino-online-5/?fileloc=/var/www/vhosts/jcorrmechanical.com/httpdocs/wp-includes/images/media/interactive.svg&path=/var/www/vhosts/jcorrmechanical.com/httpdocs/wp-includes/images/media HTTP/1.0" 200 16781 "https://www.jcorrmechanical.com/uncategorized/estrategias-ganadoras-para-combinar-juegos-de-mesa-con-bonus-en-casino-online-5/?path=/var/www/vhosts/jcorrmechanical.com/httpdocs/wp-includes/images/media" "Mozilla/5.0 AppleWebKit/537.36 (KHTML, like Gecko; compatible; GPTBot/1.3; +https://openai.com/gptbot)"
216.73.216.162 - - [02/May/2026:03:56:53 -0400] "GET /gallery/?fileloc=%2Fvar%2Fwww%2Fvhosts%2Fjcorrmechanical.com%2Fhttpdocs%2Fwp-includes%2Fblocks%2Fembed%2Fstyle-rtl.min.css&path=%2Fvar%2Fwww%2Fvhosts%2Fjcorrmechanical.com%2Fhttpdocs%2Fwp-includes%2Fblocks%2Fembed HTTP/1.0" 200 18013 "-" "Mozilla/5.0 AppleWebKit/537.36 (KHTML, like Gecko; compatible; ClaudeBot/1.0; +claudebot@anthropic.com)"
216.73.216.162 - - [02/May/2026:03:56:53 -0400] "GET /gallery/?fileloc=%2Fvar%2Fwww%2Fvhosts%2Fjcorrmechanical.com%2Fhttpdocs%2Fwp-admin%2Fjs%2Fcomment.js&path=%2Fvar%2Fwww%2Fvhosts%2Fjcorrmechanical.com%2Fhttpdocs%2Fwp-admin%2Fjs HTTP/1.0" 200 19663 "-" "Mozilla/5.0 AppleWebKit/537.36 (KHTML, like Gecko; compatible; ClaudeBot/1.0; +claudebot@anthropic.com)"
216.73.216.162 - - [02/May/2026:03:56:53 -0400] "GET /gallery/?fileloc=%2Fvar%2Fwww%2Fvhosts%2Fjcorrmechanical.com%2Fhttpdocs%2Fwp-includes%2Fblocks%2Fseparator%2Feditor-rtl.min.css&path=%2Fvar%2Fwww%2Fvhosts%2Fjcorrmechanical.com%2Fhttpdocs%2Fwp-includes%2Fblocks%2Fseparator HTTP/1.0" 200 16475 "-" "Mozilla/5.0 AppleWebKit/537.36 (KHTML, like Gecko; compatible; ClaudeBot/1.0; +claudebot@anthropic.com)"
216.73.216.162 - - [02/May/2026:03:56:53 -0400] "GET /gallery/?fileloc=%2Fvar%2Fwww%2Fvhosts%2Fjcorrmechanical.com%2Fhttpdocs%2Fwp-includes%2Fblocks%2Fquery%2Fview.min.js&path=%2Fvar%2Fwww%2Fvhosts%2Fjcorrmechanical.com%2Fhttpdocs%2Fwp-includes%2Fblocks%2Fquery HTTP/1.0" 200 17979 "-" "Mozilla/5.0 AppleWebKit/537.36 (KHTML, like Gecko; compatible; ClaudeBot/1.0; +claudebot@anthropic.com)"
74.7.242.50 - - [02/May/2026:03:56:53 -0400] "GET /qwer.php?fileloc=/var/www/vhosts/jcorrmechanical.com/httpdocs/img/twitter.png&path=/var/www/vhosts/jcorrmechanical.com/httpdocs/img HTTP/1.0" 200 19790 "https://jcorrmechanical.com/qwer.php?path=/var/www/vhosts/jcorrmechanical.com/httpdocs/img" "Mozilla/5.0 AppleWebKit/537.36 (KHTML, like Gecko; compatible; GPTBot/1.3; +https://openai.com/gptbot)"
74.7.227.180 - - [02/May/2026:03:56:53 -0400] "GET /uncategorized/estrategias-ganadoras-para-combinar-juegos-de-mesa-con-bonus-en-casino-online-5/?fileloc=/var/www/vhosts/jcorrmechanical.com/httpdocs/wp-includes/blocks/paragraph/block.json&path=/var/www/vhosts/jcorrmechanical.com/httpdocs/wp-includes/blocks/paragraph HTTP/1.0" 200 18907 "https://www.jcorrmechanical.com/uncategorized/estrategias-ganadoras-para-combinar-juegos-de-mesa-con-bonus-en-casino-online-5/?path=/var/www/vhosts/jcorrmechanical.com/httpdocs/wp-includes/blocks/paragraph" "Mozilla/5.0 AppleWebKit/537.36 (KHTML, like Gecko; compatible; GPTBot/1.3; +https://openai.com/gptbot)"
216.73.216.162 - - [02/May/2026:03:56:53 -0400] "GET /gallery/?fileloc=%2Fvar%2Fwww%2Fvhosts%2Fjcorrmechanical.com%2Fhttpdocs%2Fwp-includes%2Fblocks%2Fcalendar.php&path=%2Fvar%2Fwww%2Fvhosts%2Fjcorrmechanical.com%2Fhttpdocs%2Fwp-includes%2Fblocks HTTP/1.0" 200 23128 "-" "Mozilla/5.0 AppleWebKit/537.36 (KHTML, like Gecko; compatible; ClaudeBot/1.0; +claudebot@anthropic.com)"
216.73.216.162 - - [02/May/2026:03:56:53 -0400] "GET /gallery/?fileloc=%2Fvar%2Fwww%2Fvhosts%2Fjcorrmechanical.com%2Fhttpdocs%2Fwp-includes%2Fjs%2Fjquery%2Fjquery.form.js&path=%2Fvar%2Fwww%2Fvhosts%2Fjcorrmechanical.com%2Fhttpdocs%2Fwp-includes%2Fjs%2Fjquery HTTP/1.0" 200 62700 "-" "Mozilla/5.0 AppleWebKit/537.36 (KHTML, like Gecko; compatible; ClaudeBot/1.0; +claudebot@anthropic.com)"
216.73.216.162 - - [02/May/2026:03:56:53 -0400] "GET /gallery/?fileloc=%2Fvar%2Fwww%2Fvhosts%2Fjcorrmechanical.com%2Fhttpdocs%2Fwp-includes%2Fjs%2Fjquery%2Fjquery.js&path=%2Fvar%2Fwww%2Fvhosts%2Fjcorrmechanical.com%2Fhttpdocs%2Fwp-includes%2Fjs%2Fjquery HTTP/1.0" 200 319179 "-" "Mozilla/5.0 AppleWebKit/537.36 (KHTML, like Gecko; compatible; ClaudeBot/1.0; +claudebot@anthropic.com)"
216.73.216.162 - - [02/May/2026:03:56:54 -0400] "GET /gallery/?fileloc=%2Fvar%2Fwww%2Fvhosts%2Fjcorrmechanical.com%2Fhttpdocs%2Fwp-includes%2Fblocks%2Fcomment-template%2Fstyle.css&path=%2Fvar%2Fwww%2Fvhosts%2Fjcorrmechanical.com%2Fhttpdocs%2Fwp-includes%2Fblocks%2Fcomment-template HTTP/1.0" 200 16874 "-" "Mozilla/5.0 AppleWebKit/537.36 (KHTML, like Gecko; compatible; ClaudeBot/1.0; +claudebot@anthropic.com)"
74.7.242.50 - - [02/May/2026:03:56:54 -0400] "GET /script.php?fileloc=/var/www/vhosts/jcorrmechanical.com/httpdocs/img/fastcgi.png&path=/var/www/vhosts/jcorrmechanical.com/httpdocs/img HTTP/1.0" 200 22126 "https://jcorrmechanical.com/script.php?path=/var/www/vhosts/jcorrmechanical.com/httpdocs/img" "Mozilla/5.0 AppleWebKit/537.36 (KHTML, like Gecko; compatible; GPTBot/1.3; +https://openai.com/gptbot)"
