HEX
Server: Apache
System: Linux server1.adamthecomputerguy.com 3.10.0-1160.92.1.el7.x86_64 #1 SMP Tue Jun 20 11:48:01 UTC 2023 x86_64
User: jcorr (10056)
PHP: 8.2.30
Disabled: opcache_get_status
Upload Files
File: /var/www/vhosts/jcorrmechanical.com/logs/access_ssl_log
74.7.242.50 - - [02/May/2026:03:42:04 -0400] "GET /9055580549.htm?fileloc=/var/www/vhosts/jcorrmechanical.com/httpdocs/wp-config-sample.php&path=/var/www/vhosts/jcorrmechanical.com/httpdocs HTTP/1.0" 200 19774 "https://jcorrmechanical.com/9055580549.htm" "Mozilla/5.0 AppleWebKit/537.36 (KHTML, like Gecko; compatible; GPTBot/1.3; +https://openai.com/gptbot)"
74.7.227.180 - - [02/May/2026:03:42:04 -0400] "GET /uncategorized/guia-experta-para-gestionar-pausas-saludables-en-casino-online-y-potenciar-tus-bonos/?fileloc=/var/www/vhosts/jcorrmechanical.com/httpdocs/wp-includes/rest-api/endpoints/class-wp-rest-users-controller.php&path=/var/www/vhosts/jcorrmechanical.com/httpdocs/wp-includes/rest-api/endpoints HTTP/1.0" 200 76670 "https://www.jcorrmechanical.com/uncategorized/guia-experta-para-gestionar-pausas-saludables-en-casino-online-y-potenciar-tus-bonos/?path=/var/www/vhosts/jcorrmechanical.com/httpdocs/wp-includes/rest-api/endpoints" "Mozilla/5.0 AppleWebKit/537.36 (KHTML, like Gecko; compatible; GPTBot/1.3; +https://openai.com/gptbot)"
74.7.227.180 - - [02/May/2026:03:42:05 -0400] "GET /uncategorized/conexion-en-vivo-estrategias-de-chat-para-triunfar-en-casino-online/?fileloc=/var/www/vhosts/jcorrmechanical.com/httpdocs/wp-includes/rest-api/endpoints/class-wp-rest-taxonomies-controller.php&path=/var/www/vhosts/jcorrmechanical.com/httpdocs/wp-includes/rest-api/endpoints HTTP/1.0" 200 33571 "https://www.jcorrmechanical.com/uncategorized/conexion-en-vivo-estrategias-de-chat-para-triunfar-en-casino-online/?path=/var/www/vhosts/jcorrmechanical.com/httpdocs/wp-includes/rest-api/endpoints" "Mozilla/5.0 AppleWebKit/537.36 (KHTML, like Gecko; compatible; GPTBot/1.3; +https://openai.com/gptbot)"
74.7.227.180 - - [02/May/2026:03:42:05 -0400] "GET /uncategorized/guia-experta-para-gestionar-pausas-saludables-en-casino-online-y-potenciar-tus-bonos/?fileloc=/var/www/vhosts/jcorrmechanical.com/httpdocs/wp-includes/rest-api/endpoints/class-wp-rest-settings-controller.php&path=/var/www/vhosts/jcorrmechanical.com/httpdocs/wp-includes/rest-api/endpoints HTTP/1.0" 200 27818 "https://www.jcorrmechanical.com/uncategorized/guia-experta-para-gestionar-pausas-saludables-en-casino-online-y-potenciar-tus-bonos/?path=/var/www/vhosts/jcorrmechanical.com/httpdocs/wp-includes/rest-api/endpoints" "Mozilla/5.0 AppleWebKit/537.36 (KHTML, like Gecko; compatible; GPTBot/1.3; +https://openai.com/gptbot)"
74.7.227.180 - - [02/May/2026:03:42:06 -0400] "GET /uncategorized/guia-experta-para-aprovechar-los-bonos-de-recarga-semanales-en-casino-online/?fileloc=/var/www/vhosts/jcorrmechanical.com/httpdocs/wp-includes/assets/script-loader-packages.php&path=/var/www/vhosts/jcorrmechanical.com/httpdocs/wp-includes/assets HTTP/1.0" 200 36689 "https://www.jcorrmechanical.com/uncategorized/guia-experta-para-aprovechar-los-bonos-de-recarga-semanales-en-casino-online/?path=/var/www/vhosts/jcorrmechanical.com/httpdocs/wp-includes/assets" "Mozilla/5.0 AppleWebKit/537.36 (KHTML, like Gecko; compatible; GPTBot/1.3; +https://openai.com/gptbot)"
74.7.227.180 - - [02/May/2026:03:42:06 -0400] "GET /uncategorized/conexion-en-vivo-estrategias-de-chat-para-triunfar-en-casino-online/?fileloc=/var/www/vhosts/jcorrmechanical.com/httpdocs/wp-includes/rest-api/endpoints/class-wp-rest-revisions-controller.php&path=/var/www/vhosts/jcorrmechanical.com/httpdocs/wp-includes/rest-api/endpoints HTTP/1.0" 200 48420 "https://www.jcorrmechanical.com/uncategorized/conexion-en-vivo-estrategias-de-chat-para-triunfar-en-casino-online/?path=/var/www/vhosts/jcorrmechanical.com/httpdocs/wp-includes/rest-api/endpoints" "Mozilla/5.0 AppleWebKit/537.36 (KHTML, like Gecko; compatible; GPTBot/1.3; +https://openai.com/gptbot)"
74.7.227.180 - - [02/May/2026:03:42:07 -0400] "GET /uncategorized/conexion-en-vivo-estrategias-de-chat-para-triunfar-en-casino-online/?fileloc=/var/www/vhosts/jcorrmechanical.com/httpdocs/wp-includes/rest-api/endpoints/class-wp-rest-block-pattern-categories-controller.php&path=/var/www/vhosts/jcorrmechanical.com/httpdocs/wp-includes/rest-api/endpoints HTTP/1.0" 200 22002 "https://www.jcorrmechanical.com/uncategorized/conexion-en-vivo-estrategias-de-chat-para-triunfar-en-casino-online/?path=/var/www/vhosts/jcorrmechanical.com/httpdocs/wp-includes/rest-api/endpoints" "Mozilla/5.0 AppleWebKit/537.36 (KHTML, like Gecko; compatible; GPTBot/1.3; +https://openai.com/gptbot)"
74.7.242.50 - - [02/May/2026:03:42:07 -0400] "GET /968481484.htm?fileloc=/var/www/vhosts/jcorrmechanical.com/httpdocs/wp-config-sample.php&path=/var/www/vhosts/jcorrmechanical.com/httpdocs HTTP/1.0" 200 19774 "https://jcorrmechanical.com/968481484.htm" "Mozilla/5.0 AppleWebKit/537.36 (KHTML, like Gecko; compatible; GPTBot/1.3; +https://openai.com/gptbot)"
74.7.227.180 - - [02/May/2026:03:42:07 -0400] "GET /uncategorized/guia-experta-para-aprovechar-los-bonos-de-recarga-semanales-en-casino-online/?fileloc=/var/www/vhosts/jcorrmechanical.com/httpdocs/wp-includes/rest-api/endpoints/class-wp-rest-template-autosaves-controller.php&path=/var/www/vhosts/jcorrmechanical.com/httpdocs/wp-includes/rest-api/endpoints HTTP/1.0" 200 25407 "https://www.jcorrmechanical.com/uncategorized/guia-experta-para-aprovechar-los-bonos-de-recarga-semanales-en-casino-online/?path=/var/www/vhosts/jcorrmechanical.com/httpdocs/wp-includes/rest-api/endpoints" "Mozilla/5.0 AppleWebKit/537.36 (KHTML, like Gecko; compatible; GPTBot/1.3; +https://openai.com/gptbot)"
74.7.227.180 - - [02/May/2026:03:42:08 -0400] "GET /uncategorized/conexion-en-vivo-estrategias-de-chat-para-triunfar-en-casino-online/?fileloc=/var/www/vhosts/jcorrmechanical.com/httpdocs/wp-includes/rest-api/endpoints/class-wp-rest-global-styles-revisions-controller.php&path=/var/www/vhosts/jcorrmechanical.com/httpdocs/wp-includes/rest-api/endpoints HTTP/1.0" 200 31350 "https://www.jcorrmechanical.com/uncategorized/conexion-en-vivo-estrategias-de-chat-para-triunfar-en-casino-online/?path=/var/www/vhosts/jcorrmechanical.com/httpdocs/wp-includes/rest-api/endpoints" "Mozilla/5.0 AppleWebKit/537.36 (KHTML, like Gecko; compatible; GPTBot/1.3; +https://openai.com/gptbot)"
74.7.227.180 - - [02/May/2026:03:42:08 -0400] "GET /uncategorized/guia-experta-para-aprovechar-los-bonos-de-recarga-semanales-en-casino-online/?fileloc=/var/www/vhosts/jcorrmechanical.com/httpdocs/wp-includes/rest-api/endpoints/class-wp-rest-block-pattern-categories-controller.php&path=/var/www/vhosts/jcorrmechanical.com/httpdocs/wp-includes/rest-api/endpoints HTTP/1.0" 200 22002 "https://www.jcorrmechanical.com/uncategorized/guia-experta-para-aprovechar-los-bonos-de-recarga-semanales-en-casino-online/?path=/var/www/vhosts/jcorrmechanical.com/httpdocs/wp-includes/rest-api/endpoints" "Mozilla/5.0 AppleWebKit/537.36 (KHTML, like Gecko; compatible; GPTBot/1.3; +https://openai.com/gptbot)"
74.7.227.180 - - [02/May/2026:03:42:09 -0400] "GET /uncategorized/guia-experta-para-aprovechar-los-bonos-de-recarga-semanales-en-casino-online/?fileloc=/var/www/vhosts/jcorrmechanical.com/httpdocs/wp-includes/sitemaps/class-wp-sitemaps-renderer.php&path=/var/www/vhosts/jcorrmechanical.com/httpdocs/wp-includes/sitemaps HTTP/1.0" 200 23712 "https://www.jcorrmechanical.com/uncategorized/guia-experta-para-aprovechar-los-bonos-de-recarga-semanales-en-casino-online/?path=/var/www/vhosts/jcorrmechanical.com/httpdocs/wp-includes/sitemaps" "Mozilla/5.0 AppleWebKit/537.36 (KHTML, like Gecko; compatible; GPTBot/1.3; +https://openai.com/gptbot)"
74.7.227.180 - - [02/May/2026:03:42:09 -0400] "GET /uncategorized/guia-experta-para-aprovechar-los-bonos-de-recarga-semanales-en-casino-online/?fileloc=/var/www/vhosts/jcorrmechanical.com/httpdocs/wp-includes/rest-api/endpoints/class-wp-rest-plugins-controller.php&path=/var/www/vhosts/jcorrmechanical.com/httpdocs/wp-includes/rest-api/endpoints HTTP/1.0" 200 50272 "https://www.jcorrmechanical.com/uncategorized/guia-experta-para-aprovechar-los-bonos-de-recarga-semanales-en-casino-online/?path=/var/www/vhosts/jcorrmechanical.com/httpdocs/wp-includes/rest-api/endpoints" "Mozilla/5.0 AppleWebKit/537.36 (KHTML, like Gecko; compatible; GPTBot/1.3; +https://openai.com/gptbot)"
74.7.227.180 - - [02/May/2026:03:42:10 -0400] "GET /uncategorized/guia-experta-para-aprovechar-los-bonos-de-recarga-semanales-en-casino-online/?fileloc=/var/www/vhosts/jcorrmechanical.com/httpdocs/wp-includes/rest-api/endpoints/class-wp-rest-settings-controller.php&path=/var/www/vhosts/jcorrmechanical.com/httpdocs/wp-includes/rest-api/endpoints HTTP/1.0" 200 27818 "https://www.jcorrmechanical.com/uncategorized/guia-experta-para-aprovechar-los-bonos-de-recarga-semanales-en-casino-online/?path=/var/www/vhosts/jcorrmechanical.com/httpdocs/wp-includes/rest-api/endpoints" "Mozilla/5.0 AppleWebKit/537.36 (KHTML, like Gecko; compatible; GPTBot/1.3; +https://openai.com/gptbot)"
74.7.227.180 - - [02/May/2026:03:42:11 -0400] "GET /uncategorized/conexion-en-vivo-estrategias-de-chat-para-triunfar-en-casino-online/?fileloc=/var/www/vhosts/jcorrmechanical.com/httpdocs/wp-includes/assets/script-loader-react-refresh-runtime.min.php&path=/var/www/vhosts/jcorrmechanical.com/httpdocs/wp-includes/assets HTTP/1.0" 200 16402 "https://www.jcorrmechanical.com/uncategorized/conexion-en-vivo-estrategias-de-chat-para-triunfar-en-casino-online/?path=/var/www/vhosts/jcorrmechanical.com/httpdocs/wp-includes/assets" "Mozilla/5.0 AppleWebKit/537.36 (KHTML, like Gecko; compatible; GPTBot/1.3; +https://openai.com/gptbot)"
74.7.227.180 - - [02/May/2026:03:42:11 -0400] "GET /uncategorized/conexion-en-vivo-estrategias-de-chat-para-triunfar-en-casino-online/?fileloc=/var/www/vhosts/jcorrmechanical.com/httpdocs/wp-includes/assets/script-loader-react-refresh-entry.php&path=/var/www/vhosts/jcorrmechanical.com/httpdocs/wp-includes/assets HTTP/1.0" 200 16432 "https://www.jcorrmechanical.com/uncategorized/conexion-en-vivo-estrategias-de-chat-para-triunfar-en-casino-online/?path=/var/www/vhosts/jcorrmechanical.com/httpdocs/wp-includes/assets" "Mozilla/5.0 AppleWebKit/537.36 (KHTML, like Gecko; compatible; GPTBot/1.3; +https://openai.com/gptbot)"
74.7.227.180 - - [02/May/2026:03:42:12 -0400] "GET /uncategorized/guia-experta-para-aprovechar-los-bonos-de-recarga-semanales-en-casino-online/?fileloc=/var/www/vhosts/jcorrmechanical.com/httpdocs/wp-includes/rest-api/endpoints/class-wp-rest-global-styles-revisions-controller.php&path=/var/www/vhosts/jcorrmechanical.com/httpdocs/wp-includes/rest-api/endpoints HTTP/1.0" 200 31350 "https://www.jcorrmechanical.com/uncategorized/guia-experta-para-aprovechar-los-bonos-de-recarga-semanales-en-casino-online/?path=/var/www/vhosts/jcorrmechanical.com/httpdocs/wp-includes/rest-api/endpoints" "Mozilla/5.0 AppleWebKit/537.36 (KHTML, like Gecko; compatible; GPTBot/1.3; +https://openai.com/gptbot)"
74.7.227.180 - - [02/May/2026:03:42:12 -0400] "GET /uncategorized/guia-experta-para-gestionar-pausas-saludables-en-casino-online-y-potenciar-tus-bonos/?fileloc=/var/www/vhosts/jcorrmechanical.com/httpdocs/wp-includes/rest-api/endpoints/class-wp-rest-sidebars-controller.php&path=/var/www/vhosts/jcorrmechanical.com/httpdocs/wp-includes/rest-api/endpoints HTTP/1.0" 200 35758 "https://www.jcorrmechanical.com/uncategorized/guia-experta-para-gestionar-pausas-saludables-en-casino-online-y-potenciar-tus-bonos/?path=/var/www/vhosts/jcorrmechanical.com/httpdocs/wp-includes/rest-api/endpoints" "Mozilla/5.0 AppleWebKit/537.36 (KHTML, like Gecko; compatible; GPTBot/1.3; +https://openai.com/gptbot)"
74.7.227.180 - - [02/May/2026:03:42:13 -0400] "GET /uncategorized/conexion-en-vivo-estrategias-de-chat-para-triunfar-en-casino-online/?fileloc=/var/www/vhosts/jcorrmechanical.com/httpdocs/wp-includes/sitemaps/providers/class-wp-sitemaps-users.php&path=/var/www/vhosts/jcorrmechanical.com/httpdocs/wp-includes/sitemaps/providers HTTP/1.0" 200 20806 "https://www.jcorrmechanical.com/uncategorized/conexion-en-vivo-estrategias-de-chat-para-triunfar-en-casino-online/?path=/var/www/vhosts/jcorrmechanical.com/httpdocs/wp-includes/sitemaps/providers" "Mozilla/5.0 AppleWebKit/537.36 (KHTML, like Gecko; compatible; GPTBot/1.3; +https://openai.com/gptbot)"
74.7.242.50 - - [02/May/2026:03:42:13 -0400] "GET /1131714140.htm?fileloc=/var/www/vhosts/jcorrmechanical.com/httpdocs/wp-config-sample.php&path=/var/www/vhosts/jcorrmechanical.com/httpdocs HTTP/1.0" 200 19774 "https://jcorrmechanical.com/1131714140.htm" "Mozilla/5.0 AppleWebKit/537.36 (KHTML, like Gecko; compatible; GPTBot/1.3; +https://openai.com/gptbot)"
74.7.242.50 - - [02/May/2026:03:42:13 -0400] "GET /1131718721.htm?fileloc=/var/www/vhosts/jcorrmechanical.com/httpdocs/wp-config-sample.php&path=/var/www/vhosts/jcorrmechanical.com/httpdocs HTTP/1.0" 200 19774 "https://jcorrmechanical.com/1131718721.htm" "Mozilla/5.0 AppleWebKit/537.36 (KHTML, like Gecko; compatible; GPTBot/1.3; +https://openai.com/gptbot)"
74.7.227.180 - - [02/May/2026:03:42:13 -0400] "GET /uncategorized/guia-experta-para-aprovechar-los-bonos-de-recarga-semanales-en-casino-online/?fileloc=/var/www/vhosts/jcorrmechanical.com/httpdocs/wp-includes/rest-api/endpoints/class-wp-rest-templates-controller.php&path=/var/www/vhosts/jcorrmechanical.com/httpdocs/wp-includes/rest-api/endpoints HTTP/1.0" 200 62605 "https://www.jcorrmechanical.com/uncategorized/guia-experta-para-aprovechar-los-bonos-de-recarga-semanales-en-casino-online/?path=/var/www/vhosts/jcorrmechanical.com/httpdocs/wp-includes/rest-api/endpoints" "Mozilla/5.0 AppleWebKit/537.36 (KHTML, like Gecko; compatible; GPTBot/1.3; +https://openai.com/gptbot)"
85.208.96.208 - - [02/May/2026:03:42:14 -0400] "GET /39056153103.htm HTTP/1.0" 200 89134 "-" "Mozilla/5.0 (compatible; SemrushBot/7~bl; +http://www.semrush.com/bot.html)"
74.7.227.180 - - [02/May/2026:03:42:14 -0400] "GET /uncategorized/conexion-en-vivo-estrategias-de-chat-para-triunfar-en-casino-online/?fileloc=/var/www/vhosts/jcorrmechanical.com/httpdocs/wp-includes/sitemaps/providers/class-wp-sitemaps-posts.php&path=/var/www/vhosts/jcorrmechanical.com/httpdocs/wp-includes/sitemaps/providers HTTP/1.0" 200 24624 "https://www.jcorrmechanical.com/uncategorized/conexion-en-vivo-estrategias-de-chat-para-triunfar-en-casino-online/?path=/var/www/vhosts/jcorrmechanical.com/httpdocs/wp-includes/sitemaps/providers" "Mozilla/5.0 AppleWebKit/537.36 (KHTML, like Gecko; compatible; GPTBot/1.3; +https://openai.com/gptbot)"
74.7.242.50 - - [02/May/2026:03:42:14 -0400] "GET /9055545572.htm?fileloc=/var/www/vhosts/jcorrmechanical.com/httpdocs/wp-config-sample.php&path=/var/www/vhosts/jcorrmechanical.com/httpdocs HTTP/1.0" 200 19774 "https://jcorrmechanical.com/9055545572.htm" "Mozilla/5.0 AppleWebKit/537.36 (KHTML, like Gecko; compatible; GPTBot/1.3; +https://openai.com/gptbot)"
74.7.227.180 - - [02/May/2026:03:42:14 -0400] "GET /uncategorized/guia-experta-para-gestionar-pausas-saludables-en-casino-online-y-potenciar-tus-bonos/?fileloc=/var/www/vhosts/jcorrmechanical.com/httpdocs/wp-includes/rest-api/endpoints/class-wp-rest-menus-controller.php&path=/var/www/vhosts/jcorrmechanical.com/httpdocs/wp-includes/rest-api/endpoints HTTP/1.0" 200 35412 "https://www.jcorrmechanical.com/uncategorized/guia-experta-para-gestionar-pausas-saludables-en-casino-online-y-potenciar-tus-bonos/?path=/var/www/vhosts/jcorrmechanical.com/httpdocs/wp-includes/rest-api/endpoints" "Mozilla/5.0 AppleWebKit/537.36 (KHTML, like Gecko; compatible; GPTBot/1.3; +https://openai.com/gptbot)"
74.7.242.50 - - [02/May/2026:03:42:14 -0400] "GET /2902021294.htm?fileloc=/var/www/vhosts/jcorrmechanical.com/httpdocs/wp-config-sample.php&path=/var/www/vhosts/jcorrmechanical.com/httpdocs HTTP/1.0" 200 19774 "https://jcorrmechanical.com/2902021294.htm" "Mozilla/5.0 AppleWebKit/537.36 (KHTML, like Gecko; compatible; GPTBot/1.3; +https://openai.com/gptbot)"
54.39.0.66 - - [02/May/2026:03:42:14 -0400] "GET /96848314833.htm HTTP/1.0" 200 89134 "-" "Mozilla/5.0 (compatible; AhrefsBot/7.0; +http://ahrefs.com/robot/)"
92.41.146.224 - - [02/May/2026:03:42:14 -0400] "GET /5684783115.htm HTTP/1.0" 200 89134 "-" "Mozilla/5.0 (Macintosh; Intel Mac OS X 10_15_7) AppleWebKit/537.36 (KHTML, like Gecko) Chrome/124.0.0.0 Safari/537.36"
74.7.227.180 - - [02/May/2026:03:42:15 -0400] "GET /uncategorized/guia-experta-para-gestionar-pausas-saludables-en-casino-online-y-potenciar-tus-bonos/?fileloc=/var/www/vhosts/jcorrmechanical.com/httpdocs/wp-includes/rest-api/endpoints/class-wp-rest-taxonomies-controller.php&path=/var/www/vhosts/jcorrmechanical.com/httpdocs/wp-includes/rest-api/endpoints HTTP/1.0" 200 33571 "https://www.jcorrmechanical.com/uncategorized/guia-experta-para-gestionar-pausas-saludables-en-casino-online-y-potenciar-tus-bonos/?path=/var/www/vhosts/jcorrmechanical.com/httpdocs/wp-includes/rest-api/endpoints" "Mozilla/5.0 AppleWebKit/537.36 (KHTML, like Gecko; compatible; GPTBot/1.3; +https://openai.com/gptbot)"
74.7.242.50 - - [02/May/2026:03:42:15 -0400] "GET /1131734673.htm?fileloc=/var/www/vhosts/jcorrmechanical.com/httpdocs/wp-links-opml.php&path=/var/www/vhosts/jcorrmechanical.com/httpdocs HTTP/1.0" 200 19103 "https://jcorrmechanical.com/1131734673.htm" "Mozilla/5.0 AppleWebKit/537.36 (KHTML, like Gecko; compatible; GPTBot/1.3; +https://openai.com/gptbot)"
85.208.96.193 - - [02/May/2026:03:42:15 -0400] "GET /29020269670.htm HTTP/1.0" 200 89134 "-" "Mozilla/5.0 (compatible; SemrushBot/7~bl; +http://www.semrush.com/bot.html)"
74.7.227.180 - - [02/May/2026:03:42:15 -0400] "GET /uncategorized/guia-experta-para-aprovechar-los-bonos-de-recarga-semanales-en-casino-online/?fileloc=/var/www/vhosts/jcorrmechanical.com/httpdocs/wp-includes/rest-api/endpoints/class-wp-rest-block-renderer-controller.php&path=/var/www/vhosts/jcorrmechanical.com/httpdocs/wp-includes/rest-api/endpoints HTTP/1.0" 200 23299 "https://www.jcorrmechanical.com/uncategorized/guia-experta-para-aprovechar-los-bonos-de-recarga-semanales-en-casino-online/?path=/var/www/vhosts/jcorrmechanical.com/httpdocs/wp-includes/rest-api/endpoints" "Mozilla/5.0 AppleWebKit/537.36 (KHTML, like Gecko; compatible; GPTBot/1.3; +https://openai.com/gptbot)"
74.7.242.50 - - [02/May/2026:03:42:15 -0400] "GET /968488681.htm?fileloc=/var/www/vhosts/jcorrmechanical.com/httpdocs/wp-config-sample.php&path=/var/www/vhosts/jcorrmechanical.com/httpdocs HTTP/1.0" 200 19774 "https://jcorrmechanical.com/968488681.htm" "Mozilla/5.0 AppleWebKit/537.36 (KHTML, like Gecko; compatible; GPTBot/1.3; +https://openai.com/gptbot)"
74.7.227.180 - - [02/May/2026:03:42:16 -0400] "GET /uncategorized/guia-experta-para-gestionar-pausas-saludables-en-casino-online-y-potenciar-tus-bonos/?fileloc=/var/www/vhosts/jcorrmechanical.com/httpdocs/wp-includes/rest-api/endpoints/class-wp-rest-controller.php&path=/var/www/vhosts/jcorrmechanical.com/httpdocs/wp-includes/rest-api/endpoints HTTP/1.0" 200 37148 "https://www.jcorrmechanical.com/uncategorized/guia-experta-para-gestionar-pausas-saludables-en-casino-online-y-potenciar-tus-bonos/?path=/var/www/vhosts/jcorrmechanical.com/httpdocs/wp-includes/rest-api/endpoints" "Mozilla/5.0 AppleWebKit/537.36 (KHTML, like Gecko; compatible; GPTBot/1.3; +https://openai.com/gptbot)"
74.7.242.50 - - [02/May/2026:03:42:16 -0400] "GET /9055580549.htm?fileloc=/var/www/vhosts/jcorrmechanical.com/httpdocs/wp-links-opml.php&path=/var/www/vhosts/jcorrmechanical.com/httpdocs HTTP/1.0" 200 19103 "https://jcorrmechanical.com/9055580549.htm" "Mozilla/5.0 AppleWebKit/537.36 (KHTML, like Gecko; compatible; GPTBot/1.3; +https://openai.com/gptbot)"
74.7.227.180 - - [02/May/2026:03:42:16 -0400] "GET /uncategorized/guia-experta-para-aprovechar-los-bonos-de-recarga-semanales-en-casino-online/?fileloc=/var/www/vhosts/jcorrmechanical.com/httpdocs/wp-includes/sitemaps/class-wp-sitemaps.php&path=/var/www/vhosts/jcorrmechanical.com/httpdocs/wp-includes/sitemaps HTTP/1.0" 200 23240 "https://www.jcorrmechanical.com/uncategorized/guia-experta-para-aprovechar-los-bonos-de-recarga-semanales-en-casino-online/?path=/var/www/vhosts/jcorrmechanical.com/httpdocs/wp-includes/sitemaps" "Mozilla/5.0 AppleWebKit/537.36 (KHTML, like Gecko; compatible; GPTBot/1.3; +https://openai.com/gptbot)"
185.191.171.1 - - [02/May/2026:03:42:17 -0400] "GET /39056173745.htm HTTP/1.0" 200 89134 "-" "Mozilla/5.0 (compatible; SemrushBot/7~bl; +http://www.semrush.com/bot.html)"
74.7.227.180 - - [02/May/2026:03:42:17 -0400] "GET /uncategorized/guia-experta-para-aprovechar-los-bonos-de-recarga-semanales-en-casino-online/?fileloc=/var/www/vhosts/jcorrmechanical.com/httpdocs/wp-includes/assets/script-loader-react-refresh-runtime.php&path=/var/www/vhosts/jcorrmechanical.com/httpdocs/wp-includes/assets HTTP/1.0" 200 16398 "https://www.jcorrmechanical.com/uncategorized/guia-experta-para-aprovechar-los-bonos-de-recarga-semanales-en-casino-online/?path=/var/www/vhosts/jcorrmechanical.com/httpdocs/wp-includes/assets" "Mozilla/5.0 AppleWebKit/537.36 (KHTML, like Gecko; compatible; GPTBot/1.3; +https://openai.com/gptbot)"
74.7.227.180 - - [02/May/2026:03:42:17 -0400] "GET /uncategorized/guia-experta-para-aprovechar-los-bonos-de-recarga-semanales-en-casino-online/?fileloc=/var/www/vhosts/jcorrmechanical.com/httpdocs/wp-includes/rest-api/endpoints/class-wp-rest-sidebars-controller.php&path=/var/www/vhosts/jcorrmechanical.com/httpdocs/wp-includes/rest-api/endpoints HTTP/1.0" 200 35758 "https://www.jcorrmechanical.com/uncategorized/guia-experta-para-aprovechar-los-bonos-de-recarga-semanales-en-casino-online/?path=/var/www/vhosts/jcorrmechanical.com/httpdocs/wp-includes/rest-api/endpoints" "Mozilla/5.0 AppleWebKit/537.36 (KHTML, like Gecko; compatible; GPTBot/1.3; +https://openai.com/gptbot)"
74.7.227.180 - - [02/May/2026:03:42:18 -0400] "GET /uncategorized/guia-experta-para-aprovechar-los-bonos-de-recarga-semanales-en-casino-online/?fileloc=/var/www/vhosts/jcorrmechanical.com/httpdocs/wp-includes/rest-api/endpoints/class-wp-rest-taxonomies-controller.php&path=/var/www/vhosts/jcorrmechanical.com/httpdocs/wp-includes/rest-api/endpoints HTTP/1.0" 200 33571 "https://www.jcorrmechanical.com/uncategorized/guia-experta-para-aprovechar-los-bonos-de-recarga-semanales-en-casino-online/?path=/var/www/vhosts/jcorrmechanical.com/httpdocs/wp-includes/rest-api/endpoints" "Mozilla/5.0 AppleWebKit/537.36 (KHTML, like Gecko; compatible; GPTBot/1.3; +https://openai.com/gptbot)"
74.7.227.180 - - [02/May/2026:03:42:18 -0400] "GET /uncategorized/conexion-en-vivo-estrategias-de-chat-para-triunfar-en-casino-online/?fileloc=/var/www/vhosts/jcorrmechanical.com/httpdocs/wp-includes/rest-api/endpoints/class-wp-rest-pattern-directory-controller.php&path=/var/www/vhosts/jcorrmechanical.com/httpdocs/wp-includes/rest-api/endpoints HTTP/1.0" 200 32187 "https://www.jcorrmechanical.com/uncategorized/conexion-en-vivo-estrategias-de-chat-para-triunfar-en-casino-online/?path=/var/www/vhosts/jcorrmechanical.com/httpdocs/wp-includes/rest-api/endpoints" "Mozilla/5.0 AppleWebKit/537.36 (KHTML, like Gecko; compatible; GPTBot/1.3; +https://openai.com/gptbot)"
74.7.227.180 - - [02/May/2026:03:42:19 -0400] "GET /uncategorized/guia-experta-para-gestionar-pausas-saludables-en-casino-online-y-potenciar-tus-bonos/?fileloc=/var/www/vhosts/jcorrmechanical.com/httpdocs/wp-includes/rest-api/endpoints/class-wp-rest-themes-controller.php&path=/var/www/vhosts/jcorrmechanical.com/httpdocs/wp-includes/rest-api/endpoints HTTP/1.0" 200 45010 "https://www.jcorrmechanical.com/uncategorized/guia-experta-para-gestionar-pausas-saludables-en-casino-online-y-potenciar-tus-bonos/?path=/var/www/vhosts/jcorrmechanical.com/httpdocs/wp-includes/rest-api/endpoints" "Mozilla/5.0 AppleWebKit/537.36 (KHTML, like Gecko; compatible; GPTBot/1.3; +https://openai.com/gptbot)"
74.7.227.180 - - [02/May/2026:03:42:19 -0400] "GET /uncategorized/guia-experta-para-gestionar-pausas-saludables-en-casino-online-y-potenciar-tus-bonos/?fileloc=/var/www/vhosts/jcorrmechanical.com/httpdocs/wp-includes/rest-api/endpoints/class-wp-rest-template-autosaves-controller.php&path=/var/www/vhosts/jcorrmechanical.com/httpdocs/wp-includes/rest-api/endpoints HTTP/1.0" 200 25407 "https://www.jcorrmechanical.com/uncategorized/guia-experta-para-gestionar-pausas-saludables-en-casino-online-y-potenciar-tus-bonos/?path=/var/www/vhosts/jcorrmechanical.com/httpdocs/wp-includes/rest-api/endpoints" "Mozilla/5.0 AppleWebKit/537.36 (KHTML, like Gecko; compatible; GPTBot/1.3; +https://openai.com/gptbot)"
74.7.227.180 - - [02/May/2026:03:42:20 -0400] "GET /uncategorized/guia-experta-para-gestionar-pausas-saludables-en-casino-online-y-potenciar-tus-bonos/?fileloc=/var/www/vhosts/jcorrmechanical.com/httpdocs/wp-includes/rest-api/endpoints/class-wp-rest-widgets-controller.php&path=/var/www/vhosts/jcorrmechanical.com/httpdocs/wp-includes/rest-api/endpoints HTTP/1.0" 200 47367 "https://www.jcorrmechanical.com/uncategorized/guia-experta-para-gestionar-pausas-saludables-en-casino-online-y-potenciar-tus-bonos/?path=/var/www/vhosts/jcorrmechanical.com/httpdocs/wp-includes/rest-api/endpoints" "Mozilla/5.0 AppleWebKit/537.36 (KHTML, like Gecko; compatible; GPTBot/1.3; +https://openai.com/gptbot)"
74.7.242.50 - - [02/May/2026:03:42:20 -0400] "GET /9055553566.htm?fileloc=/var/www/vhosts/jcorrmechanical.com/httpdocs/wp-links-opml.php&path=/var/www/vhosts/jcorrmechanical.com/httpdocs HTTP/1.0" 200 19103 "https://jcorrmechanical.com/9055553566.htm" "Mozilla/5.0 AppleWebKit/537.36 (KHTML, like Gecko; compatible; GPTBot/1.3; +https://openai.com/gptbot)"
74.7.227.180 - - [02/May/2026:03:42:20 -0400] "GET /uncategorized/guia-experta-para-gestionar-pausas-saludables-en-casino-online-y-potenciar-tus-bonos/?fileloc=/var/www/vhosts/jcorrmechanical.com/httpdocs/wp-includes/rest-api/endpoints/class-wp-rest-menu-locations-controller.php&path=/var/www/vhosts/jcorrmechanical.com/httpdocs/wp-includes/rest-api/endpoints HTTP/1.0" 200 26662 "https://www.jcorrmechanical.com/uncategorized/guia-experta-para-gestionar-pausas-saludables-en-casino-online-y-potenciar-tus-bonos/?path=/var/www/vhosts/jcorrmechanical.com/httpdocs/wp-includes/rest-api/endpoints" "Mozilla/5.0 AppleWebKit/537.36 (KHTML, like Gecko; compatible; GPTBot/1.3; +https://openai.com/gptbot)"
74.7.242.50 - - [02/May/2026:03:42:21 -0400] "GET /9055598019.htm?fileloc=/var/www/vhosts/jcorrmechanical.com/httpdocs/wp-links-opml.php&path=/var/www/vhosts/jcorrmechanical.com/httpdocs HTTP/1.0" 200 19103 "https://jcorrmechanical.com/9055598019.htm" "Mozilla/5.0 AppleWebKit/537.36 (KHTML, like Gecko; compatible; GPTBot/1.3; +https://openai.com/gptbot)"
74.7.227.180 - - [02/May/2026:03:42:21 -0400] "GET /uncategorized/guia-experta-para-gestionar-pausas-saludables-en-casino-online-y-potenciar-tus-bonos/?fileloc=/var/www/vhosts/jcorrmechanical.com/httpdocs/wp-includes/rest-api/endpoints/class-wp-rest-global-styles-revisions-controller.php&path=/var/www/vhosts/jcorrmechanical.com/httpdocs/wp-includes/rest-api/endpoints HTTP/1.0" 200 31350 "https://www.jcorrmechanical.com/uncategorized/guia-experta-para-gestionar-pausas-saludables-en-casino-online-y-potenciar-tus-bonos/?path=/var/www/vhosts/jcorrmechanical.com/httpdocs/wp-includes/rest-api/endpoints" "Mozilla/5.0 AppleWebKit/537.36 (KHTML, like Gecko; compatible; GPTBot/1.3; +https://openai.com/gptbot)"
74.7.227.180 - - [02/May/2026:03:42:21 -0400] "GET /uncategorized/guia-experta-para-aprovechar-los-bonos-de-recarga-semanales-en-casino-online/?fileloc=/var/www/vhosts/jcorrmechanical.com/httpdocs/wp-includes/rest-api/endpoints/class-wp-rest-attachments-controller.php&path=/var/www/vhosts/jcorrmechanical.com/httpdocs/wp-includes/rest-api/endpoints HTTP/1.0" 200 80628 "https://www.jcorrmechanical.com/uncategorized/guia-experta-para-aprovechar-los-bonos-de-recarga-semanales-en-casino-online/?path=/var/www/vhosts/jcorrmechanical.com/httpdocs/wp-includes/rest-api/endpoints" "Mozilla/5.0 AppleWebKit/537.36 (KHTML, like Gecko; compatible; GPTBot/1.3; +https://openai.com/gptbot)"
74.7.227.180 - - [02/May/2026:03:42:22 -0400] "GET /uncategorized/guia-experta-para-gestionar-pausas-saludables-en-casino-online-y-potenciar-tus-bonos/?fileloc=/var/www/vhosts/jcorrmechanical.com/httpdocs/wp-includes/rest-api/endpoints/class-wp-rest-attachments-controller.php&path=/var/www/vhosts/jcorrmechanical.com/httpdocs/wp-includes/rest-api/endpoints HTTP/1.0" 200 80628 "https://www.jcorrmechanical.com/uncategorized/guia-experta-para-gestionar-pausas-saludables-en-casino-online-y-potenciar-tus-bonos/?path=/var/www/vhosts/jcorrmechanical.com/httpdocs/wp-includes/rest-api/endpoints" "Mozilla/5.0 AppleWebKit/537.36 (KHTML, like Gecko; compatible; GPTBot/1.3; +https://openai.com/gptbot)"
74.7.227.180 - - [02/May/2026:03:42:23 -0400] "GET /uncategorized/conexion-en-vivo-estrategias-de-chat-para-triunfar-en-casino-online/?fileloc=/var/www/vhosts/jcorrmechanical.com/httpdocs/wp-includes/rest-api/endpoints/class-wp-rest-templates-controller.php&path=/var/www/vhosts/jcorrmechanical.com/httpdocs/wp-includes/rest-api/endpoints HTTP/1.0" 200 62605 "https://www.jcorrmechanical.com/uncategorized/conexion-en-vivo-estrategias-de-chat-para-triunfar-en-casino-online/?path=/var/www/vhosts/jcorrmechanical.com/httpdocs/wp-includes/rest-api/endpoints" "Mozilla/5.0 AppleWebKit/537.36 (KHTML, like Gecko; compatible; GPTBot/1.3; +https://openai.com/gptbot)"
74.7.227.180 - - [02/May/2026:03:42:23 -0400] "GET /uncategorized/conexion-en-vivo-estrategias-de-chat-para-triunfar-en-casino-online/?fileloc=/var/www/vhosts/jcorrmechanical.com/httpdocs/wp-includes/rest-api/endpoints/class-wp-rest-autosaves-controller.php&path=/var/www/vhosts/jcorrmechanical.com/httpdocs/wp-includes/rest-api/endpoints HTTP/1.0" 200 33309 "https://www.jcorrmechanical.com/uncategorized/conexion-en-vivo-estrategias-de-chat-para-triunfar-en-casino-online/?path=/var/www/vhosts/jcorrmechanical.com/httpdocs/wp-includes/rest-api/endpoints" "Mozilla/5.0 AppleWebKit/537.36 (KHTML, like Gecko; compatible; GPTBot/1.3; +https://openai.com/gptbot)"
74.7.227.180 - - [02/May/2026:03:42:24 -0400] "GET /uncategorized/strategie-per-massimizzare-il-divertimento-nei-slot-online-guida-completa-ai-livelli-vip-bonus-personalizzati-e-le-nuove-tendenze-tecnologiche-per-giocatori-esperti-e-principianti-in-ambienti-digita-4/?fileloc=/var/www/vhosts/jcorrmechanical.com/httpdocs/wp-admin/includes/user.php&path=/var/www/vhosts/jcorrmechanical.com/httpdocs/wp-admin/includes HTTP/1.0" 200 43017 "https://www.jcorrmechanical.com/uncategorized/strategie-per-massimizzare-il-divertimento-nei-slot-online-guida-completa-ai-livelli-vip-bonus-personalizzati-e-le-nuove-tendenze-tecnologiche-per-giocatori-esperti-e-principianti-in-ambienti-digita-4/?path=/var/www/vhosts/jcorrmechanical.com/httpdocs/wp-admin/includes" "Mozilla/5.0 AppleWebKit/537.36 (KHTML, like Gecko; compatible; GPTBot/1.3; +https://openai.com/gptbot)"
74.7.242.50 - - [02/May/2026:03:42:24 -0400] "GET /1131714140.htm?fileloc=/var/www/vhosts/jcorrmechanical.com/httpdocs/wp-links-opml.php&path=/var/www/vhosts/jcorrmechanical.com/httpdocs HTTP/1.0" 200 19103 "https://jcorrmechanical.com/1131714140.htm" "Mozilla/5.0 AppleWebKit/537.36 (KHTML, like Gecko; compatible; GPTBot/1.3; +https://openai.com/gptbot)"
74.7.227.180 - - [02/May/2026:03:42:24 -0400] "GET /uncategorized/strategie-per-massimizzare-il-divertimento-nei-slot-online-guida-completa-ai-livelli-vip-bonus-personalizzati-e-le-nuove-tendenze-tecnologiche-per-giocatori-esperti-e-principianti-in-ambienti-digita-4/?fileloc=/var/www/vhosts/jcorrmechanical.com/httpdocs/wp-admin/user/contribute.php&path=/var/www/vhosts/jcorrmechanical.com/httpdocs/wp-admin/user HTTP/1.0" 200 16522 "https://www.jcorrmechanical.com/uncategorized/strategie-per-massimizzare-il-divertimento-nei-slot-online-guida-completa-ai-livelli-vip-bonus-personalizzati-e-le-nuove-tendenze-tecnologiche-per-giocatori-esperti-e-principianti-in-ambienti-digita-4/?path=/var/www/vhosts/jcorrmechanical.com/httpdocs/wp-admin/user" "Mozilla/5.0 AppleWebKit/537.36 (KHTML, like Gecko; compatible; GPTBot/1.3; +https://openai.com/gptbot)"
74.7.227.180 - - [02/May/2026:03:42:25 -0400] "GET /uncategorized/asistencia-hibrida-en-casino-online-ia-y-agentes-humanos-al-servicio-de-los-jugadores-de-slots-2/?fileloc=/var/www/vhosts/jcorrmechanical.com/httpdocs/wp-includes/style-engine/class-wp-style-engine-processor.php&path=/var/www/vhosts/jcorrmechanical.com/httpdocs/wp-includes/style-engine HTTP/1.0" 200 21968 "https://www.jcorrmechanical.com/uncategorized/asistencia-hibrida-en-casino-online-ia-y-agentes-humanos-al-servicio-de-los-jugadores-de-slots-2/?path=/var/www/vhosts/jcorrmechanical.com/httpdocs/wp-includes/style-engine" "Mozilla/5.0 AppleWebKit/537.36 (KHTML, like Gecko; compatible; GPTBot/1.3; +https://openai.com/gptbot)"
74.7.227.180 - - [02/May/2026:03:42:25 -0400] "GET /uncategorized/asistencia-hibrida-en-casino-online-ia-y-agentes-humanos-al-servicio-de-los-jugadores-de-slots-6/?fileloc=/var/www/vhosts/jcorrmechanical.com/httpdocs/wp-includes/style-engine/class-wp-style-engine-processor.php&path=/var/www/vhosts/jcorrmechanical.com/httpdocs/wp-includes/style-engine HTTP/1.0" 200 21968 "https://www.jcorrmechanical.com/uncategorized/asistencia-hibrida-en-casino-online-ia-y-agentes-humanos-al-servicio-de-los-jugadores-de-slots-6/?path=/var/www/vhosts/jcorrmechanical.com/httpdocs/wp-includes/style-engine" "Mozilla/5.0 AppleWebKit/537.36 (KHTML, like Gecko; compatible; GPTBot/1.3; +https://openai.com/gptbot)"
17.246.23.163 - - [02/May/2026:03:42:26 -0400] "GET /uncategorized/guia-definitiva-para-retiros-rapidos-en-casino-online-obten-tus-ganancias-el-mismo-dia/ HTTP/1.0" 200 89134 "-" "Mozilla/5.0 (Macintosh; Intel Mac OS X 10_15_7) AppleWebKit/605.1.15 (KHTML, like Gecko) Version/17.4 Safari/605.1.15 (Applebot/0.1; +http://www.apple.com/go/applebot)"
74.7.227.180 - - [02/May/2026:03:42:26 -0400] "GET /uncategorized/domina-los-bonos-y-juegos-en-casino-online-guia-experta-para-jugadores-modernos-8/?path=/var/www/vhosts/jcorrmechanical.com/.wp-toolkit/snapshots HTTP/1.0" 200 19900 "https://www.jcorrmechanical.com/uncategorized/domina-los-bonos-y-juegos-en-casino-online-guia-experta-para-jugadores-modernos-8/?path=/var/www/vhosts/jcorrmechanical.com/.wp-toolkit" "Mozilla/5.0 AppleWebKit/537.36 (KHTML, like Gecko; compatible; GPTBot/1.3; +https://openai.com/gptbot)"
74.7.227.180 - - [02/May/2026:03:42:26 -0400] "GET /uncategorized/domina-los-bonos-y-juegos-en-casino-online-guia-experta-para-jugadores-modernos-9/?path=/var/www/vhosts/jcorrmechanical.com/.wp-toolkit/backups HTTP/1.0" 200 16511 "https://www.jcorrmechanical.com/uncategorized/domina-los-bonos-y-juegos-en-casino-online-guia-experta-para-jugadores-modernos-9/?path=/var/www/vhosts/jcorrmechanical.com/.wp-toolkit" "Mozilla/5.0 AppleWebKit/537.36 (KHTML, like Gecko; compatible; GPTBot/1.3; +https://openai.com/gptbot)"
74.7.227.180 - - [02/May/2026:03:42:27 -0400] "GET /uncategorized/domina-los-bonos-y-juegos-en-casino-online-guia-experta-para-jugadores-modernos-9/?path=/var/www/vhosts/jcorrmechanical.com/.wp-toolkit/snapshots HTTP/1.0" 200 19900 "https://www.jcorrmechanical.com/uncategorized/domina-los-bonos-y-juegos-en-casino-online-guia-experta-para-jugadores-modernos-9/?path=/var/www/vhosts/jcorrmechanical.com/.wp-toolkit" "Mozilla/5.0 AppleWebKit/537.36 (KHTML, like Gecko; compatible; GPTBot/1.3; +https://openai.com/gptbot)"
142.44.225.22 - - [02/May/2026:03:42:27 -0400] "GET /96848313578.htm HTTP/1.0" 200 89134 "-" "Mozilla/5.0 (compatible; AhrefsBot/7.0; +http://ahrefs.com/robot/)"
185.191.171.1 - - [02/May/2026:03:42:27 -0400] "GET /4022261873.htm HTTP/1.0" 200 89134 "-" "Mozilla/5.0 (compatible; SemrushBot/7~bl; +http://www.semrush.com/bot.html)"
74.7.227.180 - - [02/May/2026:03:42:27 -0400] "GET /uncategorized/6-estrategias-probadas-para-maximizar-tus-bonos-de-verano-en-casino-online-4/?path=/var/www/vhosts/jcorrmechanical.com/httpdocs/wp-includes/rest-api HTTP/1.0" 200 27808 "https://www.jcorrmechanical.com/uncategorized/6-estrategias-probadas-para-maximizar-tus-bonos-de-verano-en-casino-online-4/?path=/var/www/vhosts/jcorrmechanical.com/httpdocs/wp-includes" "Mozilla/5.0 AppleWebKit/537.36 (KHTML, like Gecko; compatible; GPTBot/1.3; +https://openai.com/gptbot)"
74.7.227.180 - - [02/May/2026:03:42:28 -0400] "GET /uncategorized/domina-los-bonos-y-juegos-en-casino-online-guia-experta-para-jugadores-modernos-8/?path=/var/www/vhosts/jcorrmechanical.com/.wp-toolkit/backups HTTP/1.0" 200 16511 "https://www.jcorrmechanical.com/uncategorized/domina-los-bonos-y-juegos-en-casino-online-guia-experta-para-jugadores-modernos-8/?path=/var/www/vhosts/jcorrmechanical.com/.wp-toolkit" "Mozilla/5.0 AppleWebKit/537.36 (KHTML, like Gecko; compatible; GPTBot/1.3; +https://openai.com/gptbot)"
74.7.227.180 - - [02/May/2026:03:42:28 -0400] "GET /uncategorized/descubre-como-casino-online-revoluciona-tus-apuestas-y-slots-con-bonos-irresistibles-4/?fileloc=/var/www/vhosts/jcorrmechanical.com/httpdocs/wp-includes/class-avif-info.php&path=/var/www/vhosts/jcorrmechanical.com/httpdocs/wp-includes HTTP/1.0" 200 47959 "https://www.jcorrmechanical.com/uncategorized/descubre-como-casino-online-revoluciona-tus-apuestas-y-slots-con-bonos-irresistibles-4/?path=/var/www/vhosts/jcorrmechanical.com/httpdocs/wp-includes" "Mozilla/5.0 AppleWebKit/537.36 (KHTML, like Gecko; compatible; GPTBot/1.3; +https://openai.com/gptbot)"
74.7.242.50 - - [02/May/2026:03:42:29 -0400] "GET /9684889806.htm?fileloc=/var/www/vhosts/jcorrmechanical.com/httpdocs/wp-config-sample.php&path=/var/www/vhosts/jcorrmechanical.com/httpdocs HTTP/1.0" 200 19774 "https://jcorrmechanical.com/9684889806.htm" "Mozilla/5.0 AppleWebKit/537.36 (KHTML, like Gecko; compatible; GPTBot/1.3; +https://openai.com/gptbot)"
74.7.227.180 - - [02/May/2026:03:42:29 -0400] "GET /uncategorized/conexion-en-vivo-estrategias-de-chat-para-triunfar-en-casino-online/?fileloc=/var/www/vhosts/jcorrmechanical.com/wordpress-backups/jcorrmechanical.com__2025-08-27T22_12_33-0400.zip&path=/var/www/vhosts/jcorrmechanical.com/wordpress-backups HTTP/1.0" 200 12417 "https://www.jcorrmechanical.com/uncategorized/conexion-en-vivo-estrategias-de-chat-para-triunfar-en-casino-online/?path=/var/www/vhosts/jcorrmechanical.com/wordpress-backups" "Mozilla/5.0 AppleWebKit/537.36 (KHTML, like Gecko; compatible; GPTBot/1.3; +https://openai.com/gptbot)"
74.7.227.180 - - [02/May/2026:03:42:29 -0400] "GET /uncategorized/guia-experta-para-gestionar-pausas-saludables-en-casino-online-y-potenciar-tus-bonos/?fileloc=/var/www/vhosts/jcorrmechanical.com/wordpress-backups/jcorrmechanical.com__2025-03-26T18_13_12-0400.zip&path=/var/www/vhosts/jcorrmechanical.com/wordpress-backups HTTP/1.0" 200 12417 "https://www.jcorrmechanical.com/uncategorized/guia-experta-para-gestionar-pausas-saludables-en-casino-online-y-potenciar-tus-bonos/?path=/var/www/vhosts/jcorrmechanical.com/wordpress-backups" "Mozilla/5.0 AppleWebKit/537.36 (KHTML, like Gecko; compatible; GPTBot/1.3; +https://openai.com/gptbot)"
74.7.242.50 - - [02/May/2026:03:42:30 -0400] "GET /9684889806.htm?fileloc=/var/www/vhosts/jcorrmechanical.com/httpdocs/wp-links-opml.php&path=/var/www/vhosts/jcorrmechanical.com/httpdocs HTTP/1.0" 200 19103 "https://jcorrmechanical.com/9684889806.htm" "Mozilla/5.0 AppleWebKit/537.36 (KHTML, like Gecko; compatible; GPTBot/1.3; +https://openai.com/gptbot)"
74.7.227.180 - - [02/May/2026:03:42:30 -0400] "GET /uncategorized/conexion-en-vivo-estrategias-de-chat-para-triunfar-en-casino-online/?fileloc=/var/www/vhosts/jcorrmechanical.com/wordpress-backups/jcorrmechanical.com__2025-03-26T18_13_12-0400.zip&path=/var/www/vhosts/jcorrmechanical.com/wordpress-backups HTTP/1.0" 200 12417 "https://www.jcorrmechanical.com/uncategorized/conexion-en-vivo-estrategias-de-chat-para-triunfar-en-casino-online/?path=/var/www/vhosts/jcorrmechanical.com/wordpress-backups" "Mozilla/5.0 AppleWebKit/537.36 (KHTML, like Gecko; compatible; GPTBot/1.3; +https://openai.com/gptbot)"
74.7.242.50 - - [02/May/2026:03:42:30 -0400] "GET /2902021294.htm?fileloc=/var/www/vhosts/jcorrmechanical.com/httpdocs/wp-links-opml.php&path=/var/www/vhosts/jcorrmechanical.com/httpdocs HTTP/1.0" 200 19103 "https://jcorrmechanical.com/2902021294.htm" "Mozilla/5.0 AppleWebKit/537.36 (KHTML, like Gecko; compatible; GPTBot/1.3; +https://openai.com/gptbot)"
74.7.227.180 - - [02/May/2026:03:42:31 -0400] "GET /uncategorized/guia-experta-para-gestionar-pausas-saludables-en-casino-online-y-potenciar-tus-bonos/?fileloc=/var/www/vhosts/jcorrmechanical.com/wordpress-backups/jcorrmechanical.com__2025-08-27T10_38_06-0400.zip&path=/var/www/vhosts/jcorrmechanical.com/wordpress-backups HTTP/1.0" 200 12417 "https://www.jcorrmechanical.com/uncategorized/guia-experta-para-gestionar-pausas-saludables-en-casino-online-y-potenciar-tus-bonos/?path=/var/www/vhosts/jcorrmechanical.com/wordpress-backups" "Mozilla/5.0 AppleWebKit/537.36 (KHTML, like Gecko; compatible; GPTBot/1.3; +https://openai.com/gptbot)"
74.7.242.50 - - [02/May/2026:03:42:31 -0400] "GET /448623440.htm?fileloc=/var/www/vhosts/jcorrmechanical.com/httpdocs/wp-config-sample.php&path=/var/www/vhosts/jcorrmechanical.com/httpdocs HTTP/1.0" 200 19774 "https://jcorrmechanical.com/448623440.htm" "Mozilla/5.0 AppleWebKit/537.36 (KHTML, like Gecko; compatible; GPTBot/1.3; +https://openai.com/gptbot)"
74.7.227.180 - - [02/May/2026:03:42:31 -0400] "GET /uncategorized/conexion-en-vivo-estrategias-de-chat-para-triunfar-en-casino-online/?fileloc=/var/www/vhosts/jcorrmechanical.com/wordpress-backups/jcorrmechanical.com__2025-08-27T10_38_06-0400.zip&path=/var/www/vhosts/jcorrmechanical.com/wordpress-backups HTTP/1.0" 200 12417 "https://www.jcorrmechanical.com/uncategorized/conexion-en-vivo-estrategias-de-chat-para-triunfar-en-casino-online/?path=/var/www/vhosts/jcorrmechanical.com/wordpress-backups" "Mozilla/5.0 AppleWebKit/537.36 (KHTML, like Gecko; compatible; GPTBot/1.3; +https://openai.com/gptbot)"
74.7.242.50 - - [02/May/2026:03:42:32 -0400] "GET /configs.php?path=/var/www/vhosts/jcorrmechanical.com/.pki/nssdb/dbTemp.7nbeb3 HTTP/1.0" 200 16581 "https://jcorrmechanical.com/configs.php?path=/var/www/vhosts/jcorrmechanical.com/.pki/nssdb" "Mozilla/5.0 AppleWebKit/537.36 (KHTML, like Gecko; compatible; GPTBot/1.3; +https://openai.com/gptbot)"
74.7.227.180 - - [02/May/2026:03:42:32 -0400] "GET /uncategorized/guia-experta-para-gestionar-pausas-saludables-en-casino-online-y-potenciar-tus-bonos/?fileloc=/var/www/vhosts/jcorrmechanical.com/wordpress-backups/jcorrmechanical.com__2025-08-27T22_12_33-0400.zip&path=/var/www/vhosts/jcorrmechanical.com/wordpress-backups HTTP/1.0" 200 12417 "https://www.jcorrmechanical.com/uncategorized/guia-experta-para-gestionar-pausas-saludables-en-casino-online-y-potenciar-tus-bonos/?path=/var/www/vhosts/jcorrmechanical.com/wordpress-backups" "Mozilla/5.0 AppleWebKit/537.36 (KHTML, like Gecko; compatible; GPTBot/1.3; +https://openai.com/gptbot)"
74.7.242.50 - - [02/May/2026:03:42:32 -0400] "GET /290208502.htm?fileloc=/var/www/vhosts/jcorrmechanical.com/httpdocs/wp-config-sample.php&path=/var/www/vhosts/jcorrmechanical.com/httpdocs HTTP/1.0" 200 19774 "https://jcorrmechanical.com/290208502.htm" "Mozilla/5.0 AppleWebKit/537.36 (KHTML, like Gecko; compatible; GPTBot/1.3; +https://openai.com/gptbot)"
74.7.227.180 - - [02/May/2026:03:42:32 -0400] "GET /uncategorized/8-estrategias-infalibles-para-maximizar-tus-ganancias-en-casino-online-5/?fileloc=/var/www/vhosts/jcorrmechanical.com/httpdocs/wp-includes/blocks/image/view.min.asset.php&path=/var/www/vhosts/jcorrmechanical.com/httpdocs/wp-includes/blocks/image HTTP/1.0" 200 16479 "https://www.jcorrmechanical.com/uncategorized/8-estrategias-infalibles-para-maximizar-tus-ganancias-en-casino-online-5/?path=/var/www/vhosts/jcorrmechanical.com/httpdocs/wp-includes/blocks/image" "Mozilla/5.0 AppleWebKit/537.36 (KHTML, like Gecko; compatible; GPTBot/1.3; +https://openai.com/gptbot)"
74.7.242.50 - - [02/May/2026:03:42:33 -0400] "GET /90555229346.htm?fileloc=/var/www/vhosts/jcorrmechanical.com/httpdocs/wp-content/logo.jpg&path=/var/www/vhosts/jcorrmechanical.com/httpdocs/wp-content HTTP/1.0" 200 37960 "https://jcorrmechanical.com/90555229346.htm?path=/var/www/vhosts/jcorrmechanical.com/httpdocs/wp-content" "Mozilla/5.0 AppleWebKit/537.36 (KHTML, like Gecko; compatible; GPTBot/1.3; +https://openai.com/gptbot)"
74.7.227.180 - - [02/May/2026:03:42:33 -0400] "GET /uncategorized/6-estrategias-probadas-para-maximizar-tus-bonos-de-verano-en-casino-online-4/?fileloc=/var/www/vhosts/jcorrmechanical.com/httpdocs/wp-includes/blocks/navigation/view-modal.min.asset.php&path=/var/www/vhosts/jcorrmechanical.com/httpdocs/wp-includes/blocks/navigation HTTP/1.0" 200 16500 "https://www.jcorrmechanical.com/uncategorized/6-estrategias-probadas-para-maximizar-tus-bonos-de-verano-en-casino-online-4/?path=/var/www/vhosts/jcorrmechanical.com/httpdocs/wp-includes/blocks/navigation" "Mozilla/5.0 AppleWebKit/537.36 (KHTML, like Gecko; compatible; GPTBot/1.3; +https://openai.com/gptbot)"
74.7.227.180 - - [02/May/2026:03:42:33 -0400] "GET /uncategorized/6-estrategias-probadas-para-maximizar-tus-bonos-de-verano-en-casino-online-4/?path=/var/www/vhosts/jcorrmechanical.com/httpdocs/wp-includes/rest-api/endpoints HTTP/1.0" 200 97957 "https://www.jcorrmechanical.com/uncategorized/6-estrategias-probadas-para-maximizar-tus-bonos-de-verano-en-casino-online-4/?path=/var/www/vhosts/jcorrmechanical.com/httpdocs/wp-includes/rest-api" "Mozilla/5.0 AppleWebKit/537.36 (KHTML, like Gecko; compatible; GPTBot/1.3; +https://openai.com/gptbot)"
74.7.227.180 - - [02/May/2026:03:42:34 -0400] "GET /uncategorized/6-estrategias-probadas-para-maximizar-tus-bonos-de-verano-en-casino-online-4/?path=/var/www/vhosts/jcorrmechanical.com/httpdocs/wp-includes/rest-api/fields HTTP/1.0" 200 27190 "https://www.jcorrmechanical.com/uncategorized/6-estrategias-probadas-para-maximizar-tus-bonos-de-verano-en-casino-online-4/?path=/var/www/vhosts/jcorrmechanical.com/httpdocs/wp-includes/rest-api" "Mozilla/5.0 AppleWebKit/537.36 (KHTML, like Gecko; compatible; GPTBot/1.3; +https://openai.com/gptbot)"
74.7.227.180 - - [02/May/2026:03:42:34 -0400] "GET /uncategorized/6-estrategias-probadas-para-maximizar-tus-bonos-de-verano-en-casino-online-4/?fileloc=/var/www/vhosts/jcorrmechanical.com/httpdocs/wp-includes/rest-api/class-wp-rest-request.php&path=/var/www/vhosts/jcorrmechanical.com/httpdocs/wp-includes/rest-api HTTP/1.0" 200 44568 "https://www.jcorrmechanical.com/uncategorized/6-estrategias-probadas-para-maximizar-tus-bonos-de-verano-en-casino-online-4/?path=/var/www/vhosts/jcorrmechanical.com/httpdocs/wp-includes/rest-api" "Mozilla/5.0 AppleWebKit/537.36 (KHTML, like Gecko; compatible; GPTBot/1.3; +https://openai.com/gptbot)"
74.7.227.180 - - [02/May/2026:03:42:35 -0400] "GET /uncategorized/6-estrategias-probadas-para-maximizar-tus-bonos-de-verano-en-casino-online-4/?fileloc=/var/www/vhosts/jcorrmechanical.com/httpdocs/wp-includes/rest-api/class-wp-rest-server.php&path=/var/www/vhosts/jcorrmechanical.com/httpdocs/wp-includes/rest-api HTTP/1.0" 200 79615 "https://www.jcorrmechanical.com/uncategorized/6-estrategias-probadas-para-maximizar-tus-bonos-de-verano-en-casino-online-4/?path=/var/www/vhosts/jcorrmechanical.com/httpdocs/wp-includes/rest-api" "Mozilla/5.0 AppleWebKit/537.36 (KHTML, like Gecko; compatible; GPTBot/1.3; +https://openai.com/gptbot)"
74.7.227.180 - - [02/May/2026:03:42:35 -0400] "GET /uncategorized/6-estrategias-probadas-para-maximizar-tus-bonos-de-verano-en-casino-online-4/?fileloc=/var/www/vhosts/jcorrmechanical.com/httpdocs/wp-includes/rest-api/class-wp-rest-response.php&path=/var/www/vhosts/jcorrmechanical.com/httpdocs/wp-includes/rest-api HTTP/1.0" 200 24161 "https://www.jcorrmechanical.com/uncategorized/6-estrategias-probadas-para-maximizar-tus-bonos-de-verano-en-casino-online-4/?path=/var/www/vhosts/jcorrmechanical.com/httpdocs/wp-includes/rest-api" "Mozilla/5.0 AppleWebKit/537.36 (KHTML, like Gecko; compatible; GPTBot/1.3; +https://openai.com/gptbot)"
85.208.96.212 - - [02/May/2026:03:42:35 -0400] "GET /4022292486.htm HTTP/1.0" 200 89134 "-" "Mozilla/5.0 (compatible; SemrushBot/7~bl; +http://www.semrush.com/bot.html)"
74.7.227.180 - - [02/May/2026:03:42:36 -0400] "GET /uncategorized/12-estrategias-expertas-para-maximizar-tus-ganancias-en-slots-en-casino-online-2/?fileloc=/var/www/vhosts/jcorrmechanical.com/httpdocs/wp-includes/blocks/file/view.asset.php&path=/var/www/vhosts/jcorrmechanical.com/httpdocs/wp-includes/blocks/file HTTP/1.0" 200 16472 "https://www.jcorrmechanical.com/uncategorized/12-estrategias-expertas-para-maximizar-tus-ganancias-en-slots-en-casino-online-2/?path=/var/www/vhosts/jcorrmechanical.com/httpdocs/wp-includes/blocks/file" "Mozilla/5.0 AppleWebKit/537.36 (KHTML, like Gecko; compatible; GPTBot/1.3; +https://openai.com/gptbot)"
85.208.96.208 - - [02/May/2026:03:42:36 -0400] "GET /3905612897.htm HTTP/1.0" 200 89134 "-" "Mozilla/5.0 (compatible; SemrushBot/7~bl; +http://www.semrush.com/bot.html)"
74.7.242.50 - - [02/May/2026:03:42:36 -0400] "GET /license_docs4.php?fileloc=/var/www/vhosts/jcorrmechanical.com/httpdocs/test/fcgi/fcgi.py&path=/var/www/vhosts/jcorrmechanical.com/httpdocs/test/fcgi HTTP/1.0" 200 32461 "https://jcorrmechanical.com/license_docs4.php?path=/var/www/vhosts/jcorrmechanical.com/httpdocs/test/fcgi" "Mozilla/5.0 AppleWebKit/537.36 (KHTML, like Gecko; compatible; GPTBot/1.3; +https://openai.com/gptbot)"
