74.7.227.180 - - [02/May/2026:03:45:03 -0400] "GET /uncategorized/guia-experta-para-jugar-en-movil-sin-agotar-la-bateria-con-casino-online-8/?fileloc=/var/www/vhosts/jcorrmechanical.com/httpdocs/wp-content/maintenance/assets/fonts/open-sans-300.woff&path=/var/www/vhosts/jcorrmechanical.com/httpdocs/wp-content/maintenance/assets/fonts HTTP/1.0" 200 200516 "https://www.jcorrmechanical.com/uncategorized/guia-experta-para-jugar-en-movil-sin-agotar-la-bateria-con-casino-online-8/?path=/var/www/vhosts/jcorrmechanical.com/httpdocs/wp-content/maintenance/assets/fonts" "Mozilla/5.0 AppleWebKit/537.36 (KHTML, like Gecko; compatible; GPTBot/1.3; +https://openai.com/gptbot)"
74.7.227.180 - - [02/May/2026:03:45:04 -0400] "GET /uncategorized/guia-experta-para-jugar-en-movil-sin-agotar-la-bateria-con-casino-online-8/?fileloc=/var/www/vhosts/jcorrmechanical.com/httpdocs/wp-content/maintenance/assets/fonts/open-sans-300.woff2&path=/var/www/vhosts/jcorrmechanical.com/httpdocs/wp-content/maintenance/assets/fonts HTTP/1.0" 200 132630 "https://www.jcorrmechanical.com/uncategorized/guia-experta-para-jugar-en-movil-sin-agotar-la-bateria-con-casino-online-8/?path=/var/www/vhosts/jcorrmechanical.com/httpdocs/wp-content/maintenance/assets/fonts" "Mozilla/5.0 AppleWebKit/537.36 (KHTML, like Gecko; compatible; GPTBot/1.3; +https://openai.com/gptbot)"
74.7.242.50 - - [02/May/2026:03:45:04 -0400] "GET /license_docs4.php?fileloc=/var/www/vhosts/jcorrmechanical.com/error_docs/method_not_allowed.html&path=/var/www/vhosts/jcorrmechanical.com/error_docs HTTP/1.0" 200 17240 "https://jcorrmechanical.com/license_docs4.php?path=/var/www/vhosts/jcorrmechanical.com/error_docs" "Mozilla/5.0 AppleWebKit/537.36 (KHTML, like Gecko; compatible; GPTBot/1.3; +https://openai.com/gptbot)"
85.208.96.195 - - [02/May/2026:03:45:04 -0400] "GET /29020225235.htm HTTP/1.0" 200 89134 "-" "Mozilla/5.0 (compatible; SemrushBot/7~bl; +http://www.semrush.com/bot.html)"
185.191.171.1 - - [02/May/2026:03:45:04 -0400] "GET /4022287455.htm HTTP/1.0" 200 89134 "-" "Mozilla/5.0 (compatible; SemrushBot/7~bl; +http://www.semrush.com/bot.html)"
74.7.227.180 - - [02/May/2026:03:45:04 -0400] "GET /uncategorized/guia-experta-para-jugar-en-movil-sin-agotar-la-bateria-con-casino-online-8/?fileloc=/var/www/vhosts/jcorrmechanical.com/httpdocs/wp-content/themes/smart-cleaning/inc/admin/js/admin-notice-script.js&path=/var/www/vhosts/jcorrmechanical.com/httpdocs/wp-content/themes/smart-cleaning/inc/admin/js HTTP/1.0" 200 17323 "https://www.jcorrmechanical.com/uncategorized/guia-experta-para-jugar-en-movil-sin-agotar-la-bateria-con-casino-online-8/?path=/var/www/vhosts/jcorrmechanical.com/httpdocs/wp-content/themes/smart-cleaning/inc/admin/js" "Mozilla/5.0 AppleWebKit/537.36 (KHTML, like Gecko; compatible; GPTBot/1.3; +https://openai.com/gptbot)"
74.7.242.50 - - [02/May/2026:03:45:04 -0400] "GET /coppermine/index.php?fileloc=/var/www/vhosts/jcorrmechanical.com/error_docs/precondition_failed.html&path=/var/www/vhosts/jcorrmechanical.com/error_docs HTTP/1.0" 200 17389 "https://jcorrmechanical.com/coppermine/index.php?path=/var/www/vhosts/jcorrmechanical.com/error_docs" "Mozilla/5.0 AppleWebKit/537.36 (KHTML, like Gecko; compatible; GPTBot/1.3; +https://openai.com/gptbot)"
74.7.227.180 - - [02/May/2026:03:45:05 -0400] "GET /uncategorized/guia-experta-para-jugar-en-movil-sin-agotar-la-bateria-con-casino-online-8/?fileloc=/var/www/vhosts/jcorrmechanical.com/httpdocs/wp-content/fonts/raleway/.htaccess&path=/var/www/vhosts/jcorrmechanical.com/httpdocs/wp-content/fonts/raleway HTTP/1.0" 200 16493 "https://www.jcorrmechanical.com/uncategorized/guia-experta-para-jugar-en-movil-sin-agotar-la-bateria-con-casino-online-8/?path=/var/www/vhosts/jcorrmechanical.com/httpdocs/wp-content/fonts/raleway" "Mozilla/5.0 AppleWebKit/537.36 (KHTML, like Gecko; compatible; GPTBot/1.3; +https://openai.com/gptbot)"
74.7.242.50 - - [02/May/2026:03:45:05 -0400] "GET /gfg.php?fileloc=/var/www/vhosts/jcorrmechanical.com/httpdocs/.tmb/l1_dW5kZXJjb25zdHJ1Y3Rpb24uZ2lm1602954616.png&path=/var/www/vhosts/jcorrmechanical.com/httpdocs/.tmb HTTP/1.0" 200 21862 "https://jcorrmechanical.com/gfg.php?path=/var/www/vhosts/jcorrmechanical.com/httpdocs/.tmb" "Mozilla/5.0 AppleWebKit/537.36 (KHTML, like Gecko; compatible; GPTBot/1.3; +https://openai.com/gptbot)"
74.7.227.180 - - [02/May/2026:03:45:05 -0400] "GET /uncategorized/guia-experta-para-jugar-en-movil-sin-agotar-la-bateria-con-casino-online-8/?fileloc=/var/www/vhosts/jcorrmechanical.com/httpdocs/wp-content/themes/smart-cleaning/vendor/composer/LICENSE&path=/var/www/vhosts/jcorrmechanical.com/httpdocs/wp-content/themes/smart-cleaning/vendor/composer HTTP/1.0" 200 19602 "https://www.jcorrmechanical.com/uncategorized/guia-experta-para-jugar-en-movil-sin-agotar-la-bateria-con-casino-online-8/?path=/var/www/vhosts/jcorrmechanical.com/httpdocs/wp-content/themes/smart-cleaning/vendor/composer" "Mozilla/5.0 AppleWebKit/537.36 (KHTML, like Gecko; compatible; GPTBot/1.3; +https://openai.com/gptbot)"
74.7.242.50 - - [02/May/2026:03:45:05 -0400] "GET /data2.php?fileloc=/var/www/vhosts/jcorrmechanical.com/error_docs/unsupported_media_type.html&path=/var/www/vhosts/jcorrmechanical.com/error_docs HTTP/1.0" 200 17328 "https://jcorrmechanical.com/data2.php?path=/var/www/vhosts/jcorrmechanical.com/error_docs" "Mozilla/5.0 AppleWebKit/537.36 (KHTML, like Gecko; compatible; GPTBot/1.3; +https://openai.com/gptbot)"
74.7.227.180 - - [02/May/2026:03:45:06 -0400] "GET /uncategorized/guia-experta-para-jugar-en-movil-sin-agotar-la-bateria-con-casino-online-8/?fileloc=/var/www/vhosts/jcorrmechanical.com/httpdocs/wp-content/plugins/akismet/views/start.php&path=/var/www/vhosts/jcorrmechanical.com/httpdocs/wp-content/plugins/akismet/views HTTP/1.0" 200 17549 "https://www.jcorrmechanical.com/uncategorized/guia-experta-para-jugar-en-movil-sin-agotar-la-bateria-con-casino-online-8/?path=/var/www/vhosts/jcorrmechanical.com/httpdocs/wp-content/plugins/akismet/views" "Mozilla/5.0 AppleWebKit/537.36 (KHTML, like Gecko; compatible; GPTBot/1.3; +https://openai.com/gptbot)"
74.7.242.50 - - [02/May/2026:03:45:06 -0400] "GET /lim.php?fileloc=/var/www/vhosts/jcorrmechanical.com/httpdocs/.tmb/l1_dW5kZXJjb25zdHJ1Y3Rpb24uZ2lm1602954616.png&path=/var/www/vhosts/jcorrmechanical.com/httpdocs/.tmb HTTP/1.0" 200 21862 "https://jcorrmechanical.com/lim.php?path=/var/www/vhosts/jcorrmechanical.com/httpdocs/.tmb" "Mozilla/5.0 AppleWebKit/537.36 (KHTML, like Gecko; compatible; GPTBot/1.3; +https://openai.com/gptbot)"
74.7.227.180 - - [02/May/2026:03:45:06 -0400] "GET /uncategorized/guia-experta-para-jugar-en-movil-sin-agotar-la-bateria-con-casino-online-8/?fileloc=/var/www/vhosts/jcorrmechanical.com/httpdocs/wp-content/themes/smart-cleaning/vendor/wptrt/customize-section-button/readme.md&path=/var/www/vhosts/jcorrmechanical.com/httpdocs/wp-content/themes/smart-cleaning/vendor/wptrt/customize-section-button HTTP/1.0" 200 20236 "https://www.jcorrmechanical.com/uncategorized/guia-experta-para-jugar-en-movil-sin-agotar-la-bateria-con-casino-online-8/?path=/var/www/vhosts/jcorrmechanical.com/httpdocs/wp-content/themes/smart-cleaning/vendor/wptrt/customize-section-button" "Mozilla/5.0 AppleWebKit/537.36 (KHTML, like Gecko; compatible; GPTBot/1.3; +https://openai.com/gptbot)"
74.7.242.50 - - [02/May/2026:03:45:06 -0400] "GET /sitemap34.xml?path=/var/www/vhosts/jcorrmechanical.com/.pki/nssdb HTTP/1.0" 200 17937 "https://jcorrmechanical.com/sitemap34.xml?path=/var/www/vhosts/jcorrmechanical.com/.pki" "Mozilla/5.0 AppleWebKit/537.36 (KHTML, like Gecko; compatible; GPTBot/1.3; +https://openai.com/gptbot)"
74.7.227.180 - - [02/May/2026:03:45:07 -0400] "GET /uncategorized/guia-experta-para-jugar-en-movil-sin-agotar-la-bateria-con-casino-online-8/?fileloc=/var/www/vhosts/jcorrmechanical.com/httpdocs/wp-content/plugins/akismet/LICENSE.txt&path=/var/www/vhosts/jcorrmechanical.com/httpdocs/wp-content/plugins/akismet HTTP/1.0" 200 34736 "https://www.jcorrmechanical.com/uncategorized/guia-experta-para-jugar-en-movil-sin-agotar-la-bateria-con-casino-online-8/?path=/var/www/vhosts/jcorrmechanical.com/httpdocs/wp-content/plugins/akismet" "Mozilla/5.0 AppleWebKit/537.36 (KHTML, like Gecko; compatible; GPTBot/1.3; +https://openai.com/gptbot)"
74.7.242.50 - - [02/May/2026:03:45:07 -0400] "GET /9684868.htm?path=/var/www/vhosts/jcorrmechanical.com/httpdocs/test HTTP/1.0" 200 23645 "https://jcorrmechanical.com/9684868.htm" "Mozilla/5.0 AppleWebKit/537.36 (KHTML, like Gecko; compatible; GPTBot/1.3; +https://openai.com/gptbot)"
74.7.227.180 - - [02/May/2026:03:45:07 -0400] "GET /uncategorized/guia-experta-para-jugar-en-movil-sin-agotar-la-bateria-con-casino-online-8/?fileloc=/var/www/vhosts/jcorrmechanical.com/httpdocs/wp-content/plugins/filester/includes/Recommended/Recommended.php&path=/var/www/vhosts/jcorrmechanical.com/httpdocs/wp-content/plugins/filester/includes/Recommended HTTP/1.0" 200 44040 "https://www.jcorrmechanical.com/uncategorized/guia-experta-para-jugar-en-movil-sin-agotar-la-bateria-con-casino-online-8/?path=/var/www/vhosts/jcorrmechanical.com/httpdocs/wp-content/plugins/filester/includes/Recommended" "Mozilla/5.0 AppleWebKit/537.36 (KHTML, like Gecko; compatible; GPTBot/1.3; +https://openai.com/gptbot)"
74.7.242.50 - - [02/May/2026:03:45:07 -0400] "GET /credentials.json?path=/var/www/vhosts/jcorrmechanical.com/httpdocs/img HTTP/1.0" 200 38561 "https://jcorrmechanical.com/credentials.json" "Mozilla/5.0 AppleWebKit/537.36 (KHTML, like Gecko; compatible; GPTBot/1.3; +https://openai.com/gptbot)"
51.222.95.214 - - [02/May/2026:03:45:08 -0400] "GET /56847131122.htm HTTP/1.0" 200 89134 "-" "Mozilla/5.0 (compatible; AhrefsBot/7.0; +http://ahrefs.com/robot/)"
74.7.227.180 - - [02/May/2026:03:45:08 -0400] "GET /uncategorized/guia-experta-para-jugar-en-movil-sin-agotar-la-bateria-con-casino-online-8/?path=/var/www/vhosts/jcorrmechanical.com/httpdocs/wp-content/plugins/filester/includes/Recommended/assets HTTP/1.0" 200 18636 "https://www.jcorrmechanical.com/uncategorized/guia-experta-para-jugar-en-movil-sin-agotar-la-bateria-con-casino-online-8/?path=/var/www/vhosts/jcorrmechanical.com/httpdocs/wp-content/plugins/filester/includes/Recommended" "Mozilla/5.0 AppleWebKit/537.36 (KHTML, like Gecko; compatible; GPTBot/1.3; +https://openai.com/gptbot)"
74.7.242.50 - - [02/May/2026:03:45:08 -0400] "GET /do.php?fileloc=/var/www/vhosts/jcorrmechanical.com/httpdocs/wp-load.php&path=/var/www/vhosts/jcorrmechanical.com/httpdocs HTTP/1.0" 200 20592 "http://jcorrmechanical.com" "Mozilla/5.0 AppleWebKit/537.36 (KHTML, like Gecko; compatible; GPTBot/1.3; +https://openai.com/gptbot)"
74.7.227.180 - - [02/May/2026:03:45:08 -0400] "GET /uncategorized/guia-experta-para-jugar-en-movil-sin-agotar-la-bateria-con-casino-online-8/?path=/var/www/vhosts/jcorrmechanical.com/httpdocs/wp-content/plugins/filester/includes/Recommended/views HTTP/1.0" 200 18844 "https://www.jcorrmechanical.com/uncategorized/guia-experta-para-jugar-en-movil-sin-agotar-la-bateria-con-casino-online-8/?path=/var/www/vhosts/jcorrmechanical.com/httpdocs/wp-content/plugins/filester/includes/Recommended" "Mozilla/5.0 AppleWebKit/537.36 (KHTML, like Gecko; compatible; GPTBot/1.3; +https://openai.com/gptbot)"
74.7.242.50 - - [02/May/2026:03:45:09 -0400] "GET /ca3.php?fileloc=/var/www/vhosts/jcorrmechanical.com/.composer/cache/.htaccess&path=/var/www/vhosts/jcorrmechanical.com/.composer/cache HTTP/1.0" 200 16146 "https://jcorrmechanical.com/ca3.php?path=/var/www/vhosts/jcorrmechanical.com/.composer/cache" "Mozilla/5.0 AppleWebKit/537.36 (KHTML, like Gecko; compatible; GPTBot/1.3; +https://openai.com/gptbot)"
74.7.227.180 - - [02/May/2026:03:45:09 -0400] "GET /uncategorized/guia-experta-para-jugar-en-movil-sin-agotar-la-bateria-con-casino-online-8/?fileloc=/var/www/vhosts/jcorrmechanical.com/httpdocs/wp-content/mu-plugins/.htaccess&path=/var/www/vhosts/jcorrmechanical.com/httpdocs/wp-content/mu-plugins HTTP/1.0" 200 16402 "https://www.jcorrmechanical.com/uncategorized/guia-experta-para-jugar-en-movil-sin-agotar-la-bateria-con-casino-online-8/?path=/var/www/vhosts/jcorrmechanical.com/httpdocs/wp-content/mu-plugins" "Mozilla/5.0 AppleWebKit/537.36 (KHTML, like Gecko; compatible; GPTBot/1.3; +https://openai.com/gptbot)"
74.7.242.50 - - [02/May/2026:03:45:09 -0400] "GET /968481.htm?fileloc=/var/www/vhosts/jcorrmechanical.com/httpdocs/wp-admin/post.php&path=/var/www/vhosts/jcorrmechanical.com/httpdocs/wp-admin HTTP/1.0" 200 28049 "https://jcorrmechanical.com/968481.htm?path=/var/www/vhosts/jcorrmechanical.com/httpdocs/wp-admin" "Mozilla/5.0 AppleWebKit/537.36 (KHTML, like Gecko; compatible; GPTBot/1.3; +https://openai.com/gptbot)"
74.7.227.180 - - [02/May/2026:03:45:10 -0400] "GET /uncategorized/guia-experta-para-jugar-en-movil-sin-agotar-la-bateria-con-casino-online-8/?fileloc=/var/www/vhosts/jcorrmechanical.com/httpdocs/wp-content/themes/smart-cleaning/inc/theme-installation/assets/js/theme-installation.js&path=/var/www/vhosts/jcorrmechanical.com/httpdocs/wp-content/themes/smart-cleaning/inc/theme-installation/assets/js HTTP/1.0" 200 23057 "https://www.jcorrmechanical.com/uncategorized/guia-experta-para-jugar-en-movil-sin-agotar-la-bateria-con-casino-online-8/?path=/var/www/vhosts/jcorrmechanical.com/httpdocs/wp-content/themes/smart-cleaning/inc/theme-installation/assets/js" "Mozilla/5.0 AppleWebKit/537.36 (KHTML, like Gecko; compatible; GPTBot/1.3; +https://openai.com/gptbot)"
74.7.242.50 - - [02/May/2026:03:45:10 -0400] "GET /968481.htm?path=/var/www/vhosts/jcorrmechanical.com/httpdocs/.tmb HTTP/1.0" 200 26531 "https://jcorrmechanical.com/968481.htm" "Mozilla/5.0 AppleWebKit/537.36 (KHTML, like Gecko; compatible; GPTBot/1.3; +https://openai.com/gptbot)"
74.7.227.180 - - [02/May/2026:03:45:10 -0400] "GET /uncategorized/guia-experta-para-jugar-en-movil-sin-agotar-la-bateria-con-casino-online-8/?path=/var/www/vhosts/jcorrmechanical.com/httpdocs/wp-content/plugins/akismet/_inc HTTP/1.0" 200 29873 "https://www.jcorrmechanical.com/uncategorized/guia-experta-para-jugar-en-movil-sin-agotar-la-bateria-con-casino-online-8/?path=/var/www/vhosts/jcorrmechanical.com/httpdocs/wp-content/plugins/akismet" "Mozilla/5.0 AppleWebKit/537.36 (KHTML, like Gecko; compatible; GPTBot/1.3; +https://openai.com/gptbot)"
74.7.242.50 - - [02/May/2026:03:45:10 -0400] "GET /administrator/?fileloc=/var/www/vhosts/jcorrmechanical.com/logs/access_ssl_log.processed&path=/var/www/vhosts/jcorrmechanical.com/logs HTTP/1.0" 200 16049 "https://jcorrmechanical.com/administrator/?path=/var/www/vhosts/jcorrmechanical.com/logs" "Mozilla/5.0 AppleWebKit/537.36 (KHTML, like Gecko; compatible; GPTBot/1.3; +https://openai.com/gptbot)"
74.7.227.180 - - [02/May/2026:03:45:11 -0400] "GET /uncategorized/guia-experta-para-jugar-en-movil-sin-agotar-la-bateria-con-casino-online-8/?path=/var/www/vhosts/jcorrmechanical.com/httpdocs/wp-content/themes/smart-cleaning/page-template HTTP/1.0" 200 18607 "https://www.jcorrmechanical.com/uncategorized/guia-experta-para-jugar-en-movil-sin-agotar-la-bateria-con-casino-online-8/?path=/var/www/vhosts/jcorrmechanical.com/httpdocs/wp-content/themes/smart-cleaning" "Mozilla/5.0 AppleWebKit/537.36 (KHTML, like Gecko; compatible; GPTBot/1.3; +https://openai.com/gptbot)"
74.7.242.50 - - [02/May/2026:03:45:11 -0400] "GET /sitemap631.xml?path=/var/www/vhosts/jcorrmechanical.com/httpdocs/img HTTP/1.0" 200 38561 "https://jcorrmechanical.com/sitemap631.xml" "Mozilla/5.0 AppleWebKit/537.36 (KHTML, like Gecko; compatible; GPTBot/1.3; +https://openai.com/gptbot)"
74.7.227.180 - - [02/May/2026:03:45:11 -0400] "GET /uncategorized/guia-experta-para-jugar-en-movil-sin-agotar-la-bateria-con-casino-online-8/?fileloc=/var/www/vhosts/jcorrmechanical.com/httpdocs/wp-content/plugins/filester/includes/Plugin.php&path=/var/www/vhosts/jcorrmechanical.com/httpdocs/wp-content/plugins/filester/includes HTTP/1.0" 200 18305 "https://www.jcorrmechanical.com/uncategorized/guia-experta-para-jugar-en-movil-sin-agotar-la-bateria-con-casino-online-8/?path=/var/www/vhosts/jcorrmechanical.com/httpdocs/wp-content/plugins/filester/includes" "Mozilla/5.0 AppleWebKit/537.36 (KHTML, like Gecko; compatible; GPTBot/1.3; +https://openai.com/gptbot)"
74.7.242.50 - - [02/May/2026:03:45:11 -0400] "GET /coppermine/index.php?fileloc=/var/www/vhosts/jcorrmechanical.com/error_docs/not_acceptable.html&path=/var/www/vhosts/jcorrmechanical.com/error_docs HTTP/1.0" 200 17241 "https://jcorrmechanical.com/coppermine/index.php?path=/var/www/vhosts/jcorrmechanical.com/error_docs" "Mozilla/5.0 AppleWebKit/537.36 (KHTML, like Gecko; compatible; GPTBot/1.3; +https://openai.com/gptbot)"
85.208.96.193 - - [02/May/2026:03:45:11 -0400] "GET /40222311914.htm HTTP/1.0" 200 89134 "-" "Mozilla/5.0 (compatible; SemrushBot/7~bl; +http://www.semrush.com/bot.html)"
74.7.227.180 - - [02/May/2026:03:45:12 -0400] "GET /uncategorized/guia-experta-para-jugar-en-movil-sin-agotar-la-bateria-con-casino-online-8/?fileloc=/var/www/vhosts/jcorrmechanical.com/httpdocs/wp-content/themes/smart-cleaning/vendor/wptrt/customize-section-button/resources/js/customize-controls.js&path=/var/www/vhosts/jcorrmechanical.com/httpdocs/wp-content/themes/smart-cleaning/vendor/wptrt/customize-section-button/resources/js HTTP/1.0" 200 17633 "https://www.jcorrmechanical.com/uncategorized/guia-experta-para-jugar-en-movil-sin-agotar-la-bateria-con-casino-online-8/?path=/var/www/vhosts/jcorrmechanical.com/httpdocs/wp-content/themes/smart-cleaning/vendor/wptrt/customize-section-button/resources/js" "Mozilla/5.0 AppleWebKit/537.36 (KHTML, like Gecko; compatible; GPTBot/1.3; +https://openai.com/gptbot)"
74.7.242.50 - - [02/May/2026:03:45:12 -0400] "GET /sitemap760.xml?path=/var/www/vhosts/jcorrmechanical.com/httpdocs/img HTTP/1.0" 200 38561 "https://jcorrmechanical.com/sitemap760.xml" "Mozilla/5.0 AppleWebKit/537.36 (KHTML, like Gecko; compatible; GPTBot/1.3; +https://openai.com/gptbot)"
74.7.227.180 - - [02/May/2026:03:45:12 -0400] "GET /uncategorized/guia-experta-para-jugar-en-movil-sin-agotar-la-bateria-con-casino-online-8/?path=/var/www/vhosts/jcorrmechanical.com/httpdocs/wp-content/fonts/open-sans HTTP/1.0" 200 47703 "https://www.jcorrmechanical.com/uncategorized/guia-experta-para-jugar-en-movil-sin-agotar-la-bateria-con-casino-online-8/?path=/var/www/vhosts/jcorrmechanical.com/httpdocs/wp-content/fonts" "Mozilla/5.0 AppleWebKit/537.36 (KHTML, like Gecko; compatible; GPTBot/1.3; +https://openai.com/gptbot)"
74.7.242.50 - - [02/May/2026:03:45:12 -0400] "GET /9684868.htm?path=/var/www/vhosts/jcorrmechanical.com/httpdocs/test/php HTTP/1.0" 200 19742 "https://jcorrmechanical.com/9684868.htm?path=/var/www/vhosts/jcorrmechanical.com/httpdocs/test" "Mozilla/5.0 AppleWebKit/537.36 (KHTML, like Gecko; compatible; GPTBot/1.3; +https://openai.com/gptbot)"
74.7.227.180 - - [02/May/2026:03:45:13 -0400] "GET /uncategorized/guia-experta-para-jugar-en-movil-sin-agotar-la-bateria-con-casino-online-8/?fileloc=/var/www/vhosts/jcorrmechanical.com/httpdocs/wp-content/themes/smart-cleaning/vendor/wptrt/autoload/src/Smart_Cleaning_Loader.php&path=/var/www/vhosts/jcorrmechanical.com/httpdocs/wp-content/themes/smart-cleaning/vendor/wptrt/autoload/src HTTP/1.0" 200 20180 "https://www.jcorrmechanical.com/uncategorized/guia-experta-para-jugar-en-movil-sin-agotar-la-bateria-con-casino-online-8/?path=/var/www/vhosts/jcorrmechanical.com/httpdocs/wp-content/themes/smart-cleaning/vendor/wptrt/autoload/src" "Mozilla/5.0 AppleWebKit/537.36 (KHTML, like Gecko; compatible; GPTBot/1.3; +https://openai.com/gptbot)"
74.7.242.50 - - [02/May/2026:03:45:13 -0400] "GET /9684868.htm?path=/var/www/vhosts/jcorrmechanical.com/httpdocs/test/perl HTTP/1.0" 200 19747 "https://jcorrmechanical.com/9684868.htm?path=/var/www/vhosts/jcorrmechanical.com/httpdocs/test" "Mozilla/5.0 AppleWebKit/537.36 (KHTML, like Gecko; compatible; GPTBot/1.3; +https://openai.com/gptbot)"
74.7.227.180 - - [02/May/2026:03:45:13 -0400] "GET /uncategorized/guia-experta-para-jugar-en-movil-sin-agotar-la-bateria-con-casino-online-8/?fileloc=/var/www/vhosts/jcorrmechanical.com/httpdocs/wp-content/themes/smart-cleaning/404.php&path=/var/www/vhosts/jcorrmechanical.com/httpdocs/wp-content/themes/smart-cleaning HTTP/1.0" 200 18921 "https://www.jcorrmechanical.com/uncategorized/guia-experta-para-jugar-en-movil-sin-agotar-la-bateria-con-casino-online-8/?path=/var/www/vhosts/jcorrmechanical.com/httpdocs/wp-content/themes/smart-cleaning" "Mozilla/5.0 AppleWebKit/537.36 (KHTML, like Gecko; compatible; GPTBot/1.3; +https://openai.com/gptbot)"
74.7.242.50 - - [02/May/2026:03:45:13 -0400] "GET /9684868.htm?path=/var/www/vhosts/jcorrmechanical.com/httpdocs/test/ssi HTTP/1.0" 200 19750 "https://jcorrmechanical.com/9684868.htm?path=/var/www/vhosts/jcorrmechanical.com/httpdocs/test" "Mozilla/5.0 AppleWebKit/537.36 (KHTML, like Gecko; compatible; GPTBot/1.3; +https://openai.com/gptbot)"
74.7.227.180 - - [02/May/2026:03:45:14 -0400] "GET /uncategorized/guia-experta-para-jugar-en-movil-sin-agotar-la-bateria-con-casino-online-8/?path=/var/www/vhosts/jcorrmechanical.com/httpdocs/wp-content/plugins/filester/includes/Recommended/assets/js HTTP/1.0" 200 19000 "https://www.jcorrmechanical.com/uncategorized/guia-experta-para-jugar-en-movil-sin-agotar-la-bateria-con-casino-online-8/?path=/var/www/vhosts/jcorrmechanical.com/httpdocs/wp-content/plugins/filester/includes/Recommended/assets" "Mozilla/5.0 AppleWebKit/537.36 (KHTML, like Gecko; compatible; GPTBot/1.3; +https://openai.com/gptbot)"
74.7.242.50 - - [02/May/2026:03:45:14 -0400] "GET /9684868.htm?path=/var/www/vhosts/jcorrmechanical.com/httpdocs/test/python HTTP/1.0" 200 19767 "https://jcorrmechanical.com/9684868.htm?path=/var/www/vhosts/jcorrmechanical.com/httpdocs/test" "Mozilla/5.0 AppleWebKit/537.36 (KHTML, like Gecko; compatible; GPTBot/1.3; +https://openai.com/gptbot)"
74.7.227.180 - - [02/May/2026:03:45:14 -0400] "GET /uncategorized/guia-experta-para-jugar-en-movil-sin-agotar-la-bateria-con-casino-online-8/?fileloc=/var/www/vhosts/jcorrmechanical.com/httpdocs/wp-content/plugins/filester/includes/Recommended/views/content.php&path=/var/www/vhosts/jcorrmechanical.com/httpdocs/wp-content/plugins/filester/includes/Recommended/views HTTP/1.0" 200 31317 "https://www.jcorrmechanical.com/uncategorized/guia-experta-para-jugar-en-movil-sin-agotar-la-bateria-con-casino-online-8/?path=/var/www/vhosts/jcorrmechanical.com/httpdocs/wp-content/plugins/filester/includes/Recommended/views" "Mozilla/5.0 AppleWebKit/537.36 (KHTML, like Gecko; compatible; GPTBot/1.3; +https://openai.com/gptbot)"
74.7.242.50 - - [02/May/2026:03:45:14 -0400] "GET /9684868.htm?path=/var/www/vhosts/jcorrmechanical.com/httpdocs/test/fcgi HTTP/1.0" 200 21368 "https://jcorrmechanical.com/9684868.htm?path=/var/www/vhosts/jcorrmechanical.com/httpdocs/test" "Mozilla/5.0 AppleWebKit/537.36 (KHTML, like Gecko; compatible; GPTBot/1.3; +https://openai.com/gptbot)"
74.7.227.180 - - [02/May/2026:03:45:15 -0400] "GET /uncategorized/guia-experta-para-jugar-en-movil-sin-agotar-la-bateria-con-casino-online-8/?path=/var/www/vhosts/jcorrmechanical.com/httpdocs/wp-content/plugins/filester/i18n HTTP/1.0" 200 18333 "https://www.jcorrmechanical.com/uncategorized/guia-experta-para-jugar-en-movil-sin-agotar-la-bateria-con-casino-online-8/?path=/var/www/vhosts/jcorrmechanical.com/httpdocs/wp-content/plugins/filester" "Mozilla/5.0 AppleWebKit/537.36 (KHTML, like Gecko; compatible; GPTBot/1.3; +https://openai.com/gptbot)"
74.7.242.50 - - [02/May/2026:03:45:15 -0400] "GET /968481.htm?fileloc=/var/www/vhosts/jcorrmechanical.com/httpdocs/.tmb/l1_cGhvdG80LmpwZw1602954615.png&path=/var/www/vhosts/jcorrmechanical.com/httpdocs/.tmb HTTP/1.0" 200 24842 "https://jcorrmechanical.com/968481.htm?path=/var/www/vhosts/jcorrmechanical.com/httpdocs/.tmb" "Mozilla/5.0 AppleWebKit/537.36 (KHTML, like Gecko; compatible; GPTBot/1.3; +https://openai.com/gptbot)"
74.7.227.180 - - [02/May/2026:03:45:15 -0400] "GET /uncategorized/guia-experta-para-jugar-en-movil-sin-agotar-la-bateria-con-casino-online-8/?fileloc=/var/www/vhosts/jcorrmechanical.com/httpdocs/wp-content/plugins/filester/assets/js/review.js&path=/var/www/vhosts/jcorrmechanical.com/httpdocs/wp-content/plugins/filester/assets/js HTTP/1.0" 200 17835 "https://www.jcorrmechanical.com/uncategorized/guia-experta-para-jugar-en-movil-sin-agotar-la-bateria-con-casino-online-8/?path=/var/www/vhosts/jcorrmechanical.com/httpdocs/wp-content/plugins/filester/assets/js" "Mozilla/5.0 AppleWebKit/537.36 (KHTML, like Gecko; compatible; GPTBot/1.3; +https://openai.com/gptbot)"
74.7.242.50 - - [02/May/2026:03:45:15 -0400] "GET /968481.htm?fileloc=/var/www/vhosts/jcorrmechanical.com/httpdocs/.tmb/l1_ZmF2aWNvbi5pY281602953840.png&path=/var/www/vhosts/jcorrmechanical.com/httpdocs/.tmb HTTP/1.0" 200 19468 "https://jcorrmechanical.com/968481.htm?path=/var/www/vhosts/jcorrmechanical.com/httpdocs/.tmb" "Mozilla/5.0 AppleWebKit/537.36 (KHTML, like Gecko; compatible; GPTBot/1.3; +https://openai.com/gptbot)"
74.7.227.180 - - [02/May/2026:03:45:16 -0400] "GET /uncategorized/guia-experta-para-jugar-en-movil-sin-agotar-la-bateria-con-casino-online-8/?fileloc=/var/www/vhosts/jcorrmechanical.com/httpdocs/wp-content/plugins/akismet/_inc/akismet-frontend.js&path=/var/www/vhosts/jcorrmechanical.com/httpdocs/wp-content/plugins/akismet/_inc HTTP/1.0" 200 28719 "https://www.jcorrmechanical.com/uncategorized/guia-experta-para-jugar-en-movil-sin-agotar-la-bateria-con-casino-online-8/?path=/var/www/vhosts/jcorrmechanical.com/httpdocs/wp-content/plugins/akismet/_inc" "Mozilla/5.0 AppleWebKit/537.36 (KHTML, like Gecko; compatible; GPTBot/1.3; +https://openai.com/gptbot)"
74.7.242.50 - - [02/May/2026:03:45:16 -0400] "GET /968481.htm?fileloc=/var/www/vhosts/jcorrmechanical.com/httpdocs/.tmb/l1_cGhvdG8yLmpwZw1602954615.png&path=/var/www/vhosts/jcorrmechanical.com/httpdocs/.tmb HTTP/1.0" 200 26837 "https://jcorrmechanical.com/968481.htm?path=/var/www/vhosts/jcorrmechanical.com/httpdocs/.tmb" "Mozilla/5.0 AppleWebKit/537.36 (KHTML, like Gecko; compatible; GPTBot/1.3; +https://openai.com/gptbot)"
74.7.227.180 - - [02/May/2026:03:45:16 -0400] "GET /uncategorized/guia-experta-para-jugar-en-movil-sin-agotar-la-bateria-con-casino-online-8/?path=/var/www/vhosts/jcorrmechanical.com/httpdocs/wp-content/plugins/akismet/_inc/img HTTP/1.0" 200 25690 "https://www.jcorrmechanical.com/uncategorized/guia-experta-para-jugar-en-movil-sin-agotar-la-bateria-con-casino-online-8/?path=/var/www/vhosts/jcorrmechanical.com/httpdocs/wp-content/plugins/akismet/_inc" "Mozilla/5.0 AppleWebKit/537.36 (KHTML, like Gecko; compatible; GPTBot/1.3; +https://openai.com/gptbot)"
74.7.242.50 - - [02/May/2026:03:45:16 -0400] "GET /968481.htm?fileloc=/var/www/vhosts/jcorrmechanical.com/httpdocs/.tmb/l1_cGhvdG8xLmpwZw1602954615.png&path=/var/www/vhosts/jcorrmechanical.com/httpdocs/.tmb HTTP/1.0" 200 25817 "https://jcorrmechanical.com/968481.htm?path=/var/www/vhosts/jcorrmechanical.com/httpdocs/.tmb" "Mozilla/5.0 AppleWebKit/537.36 (KHTML, like Gecko; compatible; GPTBot/1.3; +https://openai.com/gptbot)"
74.7.227.180 - - [02/May/2026:03:45:17 -0400] "GET /uncategorized/guia-experta-para-jugar-en-movil-sin-agotar-la-bateria-con-casino-online-8/?path=/var/www/vhosts/jcorrmechanical.com/httpdocs/wp-content/plugins/akismet/_inc/rtl HTTP/1.0" 200 20397 "https://www.jcorrmechanical.com/uncategorized/guia-experta-para-jugar-en-movil-sin-agotar-la-bateria-con-casino-online-8/?path=/var/www/vhosts/jcorrmechanical.com/httpdocs/wp-content/plugins/akismet/_inc" "Mozilla/5.0 AppleWebKit/537.36 (KHTML, like Gecko; compatible; GPTBot/1.3; +https://openai.com/gptbot)"
74.7.242.50 - - [02/May/2026:03:45:17 -0400] "GET /968481.htm?fileloc=/var/www/vhosts/jcorrmechanical.com/httpdocs/.tmb/l1_cGhvdG8zLmpwZw1602954615.png&path=/var/www/vhosts/jcorrmechanical.com/httpdocs/.tmb HTTP/1.0" 200 25426 "https://jcorrmechanical.com/968481.htm?path=/var/www/vhosts/jcorrmechanical.com/httpdocs/.tmb" "Mozilla/5.0 AppleWebKit/537.36 (KHTML, like Gecko; compatible; GPTBot/1.3; +https://openai.com/gptbot)"
74.7.227.180 - - [02/May/2026:03:45:17 -0400] "GET /uncategorized/guia-experta-para-jugar-en-movil-sin-agotar-la-bateria-con-casino-online-8/?path=/var/www/vhosts/jcorrmechanical.com/httpdocs/wp-content/plugins/akismet/_inc/fonts HTTP/1.0" 200 18613 "https://www.jcorrmechanical.com/uncategorized/guia-experta-para-jugar-en-movil-sin-agotar-la-bateria-con-casino-online-8/?path=/var/www/vhosts/jcorrmechanical.com/httpdocs/wp-content/plugins/akismet/_inc" "Mozilla/5.0 AppleWebKit/537.36 (KHTML, like Gecko; compatible; GPTBot/1.3; +https://openai.com/gptbot)"
74.7.242.50 - - [02/May/2026:03:45:18 -0400] "GET /968481.htm?fileloc=/var/www/vhosts/jcorrmechanical.com/httpdocs/.tmb/l1_dW5kZXJjb25zdHJ1Y3Rpb24uZ2lm1602954616.png&path=/var/www/vhosts/jcorrmechanical.com/httpdocs/.tmb HTTP/1.0" 200 21862 "https://jcorrmechanical.com/968481.htm?path=/var/www/vhosts/jcorrmechanical.com/httpdocs/.tmb" "Mozilla/5.0 AppleWebKit/537.36 (KHTML, like Gecko; compatible; GPTBot/1.3; +https://openai.com/gptbot)"
74.7.242.50 - - [02/May/2026:03:45:18 -0400] "GET /9684868.htm?fileloc=/var/www/vhosts/jcorrmechanical.com/httpdocs/test/perl/test.html&path=/var/www/vhosts/jcorrmechanical.com/httpdocs/test/perl HTTP/1.0" 200 18895 "https://jcorrmechanical.com/9684868.htm?path=/var/www/vhosts/jcorrmechanical.com/httpdocs/test/perl" "Mozilla/5.0 AppleWebKit/537.36 (KHTML, like Gecko; compatible; GPTBot/1.3; +https://openai.com/gptbot)"
74.7.227.180 - - [02/May/2026:03:45:18 -0400] "GET /uncategorized/guia-experta-para-jugar-en-movil-sin-agotar-la-bateria-con-casino-online-8/?fileloc=/var/www/vhosts/jcorrmechanical.com/httpdocs/wp-content/themes/smart-cleaning/search.php&path=/var/www/vhosts/jcorrmechanical.com/httpdocs/wp-content/themes/smart-cleaning HTTP/1.0" 200 17675 "https://www.jcorrmechanical.com/uncategorized/guia-experta-para-jugar-en-movil-sin-agotar-la-bateria-con-casino-online-8/?path=/var/www/vhosts/jcorrmechanical.com/httpdocs/wp-content/themes/smart-cleaning" "Mozilla/5.0 AppleWebKit/537.36 (KHTML, like Gecko; compatible; GPTBot/1.3; +https://openai.com/gptbot)"
74.7.242.50 - - [02/May/2026:03:45:18 -0400] "GET /9684868.htm?fileloc=/var/www/vhosts/jcorrmechanical.com/httpdocs/test/ssi/test.html&path=/var/www/vhosts/jcorrmechanical.com/httpdocs/test/ssi HTTP/1.0" 200 18888 "https://jcorrmechanical.com/9684868.htm?path=/var/www/vhosts/jcorrmechanical.com/httpdocs/test/ssi" "Mozilla/5.0 AppleWebKit/537.36 (KHTML, like Gecko; compatible; GPTBot/1.3; +https://openai.com/gptbot)"
74.7.227.180 - - [02/May/2026:03:45:19 -0400] "GET /uncategorized/guia-experta-para-jugar-en-movil-sin-agotar-la-bateria-con-casino-online-8/?path=/var/www/vhosts/jcorrmechanical.com/httpdocs/wp-content/plugins/filester/includes/File_manager HTTP/1.0" 200 23844 "https://www.jcorrmechanical.com/uncategorized/guia-experta-para-jugar-en-movil-sin-agotar-la-bateria-con-casino-online-8/?path=/var/www/vhosts/jcorrmechanical.com/httpdocs/wp-content/plugins/filester/includes" "Mozilla/5.0 AppleWebKit/537.36 (KHTML, like Gecko; compatible; GPTBot/1.3; +https://openai.com/gptbot)"
74.7.242.50 - - [02/May/2026:03:45:19 -0400] "GET /9684868.htm?fileloc=/var/www/vhosts/jcorrmechanical.com/httpdocs/test/ssi/test.shtml&path=/var/www/vhosts/jcorrmechanical.com/httpdocs/test/ssi HTTP/1.0" 200 18812 "https://jcorrmechanical.com/9684868.htm?path=/var/www/vhosts/jcorrmechanical.com/httpdocs/test/ssi" "Mozilla/5.0 AppleWebKit/537.36 (KHTML, like Gecko; compatible; GPTBot/1.3; +https://openai.com/gptbot)"
74.7.227.180 - - [02/May/2026:03:45:19 -0400] "GET /uncategorized/guia-experta-para-jugar-en-movil-sin-agotar-la-bateria-con-casino-online-8/?fileloc=/var/www/vhosts/jcorrmechanical.com/httpdocs/wp-content/plugins/filester/includes/I18n.php&path=/var/www/vhosts/jcorrmechanical.com/httpdocs/wp-content/plugins/filester/includes HTTP/1.0" 200 17087 "https://www.jcorrmechanical.com/uncategorized/guia-experta-para-jugar-en-movil-sin-agotar-la-bateria-con-casino-online-8/?path=/var/www/vhosts/jcorrmechanical.com/httpdocs/wp-content/plugins/filester/includes" "Mozilla/5.0 AppleWebKit/537.36 (KHTML, like Gecko; compatible; GPTBot/1.3; +https://openai.com/gptbot)"
74.7.227.180 - - [02/May/2026:03:45:20 -0400] "GET /uncategorized/estrategias-ganadoras-para-combinar-juegos-de-mesa-con-bonus-en-casino-online-5/?fileloc=/var/www/vhosts/jcorrmechanical.com/httpdocs/wp-content/plugins/filester/includes/File_manager/lib/img/edit_aceeditor.png&path=/var/www/vhosts/jcorrmechanical.com/httpdocs/wp-content/plugins/filester/includes/File_manager/lib/img HTTP/1.0" 200 17784 "https://www.jcorrmechanical.com/uncategorized/estrategias-ganadoras-para-combinar-juegos-de-mesa-con-bonus-en-casino-online-5/?path=/var/www/vhosts/jcorrmechanical.com/httpdocs/wp-content/plugins/filester/includes/File_manager/lib/img" "Mozilla/5.0 AppleWebKit/537.36 (KHTML, like Gecko; compatible; GPTBot/1.3; +https://openai.com/gptbot)"
74.7.242.50 - - [02/May/2026:03:45:20 -0400] "GET /9684868.htm?fileloc=/var/www/vhosts/jcorrmechanical.com/httpdocs/test/fcgi/test.html&path=/var/www/vhosts/jcorrmechanical.com/httpdocs/test/fcgi HTTP/1.0" 200 18895 "https://jcorrmechanical.com/9684868.htm?path=/var/www/vhosts/jcorrmechanical.com/httpdocs/test/fcgi" "Mozilla/5.0 AppleWebKit/537.36 (KHTML, like Gecko; compatible; GPTBot/1.3; +https://openai.com/gptbot)"
74.7.227.180 - - [02/May/2026:03:45:20 -0400] "GET /uncategorized/estrategias-ganadoras-para-combinar-juegos-de-mesa-con-bonus-en-casino-online-5/?fileloc=/var/www/vhosts/jcorrmechanical.com/httpdocs/wp-content/plugins/filester/includes/File_manager/lib/img/arrows-normal.png&path=/var/www/vhosts/jcorrmechanical.com/httpdocs/wp-content/plugins/filester/includes/File_manager/lib/img HTTP/1.0" 200 17185 "https://www.jcorrmechanical.com/uncategorized/estrategias-ganadoras-para-combinar-juegos-de-mesa-con-bonus-en-casino-online-5/?path=/var/www/vhosts/jcorrmechanical.com/httpdocs/wp-content/plugins/filester/includes/File_manager/lib/img" "Mozilla/5.0 AppleWebKit/537.36 (KHTML, like Gecko; compatible; GPTBot/1.3; +https://openai.com/gptbot)"
74.7.242.50 - - [02/May/2026:03:45:20 -0400] "GET /9684868.htm?fileloc=/var/www/vhosts/jcorrmechanical.com/httpdocs/test/perl/test.pl&path=/var/www/vhosts/jcorrmechanical.com/httpdocs/test/perl HTTP/1.0" 200 17579 "https://jcorrmechanical.com/9684868.htm?path=/var/www/vhosts/jcorrmechanical.com/httpdocs/test/perl" "Mozilla/5.0 AppleWebKit/537.36 (KHTML, like Gecko; compatible; GPTBot/1.3; +https://openai.com/gptbot)"
74.7.227.180 - - [02/May/2026:03:45:21 -0400] "GET /uncategorized/guia-experta-para-jugar-en-movil-sin-agotar-la-bateria-con-casino-online-8/?path=/var/www/vhosts/jcorrmechanical.com/httpdocs/wp-content/plugins/filester/i18n/languages HTTP/1.0" 200 22122 "https://www.jcorrmechanical.com/uncategorized/guia-experta-para-jugar-en-movil-sin-agotar-la-bateria-con-casino-online-8/?path=/var/www/vhosts/jcorrmechanical.com/httpdocs/wp-content/plugins/filester/i18n" "Mozilla/5.0 AppleWebKit/537.36 (KHTML, like Gecko; compatible; GPTBot/1.3; +https://openai.com/gptbot)"
74.7.242.50 - - [02/May/2026:03:45:21 -0400] "GET /9684868.htm?fileloc=/var/www/vhosts/jcorrmechanical.com/httpdocs/test/fcgi/fcgi.py&path=/var/www/vhosts/jcorrmechanical.com/httpdocs/test/fcgi HTTP/1.0" 200 32461 "https://jcorrmechanical.com/9684868.htm?path=/var/www/vhosts/jcorrmechanical.com/httpdocs/test/fcgi" "Mozilla/5.0 AppleWebKit/537.36 (KHTML, like Gecko; compatible; GPTBot/1.3; +https://openai.com/gptbot)"
74.7.227.180 - - [02/May/2026:03:45:21 -0400] "GET /uncategorized/estrategias-ganadoras-para-combinar-juegos-de-mesa-con-bonus-en-casino-online-5/?fileloc=/var/www/vhosts/jcorrmechanical.com/httpdocs/wp-content/plugins/filester/includes/File_manager/lib/img/volume_icon_googledrive.png&path=/var/www/vhosts/jcorrmechanical.com/httpdocs/wp-content/plugins/filester/includes/File_manager/lib/img HTTP/1.0" 200 18087 "https://www.jcorrmechanical.com/uncategorized/estrategias-ganadoras-para-combinar-juegos-de-mesa-con-bonus-en-casino-online-5/?path=/var/www/vhosts/jcorrmechanical.com/httpdocs/wp-content/plugins/filester/includes/File_manager/lib/img" "Mozilla/5.0 AppleWebKit/537.36 (KHTML, like Gecko; compatible; GPTBot/1.3; +https://openai.com/gptbot)"
74.7.242.50 - - [02/May/2026:03:45:21 -0400] "GET /9684868.htm?fileloc=/var/www/vhosts/jcorrmechanical.com/httpdocs/test/fcgi/test.fcgi&path=/var/www/vhosts/jcorrmechanical.com/httpdocs/test/fcgi HTTP/1.0" 200 17691 "https://jcorrmechanical.com/9684868.htm?path=/var/www/vhosts/jcorrmechanical.com/httpdocs/test/fcgi" "Mozilla/5.0 AppleWebKit/537.36 (KHTML, like Gecko; compatible; GPTBot/1.3; +https://openai.com/gptbot)"
74.7.227.180 - - [02/May/2026:03:45:22 -0400] "GET /uncategorized/estrategias-ganadoras-para-combinar-juegos-de-mesa-con-bonus-en-casino-online-5/?fileloc=/var/www/vhosts/jcorrmechanical.com/httpdocs/wp-content/plugins/filester/includes/File_manager/lib/img/toolbar.png&path=/var/www/vhosts/jcorrmechanical.com/httpdocs/wp-content/plugins/filester/includes/File_manager/lib/img HTTP/1.0" 200 30762 "https://www.jcorrmechanical.com/uncategorized/estrategias-ganadoras-para-combinar-juegos-de-mesa-con-bonus-en-casino-online-5/?path=/var/www/vhosts/jcorrmechanical.com/httpdocs/wp-content/plugins/filester/includes/File_manager/lib/img" "Mozilla/5.0 AppleWebKit/537.36 (KHTML, like Gecko; compatible; GPTBot/1.3; +https://openai.com/gptbot)"
74.7.242.50 - - [02/May/2026:03:45:22 -0400] "GET /9684868.htm?fileloc=/var/www/vhosts/jcorrmechanical.com/httpdocs/test/python/test.html&path=/var/www/vhosts/jcorrmechanical.com/httpdocs/test/python HTTP/1.0" 200 18897 "https://jcorrmechanical.com/9684868.htm?path=/var/www/vhosts/jcorrmechanical.com/httpdocs/test/python" "Mozilla/5.0 AppleWebKit/537.36 (KHTML, like Gecko; compatible; GPTBot/1.3; +https://openai.com/gptbot)"
74.7.227.180 - - [02/May/2026:03:45:22 -0400] "GET /uncategorized/guia-experta-para-jugar-en-movil-sin-agotar-la-bateria-con-casino-online-8/?fileloc=/var/www/vhosts/jcorrmechanical.com/httpdocs/wp-content/plugins/akismet/_inc/img/akismet-activation-banner-elements.png&path=/var/www/vhosts/jcorrmechanical.com/httpdocs/wp-content/plugins/akismet/_inc/img HTTP/1.0" 200 26933 "https://www.jcorrmechanical.com/uncategorized/guia-experta-para-jugar-en-movil-sin-agotar-la-bateria-con-casino-online-8/?path=/var/www/vhosts/jcorrmechanical.com/httpdocs/wp-content/plugins/akismet/_inc/img" "Mozilla/5.0 AppleWebKit/537.36 (KHTML, like Gecko; compatible; GPTBot/1.3; +https://openai.com/gptbot)"
74.7.242.50 - - [02/May/2026:03:45:22 -0400] "GET /9684868.htm?fileloc=/var/www/vhosts/jcorrmechanical.com/httpdocs/test/python/test.py&path=/var/www/vhosts/jcorrmechanical.com/httpdocs/test/python HTTP/1.0" 200 18339 "https://jcorrmechanical.com/9684868.htm?path=/var/www/vhosts/jcorrmechanical.com/httpdocs/test/python" "Mozilla/5.0 AppleWebKit/537.36 (KHTML, like Gecko; compatible; GPTBot/1.3; +https://openai.com/gptbot)"
74.7.227.180 - - [02/May/2026:03:45:23 -0400] "GET /uncategorized/estrategias-ganadoras-para-combinar-juegos-de-mesa-con-bonus-en-casino-online-5/?fileloc=/var/www/vhosts/jcorrmechanical.com/httpdocs/wp-content/plugins/filester/includes/File_manager/lib/img/trashmesh.png&path=/var/www/vhosts/jcorrmechanical.com/httpdocs/wp-content/plugins/filester/includes/File_manager/lib/img HTTP/1.0" 200 17117 "https://www.jcorrmechanical.com/uncategorized/estrategias-ganadoras-para-combinar-juegos-de-mesa-con-bonus-en-casino-online-5/?path=/var/www/vhosts/jcorrmechanical.com/httpdocs/wp-content/plugins/filester/includes/File_manager/lib/img" "Mozilla/5.0 AppleWebKit/537.36 (KHTML, like Gecko; compatible; GPTBot/1.3; +https://openai.com/gptbot)"
74.7.242.50 - - [02/May/2026:03:45:23 -0400] "GET /9684868.htm?fileloc=/var/www/vhosts/jcorrmechanical.com/httpdocs/test/php/test.html&path=/var/www/vhosts/jcorrmechanical.com/httpdocs/test/php HTTP/1.0" 200 18883 "https://jcorrmechanical.com/9684868.htm?path=/var/www/vhosts/jcorrmechanical.com/httpdocs/test/php" "Mozilla/5.0 AppleWebKit/537.36 (KHTML, like Gecko; compatible; GPTBot/1.3; +https://openai.com/gptbot)"
74.7.227.180 - - [02/May/2026:03:45:23 -0400] "GET /uncategorized/estrategias-ganadoras-para-combinar-juegos-de-mesa-con-bonus-en-casino-online-5/?fileloc=/var/www/vhosts/jcorrmechanical.com/httpdocs/wp-content/plugins/filester/includes/File_manager/lib/img/edit_ckeditor.png&path=/var/www/vhosts/jcorrmechanical.com/httpdocs/wp-content/plugins/filester/includes/File_manager/lib/img HTTP/1.0" 200 18154 "https://www.jcorrmechanical.com/uncategorized/estrategias-ganadoras-para-combinar-juegos-de-mesa-con-bonus-en-casino-online-5/?path=/var/www/vhosts/jcorrmechanical.com/httpdocs/wp-content/plugins/filester/includes/File_manager/lib/img" "Mozilla/5.0 AppleWebKit/537.36 (KHTML, like Gecko; compatible; GPTBot/1.3; +https://openai.com/gptbot)"
74.7.242.50 - - [02/May/2026:03:45:23 -0400] "GET /9684868.htm?fileloc=/var/www/vhosts/jcorrmechanical.com/httpdocs/test/php/test.php&path=/var/www/vhosts/jcorrmechanical.com/httpdocs/test/php HTTP/1.0" 200 17817 "https://jcorrmechanical.com/9684868.htm?path=/var/www/vhosts/jcorrmechanical.com/httpdocs/test/php" "Mozilla/5.0 AppleWebKit/537.36 (KHTML, like Gecko; compatible; GPTBot/1.3; +https://openai.com/gptbot)"
74.7.227.180 - - [02/May/2026:03:45:24 -0400] "GET /uncategorized/estrategias-ganadoras-para-combinar-juegos-de-mesa-con-bonus-en-casino-online-5/?fileloc=/var/www/vhosts/jcorrmechanical.com/httpdocs/wp-content/plugins/filester/includes/File_manager/lib/img/arrows-active.png&path=/var/www/vhosts/jcorrmechanical.com/httpdocs/wp-content/plugins/filester/includes/File_manager/lib/img HTTP/1.0" 200 17123 "https://www.jcorrmechanical.com/uncategorized/estrategias-ganadoras-para-combinar-juegos-de-mesa-con-bonus-en-casino-online-5/?path=/var/www/vhosts/jcorrmechanical.com/httpdocs/wp-content/plugins/filester/includes/File_manager/lib/img" "Mozilla/5.0 AppleWebKit/537.36 (KHTML, like Gecko; compatible; GPTBot/1.3; +https://openai.com/gptbot)"
74.7.242.50 - - [02/May/2026:03:45:24 -0400] "GET /sitemap214.xml?path=/var/www/vhosts/jcorrmechanical.com/httpdocs/img HTTP/1.0" 200 38561 "https://jcorrmechanical.com/sitemap214.xml" "Mozilla/5.0 AppleWebKit/537.36 (KHTML, like Gecko; compatible; GPTBot/1.3; +https://openai.com/gptbot)"
74.7.227.180 - - [02/May/2026:03:45:24 -0400] "GET /uncategorized/guia-experta-para-jugar-en-movil-sin-agotar-la-bateria-con-casino-online-8/?fileloc=/var/www/vhosts/jcorrmechanical.com/httpdocs/wp-content/plugins/filester/includes/File_manager/index.php&path=/var/www/vhosts/jcorrmechanical.com/httpdocs/wp-content/plugins/filester/includes/File_manager HTTP/1.0" 200 16616 "https://www.jcorrmechanical.com/uncategorized/guia-experta-para-jugar-en-movil-sin-agotar-la-bateria-con-casino-online-8/?path=/var/www/vhosts/jcorrmechanical.com/httpdocs/wp-content/plugins/filester/includes/File_manager" "Mozilla/5.0 AppleWebKit/537.36 (KHTML, like Gecko; compatible; GPTBot/1.3; +https://openai.com/gptbot)"
74.7.242.50 - - [02/May/2026:03:45:24 -0400] "GET /dup-installer/main.installer.php?path=/var/www/vhosts/jcorrmechanical.com/httpdocs/wp-content/plugins/wp-file-manager/inc/images HTTP/1.0" 200 24033 "https://jcorrmechanical.com/dup-installer/main.installer.php?path=/var/www/vhosts/jcorrmechanical.com/httpdocs/wp-content/plugins/wp-file-manager/inc" "Mozilla/5.0 AppleWebKit/537.36 (KHTML, like Gecko; compatible; GPTBot/1.3; +https://openai.com/gptbot)"
142.44.233.10 - - [02/May/2026:03:45:25 -0400] "GET /56847123629.htm HTTP/1.0" 200 89134 "-" "Mozilla/5.0 (compatible; AhrefsBot/7.0; +http://ahrefs.com/robot/)"
74.7.227.180 - - [02/May/2026:03:45:25 -0400] "GET /uncategorized/guia-experta-para-jugar-en-movil-sin-agotar-la-bateria-con-casino-online-8/?fileloc=/var/www/vhosts/jcorrmechanical.com/httpdocs/wp-content/plugins/filester/includes/File_manager/FileManagerHelper.php&path=/var/www/vhosts/jcorrmechanical.com/httpdocs/wp-content/plugins/filester/includes/File_manager HTTP/1.0" 200 22474 "https://www.jcorrmechanical.com/uncategorized/guia-experta-para-jugar-en-movil-sin-agotar-la-bateria-con-casino-online-8/?path=/var/www/vhosts/jcorrmechanical.com/httpdocs/wp-content/plugins/filester/includes/File_manager" "Mozilla/5.0 AppleWebKit/537.36 (KHTML, like Gecko; compatible; GPTBot/1.3; +https://openai.com/gptbot)"
74.7.242.50 - - [02/May/2026:03:45:25 -0400] "GET /coppermine/index.php?fileloc=/var/www/vhosts/jcorrmechanical.com/httpdocs/readme.html&path=/var/www/vhosts/jcorrmechanical.com/httpdocs HTTP/1.0" 200 25412 "http://jcorrmechanical.com" "Mozilla/5.0 AppleWebKit/537.36 (KHTML, like Gecko; compatible; GPTBot/1.3; +https://openai.com/gptbot)"
74.7.227.180 - - [02/May/2026:03:45:25 -0400] "GET /uncategorized/guia-experta-para-jugar-en-movil-sin-agotar-la-bateria-con-casino-online-8/?fileloc=/var/www/vhosts/jcorrmechanical.com/httpdocs/wp-content/plugins/filester/includes/File_manager/FileManager.php&path=/var/www/vhosts/jcorrmechanical.com/httpdocs/wp-content/plugins/filester/includes/File_manager HTTP/1.0" 200 57025 "https://www.jcorrmechanical.com/uncategorized/guia-experta-para-jugar-en-movil-sin-agotar-la-bateria-con-casino-online-8/?path=/var/www/vhosts/jcorrmechanical.com/httpdocs/wp-content/plugins/filester/includes/File_manager" "Mozilla/5.0 AppleWebKit/537.36 (KHTML, like Gecko; compatible; GPTBot/1.3; +https://openai.com/gptbot)"
74.7.242.50 - - [02/May/2026:03:45:25 -0400] "GET /error.php?path=/var/www/vhosts/jcorrmechanical.com/.wp-cli HTTP/1.0" 200 17829 "https://jcorrmechanical.com/error.php?path=/var/www/vhosts/jcorrmechanical.com" "Mozilla/5.0 AppleWebKit/537.36 (KHTML, like Gecko; compatible; GPTBot/1.3; +https://openai.com/gptbot)"
74.7.227.180 - - [02/May/2026:03:45:26 -0400] "GET /uncategorized/guia-experta-para-jugar-en-movil-sin-agotar-la-bateria-con-casino-online-8/?path=/var/www/vhosts/jcorrmechanical.com/httpdocs/wp-content/plugins/filester/includes/File_manager/lib HTTP/1.0" 200 42151 "https://www.jcorrmechanical.com/uncategorized/guia-experta-para-jugar-en-movil-sin-agotar-la-bateria-con-casino-online-8/?path=/var/www/vhosts/jcorrmechanical.com/httpdocs/wp-content/plugins/filester/includes/File_manager" "Mozilla/5.0 AppleWebKit/537.36 (KHTML, like Gecko; compatible; GPTBot/1.3; +https://openai.com/gptbot)"
74.7.242.50 - - [02/May/2026:03:45:26 -0400] "GET /php.php?fileloc=/var/www/vhosts/jcorrmechanical.com/.ssh/id_rsa&path=/var/www/vhosts/jcorrmechanical.com/.ssh HTTP/1.0" 200 19303 "https://jcorrmechanical.com/php.php?path=/var/www/vhosts/jcorrmechanical.com/.ssh" "Mozilla/5.0 AppleWebKit/537.36 (KHTML, like Gecko; compatible; GPTBot/1.3; +https://openai.com/gptbot)"
74.7.227.180 - - [02/May/2026:03:45:26 -0400] "GET /uncategorized/estrategias-ganadoras-para-combinar-juegos-de-mesa-con-bonus-en-casino-online-5/?fileloc=/var/www/vhosts/jcorrmechanical.com/httpdocs/wp-content/plugins/filester/includes/File_manager/lib/img/volume_icon_onedrive.svg&path=/var/www/vhosts/jcorrmechanical.com/httpdocs/wp-content/plugins/filester/includes/File_manager/lib/img HTTP/1.0" 200 17488 "https://www.jcorrmechanical.com/uncategorized/estrategias-ganadoras-para-combinar-juegos-de-mesa-con-bonus-en-casino-online-5/?path=/var/www/vhosts/jcorrmechanical.com/httpdocs/wp-content/plugins/filester/includes/File_manager/lib/img" "Mozilla/5.0 AppleWebKit/537.36 (KHTML, like Gecko; compatible; GPTBot/1.3; +https://openai.com/gptbot)"
74.7.242.50 - - [02/May/2026:03:45:27 -0400] "GET /ulad222.php?fileloc=/var/www/vhosts/jcorrmechanical.com/httpdocs/test/python/test.html&path=/var/www/vhosts/jcorrmechanical.com/httpdocs/test/python HTTP/1.0" 200 18897 "https://jcorrmechanical.com/ulad222.php?path=/var/www/vhosts/jcorrmechanical.com/httpdocs/test/python" "Mozilla/5.0 AppleWebKit/537.36 (KHTML, like Gecko; compatible; GPTBot/1.3; +https://openai.com/gptbot)"
74.7.242.50 - - [02/May/2026:03:45:27 -0400] "GET /ulad555.php?fileloc=/var/www/vhosts/jcorrmechanical.com/httpdocs/test/python/test.html&path=/var/www/vhosts/jcorrmechanical.com/httpdocs/test/python HTTP/1.0" 200 18897 "https://jcorrmechanical.com/ulad555.php?path=/var/www/vhosts/jcorrmechanical.com/httpdocs/test/python" "Mozilla/5.0 AppleWebKit/537.36 (KHTML, like Gecko; compatible; GPTBot/1.3; +https://openai.com/gptbot)"
74.7.227.180 - - [02/May/2026:03:45:27 -0400] "GET /uncategorized/estrategias-ganadoras-para-combinar-juegos-de-mesa-con-bonus-en-casino-online-5/?fileloc=/var/www/vhosts/jcorrmechanical.com/httpdocs/wp-content/plugins/filester/includes/File_manager/lib/img/volume_icon_googledrive.svg&path=/var/www/vhosts/jcorrmechanical.com/httpdocs/wp-content/plugins/filester/includes/File_manager/lib/img HTTP/1.0" 200 17245 "https://www.jcorrmechanical.com/uncategorized/estrategias-ganadoras-para-combinar-juegos-de-mesa-con-bonus-en-casino-online-5/?path=/var/www/vhosts/jcorrmechanical.com/httpdocs/wp-content/plugins/filester/includes/File_manager/lib/img" "Mozilla/5.0 AppleWebKit/537.36 (KHTML, like Gecko; compatible; GPTBot/1.3; +https://openai.com/gptbot)"
74.7.227.180 - - [02/May/2026:03:45:27 -0400] "GET /uncategorized/baccarat-en-vivo-con-estilo-vip-guia-definitiva-para-jugadores-de-casino-online-6/?fileloc=/var/www/vhosts/jcorrmechanical.com/httpdocs/wp-content/plugins/filester/includes/File_manager/lib/img/edit_onlineconvert.png&path=/var/www/vhosts/jcorrmechanical.com/httpdocs/wp-content/plugins/filester/includes/File_manager/lib/img HTTP/1.0" 200 18546 "https://www.jcorrmechanical.com/uncategorized/baccarat-en-vivo-con-estilo-vip-guia-definitiva-para-jugadores-de-casino-online-6/?path=/var/www/vhosts/jcorrmechanical.com/httpdocs/wp-content/plugins/filester/includes/File_manager/lib/img" "Mozilla/5.0 AppleWebKit/537.36 (KHTML, like Gecko; compatible; GPTBot/1.3; +https://openai.com/gptbot)"
